12:54:34 T:1840986920 DEBUG: PVRTimers - bool PVR::CPVRTimers::UpdateEntries(const PVR::CPVRTimers&) - updated timer 11515 on client 777
12:54:34 T:1840986920 DEBUG: PVRTimers - bool PVR::CPVRTimers::UpdateEntries(const PVR::CPVRTimers&) - updated timer 11568 on client 777
12:54:34 T:1840986920 DEBUG: PVRTimers - bool PVR::CPVRTimers::UpdateEntries(const PVR::CPVRTimers&) - updated timer 11431 on client 777
12:54:34 T:1840986920 DEBUG: PVRTimers - bool PVR::CPVRTimers::UpdateEntries(const PVR::CPVRTimers&) - updated timer 11513 on client 777
12:54:34 T:1840986920 DEBUG: PVRTimers - bool PVR::CPVRTimers::UpdateEntries(const PVR::CPVRTimers&) - updated timer 11452 on client 777
12:54:34 T:1840986920 DEBUG: PVRTimers - bool PVR::CPVRTimers::UpdateEntries(const PVR::CPVRTimers&) - updated timer 11453 on client 777
12:54:34 T:1840986920 DEBUG: PVRTimers - bool PVR::CPVRTimers::UpdateEntries(const PVR::CPVRTimers&) - updated timer 11454 on client 777
12:54:34 T:1840986920 DEBUG: PVRTimers - bool PVR::CPVRTimers::UpdateEntries(const PVR::CPVRTimers&) - updated timer 11455 on client 777
12:54:34 T:1840986920 DEBUG: PVRTimers - bool PVR::CPVRTimers::UpdateEntries(const PVR::CPVRTimers&) - updated timer 11504 on client 777
12:54:34 T:1840986920 DEBUG: PVRTimers - bool PVR::CPVRTimers::UpdateEntries(const PVR::CPVRTimers&) - updated timer 11517 on client 777
12:54:34 T:1840986920 DEBUG: PVRTimers - bool PVR::CPVRTimers::UpdateEntries(const PVR::CPVRTimers&) - updated timer 11500 on client 777
12:54:34 T:1840986920 DEBUG: PVRTimers - bool PVR::CPVRTimers::UpdateEntries(const PVR::CPVRTimers&) - updated timer 11520 on client 777
12:54:34 T:1840986920 DEBUG: PVRTimers - bool PVR::CPVRTimers::UpdateEntries(const PVR::CPVRTimers&) - updated timer 11560 on client 777
12:54:34 T:1840986920 DEBUG: PVRTimers - bool PVR::CPVRTimers::UpdateEntries(const PVR::CPVRTimers&) - updated timer 11493 on client 777
12:54:34 T:1840986920 DEBUG: PVRTimers - bool PVR::CPVRTimers::UpdateEntries(const PVR::CPVRTimers&) - updated timer 11456 on client 777
12:54:34 T:1840986920 DEBUG: PVRTimers - bool PVR::CPVRTimers::UpdateEntries(const PVR::CPVRTimers&) - updated timer 11457 on client 777
12:54:34 T:1840986920 DEBUG: PVRTimers - bool PVR::CPVRTimers::UpdateEntries(const PVR::CPVRTimers&) - updated timer 11458 on client 777
12:54:34 T:1840986920 DEBUG: PVRTimers - bool PVR::CPVRTimers::UpdateEntries(const PVR::CPVRTimers&) - updated timer 11459 on client 777
12:54:34 T:1840986920 DEBUG: PVRTimers - bool PVR::CPVRTimers::UpdateEntries(const PVR::CPVRTimers&) - updated timer 11529 on client 777
12:54:34 T:1840986920 DEBUG: PVRTimers - bool PVR::CPVRTimers::UpdateEntries(const PVR::CPVRTimers&) - updated timer 11551 on client 777
12:54:34 T:1840986920 DEBUG: PVRTimers - bool PVR::CPVRTimers::UpdateEntries(const PVR::CPVRTimers&) - updated timer 11528 on client 777
12:54:34 T:1840986920 DEBUG: PVRTimers - bool PVR::CPVRTimers::UpdateEntries(const PVR::CPVRTimers&) - updated timer 11511 on client 777
12:54:34 T:1840986920 DEBUG: PVRTimers - bool PVR::CPVRTimers::UpdateEntries(const PVR::CPVRTimers&) - updated timer 11460 on client 777
12:54:34 T:1840986920 DEBUG: PVRTimers - bool PVR::CPVRTimers::UpdateEntries(const PVR::CPVRTimers&) - updated timer 11461 on client 777
12:54:34 T:1840986920 DEBUG: PVRTimers - bool PVR::CPVRTimers::UpdateEntries(const PVR::CPVRTimers&) - updated timer 11462 on client 777
12:54:34 T:1840986920 DEBUG: PVRTimers - bool PVR::CPVRTimers::UpdateEntries(const PVR::CPVRTimers&) - updated timer 11463 on client 777
12:54:34 T:1840986920 DEBUG: PVRTimers - bool PVR::CPVRTimers::UpdateEntries(const PVR::CPVRTimers&) - updated timer 11522 on client 777
12:54:34 T:1840986920 DEBUG: PVRTimers - bool PVR::CPVRTimers::UpdateEntries(const PVR::CPVRTimers&) - updated timer 11541 on client 777
12:54:34 T:1840986920 DEBUG: PVRTimers - bool PVR::CPVRTimers::UpdateEntries(const PVR::CPVRTimers&) - updated timer 11531 on client 777
12:54:34 T:1840986920 DEBUG: PVRTimers - bool PVR::CPVRTimers::UpdateEntries(const PVR::CPVRTimers&) - updated timer 11553 on client 777
12:54:34 T:1840986920 DEBUG: PVRTimers - bool PVR::CPVRTimers::UpdateEntries(const PVR::CPVRTimers&) - updated timer 11535 on client 777
12:54:34 T:1840986920 DEBUG: PVRTimers - bool PVR::CPVRTimers::UpdateEntries(const PVR::CPVRTimers&) - updated timer 11564 on client 777
12:54:34 T:1840986920 DEBUG: PVRTimers - bool PVR::CPVRTimers::UpdateEntries(const PVR::CPVRTimers&) - updated timer 11496 on client 777
12:54:34 T:1840986920 DEBUG: PVRTimers - bool PVR::CPVRTimers::UpdateEntries(const PVR::CPVRTimers&) - updated timer 11503 on client 777
12:54:34 T:1840986920 DEBUG: PVRTimers - bool PVR::CPVRTimers::UpdateEntries(const PVR::CPVRTimers&) - updated timer 11533 on client 777
12:54:34 T:1840986920 DEBUG: PVRTimers - bool PVR::CPVRTimers::UpdateEntries(const PVR::CPVRTimers&) - updated timer 11556 on client 777
12:54:34 T:1840986920 DEBUG: PVRTimers - bool PVR::CPVRTimers::UpdateEntries(const PVR::CPVRTimers&) - updated timer 11495 on client 777
12:54:34 T:1840986920 DEBUG: PVRTimers - bool PVR::CPVRTimers::UpdateEntries(const PVR::CPVRTimers&) - updated timer 11519 on client 777
12:54:34 T:1840986920 DEBUG: PVRTimers - bool PVR::CPVRTimers::UpdateEntries(const PVR::CPVRTimers&) - updated timer 11464 on client 777
12:54:34 T:1840986920 DEBUG: PVRTimers - bool PVR::CPVRTimers::UpdateEntries(const PVR::CPVRTimers&) - updated timer 11465 on client 777
12:54:34 T:1840986920 DEBUG: PVRTimers - bool PVR::CPVRTimers::UpdateEntries(const PVR::CPVRTimers&) - updated timer 11466 on client 777
12:54:34 T:1840986920 DEBUG: PVRTimers - bool PVR::CPVRTimers::UpdateEntries(const PVR::CPVRTimers&) - updated timer 11467 on client 777
12:54:34 T:1840986920 DEBUG: PVRTimers - bool PVR::CPVRTimers::UpdateEntries(const PVR::CPVRTimers&) - updated timer 11534 on client 777
12:54:34 T:1840986920 DEBUG: PVRTimers - bool PVR::CPVRTimers::UpdateEntries(const PVR::CPVRTimers&) - updated timer 11540 on client 777
12:54:34 T:1840986920 DEBUG: PVRTimers - bool PVR::CPVRTimers::UpdateEntries(const PVR::CPVRTimers&) - updated timer 11567 on client 777
12:54:34 T:1840986920 DEBUG: PVRTimers - bool PVR::CPVRTimers::UpdateEntries(const PVR::CPVRTimers&) - updated timer 11492 on client 777
12:54:34 T:1840986920 DEBUG: PVRTimers - bool PVR::CPVRTimers::UpdateEntries(const PVR::CPVRTimers&) - updated timer 11518 on client 777
12:54:34 T:1840986920 DEBUG: PVRTimers - bool PVR::CPVRTimers::UpdateEntries(const PVR::CPVRTimers&) - updated timer 11468 on client 777
12:54:34 T:1840986920 DEBUG: PVRTimers - bool PVR::CPVRTimers::UpdateEntries(const PVR::CPVRTimers&) - updated timer 11469 on client 777
12:54:34 T:1840986920 DEBUG: PVRTimers - bool PVR::CPVRTimers::UpdateEntries(const PVR::CPVRTimers&) - updated timer 11470 on client 777
12:54:34 T:1840986920 DEBUG: PVRTimers - bool PVR::CPVRTimers::UpdateEntries(const PVR::CPVRTimers&) - updated timer 11471 on client 777
12:54:34 T:1840986920 DEBUG: PVRTimers - bool PVR::CPVRTimers::UpdateEntries(const PVR::CPVRTimers&) - updated timer 11416 on client 777
12:54:34 T:1840986920 DEBUG: PVRTimers - bool PVR::CPVRTimers::UpdateEntries(const PVR::CPVRTimers&) - updated timer 11524 on client 777
12:54:34 T:1840986920 DEBUG: PVRTimers - bool PVR::CPVRTimers::UpdateEntries(const PVR::CPVRTimers&) - updated timer 11550 on client 777
12:54:34 T:1840986920 DEBUG: PVRTimers - bool PVR::CPVRTimers::UpdateEntries(const PVR::CPVRTimers&) - updated timer 11502 on client 777
12:54:34 T:1840986920 DEBUG: PVRTimers - bool PVR::CPVRTimers::UpdateEntries(const PVR::CPVRTimers&) - updated timer 11507 on client 777
12:54:34 T:1840986920 DEBUG: PVRTimers - bool PVR::CPVRTimers::UpdateEntries(const PVR::CPVRTimers&) - updated timer 11537 on client 777
12:54:34 T:1840986920 DEBUG: PVRTimers - bool PVR::CPVRTimers::UpdateEntries(const PVR::CPVRTimers&) - updated timer 11566 on client 777
12:54:34 T:1840986920 DEBUG: PVRTimers - bool PVR::CPVRTimers::UpdateEntries(const PVR::CPVRTimers&) - updated timer 11510 on client 777
12:54:34 T:1840986920 DEBUG: PVRTimers - bool PVR::CPVRTimers::UpdateEntries(const PVR::CPVRTimers&) - updated timer 11506 on client 777
12:54:34 T:1840986920 DEBUG: PVRTimers - bool PVR::CPVRTimers::UpdateEntries(const PVR::CPVRTimers&) - updated timer 11472 on client 777
12:54:34 T:1840986920 DEBUG: PVRTimers - bool PVR::CPVRTimers::UpdateEntries(const PVR::CPVRTimers&) - updated timer 11473 on client 777
12:54:34 T:1840986920 DEBUG: PVRTimers - bool PVR::CPVRTimers::UpdateEntries(const PVR::CPVRTimers&) - updated timer 11474 on client 777
12:54:34 T:1840986920 DEBUG: PVRTimers - bool PVR::CPVRTimers::UpdateEntries(const PVR::CPVRTimers&) - updated timer 11475 on client 777
12:54:34 T:1840986920 DEBUG: PVRTimers - bool PVR::CPVRTimers::UpdateEntries(const PVR::CPVRTimers&) - updated timer 11526 on client 777
12:54:34 T:1840986920 DEBUG: PVRTimers - bool PVR::CPVRTimers::UpdateEntries(const PVR::CPVRTimers&) - updated timer 11527 on client 777
12:54:34 T:1840986920 DEBUG: PVRTimers - bool PVR::CPVRTimers::UpdateEntries(const PVR::CPVRTimers&) - updated timer 11476 on client 777
12:54:34 T:1840986920 DEBUG: PVRTimers - bool PVR::CPVRTimers::UpdateEntries(const PVR::CPVRTimers&) - updated timer 11477 on client 777
12:54:34 T:1840986920 DEBUG: PVRTimers - bool PVR::CPVRTimers::UpdateEntries(const PVR::CPVRTimers&) - updated timer 11478 on client 777
12:54:34 T:1840986920 DEBUG: PVRTimers - bool PVR::CPVRTimers::UpdateEntries(const PVR::CPVRTimers&) - updated timer 11479 on client 777
12:54:34 T:1840986920 DEBUG: PVRTimers - bool PVR::CPVRTimers::UpdateEntries(const PVR::CPVRTimers&) - updated timer 11480 on client 777
12:54:34 T:1840986920 DEBUG: PVRTimers - bool PVR::CPVRTimers::UpdateEntries(const PVR::CPVRTimers&) - updated timer 11481 on client 777
12:54:34 T:1840986920 DEBUG: PVRTimers - bool PVR::CPVRTimers::UpdateEntries(const PVR::CPVRTimers&) - updated timer 11482 on client 777
12:54:34 T:1840986920 DEBUG: PVRTimers - bool PVR::CPVRTimers::UpdateEntries(const PVR::CPVRTimers&) - updated timer 11483 on client 777
12:54:34 T:1840986920 DEBUG: PVRTimers - bool PVR::CPVRTimers::UpdateEntries(const PVR::CPVRTimers&) - updated timer 11484 on client 777
12:54:34 T:1840986920 DEBUG: PVRTimers - bool PVR::CPVRTimers::UpdateEntries(const PVR::CPVRTimers&) - updated timer 11485 on client 777
12:54:34 T:1840986920 DEBUG: PVRTimers - bool PVR::CPVRTimers::UpdateEntries(const PVR::CPVRTimers&) - updated timer 11486 on client 777
12:54:34 T:1840986920 DEBUG: PVRTimers - bool PVR::CPVRTimers::UpdateEntries(const PVR::CPVRTimers&) - updated timer 11487 on client 777
12:54:36 T:1848293056 DEBUG: CFileCache::Open - opening using cache
12:54:36 T:1848293056 DEBUG: CurlFile::Open(0x73ef2540) http://192.168.0.135:8866/service?method=recording.recurring.list&sid=63c7f3d85ddd40f3a7072d0c8f5be74a
12:54:36 T:1848019808 NOTICE: Thread FileCache start, auto delete: false
12:54:36 T:1848019808 INFO: CFileCache::Process - Hit eof.
12:54:36 T:1848019808 DEBUG: Thread FileCache 1848019808 terminating
12:54:36 T:1848293056 DEBUG: CFileCache::Open - opening using cache
12:54:36 T:1848293056 DEBUG: CurlFile::Open(0x73e91f60) http://192.168.0.135:8866/service?method=recording.list&filter=pending&sid=63c7f3d85ddd40f3a7072d0c8f5be74a
12:54:36 T:1945201104 NOTICE: Thread FileCache start, auto delete: false
12:54:36 T:1945201104 INFO: CFileCache::Process - Hit eof.
12:54:36 T:1945201104 DEBUG: Thread FileCache 1945201104 terminating
12:54:37 T:1848293056 DEBUG: CFileCache::Open - opening using cache
12:54:37 T:1848293056 DEBUG: CurlFile::Open(0x73e91f60) http://192.168.0.135:8866/service?method=recording.list&filter=ready&sid=63c7f3d85ddd40f3a7072d0c8f5be74a
12:54:37 T:1848019808 NOTICE: Thread FileCache start, auto delete: false
12:54:37 T:1848019808 INFO: CFileCache::Process - Hit eof.
12:54:37 T:1848019808 DEBUG: Thread FileCache 1848019808 terminating
12:54:39 T:1788655912 DEBUG: ------ Window Deinit (DialogKaiToast.xml) ------
12:54:40 T:1788655912 DEBUG: Keyboard: scancode: 0x15, sym: 0x0114, unicode: 0x0000, modifier: 0x0
12:54:40 T:1788655912 DEBUG: bool CInputManager::OnKey(const CKey&): left (0xf082) pressed, action is Left
12:54:40 T:1839317520 DEBUG: static std::string CTextureCacheJob::GetImageHash(const string&) - unable to stat url /service?method=channel.show.artwork&sid=ec908615694a41b2bdb61dd237ad6116&event_id=4815927
12:54:40 T:1848293056 DEBUG: CFileCache::Open - opening using cache
12:54:40 T:1848293056 DEBUG: CurlFile::Open(0x73ef2540) http://192.168.0.135:8866/service?method=recording.recurring.list&sid=63c7f3d85ddd40f3a7072d0c8f5be74a
12:54:40 T:1945201104 NOTICE: Thread FileCache start, auto delete: false
12:54:40 T:1945201104 INFO: CFileCache::Process - Hit eof.
12:54:40 T:1945201104 DEBUG: Thread FileCache 1945201104 terminating
12:54:40 T:1848293056 DEBUG: CFileCache::Open - opening using cache
12:54:40 T:1848293056 DEBUG: CurlFile::Open(0x73e61d10) http://192.168.0.135:8866/service?method=recording.list&filter=pending&sid=63c7f3d85ddd40f3a7072d0c8f5be74a
12:54:40 T:1848019808 NOTICE: Thread FileCache start, auto delete: false
12:54:40 T:1848019808 INFO: CFileCache::Process - Hit eof.
12:54:40 T:1848019808 DEBUG: Thread FileCache 1848019808 terminating
12:54:40 T:1848293056 DEBUG: CFileCache::Open - opening using cache
12:54:40 T:1848293056 DEBUG: CurlFile::Open(0x73e91f60) http://192.168.0.135:8866/service?method=recording.list&filter=ready&sid=63c7f3d85ddd40f3a7072d0c8f5be74a
12:54:40 T:1945201104 NOTICE: Thread FileCache start, auto delete: false
12:54:40 T:1945201104 INFO: CFileCache::Process - Hit eof.
12:54:40 T:1945201104 DEBUG: Thread FileCache 1945201104 terminating
12:54:41 T:1788655912 DEBUG: Keyboard: scancode: 0x15, sym: 0x0114, unicode: 0x0000, modifier: 0x0
12:54:41 T:1788655912 DEBUG: bool CInputManager::OnKey(const CKey&): left (0xf082) pressed, action is Left
12:54:41 T:1878747376 DEBUG: static std::string CTextureCacheJob::GetImageHash(const string&) - unable to stat url /service?method=channel.show.artwork&sid=ec908615694a41b2bdb61dd237ad6116&event_id=4815926
12:54:41 T:1788655912 DEBUG: Keyboard: scancode: 0x15, sym: 0x0114, unicode: 0x0000, modifier: 0x0
12:54:41 T:1788655912 DEBUG: bool CInputManager::OnKey(const CKey&): left (0xf082) pressed, action is Left
12:54:43 T:1848293056 DEBUG: CFileCache::Open - opening using cache
12:54:43 T:1848293056 DEBUG: CurlFile::Open(0x73ed6e30) http://192.168.0.135:8866/service?method=recording.recurring.list&sid=63c7f3d85ddd40f3a7072d0c8f5be74a
12:54:43 T:1944452768 NOTICE: Thread FileCache start, auto delete: false
12:54:43 T:1944452768 INFO: CFileCache::Process - Hit eof.
12:54:43 T:1944452768 DEBUG: Thread FileCache 1944452768 terminating
12:54:43 T:1848293056 DEBUG: CFileCache::Open - opening using cache
12:54:43 T:1848293056 DEBUG: CurlFile::Open(0x73e91f60) http://192.168.0.135:8866/service?method=recording.list&filter=pending&sid=63c7f3d85ddd40f3a7072d0c8f5be74a
12:54:43 T:1788655912 DEBUG: Keyboard: scancode: 0x13, sym: 0x0111, unicode: 0x0000, modifier: 0x0
12:54:43 T:1788655912 DEBUG: bool CInputManager::OnKey(const CKey&): up (0xf080) pressed, action is Up
12:54:43 T:1843651272 DEBUG: static std::string CTextureCacheJob::GetImageHash(const string&) - unable to stat url /service?method=channel.show.artwork&sid=ec908615694a41b2bdb61dd237ad6116&event_id=4815492
12:54:44 T:1944452768 NOTICE: Thread FileCache start, auto delete: false
12:54:44 T:1944452768 INFO: CFileCache::Process - Hit eof.
12:54:44 T:1944452768 DEBUG: Thread FileCache 1944452768 terminating
12:54:44 T:1848293056 DEBUG: CFileCache::Open - opening using cache
12:54:44 T:1848293056 DEBUG: CurlFile::Open(0x73ed6e30) http://192.168.0.135:8866/service?method=recording.list&filter=ready&sid=63c7f3d85ddd40f3a7072d0c8f5be74a
12:54:44 T:1944452768 NOTICE: Thread FileCache start, auto delete: false
12:54:44 T:1944452768 INFO: CFileCache::Process - Hit eof.
12:54:44 T:1944452768 DEBUG: Thread FileCache 1944452768 terminating
12:54:44 T:1788655912 DEBUG: Keyboard: scancode: 0x13, sym: 0x0111, unicode: 0x0000, modifier: 0x0
12:54:44 T:1788655912 DEBUG: bool CInputManager::OnKey(const CKey&): up (0xf080) pressed, action is Up
12:54:44 T:1878747376 DEBUG: static std::string CTextureCacheJob::GetImageHash(const string&) - unable to stat url /service?method=channel.show.artwork&sid=ec908615694a41b2bdb61dd237ad6116&event_id=4815146
12:54:44 T:1788655912 DEBUG: Keyboard: scancode: 0x13, sym: 0x0111, unicode: 0x0000, modifier: 0x0
12:54:44 T:1788655912 DEBUG: bool CInputManager::OnKey(const CKey&): up (0xf080) pressed, action is Up
12:54:44 T:1843651272 DEBUG: static std::string CTextureCacheJob::GetImageHash(const string&) - unable to stat url /service?method=channel.show.artwork&sid=ec908615694a41b2bdb61dd237ad6116&event_id=4814735
12:54:45 T:1788655912 DEBUG: Keyboard: scancode: 0x13, sym: 0x0111, unicode: 0x0000, modifier: 0x0
12:54:45 T:1788655912 DEBUG: bool CInputManager::OnKey(const CKey&): up (0xf080) pressed, action is Up
12:54:45 T:1839317520 DEBUG: static std::string CTextureCacheJob::GetImageHash(const string&) - unable to stat url /service?method=channel.show.artwork&sid=ec908615694a41b2bdb61dd237ad6116&event_id=4814660
12:54:45 T:1788655912 DEBUG: Keyboard: scancode: 0x13, sym: 0x0111, unicode: 0x0000, modifier: 0x0
12:54:45 T:1788655912 DEBUG: bool CInputManager::OnKey(const CKey&): up (0xf080) pressed, action is Up
12:54:45 T:1878747376 DEBUG: static std::string CTextureCacheJob::GetImageHash(const string&) - unable to stat url /service?method=channel.show.artwork&sid=ec908615694a41b2bdb61dd237ad6116&event_id=4814646
12:54:46 T:1788655912 DEBUG: Keyboard: scancode: 0x13, sym: 0x0111, unicode: 0x0000, modifier: 0x0
12:54:46 T:1788655912 DEBUG: bool CInputManager::OnKey(const CKey&): up (0xf080) pressed, action is Up
12:54:46 T:1839317520 DEBUG: static std::string CTextureCacheJob::GetImageHash(const string&) - unable to stat url /service?method=channel.show.artwork&sid=ec908615694a41b2bdb61dd237ad6116&event_id=4814632
12:54:46 T:1788655912 DEBUG: Keyboard: scancode: 0x13, sym: 0x0111, unicode: 0x0000, modifier: 0x0
12:54:46 T:1788655912 DEBUG: bool CInputManager::OnKey(const CKey&): up (0xf080) pressed, action is Up
12:54:46 T:1843651272 DEBUG: static std::string CTextureCacheJob::GetImageHash(const string&) - unable to stat url /service?method=channel.show.artwork&sid=ec908615694a41b2bdb61dd237ad6116&event_id=4814618
12:54:46 T:1788655912 DEBUG: Keyboard: scancode: 0x13, sym: 0x0111, unicode: 0x0000, modifier: 0x0
12:54:46 T:1788655912 DEBUG: bool CInputManager::OnKey(const CKey&): up (0xf080) pressed, action is Up
12:54:46 T:1878747376 DEBUG: static std::string CTextureCacheJob::GetImageHash(const string&) - unable to stat url /service?method=channel.show.artwork&sid=ec908615694a41b2bdb61dd237ad6116&event_id=4814089
12:54:47 T:1848293056 DEBUG: CFileCache::Open - opening using cache
12:54:47 T:1848293056 DEBUG: CurlFile::Open(0x73e91f60) http://192.168.0.135:8866/service?method=recording.recurring.list&sid=63c7f3d85ddd40f3a7072d0c8f5be74a
12:54:47 T:1944011416 NOTICE: Thread FileCache start, auto delete: false
12:54:47 T:1944011416 INFO: CFileCache::Process - Hit eof.
12:54:47 T:1944011416 DEBUG: Thread FileCache 1944011416 terminating
12:54:47 T:1848293056 DEBUG: CFileCache::Open - opening using cache
12:54:47 T:1848293056 DEBUG: CurlFile::Open(0x73ef2540) http://192.168.0.135:8866/service?method=recording.list&filter=pending&sid=63c7f3d85ddd40f3a7072d0c8f5be74a
12:54:47 T:1788655912 DEBUG: Keyboard: scancode: 0x13, sym: 0x0111, unicode: 0x0000, modifier: 0x0
12:54:47 T:1788655912 DEBUG: bool CInputManager::OnKey(const CKey&): up (0xf080) pressed, action is Up
12:54:47 T:1839317520 DEBUG: static std::string CTextureCacheJob::GetImageHash(const string&) - unable to stat url /service?method=channel.show.artwork&sid=ec908615694a41b2bdb61dd237ad6116&event_id=4813828
12:54:47 T:1944759920 NOTICE: Thread FileCache start, auto delete: false
12:54:47 T:1944759920 INFO: CFileCache::Process - Hit eof.
12:54:47 T:1944759920 DEBUG: Thread FileCache 1944759920 terminating
12:54:47 T:1848293056 DEBUG: CFileCache::Open - opening using cache
12:54:47 T:1848293056 DEBUG: CurlFile::Open(0x73ed6e30) http://192.168.0.135:8866/service?method=recording.list&filter=ready&sid=63c7f3d85ddd40f3a7072d0c8f5be74a
12:54:47 T:1944729184 NOTICE: Thread FileCache start, auto delete: false
12:54:47 T:1944729184 INFO: CFileCache::Process - Hit eof.
12:54:47 T:1944729184 DEBUG: Thread FileCache 1944729184 terminating
12:54:48 T:1788655912 DEBUG: Keyboard: scancode: 0x13, sym: 0x0111, unicode: 0x0000, modifier: 0x0
12:54:48 T:1788655912 DEBUG: bool CInputManager::OnKey(const CKey&): up (0xf080) pressed, action is Up
12:54:48 T:1878747376 DEBUG: static std::string CTextureCacheJob::GetImageHash(const string&) - unable to stat url /service?method=channel.show.artwork&sid=ec908615694a41b2bdb61dd237ad6116&event_id=4813286
12:54:48 T:1788655912 DEBUG: Keyboard: scancode: 0x13, sym: 0x0111, unicode: 0x0000, modifier: 0x0
12:54:48 T:1788655912 DEBUG: bool CInputManager::OnKey(const CKey&): up (0xf080) pressed, action is Up
12:54:48 T:1839317520 DEBUG: static std::string CTextureCacheJob::GetImageHash(const string&) - unable to stat url /service?method=channel.show.artwork&sid=ec908615694a41b2bdb61dd237ad6116&event_id=4812744
12:54:49 T:1788655912 DEBUG: Keyboard: scancode: 0x13, sym: 0x0111, unicode: 0x0000, modifier: 0x0
12:54:49 T:1788655912 DEBUG: bool CInputManager::OnKey(const CKey&): up (0xf080) pressed, action is Up
12:54:49 T:1843651272 DEBUG: static std::string CTextureCacheJob::GetImageHash(const string&) - unable to stat url /service?method=channel.show.artwork&sid=ec908615694a41b2bdb61dd237ad6116&event_id=4812182
12:54:49 T:1788655912 DEBUG: Keyboard: scancode: 0x13, sym: 0x0111, unicode: 0x0000, modifier: 0x0
12:54:49 T:1788655912 DEBUG: bool CInputManager::OnKey(const CKey&): up (0xf080) pressed, action is Up
12:54:49 T:1878747376 DEBUG: static std::string CTextureCacheJob::GetImageHash(const string&) - unable to stat url /service?method=channel.show.artwork&sid=ec908615694a41b2bdb61dd237ad6116&event_id=4811655
12:54:50 T:1788655912 DEBUG: Keyboard: scancode: 0x13, sym: 0x0111, unicode: 0x0000, modifier: 0x0
12:54:50 T:1788655912 DEBUG: bool CInputManager::OnKey(const CKey&): up (0xf080) pressed, action is Up
12:54:50 T:1843651272 DEBUG: static std::string CTextureCacheJob::GetImageHash(const string&) - unable to stat url /service?method=channel.show.artwork&sid=ec908615694a41b2bdb61dd237ad6116&event_id=4811406
12:54:50 T:1848293056 DEBUG: CFileCache::Open - opening using cache
12:54:50 T:1848293056 DEBUG: CurlFile::Open(0x73e61d10) http://192.168.0.135:8866/service?method=recording.recurring.list&sid=63c7f3d85ddd40f3a7072d0c8f5be74a
12:54:50 T:1847564128 NOTICE: Thread FileCache start, auto delete: false
12:54:50 T:1847564128 INFO: CFileCache::Process - Hit eof.
12:54:50 T:1847564128 DEBUG: Thread FileCache 1847564128 terminating
12:54:50 T:1848293056 DEBUG: CFileCache::Open - opening using cache
12:54:50 T:1848293056 DEBUG: CurlFile::Open(0x73ef2540) http://192.168.0.135:8866/service?method=recording.list&filter=pending&sid=63c7f3d85ddd40f3a7072d0c8f5be74a
12:54:50 T:1788655912 DEBUG: Keyboard: scancode: 0x13, sym: 0x0111, unicode: 0x0000, modifier: 0x0
12:54:50 T:1788655912 DEBUG: bool CInputManager::OnKey(const CKey&): up (0xf080) pressed, action is Up
12:54:50 T:1944203704 NOTICE: Thread FileCache start, auto delete: false
12:54:50 T:1839317520 DEBUG: static std::string CTextureCacheJob::GetImageHash(const string&) - unable to stat url /service?method=channel.show.artwork&sid=ec908615694a41b2bdb61dd237ad6116&event_id=4810998
12:54:50 T:1944203704 INFO: CFileCache::Process - Hit eof.
12:54:50 T:1944203704 DEBUG: Thread FileCache 1944203704 terminating
12:54:50 T:1848293056 DEBUG: CFileCache::Open - opening using cache
12:54:50 T:1848293056 DEBUG: CurlFile::Open(0x73e91f60) http://192.168.0.135:8866/service?method=recording.list&filter=ready&sid=63c7f3d85ddd40f3a7072d0c8f5be74a
12:54:51 T:1944717944 NOTICE: Thread FileCache start, auto delete: false
12:54:51 T:1944717944 INFO: CFileCache::Process - Hit eof.
12:54:51 T:1944717944 DEBUG: Thread FileCache 1944717944 terminating
12:54:51 T:1788655912 DEBUG: Keyboard: scancode: 0x16, sym: 0x0113, unicode: 0x0000, modifier: 0x0
12:54:51 T:1788655912 DEBUG: bool CInputManager::OnKey(const CKey&): right (0xf083) pressed, action is Right
12:54:52 T:1878747376 DEBUG: static std::string CTextureCacheJob::GetImageHash(const string&) - unable to stat url /service?method=channel.show.artwork&sid=ec908615694a41b2bdb61dd237ad6116&event_id=4810999
12:54:54 T:1848293056 DEBUG: CFileCache::Open - opening using cache
12:54:54 T:1848293056 DEBUG: CurlFile::Open(0x73e91f60) http://192.168.0.135:8866/service?method=recording.recurring.list&sid=63c7f3d85ddd40f3a7072d0c8f5be74a
12:54:54 T:1944706768 NOTICE: Thread FileCache start, auto delete: false
12:54:54 T:1944706768 INFO: CFileCache::Process - Hit eof.
12:54:54 T:1944706768 DEBUG: Thread FileCache 1944706768 terminating
12:54:54 T:1848293056 DEBUG: CFileCache::Open - opening using cache
12:54:54 T:1848293056 DEBUG: CurlFile::Open(0x73ed6e30) http://192.168.0.135:8866/service?method=recording.list&filter=pending&sid=63c7f3d85ddd40f3a7072d0c8f5be74a
12:54:54 T:1944706768 NOTICE: Thread FileCache start, auto delete: false
12:54:54 T:1944706768 INFO: CFileCache::Process - Hit eof.
12:54:54 T:1944706768 DEBUG: Thread FileCache 1944706768 terminating
12:54:54 T:1848293056 DEBUG: CFileCache::Open - opening using cache
12:54:54 T:1848293056 DEBUG: CurlFile::Open(0x73ef2540) http://192.168.0.135:8866/service?method=recording.list&filter=ready&sid=63c7f3d85ddd40f3a7072d0c8f5be74a
12:54:54 T:1944203704 NOTICE: Thread FileCache start, auto delete: false
12:54:54 T:1944203704 INFO: CFileCache::Process - Hit eof.
12:54:54 T:1944203704 DEBUG: Thread FileCache 1944203704 terminating
12:54:57 T:1848293056 DEBUG: CFileCache::Open - opening using cache
12:54:57 T:1848293056 DEBUG: CurlFile::Open(0x73e91f60) http://192.168.0.135:8866/service?method=recording.recurring.list&sid=63c7f3d85ddd40f3a7072d0c8f5be74a
12:54:57 T:1876454184 NOTICE: Thread FileCache start, auto delete: false
12:54:57 T:1876454184 INFO: CFileCache::Process - Hit eof.
12:54:57 T:1876454184 DEBUG: Thread FileCache 1876454184 terminating
12:54:57 T:1848293056 DEBUG: CFileCache::Open - opening using cache
12:54:57 T:1848293056 DEBUG: CurlFile::Open(0x73ed6e30) http://192.168.0.135:8866/service?method=recording.list&filter=pending&sid=63c7f3d85ddd40f3a7072d0c8f5be74a
12:54:57 T:1944203704 NOTICE: Thread FileCache start, auto delete: false
12:54:57 T:1944203704 INFO: CFileCache::Process - Hit eof.
12:54:57 T:1944203704 DEBUG: Thread FileCache 1944203704 terminating
12:54:57 T:1848293056 DEBUG: CFileCache::Open - opening using cache
12:54:57 T:1848293056 DEBUG: CurlFile::Open(0x7207d280) http://192.168.0.135:8866/service?method=recording.list&filter=ready&sid=63c7f3d85ddd40f3a7072d0c8f5be74a
12:54:57 T:1944086528 NOTICE: Thread FileCache start, auto delete: false
12:54:57 T:1944086528 INFO: CFileCache::Process - Hit eof.
12:54:57 T:1944086528 DEBUG: Thread FileCache 1944086528 terminating
12:55:00 T:1848293056 DEBUG: CFileCache::Open - opening using cache
12:55:00 T:1848293056 DEBUG: CurlFile::Open(0x73ef2540) http://192.168.0.135:8866/service?method=recording.recurring.list&sid=63c7f3d85ddd40f3a7072d0c8f5be74a
12:55:00 T:1942371920 NOTICE: Thread FileCache start, auto delete: false
12:55:00 T:1942371920 INFO: CFileCache::Process - Hit eof.
12:55:00 T:1942371920 DEBUG: Thread FileCache 1942371920 terminating
12:55:00 T:1848293056 DEBUG: CFileCache::Open - opening using cache
12:55:00 T:1848293056 DEBUG: CurlFile::Open(0x73e91f60) http://192.168.0.135:8866/service?method=recording.list&filter=pending&sid=63c7f3d85ddd40f3a7072d0c8f5be74a
12:55:00 T:1944086528 NOTICE: Thread FileCache start, auto delete: false
12:55:00 T:1944086528 INFO: CFileCache::Process - Hit eof.
12:55:00 T:1944086528 DEBUG: Thread FileCache 1944086528 terminating
12:55:01 T:1848293056 DEBUG: CFileCache::Open - opening using cache
12:55:01 T:1848293056 DEBUG: CurlFile::Open(0x73ef2540) http://192.168.0.135:8866/service?method=recording.list&filter=ready&sid=63c7f3d85ddd40f3a7072d0c8f5be74a
12:55:01 T:1944086528 NOTICE: Thread FileCache start, auto delete: false
12:55:01 T:1944086528 INFO: CFileCache::Process - Hit eof.
12:55:01 T:1944086528 DEBUG: Thread FileCache 1944086528 terminating
12:55:03 T:1788655912 DEBUG: Keyboard: scancode: 0x15, sym: 0x0114, unicode: 0x0000, modifier: 0x0
12:55:03 T:1788655912 DEBUG: bool CInputManager::OnKey(const CKey&): left (0xf082) pressed, action is Left
12:55:03 T:1843651272 DEBUG: static std::string CTextureCacheJob::GetImageHash(const string&) - unable to stat url /service?method=channel.show.artwork&sid=ec908615694a41b2bdb61dd237ad6116&event_id=4810998
12:55:03 T:1788655912 DEBUG: Keyboard: scancode: 0x16, sym: 0x0113, unicode: 0x0000, modifier: 0x0
12:55:03 T:1788655912 DEBUG: bool CInputManager::OnKey(const CKey&): right (0xf083) pressed, action is Right
12:55:03 T:1839317520 DEBUG: static std::string CTextureCacheJob::GetImageHash(const string&) - unable to stat url /service?method=channel.show.artwork&sid=ec908615694a41b2bdb61dd237ad6116&event_id=4810999
12:55:04 T:1848293056 DEBUG: CFileCache::Open - opening using cache
12:55:04 T:1848293056 DEBUG: CurlFile::Open(0x7207d280) http://192.168.0.135:8866/service?method=recording.recurring.list&sid=63c7f3d85ddd40f3a7072d0c8f5be74a
12:55:04 T:1944086528 NOTICE: Thread FileCache start, auto delete: false
12:55:04 T:1944086528 INFO: CFileCache::Process - Hit eof.
12:55:04 T:1944086528 DEBUG: Thread FileCache 1944086528 terminating
12:55:04 T:1848293056 DEBUG: CFileCache::Open - opening using cache
12:55:04 T:1848293056 DEBUG: CurlFile::Open(0x73ef2540) http://192.168.0.135:8866/service?method=recording.list&filter=pending&sid=63c7f3d85ddd40f3a7072d0c8f5be74a
12:55:04 T:1944086528 NOTICE: Thread FileCache start, auto delete: false
12:55:04 T:1944086528 INFO: CFileCache::Process - Hit eof.
12:55:04 T:1944086528 DEBUG: Thread FileCache 1944086528 terminating
12:55:04 T:1848293056 DEBUG: CFileCache::Open - opening using cache
12:55:04 T:1848293056 DEBUG: CurlFile::Open(0x7207d280) http://192.168.0.135:8866/service?method=recording.list&filter=ready&sid=63c7f3d85ddd40f3a7072d0c8f5be74a
12:55:04 T:1942371920 NOTICE: Thread FileCache start, auto delete: false
12:55:04 T:1942371920 INFO: CFileCache::Process - Hit eof.
12:55:04 T:1942371920 DEBUG: Thread FileCache 1942371920 terminating
12:55:05 T:1788655912 DEBUG: Keyboard: scancode: 0x16, sym: 0x0113, unicode: 0x0000, modifier: 0x0
12:55:05 T:1788655912 DEBUG: bool CInputManager::OnKey(const CKey&): right (0xf083) pressed, action is Right
12:55:05 T:1843651272 DEBUG: static std::string CTextureCacheJob::GetImageHash(const string&) - unable to stat url /service?method=channel.show.artwork&sid=ec908615694a41b2bdb61dd237ad6116&event_id=4811000
12:55:06 T:1788655912 DEBUG: Keyboard: scancode: 0x16, sym: 0x0113, unicode: 0x0000, modifier: 0x0
12:55:06 T:1788655912 DEBUG: bool CInputManager::OnKey(const CKey&): right (0xf083) pressed, action is Right
12:55:06 T:1878747376 DEBUG: static std::string CTextureCacheJob::GetImageHash(const string&) - unable to stat url /service?method=channel.show.artwork&sid=ec908615694a41b2bdb61dd237ad6116&event_id=4811001
12:55:06 T:1788655912 DEBUG: Keyboard: scancode: 0x16, sym: 0x0113, unicode: 0x0000, modifier: 0x0
12:55:06 T:1788655912 DEBUG: bool CInputManager::OnKey(const CKey&): right (0xf083) pressed, action is Right
12:55:07 T:1848293056 DEBUG: CFileCache::Open - opening using cache
12:55:07 T:1848293056 DEBUG: CurlFile::Open(0x73ed6e30) http://192.168.0.135:8866/service?method=recording.recurring.list&sid=63c7f3d85ddd40f3a7072d0c8f5be74a
12:55:07 T:1944085592 NOTICE: Thread FileCache start, auto delete: false
12:55:07 T:1944085592 INFO: CFileCache::Process - Hit eof.
12:55:07 T:1944085592 DEBUG: Thread FileCache 1944085592 terminating
12:55:07 T:1848293056 DEBUG: CFileCache::Open - opening using cache
12:55:07 T:1848293056 DEBUG: CurlFile::Open(0x73e91f60) http://192.168.0.135:8866/service?method=recording.list&filter=pending&sid=63c7f3d85ddd40f3a7072d0c8f5be74a
12:55:07 T:1944085592 NOTICE: Thread FileCache start, auto delete: false
12:55:07 T:1944085592 INFO: CFileCache::Process - Hit eof.
12:55:07 T:1944085592 DEBUG: Thread FileCache 1944085592 terminating
12:55:07 T:1788655912 DEBUG: Keyboard: scancode: 0x16, sym: 0x0113, unicode: 0x0000, modifier: 0x0
12:55:07 T:1788655912 DEBUG: bool CInputManager::OnKey(const CKey&): right (0xf083) pressed, action is Right
12:55:07 T:1848293056 DEBUG: CFileCache::Open - opening using cache
12:55:07 T:1848293056 DEBUG: CurlFile::Open(0x73ef2540) http://192.168.0.135:8866/service?method=recording.list&filter=ready&sid=63c7f3d85ddd40f3a7072d0c8f5be74a
12:55:07 T:1902898320 NOTICE: Thread FileCache start, auto delete: false
12:55:07 T:1902898320 INFO: CFileCache::Process - Hit eof.
12:55:07 T:1902898320 DEBUG: Thread FileCache 1902898320 terminating
12:55:08 T:1788655912 DEBUG: Keyboard: scancode: 0x16, sym: 0x0113, unicode: 0x0000, modifier: 0x0
12:55:08 T:1788655912 DEBUG: bool CInputManager::OnKey(const CKey&): right (0xf083) pressed, action is Right
12:55:08 T:1878747376 DEBUG: static std::string CTextureCacheJob::GetImageHash(const string&) - unable to stat url /service?method=channel.show.artwork&sid=ec908615694a41b2bdb61dd237ad6116&event_id=4811002
12:55:08 T:1788655912 DEBUG: Keyboard: scancode: 0x16, sym: 0x0113, unicode: 0x0000, modifier: 0x0
12:55:08 T:1788655912 DEBUG: bool CInputManager::OnKey(const CKey&): right (0xf083) pressed, action is Right
12:55:09 T:1788655912 DEBUG: Keyboard: scancode: 0x15, sym: 0x0114, unicode: 0x0000, modifier: 0x0
12:55:09 T:1788655912 DEBUG: bool CInputManager::OnKey(const CKey&): left (0xf082) pressed, action is Left
12:55:09 T:1843651272 DEBUG: static std::string CTextureCacheJob::GetImageHash(const string&) - unable to stat url /service?method=channel.show.artwork&sid=ec908615694a41b2bdb61dd237ad6116&event_id=4811001
12:55:10 T:1848293056 DEBUG: CFileCache::Open - opening using cache
12:55:10 T:1848293056 DEBUG: CurlFile::Open(0x73ef2540) http://192.168.0.135:8866/service?method=recording.recurring.list&sid=63c7f3d85ddd40f3a7072d0c8f5be74a
12:55:10 T:1944003456 NOTICE: Thread FileCache start, auto delete: false
12:55:10 T:1944003456 INFO: CFileCache::Process - Hit eof.
12:55:10 T:1944003456 DEBUG: Thread FileCache 1944003456 terminating
12:55:10 T:1848293056 DEBUG: CFileCache::Open - opening using cache
12:55:10 T:1848293056 DEBUG: CurlFile::Open(0x73ee2908) http://192.168.0.135:8866/service?method=recording.list&filter=pending&sid=63c7f3d85ddd40f3a7072d0c8f5be74a
12:55:11 T:1863257184 NOTICE: Thread FileCache start, auto delete: false
12:55:11 T:1863257184 INFO: CFileCache::Process - Hit eof.
12:55:11 T:1863257184 DEBUG: Thread FileCache 1863257184 terminating
12:55:11 T:1848293056 DEBUG: CFileCache::Open - opening using cache
12:55:11 T:1848293056 DEBUG: CurlFile::Open(0x73ed6e30) http://192.168.0.135:8866/service?method=recording.list&filter=ready&sid=63c7f3d85ddd40f3a7072d0c8f5be74a
12:55:11 T:1944003456 NOTICE: Thread FileCache start, auto delete: false
12:55:11 T:1944003456 INFO: CFileCache::Process - Hit eof.
12:55:11 T:1944003456 DEBUG: Thread FileCache 1944003456 terminating
12:55:14 T:1848293056 DEBUG: CFileCache::Open - opening using cache
12:55:14 T:1848293056 DEBUG: CurlFile::Open(0x73ef2540) http://192.168.0.135:8866/service?method=recording.recurring.list&sid=63c7f3d85ddd40f3a7072d0c8f5be74a
12:55:14 T:1901734992 NOTICE: Thread FileCache start, auto delete: false
12:55:14 T:1901734992 INFO: CFileCache::Process - Hit eof.
12:55:14 T:1901734992 DEBUG: Thread FileCache 1901734992 terminating
12:55:14 T:1788655912 DEBUG: Keyboard: scancode: 0x16, sym: 0x0113, unicode: 0x0000, modifier: 0x0
12:55:14 T:1788655912 DEBUG: bool CInputManager::OnKey(const CKey&): right (0xf083) pressed, action is Right
12:55:14 T:1848293056 DEBUG: CFileCache::Open - opening using cache
12:55:14 T:1848293056 DEBUG: CurlFile::Open(0x73ee2908) http://192.168.0.135:8866/service?method=recording.list&filter=pending&sid=63c7f3d85ddd40f3a7072d0c8f5be74a
12:55:14 T:1839317520 DEBUG: static std::string CTextureCacheJob::GetImageHash(const string&) - unable to stat url /service?method=channel.show.artwork&sid=ec908615694a41b2bdb61dd237ad6116&event_id=4811002
12:55:14 T:1901734992 NOTICE: Thread FileCache start, auto delete: false
12:55:14 T:1901734992 INFO: CFileCache::Process - Hit eof.
12:55:14 T:1901734992 DEBUG: Thread FileCache 1901734992 terminating
12:55:14 T:1848293056 DEBUG: CFileCache::Open - opening using cache
12:55:14 T:1848293056 DEBUG: CurlFile::Open(0x73ceade8) http://192.168.0.135:8866/service?method=recording.list&filter=ready&sid=63c7f3d85ddd40f3a7072d0c8f5be74a
12:55:14 T:1901734992 NOTICE: Thread FileCache start, auto delete: false
12:55:14 T:1901734992 INFO: CFileCache::Process - Hit eof.
12:55:14 T:1901734992 DEBUG: Thread FileCache 1901734992 terminating
12:55:16 T:1788655912 DEBUG: Keyboard: scancode: 0x14, sym: 0x0112, unicode: 0x0000, modifier: 0x0
12:55:16 T:1788655912 DEBUG: bool CInputManager::OnKey(const CKey&): down (0xf081) pressed, action is Down
12:55:16 T:1878747376 DEBUG: static std::string CTextureCacheJob::GetImageHash(const string&) - unable to stat url /service?method=channel.show.artwork&sid=ec908615694a41b2bdb61dd237ad6116&event_id=4811408
12:55:17 T:1788655912 DEBUG: Keyboard: scancode: 0x14, sym: 0x0112, unicode: 0x0000, modifier: 0x0
12:55:17 T:1788655912 DEBUG: bool CInputManager::OnKey(const CKey&): down (0xf081) pressed, action is Down
12:55:17 T:1843651272 DEBUG: static std::string CTextureCacheJob::GetImageHash(const string&) - unable to stat url /service?method=channel.show.artwork&sid=ec908615694a41b2bdb61dd237ad6116&event_id=4811659
12:55:17 T:1788655912 DEBUG: Keyboard: scancode: 0x14, sym: 0x0112, unicode: 0x0000, modifier: 0x0
12:55:17 T:1788655912 DEBUG: bool CInputManager::OnKey(const CKey&): down (0xf081) pressed, action is Down
12:55:17 T:1839317520 DEBUG: static std::string CTextureCacheJob::GetImageHash(const string&) - unable to stat url /service?method=channel.show.artwork&sid=ec908615694a41b2bdb61dd237ad6116&event_id=4812187
12:55:17 T:1788655912 DEBUG: Keyboard: scancode: 0x14, sym: 0x0112, unicode: 0x0000, modifier: 0x0
12:55:17 T:1788655912 DEBUG: bool CInputManager::OnKey(const CKey&): down (0xf081) pressed, action is Down
12:55:17 T:1843651272 DEBUG: static std::string CTextureCacheJob::GetImageHash(const string&) - unable to stat url /service?method=channel.show.artwork&sid=ec908615694a41b2bdb61dd237ad6116&event_id=4812748
12:55:17 T:1848293056 DEBUG: CFileCache::Open - opening using cache
12:55:17 T:1848293056 DEBUG: CurlFile::Open(0x73ed6e30) http://192.168.0.135:8866/service?method=recording.recurring.list&sid=63c7f3d85ddd40f3a7072d0c8f5be74a
12:55:17 T:1944203704 NOTICE: Thread FileCache start, auto delete: false
12:55:17 T:1944203704 INFO: CFileCache::Process - Hit eof.
12:55:17 T:1944203704 DEBUG: Thread FileCache 1944203704 terminating
12:55:17 T:1848293056 DEBUG: CFileCache::Open - opening using cache
12:55:17 T:1848293056 DEBUG: CurlFile::Open(0x73ef2540) http://192.168.0.135:8866/service?method=recording.list&filter=pending&sid=63c7f3d85ddd40f3a7072d0c8f5be74a
12:55:17 T:1788655912 DEBUG: Keyboard: scancode: 0x14, sym: 0x0112, unicode: 0x0000, modifier: 0x0
12:55:17 T:1788655912 DEBUG: bool CInputManager::OnKey(const CKey&): down (0xf081) pressed, action is Down
12:55:17 T:1944706768 NOTICE: Thread FileCache start, auto delete: false
12:55:17 T:1839317520 DEBUG: static std::string CTextureCacheJob::GetImageHash(const string&) - unable to stat url /service?method=channel.show.artwork&sid=ec908615694a41b2bdb61dd237ad6116&event_id=4813291
12:55:17 T:1944706768 INFO: CFileCache::Process - Hit eof.
12:55:17 T:1944706768 DEBUG: Thread FileCache 1944706768 terminating
12:55:17 T:1848293056 DEBUG: CFileCache::Open - opening using cache
12:55:17 T:1848293056 DEBUG: CurlFile::Open(0x73ceade8) http://192.168.0.135:8866/service?method=recording.list&filter=ready&sid=63c7f3d85ddd40f3a7072d0c8f5be74a
12:55:17 T:1944706768 NOTICE: Thread FileCache start, auto delete: false
12:55:17 T:1944706768 INFO: CFileCache::Process - Hit eof.
12:55:17 T:1944706768 DEBUG: Thread FileCache 1944706768 terminating
12:55:18 T:1788655912 DEBUG: Keyboard: scancode: 0x14, sym: 0x0112, unicode: 0x0000, modifier: 0x0
12:55:18 T:1788655912 DEBUG: bool CInputManager::OnKey(const CKey&): down (0xf081) pressed, action is Down
12:55:18 T:1843651272 DEBUG: static std::string CTextureCacheJob::GetImageHash(const string&) - unable to stat url /service?method=channel.show.artwork&sid=ec908615694a41b2bdb61dd237ad6116&event_id=4813830
12:55:18 T:1788655912 DEBUG: Keyboard: scancode: 0x14, sym: 0x0112, unicode: 0x0000, modifier: 0x0
12:55:18 T:1788655912 DEBUG: bool CInputManager::OnKey(const CKey&): down (0xf081) pressed, action is Down
12:55:18 T:1878747376 DEBUG: static std::string CTextureCacheJob::GetImageHash(const string&) - unable to stat url /service?method=channel.show.artwork&sid=ec908615694a41b2bdb61dd237ad6116&event_id=4814096
12:55:18 T:1788655912 DEBUG: Keyboard: scancode: 0x14, sym: 0x0112, unicode: 0x0000, modifier: 0x0
12:55:18 T:1788655912 DEBUG: bool CInputManager::OnKey(const CKey&): down (0xf081) pressed, action is Down
12:55:18 T:1878747376 DEBUG: static std::string CTextureCacheJob::GetImageHash(const string&) - unable to stat url /service?method=channel.show.artwork&sid=ec908615694a41b2bdb61dd237ad6116&event_id=4814618
12:55:18 T:1788655912 DEBUG: Keyboard: scancode: 0x14, sym: 0x0112, unicode: 0x0000, modifier: 0x0
12:55:18 T:1788655912 DEBUG: bool CInputManager::OnKey(const CKey&): down (0xf081) pressed, action is Down
12:55:18 T:1839317520 DEBUG: static std::string CTextureCacheJob::GetImageHash(const string&) - unable to stat url /service?method=channel.show.artwork&sid=ec908615694a41b2bdb61dd237ad6116&event_id=4814632
12:55:19 T:1788655912 DEBUG: Keyboard: scancode: 0x14, sym: 0x0112, unicode: 0x0000, modifier: 0x0
12:55:19 T:1788655912 DEBUG: bool CInputManager::OnKey(const CKey&): down (0xf081) pressed, action is Down
12:55:19 T:1843651272 DEBUG: static std::string CTextureCacheJob::GetImageHash(const string&) - unable to stat url /service?method=channel.show.artwork&sid=ec908615694a41b2bdb61dd237ad6116&event_id=4814646
12:55:19 T:1788655912 DEBUG: Keyboard: scancode: 0x14, sym: 0x0112, unicode: 0x0000, modifier: 0x0
12:55:19 T:1788655912 DEBUG: bool CInputManager::OnKey(const CKey&): down (0xf081) pressed, action is Down
12:55:19 T:1878747376 DEBUG: static std::string CTextureCacheJob::GetImageHash(const string&) - unable to stat url /service?method=channel.show.artwork&sid=ec908615694a41b2bdb61dd237ad6116&event_id=4814660
12:55:20 T:1788655912 DEBUG: Keyboard: scancode: 0x14, sym: 0x0112, unicode: 0x0000, modifier: 0x0
12:55:20 T:1788655912 DEBUG: bool CInputManager::OnKey(const CKey&): down (0xf081) pressed, action is Down
12:55:20 T:1839317520 DEBUG: static std::string CTextureCacheJob::GetImageHash(const string&) - unable to stat url /service?method=channel.show.artwork&sid=ec908615694a41b2bdb61dd237ad6116&event_id=4814738
12:55:20 T:1788655912 DEBUG: Keyboard: scancode: 0x14, sym: 0x0112, unicode: 0x0000, modifier: 0x0
12:55:20 T:1788655912 DEBUG: bool CInputManager::OnKey(const CKey&): down (0xf081) pressed, action is Down
12:55:20 T:1839317520 DEBUG: static std::string CTextureCacheJob::GetImageHash(const string&) - unable to stat url /service?method=channel.show.artwork&sid=ec908615694a41b2bdb61dd237ad6116&event_id=4815149
12:55:20 T:1848293056 DEBUG: CFileCache::Open - opening using cache
12:55:20 T:1848293056 DEBUG: CurlFile::Open(0x715a52b0) http://192.168.0.135:8866/service?method=recording.recurring.list&sid=63c7f3d85ddd40f3a7072d0c8f5be74a
12:55:21 T:1863257184 NOTICE: Thread FileCache start, auto delete: false
12:55:21 T:1863257184 INFO: CFileCache::Process - Hit eof.
12:55:21 T:1863257184 DEBUG: Thread FileCache 1863257184 terminating
12:55:21 T:1788655912 DEBUG: Keyboard: scancode: 0x14, sym: 0x0112, unicode: 0x0000, modifier: 0x0
12:55:21 T:1788655912 DEBUG: bool CInputManager::OnKey(const CKey&): down (0xf081) pressed, action is Down
12:55:21 T:1848293056 DEBUG: CFileCache::Open - opening using cache
12:55:21 T:1848293056 DEBUG: CurlFile::Open(0x73e91f60) http://192.168.0.135:8866/service?method=recording.list&filter=pending&sid=63c7f3d85ddd40f3a7072d0c8f5be74a
12:55:21 T:1839317520 DEBUG: static std::string CTextureCacheJob::GetImageHash(const string&) - unable to stat url /service?method=channel.show.artwork&sid=ec908615694a41b2bdb61dd237ad6116&event_id=4815495
12:55:21 T:1848019808 NOTICE: Thread FileCache start, auto delete: false
12:55:21 T:1848019808 INFO: CFileCache::Process - Hit eof.
12:55:21 T:1848019808 DEBUG: Thread FileCache 1848019808 terminating
12:55:21 T:1848293056 DEBUG: CFileCache::Open - opening using cache
12:55:21 T:1848293056 DEBUG: CurlFile::Open(0x73c6bf20) http://192.168.0.135:8866/service?method=recording.list&filter=ready&sid=63c7f3d85ddd40f3a7072d0c8f5be74a
12:55:21 T:1848019808 NOTICE: Thread FileCache start, auto delete: false
12:55:21 T:1848019808 INFO: CFileCache::Process - Hit eof.
12:55:21 T:1848019808 DEBUG: Thread FileCache 1848019808 terminating
12:55:21 T:1788655912 DEBUG: Keyboard: scancode: 0x13, sym: 0x0111, unicode: 0x0000, modifier: 0x0
12:55:21 T:1788655912 DEBUG: bool CInputManager::OnKey(const CKey&): up (0xf080) pressed, action is Up
12:55:21 T:1843651272 DEBUG: static std::string CTextureCacheJob::GetImageHash(const string&) - unable to stat url /service?method=channel.show.artwork&sid=ec908615694a41b2bdb61dd237ad6116&event_id=4815149
12:55:21 T:1788655912 DEBUG: Keyboard: scancode: 0x13, sym: 0x0111, unicode: 0x0000, modifier: 0x0
12:55:21 T:1788655912 DEBUG: bool CInputManager::OnKey(const CKey&): up (0xf080) pressed, action is Up
12:55:21 T:1839317520 DEBUG: static std::string CTextureCacheJob::GetImageHash(const string&) - unable to stat url /service?method=channel.show.artwork&sid=ec908615694a41b2bdb61dd237ad6116&event_id=4814738
12:55:24 T:1848293056 DEBUG: CFileCache::Open - opening using cache
12:55:24 T:1848293056 DEBUG: CurlFile::Open(0x6d947448) http://192.168.0.135:8866/service?method=recording.recurring.list&sid=63c7f3d85ddd40f3a7072d0c8f5be74a
12:55:24 T:1848019808 NOTICE: Thread FileCache start, auto delete: false
12:55:24 T:1848019808 INFO: CFileCache::Process - Hit eof.
12:55:24 T:1848019808 DEBUG: Thread FileCache 1848019808 terminating
12:55:24 T:1848293056 DEBUG: CFileCache::Open - opening using cache
12:55:24 T:1848293056 DEBUG: CurlFile::Open(0x73c6bf20) http://192.168.0.135:8866/service?method=recording.list&filter=pending&sid=63c7f3d85ddd40f3a7072d0c8f5be74a
12:55:24 T:1848019808 NOTICE: Thread FileCache start, auto delete: false
12:55:24 T:1848019808 INFO: CFileCache::Process - Hit eof.
12:55:24 T:1848019808 DEBUG: Thread FileCache 1848019808 terminating
12:55:24 T:1848293056 DEBUG: CFileCache::Open - opening using cache
12:55:24 T:1848293056 DEBUG: CurlFile::Open(0x6d947448) http://192.168.0.135:8866/service?method=recording.list&filter=ready&sid=63c7f3d85ddd40f3a7072d0c8f5be74a
12:55:24 T:1848019808 NOTICE: Thread FileCache start, auto delete: false
12:55:24 T:1848019808 INFO: CFileCache::Process - Hit eof.
12:55:24 T:1848019808 DEBUG: Thread FileCache 1848019808 terminating
12:55:27 T:1848293056 DEBUG: CFileCache::Open - opening using cache
12:55:27 T:1848293056 DEBUG: CurlFile::Open(0x73ef2540) http://192.168.0.135:8866/service?method=recording.recurring.list&sid=63c7f3d85ddd40f3a7072d0c8f5be74a
12:55:27 T:1848019808 NOTICE: Thread FileCache start, auto delete: false
12:55:27 T:1848019808 INFO: CFileCache::Process - Hit eof.
12:55:27 T:1848019808 DEBUG: Thread FileCache 1848019808 terminating
12:55:27 T:1848293056 DEBUG: CFileCache::Open - opening using cache
12:55:27 T:1848293056 DEBUG: CurlFile::Open(0x6d947448) http://192.168.0.135:8866/service?method=recording.list&filter=pending&sid=63c7f3d85ddd40f3a7072d0c8f5be74a
12:55:28 T:1848019808 NOTICE: Thread FileCache start, auto delete: false
12:55:28 T:1848019808 INFO: CFileCache::Process - Hit eof.
12:55:28 T:1848019808 DEBUG: Thread FileCache 1848019808 terminating
12:55:28 T:1848293056 DEBUG: CFileCache::Open - opening using cache
12:55:28 T:1848293056 DEBUG: CurlFile::Open(0x73e5b278) http://192.168.0.135:8866/service?method=recording.list&filter=ready&sid=63c7f3d85ddd40f3a7072d0c8f5be74a
12:55:28 T:1848019808 NOTICE: Thread FileCache start, auto delete: false
12:55:28 T:1848019808 INFO: CFileCache::Process - Hit eof.
12:55:28 T:1848019808 DEBUG: Thread FileCache 1848019808 terminating
12:55:28 T:1788655912 DEBUG: Keyboard: scancode: 0x16, sym: 0x0113, unicode: 0x0000, modifier: 0x0
12:55:28 T:1788655912 DEBUG: bool CInputManager::OnKey(const CKey&): right (0xf083) pressed, action is Right
12:55:28 T:1878747376 DEBUG: static std::string CTextureCacheJob::GetImageHash(const string&) - unable to stat url /service?method=channel.show.artwork&sid=ec908615694a41b2bdb61dd237ad6116&event_id=4814739
12:55:31 T:1848293056 DEBUG: CFileCache::Open - opening using cache
12:55:31 T:1848293056 DEBUG: CurlFile::Open(0x73ee2908) http://192.168.0.135:8866/service?method=recording.recurring.list&sid=63c7f3d85ddd40f3a7072d0c8f5be74a
12:55:31 T:1848019808 NOTICE: Thread FileCache start, auto delete: false
12:55:31 T:1848019808 INFO: CFileCache::Process - Hit eof.
12:55:31 T:1848019808 DEBUG: Thread FileCache 1848019808 terminating
