13:02:08 T:1840986920 DEBUG: PVRTimers - bool PVR::CPVRTimers::UpdateEntries(const PVR::CPVRTimers&) - updated timer 11511 on client 777
13:02:08 T:1840986920 DEBUG: PVRTimers - bool PVR::CPVRTimers::UpdateEntries(const PVR::CPVRTimers&) - updated timer 11460 on client 777
13:02:08 T:1840986920 DEBUG: PVRTimers - bool PVR::CPVRTimers::UpdateEntries(const PVR::CPVRTimers&) - updated timer 11461 on client 777
13:02:08 T:1840986920 DEBUG: PVRTimers - bool PVR::CPVRTimers::UpdateEntries(const PVR::CPVRTimers&) - updated timer 11462 on client 777
13:02:08 T:1840986920 DEBUG: PVRTimers - bool PVR::CPVRTimers::UpdateEntries(const PVR::CPVRTimers&) - updated timer 11463 on client 777
13:02:08 T:1840986920 DEBUG: PVRTimers - bool PVR::CPVRTimers::UpdateEntries(const PVR::CPVRTimers&) - updated timer 11522 on client 777
13:02:08 T:1840986920 DEBUG: PVRTimers - bool PVR::CPVRTimers::UpdateEntries(const PVR::CPVRTimers&) - updated timer 11541 on client 777
13:02:08 T:1840986920 DEBUG: PVRTimers - bool PVR::CPVRTimers::UpdateEntries(const PVR::CPVRTimers&) - updated timer 11531 on client 777
13:02:08 T:1840986920 DEBUG: PVRTimers - bool PVR::CPVRTimers::UpdateEntries(const PVR::CPVRTimers&) - updated timer 11553 on client 777
13:02:08 T:1840986920 DEBUG: PVRTimers - bool PVR::CPVRTimers::UpdateEntries(const PVR::CPVRTimers&) - updated timer 11535 on client 777
13:02:08 T:1840986920 DEBUG: PVRTimers - bool PVR::CPVRTimers::UpdateEntries(const PVR::CPVRTimers&) - updated timer 11564 on client 777
13:02:08 T:1840986920 DEBUG: PVRTimers - bool PVR::CPVRTimers::UpdateEntries(const PVR::CPVRTimers&) - updated timer 11496 on client 777
13:02:08 T:1840986920 DEBUG: PVRTimers - bool PVR::CPVRTimers::UpdateEntries(const PVR::CPVRTimers&) - updated timer 11503 on client 777
13:02:08 T:1840986920 DEBUG: PVRTimers - bool PVR::CPVRTimers::UpdateEntries(const PVR::CPVRTimers&) - updated timer 11533 on client 777
13:02:08 T:1840986920 DEBUG: PVRTimers - bool PVR::CPVRTimers::UpdateEntries(const PVR::CPVRTimers&) - updated timer 11556 on client 777
13:02:08 T:1840986920 DEBUG: PVRTimers - bool PVR::CPVRTimers::UpdateEntries(const PVR::CPVRTimers&) - updated timer 11495 on client 777
13:02:08 T:1840986920 DEBUG: PVRTimers - bool PVR::CPVRTimers::UpdateEntries(const PVR::CPVRTimers&) - updated timer 11519 on client 777
13:02:08 T:1840986920 DEBUG: PVRTimers - bool PVR::CPVRTimers::UpdateEntries(const PVR::CPVRTimers&) - updated timer 11464 on client 777
13:02:08 T:1840986920 DEBUG: PVRTimers - bool PVR::CPVRTimers::UpdateEntries(const PVR::CPVRTimers&) - updated timer 11465 on client 777
13:02:08 T:1840986920 DEBUG: PVRTimers - bool PVR::CPVRTimers::UpdateEntries(const PVR::CPVRTimers&) - updated timer 11466 on client 777
13:02:08 T:1840986920 DEBUG: PVRTimers - bool PVR::CPVRTimers::UpdateEntries(const PVR::CPVRTimers&) - updated timer 11467 on client 777
13:02:08 T:1840986920 DEBUG: PVRTimers - bool PVR::CPVRTimers::UpdateEntries(const PVR::CPVRTimers&) - updated timer 11534 on client 777
13:02:08 T:1840986920 DEBUG: PVRTimers - bool PVR::CPVRTimers::UpdateEntries(const PVR::CPVRTimers&) - updated timer 11540 on client 777
13:02:08 T:1840986920 DEBUG: PVRTimers - bool PVR::CPVRTimers::UpdateEntries(const PVR::CPVRTimers&) - updated timer 11567 on client 777
13:02:08 T:1840986920 DEBUG: PVRTimers - bool PVR::CPVRTimers::UpdateEntries(const PVR::CPVRTimers&) - updated timer 11492 on client 777
13:02:08 T:1840986920 DEBUG: PVRTimers - bool PVR::CPVRTimers::UpdateEntries(const PVR::CPVRTimers&) - updated timer 11518 on client 777
13:02:08 T:1840986920 DEBUG: PVRTimers - bool PVR::CPVRTimers::UpdateEntries(const PVR::CPVRTimers&) - updated timer 11468 on client 777
13:02:08 T:1840986920 DEBUG: PVRTimers - bool PVR::CPVRTimers::UpdateEntries(const PVR::CPVRTimers&) - updated timer 11469 on client 777
13:02:08 T:1840986920 DEBUG: PVRTimers - bool PVR::CPVRTimers::UpdateEntries(const PVR::CPVRTimers&) - updated timer 11470 on client 777
13:02:08 T:1840986920 DEBUG: PVRTimers - bool PVR::CPVRTimers::UpdateEntries(const PVR::CPVRTimers&) - updated timer 11471 on client 777
13:02:08 T:1840986920 DEBUG: PVRTimers - bool PVR::CPVRTimers::UpdateEntries(const PVR::CPVRTimers&) - updated timer 11416 on client 777
13:02:08 T:1840986920 DEBUG: PVRTimers - bool PVR::CPVRTimers::UpdateEntries(const PVR::CPVRTimers&) - updated timer 11524 on client 777
13:02:08 T:1840986920 DEBUG: PVRTimers - bool PVR::CPVRTimers::UpdateEntries(const PVR::CPVRTimers&) - updated timer 11550 on client 777
13:02:08 T:1840986920 DEBUG: PVRTimers - bool PVR::CPVRTimers::UpdateEntries(const PVR::CPVRTimers&) - updated timer 11502 on client 777
13:02:08 T:1840986920 DEBUG: PVRTimers - bool PVR::CPVRTimers::UpdateEntries(const PVR::CPVRTimers&) - updated timer 11507 on client 777
13:02:08 T:1840986920 DEBUG: PVRTimers - bool PVR::CPVRTimers::UpdateEntries(const PVR::CPVRTimers&) - updated timer 11537 on client 777
13:02:08 T:1840986920 DEBUG: PVRTimers - bool PVR::CPVRTimers::UpdateEntries(const PVR::CPVRTimers&) - updated timer 11566 on client 777
13:02:08 T:1840986920 DEBUG: PVRTimers - bool PVR::CPVRTimers::UpdateEntries(const PVR::CPVRTimers&) - updated timer 11510 on client 777
13:02:08 T:1840986920 DEBUG: PVRTimers - bool PVR::CPVRTimers::UpdateEntries(const PVR::CPVRTimers&) - updated timer 11506 on client 777
13:02:08 T:1840986920 DEBUG: PVRTimers - bool PVR::CPVRTimers::UpdateEntries(const PVR::CPVRTimers&) - updated timer 11472 on client 777
13:02:08 T:1910824496 DEBUG: CDVDPlayerVideo::CalcDropRequirement - hurry: 1
13:02:08 T:1840986920 DEBUG: PVRTimers - bool PVR::CPVRTimers::UpdateEntries(const PVR::CPVRTimers&) - updated timer 11473 on client 777
13:02:08 T:1840986920 DEBUG: PVRTimers - bool PVR::CPVRTimers::UpdateEntries(const PVR::CPVRTimers&) - updated timer 11474 on client 777
13:02:08 T:1840986920 DEBUG: PVRTimers - bool PVR::CPVRTimers::UpdateEntries(const PVR::CPVRTimers&) - updated timer 11475 on client 777
13:02:08 T:1840986920 DEBUG: PVRTimers - bool PVR::CPVRTimers::UpdateEntries(const PVR::CPVRTimers&) - updated timer 11526 on client 777
13:02:08 T:1840986920 DEBUG: PVRTimers - bool PVR::CPVRTimers::UpdateEntries(const PVR::CPVRTimers&) - updated timer 11527 on client 777
13:02:08 T:1840986920 DEBUG: PVRTimers - bool PVR::CPVRTimers::UpdateEntries(const PVR::CPVRTimers&) - updated timer 11476 on client 777
13:02:08 T:1840986920 DEBUG: PVRTimers - bool PVR::CPVRTimers::UpdateEntries(const PVR::CPVRTimers&) - updated timer 11477 on client 777
13:02:08 T:1840986920 DEBUG: PVRTimers - bool PVR::CPVRTimers::UpdateEntries(const PVR::CPVRTimers&) - updated timer 11478 on client 777
13:02:08 T:1840986920 DEBUG: PVRTimers - bool PVR::CPVRTimers::UpdateEntries(const PVR::CPVRTimers&) - updated timer 11479 on client 777
13:02:08 T:1840986920 DEBUG: PVRTimers - bool PVR::CPVRTimers::UpdateEntries(const PVR::CPVRTimers&) - updated timer 11480 on client 777
13:02:08 T:1840986920 DEBUG: PVRTimers - bool PVR::CPVRTimers::UpdateEntries(const PVR::CPVRTimers&) - updated timer 11481 on client 777
13:02:08 T:1840986920 DEBUG: PVRTimers - bool PVR::CPVRTimers::UpdateEntries(const PVR::CPVRTimers&) - updated timer 11482 on client 777
13:02:08 T:1840986920 DEBUG: PVRTimers - bool PVR::CPVRTimers::UpdateEntries(const PVR::CPVRTimers&) - updated timer 11483 on client 777
13:02:08 T:1840986920 DEBUG: PVRTimers - bool PVR::CPVRTimers::UpdateEntries(const PVR::CPVRTimers&) - updated timer 11484 on client 777
13:02:08 T:1840986920 DEBUG: PVRTimers - bool PVR::CPVRTimers::UpdateEntries(const PVR::CPVRTimers&) - updated timer 11485 on client 777
13:02:08 T:1840986920 DEBUG: PVRTimers - bool PVR::CPVRTimers::UpdateEntries(const PVR::CPVRTimers&) - updated timer 11486 on client 777
13:02:08 T:1840986920 DEBUG: PVRTimers - bool PVR::CPVRTimers::UpdateEntries(const PVR::CPVRTimers&) - updated timer 11487 on client 777
13:02:08 T:1910824496 DEBUG: CDVDPlayerVideo::CalcDropRequirement - hurry: 1
13:02:09 T:1910824496 DEBUG: Previous line repeats 26 times.
13:02:09 T:1910824496 WARNING: CDVDMessageQueue(video)::Get - asked for new data packet, with nothing available
13:02:09 T:1910824496 DEBUG: CDVDPlayerVideo::CalcDropRequirement - hurry: 0
13:02:09 T:1910824496 DEBUG: Previous line repeats 1 times.
13:02:09 T:1910824496 DEBUG: CDVDPlayerVideo::CalcDropRequirement - dropped in decoder, Sleeptime: 0.030090, Bufferlevel: 0, Gain: 0.130439
13:02:09 T:1910824496 DEBUG: CDVDPlayerVideo::CalcDropRequirement - hurry: 1
13:02:09 T:1910824496 DEBUG: Previous line repeats 1 times.
13:02:09 T:1910824496 WARNING: CDVDMessageQueue(video)::Get - asked for new data packet, with nothing available
13:02:09 T:1848293056 DEBUG: CFileCache::Open - opening using cache
13:02:09 T:1848293056 DEBUG: CurlFile::Open(0x73ec62d0) http://192.168.0.135:8866/service?method=recording.recurring.list&sid=63c7f3d85ddd40f3a7072d0c8f5be74a
13:02:09 T:1910824496 DEBUG: CDVDPlayerVideo::CalcDropRequirement - hurry: 1
13:02:09 T:1910824496 DEBUG: CDVDPlayerVideo::CalcDropRequirement - hurry: 0
13:02:09 T:1910824496 DEBUG: CDVDPlayerVideo::CalcDropRequirement - hurry: 1
13:02:09 T:1846288192 DEBUG: Previous line repeats 1 times.
13:02:09 T:1846288192 NOTICE: Thread FileCache start, auto delete: false
13:02:09 T:1846288192 INFO: CFileCache::Process - Hit eof.
13:02:09 T:1846288192 DEBUG: Thread FileCache 1846288192 terminating
13:02:09 T:1910824496 DEBUG: CDVDPlayerVideo::CalcDropRequirement - hurry: 1
13:02:09 T:1848293056 DEBUG: Previous line repeats 1 times.
13:02:09 T:1848293056 DEBUG: CFileCache::Open - opening using cache
13:02:09 T:1848293056 DEBUG: CurlFile::Open(0x6fdbb4c0) http://192.168.0.135:8866/service?method=recording.list&filter=pending&sid=63c7f3d85ddd40f3a7072d0c8f5be74a
13:02:09 T:1910824496 DEBUG: CDVDPlayerVideo::CalcDropRequirement - hurry: 1
13:02:09 T:1910883208 DEBUG: Previous line repeats 4 times.
13:02:09 T:1910883208 NOTICE: Thread FileCache start, auto delete: false
13:02:09 T:1910824496 DEBUG: CDVDPlayerVideo::CalcDropRequirement - hurry: 1
13:02:09 T:1910883208 DEBUG: Previous line repeats 1 times.
13:02:09 T:1910883208 INFO: CFileCache::Process - Hit eof.
13:02:09 T:1910824496 DEBUG: CDVDPlayerVideo::CalcDropRequirement - hurry: 1
13:02:09 T:1910824496 DEBUG: CDVDPlayerVideo::CalcDropRequirement - hurry: 0
13:02:09 T:1910824496 DEBUG: CDVDPlayerVideo::CalcDropRequirement - hurry: 1
13:02:10 T:1910883208 DEBUG: Previous line repeats 1 times.
13:02:10 T:1910883208 DEBUG: Thread FileCache 1910883208 terminating
13:02:10 T:1910824496 DEBUG: CDVDPlayerVideo::CalcDropRequirement - hurry: 1
13:02:10 T:1848293056 DEBUG: CFileCache::Open - opening using cache
13:02:10 T:1848293056 DEBUG: CurlFile::Open(0x71cedff8) http://192.168.0.135:8866/service?method=recording.list&filter=ready&sid=63c7f3d85ddd40f3a7072d0c8f5be74a
13:02:10 T:1910824496 DEBUG: CDVDPlayerVideo::CalcDropRequirement - hurry: 1
13:02:10 T:1942201448 NOTICE: Thread FileCache start, auto delete: false
13:02:10 T:1910824496 DEBUG: CDVDPlayerVideo::CalcDropRequirement - hurry: 1
13:02:10 T:1942201448 INFO: CFileCache::Process - Hit eof.
13:02:10 T:1942201448 DEBUG: Thread FileCache 1942201448 terminating
13:02:10 T:1910824496 DEBUG: CDVDPlayerVideo::CalcDropRequirement - hurry: 1
13:02:10 T:1910824496 DEBUG: Previous line repeats 12 times.
13:02:10 T:1910824496 WARNING: CDVDMessageQueue(video)::Get - asked for new data packet, with nothing available
13:02:10 T:1910824496 DEBUG: CDVDPlayerVideo::CalcDropRequirement - hurry: 0
13:02:10 T:1910824496 DEBUG: Previous line repeats 1 times.
13:02:10 T:1910824496 DEBUG: CDVDPlayerVideo::CalcDropRequirement - hurry: 1
13:02:10 T:1910824496 DEBUG: Previous line repeats 2 times.
13:02:10 T:1910824496 DEBUG: CDVDPlayerVideo::CalcDropRequirement - hurry: 0
13:02:10 T:1910824496 DEBUG: CDVDPlayerVideo::CalcDropRequirement - hurry: 1
13:02:11 T:1910824496 DEBUG: Previous line repeats 36 times.
13:02:11 T:1910824496 WARNING: CDVDMessageQueue(video)::Get - asked for new data packet, with nothing available
13:02:11 T:1910824496 DEBUG: CDVDPlayerVideo::CalcDropRequirement - hurry: 0
13:02:11 T:1910824496 DEBUG: Previous line repeats 1 times.
13:02:11 T:1910824496 DEBUG: CDVDPlayerVideo::CalcDropRequirement - hurry: 1
13:02:12 T:1910940992 DEBUG: Previous line repeats 17 times.
13:02:12 T:1910940992 DEBUG: CDVDClock::Discontinuity - CDVDPlayerAudio::HandleSyncError2 - was:10568650171.558777, should be:10568632768.836042, error:-17402.722734
13:02:12 T:1910824496 DEBUG: CDVDPlayerVideo::CalcDropRequirement - hurry: 1
13:02:13 T:1848293056 DEBUG: Previous line repeats 41 times.
13:02:13 T:1848293056 DEBUG: CFileCache::Open - opening using cache
13:02:13 T:1848293056 DEBUG: CurlFile::Open(0x71e5c5f0) http://192.168.0.135:8866/service?method=recording.recurring.list&sid=63c7f3d85ddd40f3a7072d0c8f5be74a
13:02:13 T:1910824496 DEBUG: CDVDPlayerVideo::CalcDropRequirement - hurry: 1
13:02:13 T:1878759272 NOTICE: Thread FileCache start, auto delete: false
13:02:13 T:1878759272 INFO: CFileCache::Process - Hit eof.
13:02:13 T:1878759272 DEBUG: Thread FileCache 1878759272 terminating
13:02:13 T:1910824496 DEBUG: CDVDPlayerVideo::CalcDropRequirement - hurry: 1
13:02:13 T:1848293056 DEBUG: CFileCache::Open - opening using cache
13:02:13 T:1848293056 DEBUG: CurlFile::Open(0x71d52b28) http://192.168.0.135:8866/service?method=recording.list&filter=pending&sid=63c7f3d85ddd40f3a7072d0c8f5be74a
13:02:13 T:1910824496 DEBUG: CDVDPlayerVideo::CalcDropRequirement - hurry: 1
13:02:13 T:1910869544 DEBUG: Previous line repeats 3 times.
13:02:13 T:1910869544 NOTICE: Thread FileCache start, auto delete: false
13:02:13 T:1910824496 DEBUG: CDVDPlayerVideo::CalcDropRequirement - hurry: 1
13:02:13 T:1910869544 DEBUG: Previous line repeats 2 times.
13:02:13 T:1910869544 INFO: CFileCache::Process - Hit eof.
13:02:13 T:1910869544 DEBUG: Thread FileCache 1910869544 terminating
13:02:13 T:1910824496 DEBUG: CDVDPlayerVideo::CalcDropRequirement - hurry: 1
13:02:13 T:1848293056 DEBUG: Previous line repeats 3 times.
13:02:13 T:1848293056 DEBUG: CFileCache::Open - opening using cache
13:02:13 T:1848293056 DEBUG: CurlFile::Open(0x7363fb10) http://192.168.0.135:8866/service?method=recording.list&filter=ready&sid=63c7f3d85ddd40f3a7072d0c8f5be74a
13:02:13 T:1910824496 DEBUG: CDVDPlayerVideo::CalcDropRequirement - hurry: 1
13:02:13 T:1936011960 DEBUG: Previous line repeats 1 times.
13:02:13 T:1936011960 NOTICE: Thread FileCache start, auto delete: false
13:02:13 T:1936011960 INFO: CFileCache::Process - Hit eof.
13:02:13 T:1936011960 DEBUG: Thread FileCache 1936011960 terminating
13:02:13 T:1910824496 DEBUG: CDVDPlayerVideo::CalcDropRequirement - hurry: 1
13:02:16 T:1848293056 DEBUG: Previous line repeats 124 times.
13:02:16 T:1848293056 DEBUG: CFileCache::Open - opening using cache
13:02:16 T:1848293056 DEBUG: CurlFile::Open(0x71e8e4c8) http://192.168.0.135:8866/service?method=recording.recurring.list&sid=63c7f3d85ddd40f3a7072d0c8f5be74a
13:02:16 T:1910824496 DEBUG: CDVDPlayerVideo::CalcDropRequirement - hurry: 1
13:02:16 T:1901873064 NOTICE: Thread FileCache start, auto delete: false
13:02:16 T:1910824496 DEBUG: CDVDPlayerVideo::CalcDropRequirement - hurry: 1
13:02:16 T:1901873064 INFO: CFileCache::Process - Hit eof.
13:02:16 T:1901873064 DEBUG: Thread FileCache 1901873064 terminating
13:02:16 T:1848293056 DEBUG: CFileCache::Open - opening using cache
13:02:16 T:1848293056 DEBUG: CurlFile::Open(0x6fdbb4c0) http://192.168.0.135:8866/service?method=recording.list&filter=pending&sid=63c7f3d85ddd40f3a7072d0c8f5be74a
13:02:16 T:1910824496 DEBUG: CDVDPlayerVideo::CalcDropRequirement - hurry: 1
13:02:16 T:1877792232 DEBUG: Previous line repeats 7 times.
13:02:16 T:1877792232 NOTICE: Thread FileCache start, auto delete: false
13:02:16 T:1910824496 DEBUG: CDVDPlayerVideo::CalcDropRequirement - hurry: 1
13:02:16 T:1877792232 DEBUG: Previous line repeats 3 times.
13:02:16 T:1877792232 INFO: CFileCache::Process - Hit eof.
13:02:16 T:1877792232 DEBUG: Thread FileCache 1877792232 terminating
13:02:16 T:1910824496 DEBUG: CDVDPlayerVideo::CalcDropRequirement - hurry: 1
13:02:16 T:1848293056 DEBUG: Previous line repeats 2 times.
13:02:16 T:1848293056 DEBUG: CFileCache::Open - opening using cache
13:02:16 T:1848293056 DEBUG: CurlFile::Open(0x71ed9ae8) http://192.168.0.135:8866/service?method=recording.list&filter=ready&sid=63c7f3d85ddd40f3a7072d0c8f5be74a
13:02:16 T:1910824496 DEBUG: CDVDPlayerVideo::CalcDropRequirement - hurry: 1
13:02:17 T:1909432800 DEBUG: Previous line repeats 2 times.
13:02:17 T:1909432800 NOTICE: Thread FileCache start, auto delete: false
13:02:17 T:1909432800 INFO: CFileCache::Process - Hit eof.
13:02:17 T:1910824496 DEBUG: CDVDPlayerVideo::CalcDropRequirement - hurry: 1
13:02:17 T:1909432800 DEBUG: Previous line repeats 1 times.
13:02:17 T:1909432800 DEBUG: Thread FileCache 1909432800 terminating
13:02:17 T:1910824496 DEBUG: CDVDPlayerVideo::CalcDropRequirement - hurry: 1
13:02:20 T:1848293056 DEBUG: Previous line repeats 123 times.
13:02:20 T:1848293056 DEBUG: CFileCache::Open - opening using cache
13:02:20 T:1848293056 DEBUG: CurlFile::Open(0x71dff3d0) http://192.168.0.135:8866/service?method=recording.recurring.list&sid=63c7f3d85ddd40f3a7072d0c8f5be74a
13:02:20 T:1942201448 NOTICE: Thread FileCache start, auto delete: false
13:02:20 T:1910824496 DEBUG: CDVDPlayerVideo::CalcDropRequirement - hurry: 1
13:02:20 T:1942201448 INFO: CFileCache::Process - Hit eof.
13:02:20 T:1910824496 DEBUG: CDVDPlayerVideo::CalcDropRequirement - hurry: 1
13:02:20 T:1942201448 DEBUG: Thread FileCache 1942201448 terminating
13:02:20 T:1910824496 WARNING: CDVDMessageQueue(video)::Get - asked for new data packet, with nothing available
13:02:20 T:1848293056 DEBUG: CFileCache::Open - opening using cache
13:02:20 T:1848293056 DEBUG: CurlFile::Open(0x7363fb10) http://192.168.0.135:8866/service?method=recording.list&filter=pending&sid=63c7f3d85ddd40f3a7072d0c8f5be74a
13:02:20 T:1910824496 DEBUG: CDVDPlayerVideo::CalcDropRequirement - hurry: 0
13:02:20 T:1910824496 DEBUG: Previous line repeats 1 times.
13:02:20 T:1910824496 DEBUG: CDVDPlayerVideo::CalcDropRequirement - hurry: 1
13:02:20 T:1910824496 DEBUG: Previous line repeats 1 times.
13:02:20 T:1910824496 DEBUG: CDVDPlayerVideo::CalcDropRequirement - hurry: 0
13:02:20 T:1910824496 DEBUG: Previous line repeats 1 times.
13:02:20 T:1910824496 DEBUG: CDVDPlayerVideo::CalcDropRequirement - hurry: 1
13:02:20 T:1910970208 DEBUG: Previous line repeats 1 times.
13:02:20 T:1910970208 NOTICE: Thread FileCache start, auto delete: false
13:02:20 T:1910824496 DEBUG: CDVDPlayerVideo::CalcDropRequirement - hurry: 1
13:02:20 T:1910970208 DEBUG: Previous line repeats 4 times.
13:02:20 T:1910970208 INFO: CFileCache::Process - Hit eof.
13:02:20 T:1910824496 DEBUG: CDVDPlayerVideo::CalcDropRequirement - hurry: 1
13:02:20 T:1910970208 DEBUG: Previous line repeats 1 times.
13:02:20 T:1910970208 DEBUG: Thread FileCache 1910970208 terminating
13:02:20 T:1910824496 DEBUG: CDVDPlayerVideo::CalcDropRequirement - hurry: 1
13:02:20 T:1848293056 DEBUG: Previous line repeats 3 times.
13:02:20 T:1848293056 DEBUG: CFileCache::Open - opening using cache
13:02:20 T:1848293056 DEBUG: CurlFile::Open(0x6fdbb4c0) http://192.168.0.135:8866/service?method=recording.list&filter=ready&sid=63c7f3d85ddd40f3a7072d0c8f5be74a
13:02:20 T:1910824496 DEBUG: CDVDPlayerVideo::CalcDropRequirement - hurry: 1
13:02:20 T:1910869544 DEBUG: Previous line repeats 1 times.
13:02:20 T:1910869544 NOTICE: Thread FileCache start, auto delete: false
13:02:20 T:1910824496 DEBUG: CDVDPlayerVideo::CalcDropRequirement - hurry: 1
13:02:20 T:1910869544 INFO: CFileCache::Process - Hit eof.
13:02:20 T:1910824496 DEBUG: CDVDPlayerVideo::CalcDropRequirement - hurry: 1
13:02:20 T:1910869544 DEBUG: Previous line repeats 1 times.
13:02:20 T:1910869544 DEBUG: Thread FileCache 1910869544 terminating
13:02:20 T:1910824496 DEBUG: CDVDPlayerVideo::CalcDropRequirement - hurry: 1
13:02:21 T:1910824496 DEBUG: Previous line repeats 20 times.
13:02:21 T:1910824496 WARNING: CDVDMessageQueue(video)::Get - asked for new data packet, with nothing available
13:02:21 T:1910824496 INFO: CDVDPlayerVideo - Stillframe detected, switching to forced 25.000000 fps
13:02:21 T:1908748384 DEBUG: video stream stalled. start buffering
13:02:21 T:1908748384 DEBUG: CDVDPlayer::SetCaching - caching state 2
13:02:21 T:1910824496 DEBUG: CAMLCodec::SetSpeed, speed(0)
13:02:21 T:1788655912 DEBUG: ------ Window Init (DialogSeekBar.xml) ------
13:02:21 T:1910940992 DEBUG: CDVDPlayerAudio - CDVDMsg::GENERAL_SYNCHRONIZE
13:02:21 T:1910824496 DEBUG: CDVDPlayerVideo - CDVDMsg::GENERAL_SYNCHRONIZE
13:02:21 T:1908748384 DEBUG: CDVDPlayer::HandleMessages - player started 2
13:02:21 T:1908748384 DEBUG: CDVDPlayer::HandleMessages - player started 1
13:02:21 T:1910824496 DEBUG: CAMLCodec::SetSpeed, speed(0)
13:02:22 T:1908748384 DEBUG: Previous line repeats 112 times.
13:02:22 T:1908748384 DEBUG: set caching from pvr to done. audio (1) = 14. video (1) = 16
13:02:22 T:1908748384 DEBUG: CDVDPlayer::SetCaching - caching state 0
13:02:22 T:1910940992 DEBUG: CDVDPlayerAudio - CDVDMsg::GENERAL_RESYNC(10579602111.111111, 1)
13:02:22 T:1910940992 NOTICE: CDVDPlayerAudio::OutputPacket skipping a packets of duration 32
13:02:22 T:1910824496 DEBUG: CAMLCodec::SetSpeed, speed(1000)
13:02:22 T:1910824496 DEBUG: CDVDPlayerVideo - CDVDMsg::GENERAL_RESYNC(10579815066.666666, 1)
13:02:22 T:1910824496 INFO: CDVDPlayerVideo - Stillframe left, switching to normal playback
13:02:22 T:1910824496 DEBUG: CDVDPlayerVideo::CalcDropRequirement - hurry: 0
13:02:22 T:1910824496 DEBUG: CDVDPlayerVideo::CalcDropRequirement - hurry: 1
13:02:22 T:1910940992 NOTICE: CDVDPlayerAudio::OutputPacket skipping a packets of duration 32
13:02:22 T:1910824496 NOTICE: Previous line repeats 3 times.
13:02:22 T:1910824496 DEBUG: CDVDPlayerVideo::CalcDropRequirement - hurry: 1
13:02:22 T:1910940992 NOTICE: CDVDPlayerAudio::OutputPacket skipping a packets of duration 32
13:02:22 T:1910824496 NOTICE: Previous line repeats 2 times.
13:02:22 T:1910824496 DEBUG: CDVDPlayerVideo::CalcDropRequirement - hurry: 1
13:02:22 T:1910940992 DEBUG: Previous line repeats 1 times.
13:02:22 T:1910940992 DEBUG: CDVDPlayerAudio::HandleSyncError - average error -19280.578571 below threshold of 50000.000000
13:02:22 T:1910940992 DEBUG: CDVDClock::Discontinuity - CDVDPlayerAudio::HandleSyncError2 - was:10579900812.666666, should be:10579881535.088095, error:-19277.578571
13:02:22 T:1910824496 DEBUG: CDVDPlayerVideo::CalcDropRequirement - hurry: 1
13:02:22 T:1788655912 DEBUG: ------ Window Deinit (DialogSeekBar.xml) ------
13:02:22 T:1910824496 DEBUG: CDVDPlayerVideo::CalcDropRequirement - hurry: 1
13:02:23 T:1908748384 DEBUG: Previous line repeats 23 times.
13:02:23 T:1908748384 DEBUG: CDVDPlayer::HandlePlaySpeed set clock adjust: -0.010000
13:02:23 T:1910824496 DEBUG: CDVDPlayerVideo::CalcDropRequirement - hurry: 1
13:02:23 T:1848293056 DEBUG: Previous line repeats 17 times.
13:02:23 T:1848293056 DEBUG: CFileCache::Open - opening using cache
13:02:23 T:1848293056 DEBUG: CurlFile::Open(0x6fdbb4c0) http://192.168.0.135:8866/service?method=recording.recurring.list&sid=63c7f3d85ddd40f3a7072d0c8f5be74a
13:02:23 T:1846288192 NOTICE: Thread FileCache start, auto delete: false
13:02:23 T:1910824496 WARNING: CDVDMessageQueue(video)::Get - asked for new data packet, with nothing available
13:02:23 T:1846288192 INFO: CFileCache::Process - Hit eof.
13:02:23 T:1846288192 DEBUG: Thread FileCache 1846288192 terminating
13:02:23 T:1848293056 DEBUG: CFileCache::Open - opening using cache
13:02:23 T:1848293056 DEBUG: CurlFile::Open(0x71053ce8) http://192.168.0.135:8866/service?method=recording.list&filter=pending&sid=63c7f3d85ddd40f3a7072d0c8f5be74a
13:02:23 T:1878759272 NOTICE: Thread FileCache start, auto delete: false
13:02:24 T:1878759272 INFO: CFileCache::Process - Hit eof.
13:02:24 T:1878759272 DEBUG: Thread FileCache 1878759272 terminating
13:02:24 T:1848293056 DEBUG: CFileCache::Open - opening using cache
13:02:24 T:1848293056 DEBUG: CurlFile::Open(0x71cedff8) http://192.168.0.135:8866/service?method=recording.list&filter=ready&sid=63c7f3d85ddd40f3a7072d0c8f5be74a
13:02:24 T:1908668840 NOTICE: Thread FileCache start, auto delete: false
13:02:24 T:1908668840 INFO: CFileCache::Process - Hit eof.
13:02:24 T:1908668840 DEBUG: Thread FileCache 1908668840 terminating
13:02:24 T:1910824496 DEBUG: CDVDPlayerVideo::CalcDropRequirement - hurry: 0
13:02:24 T:1910824496 DEBUG: Previous line repeats 1 times.
13:02:24 T:1910824496 DEBUG: CDVDPlayerVideo::CalcDropRequirement - dropped in decoder, Sleeptime: 0.028366, Bufferlevel: 0, Gain: 0.332514
13:02:24 T:1910824496 DEBUG: CDVDPlayerVideo::CalcDropRequirement - hurry: 0
13:02:24 T:1910824496 DEBUG: CDVDPlayerVideo::CalcDropRequirement - hurry: 1
13:02:24 T:1910824496 DEBUG: Previous line repeats 1 times.
13:02:24 T:1910824496 WARNING: CDVDMessageQueue(video)::Get - asked for new data packet, with nothing available
13:02:24 T:1910824496 DEBUG: CDVDPlayerVideo::CalcDropRequirement - hurry: 1
13:02:24 T:1910824496 DEBUG: Previous line repeats 1 times.
13:02:24 T:1910824496 DEBUG: CDVDPlayerVideo::CalcDropRequirement - hurry: 0
13:02:24 T:1910824496 DEBUG: Previous line repeats 1 times.
13:02:24 T:1910824496 DEBUG: CDVDPlayerVideo::CalcDropRequirement - hurry: 1
13:02:24 T:1910824496 DEBUG: CDVDPlayerVideo::CalcDropRequirement - hurry: 0
13:02:24 T:1910824496 DEBUG: Previous line repeats 1 times.
13:02:24 T:1910824496 DEBUG: CDVDPlayerVideo::CalcDropRequirement - hurry: 1
13:02:24 T:1910824496 DEBUG: Previous line repeats 1 times.
13:02:24 T:1910824496 DEBUG: CDVDPlayerVideo::CalcDropRequirement - hurry: 0
13:02:24 T:1910824496 DEBUG: Previous line repeats 1 times.
13:02:24 T:1910824496 DEBUG: CDVDPlayerVideo::CalcDropRequirement - hurry: 1
13:02:25 T:1910824496 DEBUG: Previous line repeats 3 times.
13:02:25 T:1910824496 INFO: CDVDPlayerVideo - Stillframe detected, switching to forced 25.000000 fps
13:02:25 T:1908748384 DEBUG: video stream stalled. start buffering
13:02:25 T:1908748384 DEBUG: CDVDPlayer::SetCaching - caching state 2
13:02:25 T:1788655912 DEBUG: ------ Window Init (DialogSeekBar.xml) ------
13:02:25 T:1910824496 DEBUG: CAMLCodec::SetSpeed, speed(0)
13:02:25 T:1910940992 DEBUG: CDVDPlayerAudio - CDVDMsg::GENERAL_SYNCHRONIZE
13:02:25 T:1910824496 DEBUG: CDVDPlayerVideo - CDVDMsg::GENERAL_SYNCHRONIZE
13:02:25 T:1908748384 DEBUG: CDVDPlayer::HandleMessages - player started 2
13:02:25 T:1908748384 DEBUG: CDVDPlayer::HandleMessages - player started 1
13:02:25 T:1910824496 DEBUG: CAMLCodec::SetSpeed, speed(0)
13:02:26 T:1908748384 DEBUG: Previous line repeats 117 times.
13:02:26 T:1908748384 DEBUG: set caching from pvr to done. audio (1) = 16. video (1) = 16
13:02:26 T:1908748384 DEBUG: CDVDPlayer::SetCaching - caching state 0
13:02:26 T:1910940992 DEBUG: CDVDPlayerAudio - CDVDMsg::GENERAL_RESYNC(10583442111.111111, 1)
13:02:26 T:1910824496 DEBUG: CAMLCodec::SetSpeed, speed(1000)
13:02:26 T:1910824496 DEBUG: CDVDPlayerVideo - CDVDMsg::GENERAL_RESYNC(10583718966.666668, 1)
13:02:26 T:1910824496 INFO: CDVDPlayerVideo - Stillframe left, switching to normal playback
13:02:26 T:1910824496 DEBUG: CDVDPlayerVideo::CalcDropRequirement - hurry: 0
13:02:26 T:1910824496 DEBUG: CDVDPlayerVideo::CalcDropRequirement - hurry: 1
13:02:26 T:1910940992 NOTICE: CDVDPlayerAudio::OutputPacket skipping a packets of duration 32
13:02:26 T:1910824496 NOTICE: Previous line repeats 10 times.
13:02:26 T:1910824496 DEBUG: CDVDPlayerVideo::CalcDropRequirement - hurry: 1
13:02:26 T:1910940992 NOTICE: CDVDPlayerAudio::OutputPacket skipping a packets of duration 32
13:02:26 T:1910824496 DEBUG: CDVDPlayerVideo::CalcDropRequirement - hurry: 1
13:02:26 T:1910940992 DEBUG: CDVDPlayerAudio::HandleSyncError - average error -743.149895 below threshold of 50000.000000
13:02:26 T:1910824496 DEBUG: CDVDPlayerVideo::CalcDropRequirement - hurry: 1
13:02:26 T:1788655912 DEBUG: ------ Window Deinit (DialogSeekBar.xml) ------
13:02:26 T:1910824496 DEBUG: CDVDPlayerVideo::CalcDropRequirement - hurry: 1
13:02:27 T:1910824496 DEBUG: Previous line repeats 27 times.
13:02:27 T:1910824496 WARNING: CDVDMessageQueue(video)::Get - asked for new data packet, with nothing available
13:02:27 T:1848293056 DEBUG: CFileCache::Open - opening using cache
13:02:27 T:1848293056 DEBUG: CurlFile::Open(0x71c4f868) http://192.168.0.135:8866/service?method=recording.recurring.list&sid=63c7f3d85ddd40f3a7072d0c8f5be74a
13:02:27 T:1911750048 NOTICE: Thread FileCache start, auto delete: false
13:02:27 T:1911750048 INFO: CFileCache::Process - Hit eof.
13:02:27 T:1911750048 DEBUG: Thread FileCache 1911750048 terminating
13:02:27 T:1848293056 DEBUG: CFileCache::Open - opening using cache
13:02:27 T:1848293056 DEBUG: CurlFile::Open(0x71053ce8) http://192.168.0.135:8866/service?method=recording.list&filter=pending&sid=63c7f3d85ddd40f3a7072d0c8f5be74a
13:02:27 T:1910824496 DEBUG: CDVDPlayerVideo::CalcDropRequirement - hurry: 0
13:02:27 T:1910824496 DEBUG: Previous line repeats 1 times.
13:02:27 T:1910824496 DEBUG: CDVDPlayerVideo::CalcDropRequirement - dropped in decoder, Sleeptime: 0.029042, Bufferlevel: 0, Gain: 0.107601
13:02:27 T:1910824496 DEBUG: CDVDPlayerVideo::CalcDropRequirement - hurry: 1
13:02:27 T:1901873064 DEBUG: Previous line repeats 4 times.
13:02:27 T:1901873064 NOTICE: Thread FileCache start, auto delete: false
13:02:27 T:1910824496 DEBUG: CDVDPlayerVideo::CalcDropRequirement - hurry: 1
13:02:27 T:1910824496 DEBUG: CDVDPlayerVideo::CalcDropRequirement - hurry: 0
13:02:27 T:1910824496 DEBUG: CDVDPlayerVideo::CalcDropRequirement - hurry: 1
13:02:27 T:1901873064 INFO: CFileCache::Process - Hit eof.
13:02:27 T:1901873064 DEBUG: Thread FileCache 1901873064 terminating
13:02:27 T:1910824496 DEBUG: CDVDPlayerVideo::CalcDropRequirement - hurry: 0
13:02:27 T:1910824496 DEBUG: Previous line repeats 1 times.
13:02:27 T:1910824496 DEBUG: CDVDPlayerVideo::CalcDropRequirement - hurry: 1
13:02:27 T:1910824496 DEBUG: CDVDPlayerVideo::CalcDropRequirement - hurry: 0
13:02:27 T:1848293056 DEBUG: Previous line repeats 1 times.
13:02:27 T:1848293056 DEBUG: CFileCache::Open - opening using cache
13:02:27 T:1848293056 DEBUG: CurlFile::Open(0x6fedee40) http://192.168.0.135:8866/service?method=recording.list&filter=ready&sid=63c7f3d85ddd40f3a7072d0c8f5be74a
13:02:27 T:1910824496 DEBUG: CDVDPlayerVideo::CalcDropRequirement - hurry: 1
13:02:27 T:1910970208 DEBUG: Previous line repeats 2 times.
13:02:27 T:1910970208 NOTICE: Thread FileCache start, auto delete: false
13:02:27 T:1910970208 INFO: CFileCache::Process - Hit eof.
13:02:27 T:1910824496 DEBUG: CDVDPlayerVideo::CalcDropRequirement - hurry: 1
13:02:27 T:1910824496 WARNING: CDVDMessageQueue(video)::Get - asked for new data packet, with nothing available
13:02:27 T:1910970208 DEBUG: Thread FileCache 1910970208 terminating
13:02:27 T:1910824496 DEBUG: CDVDPlayerVideo::CalcDropRequirement - hurry: 1
13:02:28 T:1910824496 INFO: CDVDPlayerVideo - Stillframe detected, switching to forced 25.000000 fps
13:02:28 T:1908748384 DEBUG: video stream stalled. start buffering
13:02:28 T:1908748384 DEBUG: CDVDPlayer::SetCaching - caching state 2
13:02:28 T:1788655912 DEBUG: ------ Window Init (DialogSeekBar.xml) ------
13:02:28 T:1910824496 DEBUG: CAMLCodec::SetSpeed, speed(0)
13:02:28 T:1910940992 DEBUG: CDVDPlayerAudio - CDVDMsg::GENERAL_SYNCHRONIZE
13:02:28 T:1908748384 DEBUG: CDVDPlayer::HandleMessages - player started 2
13:02:28 T:1908748384 DEBUG: CDVDPlayer::HandleMessages - player started 1
13:02:28 T:1910824496 DEBUG: CDVDPlayerVideo - CDVDMsg::GENERAL_SYNCHRONIZE
13:02:28 T:1910824496 DEBUG: CAMLCodec::SetSpeed, speed(0)
13:02:29 T:1908748384 DEBUG: Previous line repeats 112 times.
13:02:29 T:1908748384 DEBUG: set caching from pvr to done. audio (1) = 16. video (1) = 16
13:02:29 T:1908748384 DEBUG: CDVDPlayer::SetCaching - caching state 0
13:02:29 T:1910940992 DEBUG: CDVDPlayerAudio - CDVDMsg::GENERAL_RESYNC(10586482111.111111, 1)
13:02:29 T:1910824496 DEBUG: CAMLCodec::SetSpeed, speed(1000)
13:02:29 T:1910824496 DEBUG: CDVDPlayerVideo - CDVDMsg::GENERAL_RESYNC(10586822066.666668, 1)
13:02:29 T:1910824496 INFO: CDVDPlayerVideo - Stillframe left, switching to normal playback
13:02:29 T:1910824496 DEBUG: CDVDPlayerVideo::CalcDropRequirement - hurry: 0
13:02:29 T:1910824496 DEBUG: CDVDPlayerVideo::CalcDropRequirement - hurry: 1
13:02:29 T:1910940992 NOTICE: CDVDPlayerAudio::OutputPacket skipping a packets of duration 32
13:02:29 T:1910824496 NOTICE: Previous line repeats 5 times.
13:02:29 T:1910824496 DEBUG: CDVDPlayerVideo::CalcDropRequirement - hurry: 1
13:02:29 T:1910940992 NOTICE: CDVDPlayerAudio::OutputPacket skipping a packets of duration 32
13:02:29 T:1910824496 NOTICE: Previous line repeats 7 times.
13:02:29 T:1910824496 DEBUG: CDVDPlayerVideo::CalcDropRequirement - hurry: 1
13:02:29 T:1910940992 DEBUG: Previous line repeats 2 times.
13:02:29 T:1910940992 DEBUG: CDVDPlayerAudio::HandleSyncError - average error -11911.399609 below threshold of 50000.000000
13:02:29 T:1910940992 DEBUG: CDVDClock::Discontinuity - CDVDPlayerAudio::HandleSyncError2 - was:10586939829.666668, should be:10586927921.267059, error:-11908.399609
13:02:29 T:1910824496 DEBUG: CDVDPlayerVideo::CalcDropRequirement - hurry: 1
13:02:29 T:1788655912 DEBUG: Previous line repeats 1 times.
13:02:29 T:1788655912 DEBUG: ------ Window Deinit (DialogSeekBar.xml) ------
13:02:29 T:1910824496 DEBUG: CDVDPlayerVideo::CalcDropRequirement - hurry: 1
13:02:30 T:1910824496 DEBUG: Previous line repeats 25 times.
13:02:30 T:1910824496 WARNING: CDVDMessageQueue(video)::Get - asked for new data packet, with nothing available
13:02:30 T:1910824496 DEBUG: CDVDPlayerVideo::CalcDropRequirement - hurry: 0
13:02:30 T:1910824496 DEBUG: Previous line repeats 3 times.
13:02:30 T:1910824496 DEBUG: CDVDPlayerVideo::CalcDropRequirement - hurry: 1
13:02:30 T:1910824496 DEBUG: Previous line repeats 2 times.
13:02:30 T:1910824496 WARNING: CDVDMessageQueue(video)::Get - asked for new data packet, with nothing available
13:02:30 T:1910824496 DEBUG: CDVDPlayerVideo::CalcDropRequirement - hurry: 0
13:02:30 T:1910824496 DEBUG: Previous line repeats 1 times.
13:02:30 T:1910824496 DEBUG: CDVDPlayerVideo::CalcDropRequirement - hurry: 1
13:02:30 T:1910940992 DEBUG: CDVDClock::Discontinuity - CDVDPlayerAudio::HandleSyncError2 - was:10587946189.267059, should be:10587922685.773651, error:-23503.493408
13:02:30 T:1910824496 DEBUG: CDVDPlayerVideo::CalcDropRequirement - hurry: 1
13:02:30 T:1848293056 DEBUG: Previous line repeats 1 times.
13:02:30 T:1848293056 DEBUG: CFileCache::Open - opening using cache
13:02:30 T:1848293056 DEBUG: CurlFile::Open(0x71dff3d0) http://192.168.0.135:8866/service?method=recording.recurring.list&sid=63c7f3d85ddd40f3a7072d0c8f5be74a
13:02:30 T:1910824496 DEBUG: CDVDPlayerVideo::CalcDropRequirement - hurry: 1
13:02:30 T:1936011960 DEBUG: Previous line repeats 1 times.
13:02:30 T:1936011960 NOTICE: Thread FileCache start, auto delete: false
13:02:30 T:1910824496 DEBUG: CDVDPlayerVideo::CalcDropRequirement - hurry: 1
13:02:30 T:1936011960 DEBUG: Previous line repeats 1 times.
13:02:30 T:1936011960 INFO: CFileCache::Process - Hit eof.
13:02:30 T:1910824496 DEBUG: CDVDPlayerVideo::CalcDropRequirement - hurry: 0
13:02:30 T:1910824496 DEBUG: Previous line repeats 1 times.
13:02:30 T:1910824496 DEBUG: CDVDPlayerVideo::CalcDropRequirement - hurry: 1
13:02:31 T:1936011960 DEBUG: Thread FileCache 1936011960 terminating
13:02:31 T:1910824496 DEBUG: CDVDPlayerVideo::CalcDropRequirement - hurry: 1
13:02:31 T:1848293056 DEBUG: Previous line repeats 1 times.
13:02:31 T:1848293056 DEBUG: CFileCache::Open - opening using cache
13:02:31 T:1848293056 DEBUG: CurlFile::Open(0x73e5e4f0) http://192.168.0.135:8866/service?method=recording.list&filter=pending&sid=63c7f3d85ddd40f3a7072d0c8f5be74a
13:02:31 T:1942201448 NOTICE: Thread FileCache start, auto delete: false
13:02:31 T:1942201448 INFO: CFileCache::Process - Hit eof.
13:02:31 T:1942201448 DEBUG: Thread FileCache 1942201448 terminating
13:02:31 T:1848293056 DEBUG: CFileCache::Open - opening using cache
13:02:31 T:1848293056 DEBUG: CurlFile::Open(0x71e5c5f0) http://192.168.0.135:8866/service?method=recording.list&filter=ready&sid=63c7f3d85ddd40f3a7072d0c8f5be74a
13:02:31 T:1910869544 NOTICE: Thread FileCache start, auto delete: false
13:02:31 T:1910869544 INFO: CFileCache::Process - Hit eof.
13:02:31 T:1910869544 DEBUG: Thread FileCache 1910869544 terminating
13:02:31 T:1910824496 INFO: CDVDPlayerVideo - Stillframe detected, switching to forced 25.000000 fps
13:02:31 T:1908748384 DEBUG: video stream stalled. start buffering
13:02:31 T:1908748384 DEBUG: CDVDPlayer::SetCaching - caching state 2
13:02:31 T:1788655912 DEBUG: ------ Window Init (DialogSeekBar.xml) ------
13:02:31 T:1910824496 DEBUG: CAMLCodec::SetSpeed, speed(0)
13:02:31 T:1908748384 ERROR: CDVDMsgGeneralSynchronize - timeout
13:02:31 T:1910940992 DEBUG: CDVDPlayerAudio - CDVDMsg::GENERAL_SYNCHRONIZE
13:02:31 T:1910824496 DEBUG: CDVDPlayerVideo - CDVDMsg::GENERAL_SYNCHRONIZE
13:02:31 T:1908748384 DEBUG: CDVDPlayer::HandleMessages - player started 2
13:02:31 T:1908748384 DEBUG: CDVDPlayer::HandleMessages - player started 1
13:02:31 T:1910824496 DEBUG: CAMLCodec::SetSpeed, speed(0)
13:02:32 T:1908748384 DEBUG: Previous line repeats 112 times.
13:02:32 T:1908748384 DEBUG: set caching from pvr to done. audio (1) = 16. video (1) = 16
13:02:32 T:1908748384 DEBUG: CDVDPlayer::SetCaching - caching state 0
13:02:32 T:1910940992 DEBUG: CDVDPlayerAudio - CDVDMsg::GENERAL_RESYNC(10589682111.111111, 1)
13:02:32 T:1910824496 DEBUG: CAMLCodec::SetSpeed, speed(1000)
13:02:32 T:1910824496 DEBUG: CDVDPlayerVideo - CDVDMsg::GENERAL_RESYNC(10590025266.666668, 1)
13:02:32 T:1910824496 INFO: CDVDPlayerVideo - Stillframe left, switching to normal playback
13:02:32 T:1910824496 DEBUG: CDVDPlayerVideo::CalcDropRequirement - hurry: 0
13:02:32 T:1910940992 NOTICE: CDVDPlayerAudio::OutputPacket skipping a packets of duration 32
13:02:32 T:1910824496 DEBUG: CDVDPlayerVideo::CalcDropRequirement - hurry: 1
13:02:32 T:1910940992 NOTICE: CDVDPlayerAudio::OutputPacket skipping a packets of duration 32
13:02:32 T:1910824496 NOTICE: Previous line repeats 11 times.
13:02:32 T:1910824496 DEBUG: CDVDPlayerVideo::CalcDropRequirement - hurry: 1
13:02:32 T:1910940992 DEBUG: Previous line repeats 3 times.
13:02:32 T:1910940992 DEBUG: CDVDPlayerAudio::HandleSyncError - average error -7012.522831 below threshold of 50000.000000
13:02:32 T:1910824496 DEBUG: CDVDPlayerVideo::CalcDropRequirement - hurry: 1
13:02:32 T:1788655912 DEBUG: Previous line repeats 1 times.
13:02:32 T:1788655912 DEBUG: ------ Window Deinit (DialogSeekBar.xml) ------
13:02:32 T:1910824496 DEBUG: CDVDPlayerVideo::CalcDropRequirement - hurry: 1
13:02:32 T:1910824496 DEBUG: Previous line repeats 9 times.
13:02:32 T:1910824496 WARNING: CDVDMessageQueue(video)::Get - asked for new data packet, with nothing available
13:02:32 T:1910940992 WARNING: CDVDMessageQueue(audio)::Get - asked for new data packet, with nothing available
13:02:32 T:1908748384 DEBUG: CDVDPlayer::HandlePlaySpeed set clock adjust: -0.010000
13:02:32 T:1910824496 DEBUG: CDVDPlayerVideo::CalcDropRequirement - hurry: 0
13:02:32 T:1910824496 DEBUG: CDVDPlayerVideo::CalcDropRequirement - hurry: 1
13:02:32 T:1910824496 DEBUG: CDVDPlayerVideo::CalcDropRequirement - dropped in decoder, Sleeptime: -0.003921, Bufferlevel: 1, Gain: 0.152317
13:02:32 T:1910824496 DEBUG: CDVDPlayerVideo::CalcDropRequirement - hurry: 1
13:02:33 T:1910824496 DEBUG: Previous line repeats 4 times.
13:02:33 T:1910824496 DEBUG: CDVDPlayerVideo::CalcDropRequirement - hurry: 0
13:02:33 T:1910824496 DEBUG: CDVDPlayerVideo::CalcDropRequirement - hurry: 1
13:02:33 T:1910824496 DEBUG: Previous line repeats 1 times.
13:02:33 T:1910824496 DEBUG: CDVDPlayerVideo::CalcDropRequirement - hurry: 0
13:02:33 T:1910824496 DEBUG: Previous line repeats 1 times.
13:02:33 T:1910824496 DEBUG: CDVDPlayerVideo::CalcDropRequirement - hurry: 1
13:02:33 T:1910824496 DEBUG: Previous line repeats 1 times.
13:02:33 T:1910824496 DEBUG: CDVDPlayerVideo::CalcDropRequirement - hurry: 0
13:02:33 T:1910824496 DEBUG: CDVDPlayerVideo::CalcDropRequirement - hurry: 1
13:02:33 T:1910824496 DEBUG: Previous line repeats 1 times.
13:02:33 T:1910824496 DEBUG: CDVDPlayerVideo::CalcDropRequirement - hurry: 0
13:02:33 T:1910824496 DEBUG: Previous line repeats 1 times.
13:02:33 T:1910824496 DEBUG: CDVDPlayerVideo::CalcDropRequirement - hurry: 1
13:02:33 T:1910824496 DEBUG: CDVDPlayerVideo::CalcDropRequirement - hurry: 0
13:02:33 T:1910940992 DEBUG: Previous line repeats 1 times.
13:02:33 T:1910940992 WARNING: CDVDMessageQueue(audio)::Get - asked for new data packet, with nothing available
13:02:33 T:1910824496 INFO: CDVDPlayerVideo - Stillframe detected, switching to forced 25.000000 fps
13:02:33 T:1908748384 DEBUG: video stream stalled. start buffering
13:02:33 T:1908748384 DEBUG: CDVDPlayer::SetCaching - caching state 2
13:02:33 T:1910824496 DEBUG: CAMLCodec::SetSpeed, speed(0)
13:02:33 T:1788655912 DEBUG: ------ Window Init (DialogSeekBar.xml) ------
13:02:34 T:1910824496 ERROR: CDVDMsgGeneralSynchronize - timeout
13:02:34 T:1910940992 ERROR: Previous line repeats 1 times.
13:02:34 T:1910940992 DEBUG: CDVDPlayerAudio - CDVDMsg::GENERAL_SYNCHRONIZE
13:02:34 T:1908748384 DEBUG: CDVDPlayer::HandleMessages - player started 2
13:02:34 T:1908748384 DEBUG: CDVDPlayer::HandleMessages - player started 1
13:02:34 T:1910824496 DEBUG: CDVDPlayerVideo - CDVDMsg::GENERAL_SYNCHRONIZE
13:02:34 T:1910824496 DEBUG: CAMLCodec::SetSpeed, speed(0)
13:02:34 T:1848293056 DEBUG: Previous line repeats 54 times.
13:02:34 T:1848293056 DEBUG: CFileCache::Open - opening using cache
13:02:34 T:1910824496 DEBUG: CAMLCodec::SetSpeed, speed(0)
13:02:34 T:1848293056 DEBUG: Previous line repeats 1 times.
13:02:34 T:1848293056 DEBUG: CurlFile::Open(0x71cedff8) http://192.168.0.135:8866/service?method=recording.recurring.list&sid=63c7f3d85ddd40f3a7072d0c8f5be74a
13:02:34 T:1910824496 DEBUG: CAMLCodec::SetSpeed, speed(0)
13:02:34 T:1911750048 DEBUG: Previous line repeats 8 times.
13:02:34 T:1911750048 NOTICE: Thread FileCache start, auto delete: false
13:02:34 T:1910824496 DEBUG: CAMLCodec::SetSpeed, speed(0)
13:02:34 T:1911750048 DEBUG: Previous line repeats 8 times.
13:02:34 T:1911750048 INFO: CFileCache::Process - Hit eof.
13:02:34 T:1911750048 DEBUG: Thread FileCache 1911750048 terminating
13:02:34 T:1910824496 DEBUG: CAMLCodec::SetSpeed, speed(0)
13:02:34 T:1848293056 DEBUG: Previous line repeats 13 times.
13:02:34 T:1848293056 DEBUG: CFileCache::Open - opening using cache
13:02:34 T:1910824496 DEBUG: CAMLCodec::SetSpeed, speed(0)
13:02:34 T:1848293056 DEBUG: Previous line repeats 3 times.
13:02:34 T:1848293056 DEBUG: CurlFile::Open(0x71e5c5f0) http://192.168.0.135:8866/service?method=recording.list&filter=pending&sid=63c7f3d85ddd40f3a7072d0c8f5be74a
13:02:34 T:1910824496 DEBUG: CAMLCodec::SetSpeed, speed(0)
13:02:34 T:1849575184 DEBUG: Previous line repeats 18 times.
13:02:34 T:1849575184 NOTICE: Thread FileCache start, auto delete: false
13:02:34 T:1849575184 INFO: CFileCache::Process - Hit eof.
13:02:34 T:1849575184 DEBUG: Thread FileCache 1849575184 terminating
13:02:34 T:1848293056 DEBUG: CFileCache::Open - opening using cache
13:02:34 T:1848293056 DEBUG: CurlFile::Open(0x7363fb10) http://192.168.0.135:8866/service?method=recording.list&filter=ready&sid=63c7f3d85ddd40f3a7072d0c8f5be74a
13:02:34 T:1910883208 NOTICE: Thread FileCache start, auto delete: false
13:02:34 T:1910883208 INFO: CFileCache::Process - Hit eof.
13:02:34 T:1910883208 DEBUG: Thread FileCache 1910883208 terminating
13:02:35 T:1910824496 DEBUG: CAMLCodec::SetSpeed, speed(0)
13:02:35 T:1908748384 DEBUG: Previous line repeats 5 times.
13:02:35 T:1908748384 DEBUG: set caching from pvr to done. audio (1) = 16. video (1) = 16
13:02:35 T:1908748384 DEBUG: CDVDPlayer::SetCaching - caching state 0
13:02:35 T:1910940992 DEBUG: CDVDPlayerAudio - CDVDMsg::GENERAL_RESYNC(10592082111.111111, 1)
13:02:35 T:1910824496 DEBUG: CAMLCodec::SetSpeed, speed(1000)
13:02:35 T:1910824496 DEBUG: CDVDPlayerVideo - CDVDMsg::GENERAL_RESYNC(10592394300.000000, 1)
13:02:35 T:1910824496 INFO: CDVDPlayerVideo - Stillframe left, switching to normal playback
13:02:35 T:1910824496 DEBUG: CDVDPlayerVideo::CalcDropRequirement - hurry: 0
13:02:35 T:1910940992 NOTICE: CDVDPlayerAudio::OutputPacket skipping a packets of duration 32
13:02:35 T:1910824496 DEBUG: CDVDPlayerVideo::CalcDropRequirement - hurry: 0
13:02:35 T:1910940992 DEBUG: Previous line repeats 1 times.
13:02:35 T:1910940992 NOTICE: CDVDPlayerAudio::OutputPacket skipping a packets of duration 32
13:02:35 T:1910824496 NOTICE: Previous line repeats 2 times.
13:02:35 T:1910824496 DEBUG: CDVDPlayerVideo::CalcDropRequirement - hurry: 1
13:02:35 T:1910940992 DEBUG: Previous line repeats 1 times.
13:02:35 T:1910940992 NOTICE: CDVDPlayerAudio::OutputPacket skipping a packets of duration 32
13:02:35 T:1910824496 NOTICE: Previous line repeats 8 times.
13:02:35 T:1910824496 DEBUG: CDVDPlayerVideo::CalcDropRequirement - hurry: 1
13:02:35 T:1910940992 DEBUG: CDVDPlayerAudio::HandleSyncError - average error -8629.462346 below threshold of 50000.000000
13:02:35 T:1910824496 DEBUG: CDVDPlayerVideo::CalcDropRequirement - hurry: 1
13:02:35 T:1788655912 DEBUG: ------ Window Deinit (DialogSeekBar.xml) ------
13:02:35 T:1910824496 DEBUG: CDVDPlayerVideo::CalcDropRequirement - hurry: 1
13:02:36 T:1910824496 DEBUG: Previous line repeats 19 times.
13:02:36 T:1910824496 WARNING: CDVDMessageQueue(video)::Get - asked for new data packet, with nothing available
13:02:36 T:1910940992 DEBUG: CDVDClock::Discontinuity - CDVDPlayerAudio::HandleSyncError2 - was:10593528923.000000, should be:10593512802.444157, error:-16120.555843
13:02:36 T:1910824496 DEBUG: CDVDPlayerVideo::CalcDropRequirement - hurry: 0
13:02:36 T:1910824496 DEBUG: Previous line repeats 1 times.
13:02:36 T:1910824496 DEBUG: CDVDPlayerVideo::CalcDropRequirement - dropped in decoder, Sleeptime: 0.031401, Bufferlevel: 0, Gain: 0.338048
13:02:36 T:1910824496 DEBUG: CDVDPlayerVideo::CalcDropRequirement - hurry: 1
13:02:36 T:1910824496 DEBUG: Previous line repeats 5 times.
13:02:36 T:1910824496 DEBUG: CDVDPlayerVideo::CalcDropRequirement - hurry: 0
13:02:36 T:1910824496 DEBUG: Previous line repeats 1 times.
13:02:36 T:1910824496 DEBUG: CDVDPlayerVideo::CalcDropRequirement - hurry: 1
13:02:36 T:1910824496 DEBUG: Previous line repeats 1 times.
13:02:36 T:1910824496 DEBUG: CDVDPlayerVideo::CalcDropRequirement - hurry: 0
13:02:36 T:1910824496 DEBUG: CDVDPlayerVideo::CalcDropRequirement - hurry: 1
13:02:36 T:1910824496 DEBUG: CDVDPlayerVideo::CalcDropRequirement - hurry: 0
13:02:36 T:1910824496 DEBUG: Previous line repeats 1 times.
13:02:36 T:1910824496 DEBUG: CDVDPlayerVideo::CalcDropRequirement - hurry: 1
13:02:36 T:1910824496 DEBUG: Previous line repeats 1 times.
13:02:36 T:1910824496 DEBUG: CDVDPlayerVideo::CalcDropRequirement - hurry: 0
13:02:36 T:1910824496 DEBUG: CDVDPlayerVideo::CalcDropRequirement - hurry: 1
13:02:36 T:1910824496 DEBUG: Previous line repeats 3 times.
13:02:36 T:1910824496 DEBUG: CDVDPlayerVideo::CalcDropRequirement - hurry: 0
13:02:36 T:1910824496 DEBUG: Previous line repeats 1 times.
13:02:36 T:1910824496 DEBUG: CDVDPlayerVideo::CalcDropRequirement - hurry: 1
13:02:36 T:1910824496 DEBUG: CDVDPlayerVideo::CalcDropRequirement - hurry: 0
13:02:36 T:1910824496 DEBUG: Previous line repeats 1 times.
13:02:36 T:1910824496 DEBUG: CDVDPlayerVideo::CalcDropRequirement - hurry: 1
13:02:37 T:1910824496 DEBUG: CDVDPlayerVideo::CalcDropRequirement - hurry: 0
13:02:37 T:1910824496 DEBUG: Previous line repeats 1 times.
13:02:37 T:1910824496 DEBUG: CDVDPlayerVideo::CalcDropRequirement - dropped in decoder, Sleeptime: 0.032100, Bufferlevel: 0, Gain: 0.043176
13:02:37 T:1910824496 DEBUG: CDVDPlayerVideo::CalcDropRequirement - hurry: 1
13:02:37 T:1910824496 DEBUG: CDVDPlayerVideo::CalcDropRequirement - hurry: 0
13:02:37 T:1910824496 DEBUG: Previous line repeats 1 times.
13:02:37 T:1910824496 DEBUG: CDVDPlayerVideo::CalcDropRequirement - hurry: 1
13:02:37 T:1910824496 DEBUG: CDVDPlayerVideo::CalcDropRequirement - hurry: 0
13:02:37 T:1910824496 DEBUG: Previous line repeats 1 times.
13:02:37 T:1910824496 DEBUG: CDVDPlayerVideo::CalcDropRequirement - hurry: 1
13:02:37 T:1910824496 DEBUG: Previous line repeats 1 times.
13:02:37 T:1910824496 DEBUG: CDVDPlayerVideo::CalcDropRequirement - hurry: 0
13:02:37 T:1910824496 DEBUG: CDVDPlayerVideo::CalcDropRequirement - hurry: 1
13:02:37 T:1910824496 DEBUG: CDVDPlayerVideo::CalcDropRequirement - hurry: 0
13:02:37 T:1910824496 DEBUG: CDVDPlayerVideo::CalcDropRequirement - hurry: 1
13:02:37 T:1910824496 DEBUG: Previous line repeats 1 times.
13:02:37 T:1910824496 DEBUG: CDVDPlayerVideo::CalcDropRequirement - hurry: 0
13:02:37 T:1910824496 DEBUG: Previous line repeats 1 times.
13:02:37 T:1910824496 DEBUG: CDVDPlayerVideo::CalcDropRequirement - dropped in decoder, Sleeptime: 0.031982, Bufferlevel: 0, Gain: 0.047642
13:02:37 T:1910824496 DEBUG: CDVDPlayerVideo::CalcDropRequirement - hurry: 1
13:02:37 T:1848293056 DEBUG: CFileCache::Open - opening using cache
13:02:37 T:1848293056 DEBUG: CurlFile::Open(0x73ec62d0) http://192.168.0.135:8866/service?method=recording.recurring.list&sid=63c7f3d85ddd40f3a7072d0c8f5be74a
13:02:37 T:1910824496 INFO: CDVDPlayerVideo - Stillframe detected, switching to forced 25.000000 fps
13:02:37 T:1846288192 NOTICE: Thread FileCache start, auto delete: false
13:02:37 T:1846288192 INFO: CFileCache::Process - Hit eof.
13:02:37 T:1846288192 DEBUG: Thread FileCache 1846288192 terminating
13:02:37 T:1848293056 DEBUG: CFileCache::Open - opening using cache
13:02:37 T:1848293056 DEBUG: CurlFile::Open(0x73e5e4f0) http://192.168.0.135:8866/service?method=recording.list&filter=pending&sid=63c7f3d85ddd40f3a7072d0c8f5be74a
