13:09:30 T:1910824496 DEBUG: CDVDPlayerVideo::CalcDropRequirement - hurry: 1
13:09:33 T:1848293056 DEBUG: Previous line repeats 122 times.
13:09:33 T:1848293056 DEBUG: CFileCache::Open - opening using cache
13:09:33 T:1848293056 DEBUG: CurlFile::Open(0x71053ce8) http://192.168.0.135:8866/service?method=recording.recurring.list&sid=63c7f3d85ddd40f3a7072d0c8f5be74a
13:09:33 T:1910824496 DEBUG: CDVDPlayerVideo::CalcDropRequirement - hurry: 1
13:09:33 T:1910970208 DEBUG: Previous line repeats 3 times.
13:09:33 T:1910970208 NOTICE: Thread FileCache start, auto delete: false
13:09:33 T:1910824496 DEBUG: CDVDPlayerVideo::CalcDropRequirement - hurry: 1
13:09:33 T:1910970208 DEBUG: Previous line repeats 4 times.
13:09:33 T:1910970208 INFO: CFileCache::Process - Hit eof.
13:09:33 T:1910970208 DEBUG: Thread FileCache 1910970208 terminating
13:09:34 T:1848293056 DEBUG: CFileCache::Open - opening using cache
13:09:34 T:1848293056 DEBUG: CurlFile::Open(0x73e5e4f0) http://192.168.0.135:8866/service?method=recording.list&filter=pending&sid=63c7f3d85ddd40f3a7072d0c8f5be74a
13:09:34 T:1910824496 DEBUG: CDVDPlayerVideo::CalcDropRequirement - hurry: 1
13:09:34 T:1911750048 DEBUG: Previous line repeats 4 times.
13:09:34 T:1911750048 NOTICE: Thread FileCache start, auto delete: false
13:09:34 T:1910824496 DEBUG: CDVDPlayerVideo::CalcDropRequirement - hurry: 1
13:09:34 T:1911750048 DEBUG: Previous line repeats 8 times.
13:09:34 T:1911750048 INFO: CFileCache::Process - Hit eof.
13:09:34 T:1910824496 DEBUG: CDVDPlayerVideo::CalcDropRequirement - hurry: 1
13:09:34 T:1911750048 DEBUG: Previous line repeats 1 times.
13:09:34 T:1911750048 DEBUG: Thread FileCache 1911750048 terminating
13:09:34 T:1910824496 DEBUG: CDVDPlayerVideo::CalcDropRequirement - hurry: 1
13:09:34 T:1848293056 DEBUG: CFileCache::Open - opening using cache
13:09:34 T:1848293056 DEBUG: CurlFile::Open(0x7363fb10) http://192.168.0.135:8866/service?method=recording.list&filter=ready&sid=63c7f3d85ddd40f3a7072d0c8f5be74a
13:09:34 T:1910824496 DEBUG: CDVDPlayerVideo::CalcDropRequirement - hurry: 1
13:09:34 T:1878759272 DEBUG: Previous line repeats 6 times.
13:09:34 T:1878759272 NOTICE: Thread FileCache start, auto delete: false
13:09:34 T:1910824496 DEBUG: CDVDPlayerVideo::CalcDropRequirement - hurry: 1
13:09:34 T:1878759272 DEBUG: Previous line repeats 3 times.
13:09:34 T:1878759272 INFO: CFileCache::Process - Hit eof.
13:09:34 T:1878759272 DEBUG: Thread FileCache 1878759272 terminating
13:09:34 T:1910824496 DEBUG: CDVDPlayerVideo::CalcDropRequirement - hurry: 1
13:09:37 T:1848293056 DEBUG: Previous line repeats 128 times.
13:09:37 T:1848293056 DEBUG: CFileCache::Open - opening using cache
13:09:37 T:1848293056 DEBUG: CurlFile::Open(0x673d91e8) http://192.168.0.135:8866/service?method=recording.recurring.list&sid=63c7f3d85ddd40f3a7072d0c8f5be74a
13:09:37 T:1910824496 DEBUG: CDVDPlayerVideo::CalcDropRequirement - hurry: 1
13:09:37 T:1849575184 DEBUG: Previous line repeats 3 times.
13:09:37 T:1849575184 NOTICE: Thread FileCache start, auto delete: false
13:09:37 T:1910824496 DEBUG: CDVDPlayerVideo::CalcDropRequirement - hurry: 1
13:09:37 T:1849575184 DEBUG: Previous line repeats 1 times.
13:09:37 T:1849575184 INFO: CFileCache::Process - Hit eof.
13:09:37 T:1849575184 DEBUG: Thread FileCache 1849575184 terminating
13:09:37 T:1910824496 DEBUG: CDVDPlayerVideo::CalcDropRequirement - hurry: 1
13:09:37 T:1848293056 DEBUG: CFileCache::Open - opening using cache
13:09:37 T:1848293056 DEBUG: CurlFile::Open(0x71ed1f08) http://192.168.0.135:8866/service?method=recording.list&filter=pending&sid=63c7f3d85ddd40f3a7072d0c8f5be74a
13:09:37 T:1910824496 DEBUG: CDVDPlayerVideo::CalcDropRequirement - hurry: 1
13:09:38 T:1878285760 DEBUG: Previous line repeats 2 times.
13:09:38 T:1878285760 NOTICE: Thread FileCache start, auto delete: false
13:09:38 T:1910824496 DEBUG: CDVDPlayerVideo::CalcDropRequirement - hurry: 1
13:09:38 T:1878285760 DEBUG: Previous line repeats 1 times.
13:09:38 T:1878285760 INFO: CFileCache::Process - Hit eof.
13:09:38 T:1910824496 DEBUG: CDVDPlayerVideo::CalcDropRequirement - hurry: 1
13:09:38 T:1878285760 DEBUG: Thread FileCache 1878285760 terminating
13:09:38 T:1910824496 DEBUG: CDVDPlayerVideo::CalcDropRequirement - hurry: 1
13:09:38 T:1848293056 DEBUG: CFileCache::Open - opening using cache
13:09:38 T:1910824496 DEBUG: CDVDPlayerVideo::CalcDropRequirement - hurry: 1
13:09:38 T:1848293056 DEBUG: CurlFile::Open(0x6fedee40) http://192.168.0.135:8866/service?method=recording.list&filter=ready&sid=63c7f3d85ddd40f3a7072d0c8f5be74a
13:09:38 T:1910824496 DEBUG: CDVDPlayerVideo::CalcDropRequirement - hurry: 1
13:09:38 T:1908668840 DEBUG: Previous line repeats 1 times.
13:09:38 T:1908668840 NOTICE: Thread FileCache start, auto delete: false
13:09:38 T:1908668840 INFO: CFileCache::Process - Hit eof.
13:09:38 T:1910824496 DEBUG: CDVDPlayerVideo::CalcDropRequirement - hurry: 1
13:09:38 T:1908668840 DEBUG: Previous line repeats 2 times.
13:09:38 T:1908668840 DEBUG: Thread FileCache 1908668840 terminating
13:09:38 T:1910824496 DEBUG: CDVDPlayerVideo::CalcDropRequirement - hurry: 1
13:09:41 T:1848293056 DEBUG: Previous line repeats 124 times.
13:09:41 T:1848293056 DEBUG: CFileCache::Open - opening using cache
13:09:41 T:1848293056 DEBUG: CurlFile::Open(0x71e5c5f0) http://192.168.0.135:8866/service?method=recording.recurring.list&sid=63c7f3d85ddd40f3a7072d0c8f5be74a
13:09:41 T:1910824496 DEBUG: CDVDPlayerVideo::CalcDropRequirement - hurry: 1
13:09:41 T:1910970208 NOTICE: Thread FileCache start, auto delete: false
13:09:41 T:1910824496 DEBUG: CDVDPlayerVideo::CalcDropRequirement - hurry: 1
13:09:41 T:1910970208 INFO: CFileCache::Process - Hit eof.
13:09:41 T:1910824496 DEBUG: CDVDPlayerVideo::CalcDropRequirement - hurry: 1
13:09:41 T:1910970208 DEBUG: Thread FileCache 1910970208 terminating
13:09:41 T:1910824496 DEBUG: CDVDPlayerVideo::CalcDropRequirement - hurry: 1
13:09:41 T:1848293056 DEBUG: CFileCache::Open - opening using cache
13:09:41 T:1848293056 DEBUG: CurlFile::Open(0x71ed1f08) http://192.168.0.135:8866/service?method=recording.list&filter=pending&sid=63c7f3d85ddd40f3a7072d0c8f5be74a
13:09:41 T:1910824496 DEBUG: CDVDPlayerVideo::CalcDropRequirement - hurry: 1
13:09:41 T:1943992536 DEBUG: Previous line repeats 7 times.
13:09:41 T:1943992536 NOTICE: Thread FileCache start, auto delete: false
13:09:41 T:1910824496 DEBUG: CDVDPlayerVideo::CalcDropRequirement - hurry: 1
13:09:41 T:1943992536 DEBUG: Previous line repeats 4 times.
13:09:41 T:1943992536 INFO: CFileCache::Process - Hit eof.
13:09:41 T:1943992536 DEBUG: Thread FileCache 1943992536 terminating
13:09:41 T:1910824496 DEBUG: CDVDPlayerVideo::CalcDropRequirement - hurry: 1
13:09:41 T:1848293056 DEBUG: Previous line repeats 2 times.
13:09:41 T:1848293056 DEBUG: CFileCache::Open - opening using cache
13:09:41 T:1848293056 DEBUG: CurlFile::Open(0x73ec62d0) http://192.168.0.135:8866/service?method=recording.list&filter=ready&sid=63c7f3d85ddd40f3a7072d0c8f5be74a
13:09:41 T:1910824496 DEBUG: CDVDPlayerVideo::CalcDropRequirement - hurry: 1
13:09:41 T:1910883208 DEBUG: Previous line repeats 2 times.
13:09:41 T:1910883208 NOTICE: Thread FileCache start, auto delete: false
13:09:41 T:1910824496 DEBUG: CDVDPlayerVideo::CalcDropRequirement - hurry: 1
13:09:41 T:1910883208 INFO: CFileCache::Process - Hit eof.
13:09:41 T:1910824496 DEBUG: CDVDPlayerVideo::CalcDropRequirement - hurry: 1
13:09:41 T:1910883208 DEBUG: Thread FileCache 1910883208 terminating
13:09:41 T:1910824496 DEBUG: CDVDPlayerVideo::CalcDropRequirement - hurry: 1
13:09:44 T:1848293056 DEBUG: Previous line repeats 123 times.
13:09:44 T:1848293056 DEBUG: CFileCache::Open - opening using cache
13:09:44 T:1848293056 DEBUG: CurlFile::Open(0x73e5e4f0) http://192.168.0.135:8866/service?method=recording.recurring.list&sid=63c7f3d85ddd40f3a7072d0c8f5be74a
13:09:44 T:1910824496 DEBUG: CDVDPlayerVideo::CalcDropRequirement - hurry: 1
13:09:44 T:1877792232 NOTICE: Thread FileCache start, auto delete: false
13:09:44 T:1877792232 INFO: CFileCache::Process - Hit eof.
13:09:44 T:1877792232 DEBUG: Thread FileCache 1877792232 terminating
13:09:44 T:1910824496 DEBUG: CDVDPlayerVideo::CalcDropRequirement - hurry: 1
13:09:44 T:1848293056 DEBUG: CFileCache::Open - opening using cache
13:09:44 T:1848293056 DEBUG: CurlFile::Open(0x6fdbb4c0) http://192.168.0.135:8866/service?method=recording.list&filter=pending&sid=63c7f3d85ddd40f3a7072d0c8f5be74a
13:09:44 T:1910824496 DEBUG: CDVDPlayerVideo::CalcDropRequirement - hurry: 1
13:09:45 T:1911750048 DEBUG: Previous line repeats 5 times.
13:09:45 T:1911750048 NOTICE: Thread FileCache start, auto delete: false
13:09:45 T:1910824496 DEBUG: CDVDPlayerVideo::CalcDropRequirement - hurry: 1
13:09:45 T:1911750048 DEBUG: Previous line repeats 6 times.
13:09:45 T:1911750048 INFO: CFileCache::Process - Hit eof.
13:09:45 T:1911750048 DEBUG: Thread FileCache 1911750048 terminating
13:09:45 T:1910824496 DEBUG: CDVDPlayerVideo::CalcDropRequirement - hurry: 1
13:09:45 T:1848293056 DEBUG: Previous line repeats 2 times.
13:09:45 T:1848293056 DEBUG: CFileCache::Open - opening using cache
13:09:45 T:1848293056 DEBUG: CurlFile::Open(0x6fecd490) http://192.168.0.135:8866/service?method=recording.list&filter=ready&sid=63c7f3d85ddd40f3a7072d0c8f5be74a
13:09:45 T:1910824496 DEBUG: CDVDPlayerVideo::CalcDropRequirement - hurry: 1
13:09:45 T:1878759272 DEBUG: Previous line repeats 5 times.
13:09:45 T:1878759272 NOTICE: Thread FileCache start, auto delete: false
13:09:45 T:1910824496 DEBUG: CDVDPlayerVideo::CalcDropRequirement - hurry: 1
13:09:45 T:1878759272 INFO: CFileCache::Process - Hit eof.
13:09:45 T:1910824496 DEBUG: CDVDPlayerVideo::CalcDropRequirement - hurry: 1
13:09:45 T:1878759272 DEBUG: Previous line repeats 1 times.
13:09:45 T:1878759272 DEBUG: Thread FileCache 1878759272 terminating
13:09:45 T:1910824496 DEBUG: CDVDPlayerVideo::CalcDropRequirement - hurry: 1
13:09:48 T:1848293056 DEBUG: Previous line repeats 118 times.
13:09:48 T:1848293056 DEBUG: CFileCache::Open - opening using cache
13:09:48 T:1848293056 DEBUG: CurlFile::Open(0x71c3f540) http://192.168.0.135:8866/service?method=recording.recurring.list&sid=63c7f3d85ddd40f3a7072d0c8f5be74a
13:09:48 T:1910824496 DEBUG: CDVDPlayerVideo::CalcDropRequirement - hurry: 1
13:09:48 T:1846288192 DEBUG: Previous line repeats 1 times.
13:09:48 T:1846288192 NOTICE: Thread FileCache start, auto delete: false
13:09:48 T:1910824496 DEBUG: CDVDPlayerVideo::CalcDropRequirement - hurry: 1
13:09:48 T:1846288192 DEBUG: Previous line repeats 4 times.
13:09:48 T:1846288192 INFO: CFileCache::Process - Hit eof.
13:09:48 T:1910824496 DEBUG: CDVDPlayerVideo::CalcDropRequirement - hurry: 1
13:09:48 T:1846288192 DEBUG: Previous line repeats 2 times.
13:09:48 T:1846288192 DEBUG: Thread FileCache 1846288192 terminating
13:09:48 T:1848293056 DEBUG: CFileCache::Open - opening using cache
13:09:48 T:1848293056 DEBUG: CurlFile::Open(0x673d91e8) http://192.168.0.135:8866/service?method=recording.list&filter=pending&sid=63c7f3d85ddd40f3a7072d0c8f5be74a
13:09:48 T:1910824496 DEBUG: CDVDPlayerVideo::CalcDropRequirement - hurry: 1
13:09:48 T:1936011960 DEBUG: Previous line repeats 6 times.
13:09:48 T:1936011960 NOTICE: Thread FileCache start, auto delete: false
13:09:48 T:1910824496 DEBUG: CDVDPlayerVideo::CalcDropRequirement - hurry: 1
13:09:49 T:1936011960 DEBUG: Previous line repeats 6 times.
13:09:49 T:1936011960 INFO: CFileCache::Process - Hit eof.
13:09:49 T:1936011960 DEBUG: Thread FileCache 1936011960 terminating
13:09:49 T:1848293056 DEBUG: CFileCache::Open - opening using cache
13:09:49 T:1848293056 DEBUG: CurlFile::Open(0x71c4f868) http://192.168.0.135:8866/service?method=recording.list&filter=ready&sid=63c7f3d85ddd40f3a7072d0c8f5be74a
13:09:49 T:1910824496 DEBUG: CDVDPlayerVideo::CalcDropRequirement - hurry: 1
13:09:49 T:1849575184 DEBUG: Previous line repeats 3 times.
13:09:49 T:1849575184 NOTICE: Thread FileCache start, auto delete: false
13:09:49 T:1849575184 INFO: CFileCache::Process - Hit eof.
13:09:49 T:1849575184 DEBUG: Thread FileCache 1849575184 terminating
13:09:49 T:1910824496 DEBUG: CDVDPlayerVideo::CalcDropRequirement - hurry: 1
13:09:49 T:1910824496 DEBUG: Previous line repeats 16 times.
13:09:49 T:1910824496 DEBUG: CDVDPlayerVideo::CalcDropRequirement - hurry: 0
13:09:49 T:1910824496 DEBUG: CDVDPlayerVideo::CalcDropRequirement - hurry: 1
13:09:52 T:1848293056 DEBUG: Previous line repeats 100 times.
13:09:52 T:1848293056 DEBUG: CFileCache::Open - opening using cache
13:09:52 T:1848293056 DEBUG: CurlFile::Open(0x6fdbb4c0) http://192.168.0.135:8866/service?method=recording.recurring.list&sid=63c7f3d85ddd40f3a7072d0c8f5be74a
13:09:52 T:1910824496 DEBUG: CDVDPlayerVideo::CalcDropRequirement - hurry: 1
13:09:52 T:1908668840 DEBUG: Previous line repeats 2 times.
13:09:52 T:1908668840 NOTICE: Thread FileCache start, auto delete: false
13:09:52 T:1910824496 DEBUG: CDVDPlayerVideo::CalcDropRequirement - hurry: 1
13:09:52 T:1908668840 DEBUG: Previous line repeats 1 times.
13:09:52 T:1908668840 INFO: CFileCache::Process - Hit eof.
13:09:52 T:1910824496 DEBUG: CDVDPlayerVideo::CalcDropRequirement - hurry: 1
13:09:52 T:1908668840 DEBUG: Previous line repeats 1 times.
13:09:52 T:1908668840 DEBUG: Thread FileCache 1908668840 terminating
13:09:52 T:1910824496 DEBUG: CDVDPlayerVideo::CalcDropRequirement - hurry: 1
13:09:52 T:1848293056 DEBUG: CFileCache::Open - opening using cache
13:09:52 T:1848293056 DEBUG: CurlFile::Open(0x71d119b8) http://192.168.0.135:8866/service?method=recording.list&filter=pending&sid=63c7f3d85ddd40f3a7072d0c8f5be74a
13:09:52 T:1910824496 DEBUG: CDVDPlayerVideo::CalcDropRequirement - hurry: 1
13:09:52 T:1910970208 DEBUG: Previous line repeats 7 times.
13:09:52 T:1910970208 NOTICE: Thread FileCache start, auto delete: false
13:09:52 T:1910824496 DEBUG: CDVDPlayerVideo::CalcDropRequirement - hurry: 1
13:09:52 T:1910970208 DEBUG: Previous line repeats 5 times.
13:09:52 T:1910970208 INFO: CFileCache::Process - Hit eof.
13:09:52 T:1910970208 DEBUG: Thread FileCache 1910970208 terminating
13:09:52 T:1910824496 DEBUG: CDVDPlayerVideo::CalcDropRequirement - hurry: 1
13:09:52 T:1848293056 DEBUG: Previous line repeats 1 times.
13:09:52 T:1848293056 DEBUG: CFileCache::Open - opening using cache
13:09:52 T:1848293056 DEBUG: CurlFile::Open(0x6fedee40) http://192.168.0.135:8866/service?method=recording.list&filter=ready&sid=63c7f3d85ddd40f3a7072d0c8f5be74a
13:09:52 T:1910824496 DEBUG: CDVDPlayerVideo::CalcDropRequirement - hurry: 1
13:09:53 T:1910883208 DEBUG: Previous line repeats 2 times.
13:09:53 T:1910883208 NOTICE: Thread FileCache start, auto delete: false
13:09:53 T:1910883208 INFO: CFileCache::Process - Hit eof.
13:09:53 T:1910883208 DEBUG: Thread FileCache 1910883208 terminating
13:09:53 T:1910824496 DEBUG: CDVDPlayerVideo::CalcDropRequirement - hurry: 1
13:09:56 T:1848293056 DEBUG: Previous line repeats 108 times.
13:09:56 T:1848293056 DEBUG: CFileCache::Open - opening using cache
13:09:56 T:1848293056 DEBUG: CurlFile::Open(0x71cedff8) http://192.168.0.135:8866/service?method=recording.recurring.list&sid=63c7f3d85ddd40f3a7072d0c8f5be74a
13:09:56 T:1910824496 DEBUG: CDVDPlayerVideo::CalcDropRequirement - hurry: 1
13:09:56 T:1901873064 DEBUG: Previous line repeats 1 times.
13:09:56 T:1901873064 NOTICE: Thread FileCache start, auto delete: false
13:09:56 T:1910824496 DEBUG: CDVDPlayerVideo::CalcDropRequirement - hurry: 1
13:09:56 T:1901873064 DEBUG: Previous line repeats 1 times.
13:09:56 T:1901873064 INFO: CFileCache::Process - Hit eof.
13:09:56 T:1901873064 DEBUG: Thread FileCache 1901873064 terminating
13:09:56 T:1910824496 DEBUG: CDVDPlayerVideo::CalcDropRequirement - hurry: 1
13:09:56 T:1848293056 DEBUG: CFileCache::Open - opening using cache
13:09:56 T:1848293056 DEBUG: CurlFile::Open(0x73e5e4f0) http://192.168.0.135:8866/service?method=recording.list&filter=pending&sid=63c7f3d85ddd40f3a7072d0c8f5be74a
13:09:56 T:1910824496 DEBUG: CDVDPlayerVideo::CalcDropRequirement - hurry: 1
13:09:56 T:1878759272 DEBUG: Previous line repeats 5 times.
13:09:56 T:1878759272 NOTICE: Thread FileCache start, auto delete: false
13:09:56 T:1910824496 DEBUG: CDVDPlayerVideo::CalcDropRequirement - hurry: 1
13:09:56 T:1878759272 DEBUG: Previous line repeats 3 times.
13:09:56 T:1878759272 INFO: CFileCache::Process - Hit eof.
13:09:56 T:1878759272 DEBUG: Thread FileCache 1878759272 terminating
13:09:56 T:1910824496 DEBUG: CDVDPlayerVideo::CalcDropRequirement - hurry: 1
13:09:56 T:1848293056 DEBUG: Previous line repeats 1 times.
13:09:56 T:1848293056 DEBUG: CFileCache::Open - opening using cache
13:09:56 T:1910824496 DEBUG: CDVDPlayerVideo::CalcDropRequirement - hurry: 1
13:09:56 T:1848293056 DEBUG: CurlFile::Open(0x73e5e4f0) http://192.168.0.135:8866/service?method=recording.list&filter=ready&sid=63c7f3d85ddd40f3a7072d0c8f5be74a
13:09:56 T:1910824496 DEBUG: CDVDPlayerVideo::CalcDropRequirement - hurry: 1
13:09:56 T:1910869544 DEBUG: Previous line repeats 3 times.
13:09:56 T:1910869544 NOTICE: Thread FileCache start, auto delete: false
13:09:56 T:1910869544 INFO: CFileCache::Process - Hit eof.
13:09:56 T:1910824496 DEBUG: CDVDPlayerVideo::CalcDropRequirement - hurry: 1
13:09:56 T:1910869544 DEBUG: Previous line repeats 1 times.
13:09:56 T:1910869544 DEBUG: Thread FileCache 1910869544 terminating
13:09:56 T:1910824496 DEBUG: CDVDPlayerVideo::CalcDropRequirement - hurry: 1
13:09:59 T:1848293056 DEBUG: Previous line repeats 127 times.
13:09:59 T:1848293056 DEBUG: CFileCache::Open - opening using cache
13:09:59 T:1848293056 DEBUG: CurlFile::Open(0x71c4f868) http://192.168.0.135:8866/service?method=recording.recurring.list&sid=63c7f3d85ddd40f3a7072d0c8f5be74a
13:09:59 T:1910824496 DEBUG: CDVDPlayerVideo::CalcDropRequirement - hurry: 1
13:09:59 T:1910970208 DEBUG: Previous line repeats 1 times.
13:09:59 T:1910970208 NOTICE: Thread FileCache start, auto delete: false
13:09:59 T:1910824496 DEBUG: CDVDPlayerVideo::CalcDropRequirement - hurry: 1
13:09:59 T:1910970208 DEBUG: Previous line repeats 3 times.
13:09:59 T:1910970208 INFO: CFileCache::Process - Hit eof.
13:09:59 T:1910970208 DEBUG: Thread FileCache 1910970208 terminating
13:09:59 T:1910824496 DEBUG: CDVDPlayerVideo::CalcDropRequirement - hurry: 1
13:09:59 T:1848293056 DEBUG: CFileCache::Open - opening using cache
13:09:59 T:1848293056 DEBUG: CurlFile::Open(0x71c3f540) http://192.168.0.135:8866/service?method=recording.list&filter=pending&sid=63c7f3d85ddd40f3a7072d0c8f5be74a
13:10:00 T:1910824496 DEBUG: CDVDPlayerVideo::CalcDropRequirement - hurry: 1
13:10:00 T:1936011960 DEBUG: Previous line repeats 2 times.
13:10:00 T:1936011960 NOTICE: Thread FileCache start, auto delete: false
13:10:00 T:1910824496 DEBUG: CDVDPlayerVideo::CalcDropRequirement - hurry: 1
13:10:00 T:1936011960 DEBUG: Previous line repeats 1 times.
13:10:00 T:1936011960 INFO: CFileCache::Process - Hit eof.
13:10:00 T:1936011960 DEBUG: Thread FileCache 1936011960 terminating
13:10:00 T:1910824496 DEBUG: CDVDPlayerVideo::CalcDropRequirement - hurry: 1
13:10:00 T:1848293056 DEBUG: Previous line repeats 1 times.
13:10:00 T:1848293056 DEBUG: CFileCache::Open - opening using cache
13:10:00 T:1848293056 DEBUG: CurlFile::Open(0x7363fb10) http://192.168.0.135:8866/service?method=recording.list&filter=ready&sid=63c7f3d85ddd40f3a7072d0c8f5be74a
13:10:00 T:1910824496 DEBUG: CDVDPlayerVideo::CalcDropRequirement - hurry: 1
13:10:00 T:1846288192 DEBUG: Previous line repeats 2 times.
13:10:00 T:1846288192 NOTICE: Thread FileCache start, auto delete: false
13:10:00 T:1846288192 INFO: CFileCache::Process - Hit eof.
13:10:00 T:1910824496 DEBUG: CDVDPlayerVideo::CalcDropRequirement - hurry: 1
13:10:00 T:1846288192 DEBUG: Previous line repeats 2 times.
13:10:00 T:1846288192 DEBUG: Thread FileCache 1846288192 terminating
13:10:00 T:1910824496 DEBUG: CDVDPlayerVideo::CalcDropRequirement - hurry: 1
13:10:03 T:1848293056 DEBUG: Previous line repeats 109 times.
13:10:03 T:1848293056 DEBUG: CFileCache::Open - opening using cache
13:10:03 T:1848293056 DEBUG: CurlFile::Open(0x6fdbb4c0) http://192.168.0.135:8866/service?method=recording.recurring.list&sid=63c7f3d85ddd40f3a7072d0c8f5be74a
13:10:03 T:1910824496 DEBUG: CDVDPlayerVideo::CalcDropRequirement - hurry: 1
13:10:03 T:1878285760 DEBUG: Previous line repeats 1 times.
13:10:03 T:1878285760 NOTICE: Thread FileCache start, auto delete: false
13:10:03 T:1910824496 DEBUG: CDVDPlayerVideo::CalcDropRequirement - hurry: 1
13:10:03 T:1878285760 DEBUG: Previous line repeats 3 times.
13:10:03 T:1878285760 INFO: CFileCache::Process - Hit eof.
13:10:03 T:1910824496 DEBUG: CDVDPlayerVideo::CalcDropRequirement - hurry: 1
13:10:03 T:1878285760 DEBUG: Previous line repeats 2 times.
13:10:03 T:1878285760 DEBUG: Thread FileCache 1878285760 terminating
13:10:03 T:1910824496 DEBUG: CDVDPlayerVideo::CalcDropRequirement - hurry: 1
13:10:03 T:1848293056 DEBUG: CFileCache::Open - opening using cache
13:10:03 T:1848293056 DEBUG: CurlFile::Open(0x71c59e48) http://192.168.0.135:8866/service?method=recording.list&filter=pending&sid=63c7f3d85ddd40f3a7072d0c8f5be74a
13:10:03 T:1910824496 DEBUG: CDVDPlayerVideo::CalcDropRequirement - hurry: 1
13:10:03 T:1943992536 DEBUG: Previous line repeats 7 times.
13:10:03 T:1943992536 NOTICE: Thread FileCache start, auto delete: false
13:10:03 T:1910824496 DEBUG: CDVDPlayerVideo::CalcDropRequirement - hurry: 1
13:10:04 T:1943992536 DEBUG: Previous line repeats 9 times.
13:10:04 T:1943992536 INFO: CFileCache::Process - Hit eof.
13:10:04 T:1910824496 DEBUG: CDVDPlayerVideo::CalcDropRequirement - hurry: 1
13:10:04 T:1943992536 DEBUG: Previous line repeats 1 times.
13:10:04 T:1943992536 DEBUG: Thread FileCache 1943992536 terminating
13:10:04 T:1910824496 DEBUG: CDVDPlayerVideo::CalcDropRequirement - hurry: 1
13:10:04 T:1848293056 DEBUG: Previous line repeats 1 times.
13:10:04 T:1848293056 DEBUG: CFileCache::Open - opening using cache
13:10:04 T:1848293056 DEBUG: CurlFile::Open(0x673d91e8) http://192.168.0.135:8866/service?method=recording.list&filter=ready&sid=63c7f3d85ddd40f3a7072d0c8f5be74a
13:10:04 T:1910824496 DEBUG: CDVDPlayerVideo::CalcDropRequirement - hurry: 1
13:10:04 T:1908668840 DEBUG: Previous line repeats 2 times.
13:10:04 T:1908668840 NOTICE: Thread FileCache start, auto delete: false
13:10:04 T:1910824496 DEBUG: CDVDPlayerVideo::CalcDropRequirement - hurry: 1
13:10:04 T:1908668840 INFO: CFileCache::Process - Hit eof.
13:10:04 T:1910824496 DEBUG: CDVDPlayerVideo::CalcDropRequirement - hurry: 1
13:10:04 T:1908668840 DEBUG: Previous line repeats 1 times.
13:10:04 T:1908668840 DEBUG: Thread FileCache 1908668840 terminating
13:10:04 T:1910824496 DEBUG: CDVDPlayerVideo::CalcDropRequirement - hurry: 1
13:10:07 T:1848293056 DEBUG: Previous line repeats 127 times.
13:10:07 T:1848293056 DEBUG: CFileCache::Open - opening using cache
13:10:07 T:1848293056 DEBUG: CurlFile::Open(0x6fedee40) http://192.168.0.135:8866/service?method=recording.recurring.list&sid=63c7f3d85ddd40f3a7072d0c8f5be74a
13:10:07 T:1910824496 DEBUG: CDVDPlayerVideo::CalcDropRequirement - hurry: 1
13:10:07 T:1910883208 DEBUG: Previous line repeats 2 times.
13:10:07 T:1910883208 NOTICE: Thread FileCache start, auto delete: false
13:10:07 T:1910824496 DEBUG: CDVDPlayerVideo::CalcDropRequirement - hurry: 1
13:10:07 T:1910883208 INFO: CFileCache::Process - Hit eof.
13:10:07 T:1910824496 DEBUG: CDVDPlayerVideo::CalcDropRequirement - hurry: 1
13:10:07 T:1910883208 DEBUG: Thread FileCache 1910883208 terminating
13:10:07 T:1910824496 DEBUG: CDVDPlayerVideo::CalcDropRequirement - hurry: 1
13:10:07 T:1848293056 DEBUG: CFileCache::Open - opening using cache
13:10:07 T:1848293056 DEBUG: CurlFile::Open(0x7363fb10) http://192.168.0.135:8866/service?method=recording.list&filter=pending&sid=63c7f3d85ddd40f3a7072d0c8f5be74a
13:10:07 T:1910824496 DEBUG: CDVDPlayerVideo::CalcDropRequirement - hurry: 1
13:10:07 T:1901873064 DEBUG: Previous line repeats 4 times.
13:10:07 T:1901873064 NOTICE: Thread FileCache start, auto delete: false
13:10:07 T:1910824496 DEBUG: CDVDPlayerVideo::CalcDropRequirement - hurry: 1
13:10:07 T:1901873064 DEBUG: Previous line repeats 1 times.
13:10:07 T:1901873064 INFO: CFileCache::Process - Hit eof.
13:10:07 T:1901873064 DEBUG: Thread FileCache 1901873064 terminating
13:10:07 T:1910824496 DEBUG: CDVDPlayerVideo::CalcDropRequirement - hurry: 1
13:10:07 T:1848293056 DEBUG: Previous line repeats 3 times.
13:10:07 T:1848293056 DEBUG: CFileCache::Open - opening using cache
13:10:07 T:1848293056 DEBUG: CurlFile::Open(0x6ef3b518) http://192.168.0.135:8866/service?method=recording.list&filter=ready&sid=63c7f3d85ddd40f3a7072d0c8f5be74a
13:10:07 T:1910824496 DEBUG: CDVDPlayerVideo::CalcDropRequirement - hurry: 1
13:10:07 T:1877792232 DEBUG: Previous line repeats 1 times.
13:10:07 T:1877792232 NOTICE: Thread FileCache start, auto delete: false
13:10:07 T:1910824496 DEBUG: CDVDPlayerVideo::CalcDropRequirement - hurry: 1
13:10:07 T:1877792232 INFO: CFileCache::Process - Hit eof.
13:10:07 T:1877792232 DEBUG: Thread FileCache 1877792232 terminating
13:10:07 T:1910824496 DEBUG: CDVDPlayerVideo::CalcDropRequirement - hurry: 1
13:10:10 T:1848293056 DEBUG: Previous line repeats 115 times.
13:10:10 T:1848293056 DEBUG: CFileCache::Open - opening using cache
13:10:10 T:1848293056 DEBUG: CurlFile::Open(0x71053ce8) http://192.168.0.135:8866/service?method=recording.recurring.list&sid=63c7f3d85ddd40f3a7072d0c8f5be74a
13:10:10 T:1910824496 DEBUG: CDVDPlayerVideo::CalcDropRequirement - hurry: 1
13:10:10 T:1849575184 NOTICE: Thread FileCache start, auto delete: false
13:10:10 T:1910824496 DEBUG: CDVDPlayerVideo::CalcDropRequirement - hurry: 1
13:10:10 T:1849575184 INFO: CFileCache::Process - Hit eof.
13:10:10 T:1849575184 DEBUG: Thread FileCache 1849575184 terminating
13:10:10 T:1848293056 DEBUG: CFileCache::Open - opening using cache
13:10:10 T:1848293056 DEBUG: CurlFile::Open(0x71cedff8) http://192.168.0.135:8866/service?method=recording.list&filter=pending&sid=63c7f3d85ddd40f3a7072d0c8f5be74a
13:10:10 T:1910824496 DEBUG: CDVDPlayerVideo::CalcDropRequirement - hurry: 1
13:10:11 T:1910970208 DEBUG: Previous line repeats 9 times.
13:10:11 T:1910970208 NOTICE: Thread FileCache start, auto delete: false
13:10:11 T:1910824496 DEBUG: CDVDPlayerVideo::CalcDropRequirement - hurry: 1
13:10:11 T:1910970208 INFO: CFileCache::Process - Hit eof.
13:10:11 T:1910970208 DEBUG: Thread FileCache 1910970208 terminating
13:10:11 T:1910824496 DEBUG: CDVDPlayerVideo::CalcDropRequirement - hurry: 1
13:10:11 T:1848293056 DEBUG: Previous line repeats 1 times.
13:10:11 T:1848293056 DEBUG: CFileCache::Open - opening using cache
13:10:11 T:1848293056 DEBUG: CurlFile::Open(0x71e5c5f0) http://192.168.0.135:8866/service?method=recording.list&filter=ready&sid=63c7f3d85ddd40f3a7072d0c8f5be74a
13:10:11 T:1910824496 DEBUG: CDVDPlayerVideo::CalcDropRequirement - hurry: 1
13:10:11 T:1878759272 DEBUG: Previous line repeats 5 times.
13:10:11 T:1878759272 NOTICE: Thread FileCache start, auto delete: false
13:10:11 T:1910824496 DEBUG: CDVDPlayerVideo::CalcDropRequirement - hurry: 1
13:10:11 T:1878759272 DEBUG: Previous line repeats 1 times.
13:10:11 T:1878759272 INFO: CFileCache::Process - Hit eof.
13:10:11 T:1910824496 DEBUG: CDVDPlayerVideo::CalcDropRequirement - hurry: 1
13:10:11 T:1878759272 DEBUG: Previous line repeats 1 times.
13:10:11 T:1878759272 DEBUG: Thread FileCache 1878759272 terminating
13:10:11 T:1910824496 DEBUG: CDVDPlayerVideo::CalcDropRequirement - hurry: 1
13:10:14 T:1848293056 DEBUG: Previous line repeats 125 times.
13:10:14 T:1848293056 DEBUG: CFileCache::Open - opening using cache
13:10:14 T:1910824496 DEBUG: CDVDPlayerVideo::CalcDropRequirement - hurry: 1
13:10:14 T:1848293056 DEBUG: CurlFile::Open(0x71e5c5f0) http://192.168.0.135:8866/service?method=recording.recurring.list&sid=63c7f3d85ddd40f3a7072d0c8f5be74a
13:10:14 T:1910824496 DEBUG: CDVDPlayerVideo::CalcDropRequirement - hurry: 1
13:10:14 T:1878285760 DEBUG: Previous line repeats 2 times.
13:10:14 T:1878285760 NOTICE: Thread FileCache start, auto delete: false
13:10:14 T:1910824496 DEBUG: CDVDPlayerVideo::CalcDropRequirement - hurry: 1
13:10:14 T:1878285760 DEBUG: Previous line repeats 2 times.
13:10:14 T:1878285760 INFO: CFileCache::Process - Hit eof.
13:10:14 T:1878285760 DEBUG: Thread FileCache 1878285760 terminating
13:10:14 T:1848293056 DEBUG: CFileCache::Open - opening using cache
13:10:14 T:1848293056 DEBUG: CurlFile::Open(0x6fecd490) http://192.168.0.135:8866/service?method=recording.list&filter=pending&sid=63c7f3d85ddd40f3a7072d0c8f5be74a
13:10:14 T:1910824496 DEBUG: CDVDPlayerVideo::CalcDropRequirement - hurry: 1
13:10:14 T:1943992536 DEBUG: Previous line repeats 5 times.
13:10:14 T:1943992536 NOTICE: Thread FileCache start, auto delete: false
13:10:14 T:1910824496 DEBUG: CDVDPlayerVideo::CalcDropRequirement - hurry: 1
13:10:14 T:1943992536 INFO: CFileCache::Process - Hit eof.
13:10:14 T:1943992536 DEBUG: Thread FileCache 1943992536 terminating
13:10:14 T:1910824496 DEBUG: CDVDPlayerVideo::CalcDropRequirement - hurry: 1
13:10:14 T:1848293056 DEBUG: Previous line repeats 1 times.
13:10:14 T:1848293056 DEBUG: CFileCache::Open - opening using cache
13:10:14 T:1848293056 DEBUG: CurlFile::Open(0x71cedff8) http://192.168.0.135:8866/service?method=recording.list&filter=ready&sid=63c7f3d85ddd40f3a7072d0c8f5be74a
13:10:15 T:1910824496 DEBUG: CDVDPlayerVideo::CalcDropRequirement - hurry: 1
13:10:15 T:1936011960 NOTICE: Thread FileCache start, auto delete: false
13:10:15 T:1936011960 INFO: CFileCache::Process - Hit eof.
13:10:15 T:1910824496 DEBUG: CDVDPlayerVideo::CalcDropRequirement - hurry: 1
13:10:15 T:1936011960 DEBUG: Previous line repeats 2 times.
13:10:15 T:1936011960 DEBUG: Thread FileCache 1936011960 terminating
13:10:15 T:1910824496 DEBUG: CDVDPlayerVideo::CalcDropRequirement - hurry: 1
13:10:18 T:1848293056 DEBUG: Previous line repeats 118 times.
13:10:18 T:1848293056 DEBUG: CFileCache::Open - opening using cache
13:10:18 T:1910824496 DEBUG: CDVDPlayerVideo::CalcDropRequirement - hurry: 1
13:10:18 T:1848293056 DEBUG: CurlFile::Open(0x71e5c5f0) http://192.168.0.135:8866/service?method=recording.lastupdated&sid=63c7f3d85ddd40f3a7072d0c8f5be74a
13:10:18 T:1910824496 DEBUG: CDVDPlayerVideo::CalcDropRequirement - hurry: 1
13:10:18 T:1877792232 NOTICE: Thread FileCache start, auto delete: false
13:10:18 T:1877792232 INFO: CFileCache::Process - Hit eof.
13:10:18 T:1910824496 DEBUG: CDVDPlayerVideo::CalcDropRequirement - hurry: 1
13:10:18 T:1877792232 DEBUG: Previous line repeats 1 times.
13:10:18 T:1877792232 DEBUG: Thread FileCache 1877792232 terminating
13:10:18 T:1848293056 DEBUG: CFileCache::Open - opening using cache
13:10:18 T:1848293056 DEBUG: CurlFile::Open(0x71cedff8) http://192.168.0.135:8866/service?method=recording.recurring.list&sid=63c7f3d85ddd40f3a7072d0c8f5be74a
13:10:18 T:1910824496 DEBUG: CDVDPlayerVideo::CalcDropRequirement - hurry: 1
13:10:18 T:1849575184 DEBUG: Previous line repeats 2 times.
13:10:18 T:1849575184 NOTICE: Thread FileCache start, auto delete: false
13:10:18 T:1849575184 INFO: CFileCache::Process - Hit eof.
13:10:18 T:1849575184 DEBUG: Thread FileCache 1849575184 terminating
13:10:18 T:1910824496 DEBUG: CDVDPlayerVideo::CalcDropRequirement - hurry: 1
13:10:18 T:1848293056 DEBUG: Previous line repeats 3 times.
13:10:18 T:1848293056 DEBUG: CFileCache::Open - opening using cache
13:10:18 T:1848293056 DEBUG: CurlFile::Open(0x71c4f868) http://192.168.0.135:8866/service?method=recording.list&filter=pending&sid=63c7f3d85ddd40f3a7072d0c8f5be74a
13:10:18 T:1910824496 DEBUG: CDVDPlayerVideo::CalcDropRequirement - hurry: 1
13:10:18 T:1910970208 DEBUG: Previous line repeats 4 times.
13:10:18 T:1910970208 NOTICE: Thread FileCache start, auto delete: false
13:10:18 T:1910824496 DEBUG: CDVDPlayerVideo::CalcDropRequirement - hurry: 1
13:10:18 T:1910970208 DEBUG: Previous line repeats 5 times.
13:10:18 T:1910970208 INFO: CFileCache::Process - Hit eof.
13:10:18 T:1910970208 DEBUG: Thread FileCache 1910970208 terminating
13:10:18 T:1910824496 DEBUG: CDVDPlayerVideo::CalcDropRequirement - hurry: 1
13:10:18 T:1848293056 DEBUG: CFileCache::Open - opening using cache
13:10:18 T:1848293056 DEBUG: CurlFile::Open(0x71d52b28) http://192.168.0.135:8866/service?method=recording.list&filter=ready&sid=63c7f3d85ddd40f3a7072d0c8f5be74a
13:10:18 T:1910824496 DEBUG: CDVDPlayerVideo::CalcDropRequirement - hurry: 1
13:10:18 T:1846288192 DEBUG: Previous line repeats 2 times.
13:10:18 T:1846288192 NOTICE: Thread FileCache start, auto delete: false
13:10:18 T:1846288192 INFO: CFileCache::Process - Hit eof.
13:10:18 T:1910824496 DEBUG: CDVDPlayerVideo::CalcDropRequirement - hurry: 1
13:10:18 T:1846288192 DEBUG: Previous line repeats 2 times.
13:10:18 T:1846288192 DEBUG: Thread FileCache 1846288192 terminating
13:10:18 T:1910824496 DEBUG: CDVDPlayerVideo::CalcDropRequirement - hurry: 1
13:10:21 T:1848293056 DEBUG: Previous line repeats 119 times.
13:10:21 T:1848293056 DEBUG: CFileCache::Open - opening using cache
13:10:21 T:1848293056 DEBUG: CurlFile::Open(0x71e5c5f0) http://192.168.0.135:8866/service?method=recording.recurring.list&sid=63c7f3d85ddd40f3a7072d0c8f5be74a
13:10:21 T:1910824496 DEBUG: CDVDPlayerVideo::CalcDropRequirement - hurry: 1
13:10:22 T:1878285760 DEBUG: Previous line repeats 2 times.
13:10:22 T:1878285760 NOTICE: Thread FileCache start, auto delete: false
13:10:22 T:1910824496 DEBUG: CDVDPlayerVideo::CalcDropRequirement - hurry: 1
13:10:22 T:1878285760 ERROR: CCurlFile::FillBuffer - Failed: Failure when receiving data from the peer(56)
13:10:22 T:1878285760 NOTICE: CCurlFile::FillBuffer - Reconnect, (re)try 1
13:10:22 T:1910824496 DEBUG: CDVDPlayerVideo::CalcDropRequirement - hurry: 1
13:10:22 T:1878285760 DEBUG: Previous line repeats 4 times.
13:10:22 T:1878285760 ERROR: CCurlFile::FillBuffer - Failed: Requested range was not delivered by the server(33)
13:10:22 T:1878285760 INFO: CFileCache::Process - Hit eof.
13:10:22 T:1878285760 DEBUG: Thread FileCache 1878285760 terminating
13:10:22 T:1910824496 DEBUG: CDVDPlayerVideo::CalcDropRequirement - hurry: 1
13:10:22 T:1848293056 DEBUG: CFileCache::Open - opening using cache
13:10:22 T:1848293056 DEBUG: CurlFile::Open(0x71cedff8) http://192.168.0.135:8866/service?method=recording.list&filter=pending&sid=63c7f3d85ddd40f3a7072d0c8f5be74a
13:10:22 T:1910824496 DEBUG: CDVDPlayerVideo::CalcDropRequirement - hurry: 1
13:10:22 T:1878759272 DEBUG: Previous line repeats 5 times.
13:10:22 T:1878759272 NOTICE: Thread FileCache start, auto delete: false
13:10:22 T:1910824496 DEBUG: CDVDPlayerVideo::CalcDropRequirement - hurry: 1
13:10:22 T:1878759272 DEBUG: Previous line repeats 9 times.
13:10:22 T:1878759272 INFO: CFileCache::Process - Hit eof.
13:10:22 T:1878759272 DEBUG: Thread FileCache 1878759272 terminating
13:10:22 T:1910824496 DEBUG: CDVDPlayerVideo::CalcDropRequirement - hurry: 1
13:10:22 T:1848293056 DEBUG: Previous line repeats 1 times.
13:10:22 T:1848293056 DEBUG: CFileCache::Open - opening using cache
13:10:22 T:1848293056 DEBUG: CurlFile::Open(0x6fecd490) http://192.168.0.135:8866/service?method=recording.list&filter=ready&sid=63c7f3d85ddd40f3a7072d0c8f5be74a
13:10:22 T:1910824496 DEBUG: CDVDPlayerVideo::CalcDropRequirement - hurry: 1
13:10:22 T:1910869544 DEBUG: Previous line repeats 5 times.
13:10:22 T:1910869544 NOTICE: Thread FileCache start, auto delete: false
13:10:22 T:1910869544 INFO: CFileCache::Process - Hit eof.
13:10:22 T:1910824496 DEBUG: CDVDPlayerVideo::CalcDropRequirement - hurry: 1
13:10:22 T:1910869544 DEBUG: Previous line repeats 1 times.
13:10:22 T:1910869544 DEBUG: Thread FileCache 1910869544 terminating
13:10:22 T:1910824496 DEBUG: CDVDPlayerVideo::CalcDropRequirement - hurry: 1
13:10:25 T:1848293056 DEBUG: Previous line repeats 129 times.
13:10:25 T:1848293056 DEBUG: CFileCache::Open - opening using cache
13:10:25 T:1848293056 DEBUG: CurlFile::Open(0x71c59e48) http://192.168.0.135:8866/service?method=recording.recurring.list&sid=63c7f3d85ddd40f3a7072d0c8f5be74a
13:10:25 T:1910824496 DEBUG: CDVDPlayerVideo::CalcDropRequirement - hurry: 1
13:10:25 T:1943992536 NOTICE: Thread FileCache start, auto delete: false
13:10:25 T:1943992536 INFO: CFileCache::Process - Hit eof.
13:10:25 T:1910824496 DEBUG: CDVDPlayerVideo::CalcDropRequirement - hurry: 1
13:10:25 T:1943992536 DEBUG: Previous line repeats 1 times.
13:10:25 T:1943992536 DEBUG: Thread FileCache 1943992536 terminating
13:10:25 T:1910824496 DEBUG: CDVDPlayerVideo::CalcDropRequirement - hurry: 1
13:10:25 T:1848293056 DEBUG: CFileCache::Open - opening using cache
13:10:26 T:1848293056 DEBUG: CurlFile::Open(0x71e8e4c8) http://192.168.0.135:8866/service?method=recording.list&filter=pending&sid=63c7f3d85ddd40f3a7072d0c8f5be74a
13:10:26 T:1910824496 DEBUG: CDVDPlayerVideo::CalcDropRequirement - hurry: 1
13:10:26 T:1936011960 DEBUG: Previous line repeats 4 times.
13:10:26 T:1936011960 NOTICE: Thread FileCache start, auto delete: false
13:10:26 T:1910824496 DEBUG: CDVDPlayerVideo::CalcDropRequirement - hurry: 1
13:10:26 T:1936011960 DEBUG: Previous line repeats 1 times.
13:10:26 T:1936011960 INFO: CFileCache::Process - Hit eof.
13:10:26 T:1910824496 DEBUG: CDVDPlayerVideo::CalcDropRequirement - hurry: 1
13:10:26 T:1936011960 DEBUG: Previous line repeats 1 times.
13:10:26 T:1936011960 DEBUG: Thread FileCache 1936011960 terminating
13:10:26 T:1910824496 DEBUG: CDVDPlayerVideo::CalcDropRequirement - hurry: 1
13:10:26 T:1848293056 DEBUG: Previous line repeats 2 times.
13:10:26 T:1848293056 DEBUG: CFileCache::Open - opening using cache
13:10:26 T:1848293056 DEBUG: CurlFile::Open(0x6fedee40) http://192.168.0.135:8866/service?method=recording.list&filter=ready&sid=63c7f3d85ddd40f3a7072d0c8f5be74a
13:10:26 T:1910824496 DEBUG: CDVDPlayerVideo::CalcDropRequirement - hurry: 1
13:10:26 T:1908668840 DEBUG: Previous line repeats 5 times.
13:10:26 T:1908668840 NOTICE: Thread FileCache start, auto delete: false
13:10:26 T:1908668840 INFO: CFileCache::Process - Hit eof.
13:10:26 T:1908668840 DEBUG: Thread FileCache 1908668840 terminating
13:10:26 T:1910824496 DEBUG: CDVDPlayerVideo::CalcDropRequirement - hurry: 1
13:10:26 T:1910824496 DEBUG: Previous line repeats 9 times.
13:10:26 T:1910824496 DEBUG: CDVDPlayerVideo::CalcDropRequirement - hurry: 0
13:10:26 T:1910824496 DEBUG: CDVDPlayerVideo::CalcDropRequirement - hurry: 1
13:10:29 T:1848293056 DEBUG: Previous line repeats 105 times.
13:10:29 T:1848293056 DEBUG: CFileCache::Open - opening using cache
13:10:29 T:1848293056 DEBUG: CurlFile::Open(0x71ed1f08) http://192.168.0.135:8866/service?method=recording.recurring.list&sid=63c7f3d85ddd40f3a7072d0c8f5be74a
13:10:29 T:1910824496 DEBUG: CDVDPlayerVideo::CalcDropRequirement - hurry: 1
13:10:29 T:1910970208 NOTICE: Thread FileCache start, auto delete: false
13:10:29 T:1910824496 DEBUG: CDVDPlayerVideo::CalcDropRequirement - hurry: 1
13:10:29 T:1910970208 DEBUG: Previous line repeats 2 times.
13:10:29 T:1910970208 INFO: CFileCache::Process - Hit eof.
13:10:29 T:1910970208 DEBUG: Thread FileCache 1910970208 terminating
13:10:29 T:1910824496 DEBUG: CDVDPlayerVideo::CalcDropRequirement - hurry: 1
13:10:29 T:1848293056 DEBUG: Previous line repeats 1 times.
13:10:29 T:1848293056 DEBUG: CFileCache::Open - opening using cache
13:10:29 T:1848293056 DEBUG: CurlFile::Open(0x6fecd490) http://192.168.0.135:8866/service?method=recording.list&filter=pending&sid=63c7f3d85ddd40f3a7072d0c8f5be74a
13:10:29 T:1910824496 DEBUG: CDVDPlayerVideo::CalcDropRequirement - hurry: 1
13:10:29 T:1910883208 DEBUG: Previous line repeats 5 times.
13:10:29 T:1910883208 NOTICE: Thread FileCache start, auto delete: false
13:10:29 T:1910824496 DEBUG: CDVDPlayerVideo::CalcDropRequirement - hurry: 1
13:10:29 T:1910883208 DEBUG: Previous line repeats 6 times.
13:10:29 T:1910883208 INFO: CFileCache::Process - Hit eof.
13:10:29 T:1910824496 DEBUG: CDVDPlayerVideo::CalcDropRequirement - hurry: 1
13:10:29 T:1910883208 DEBUG: Previous line repeats 2 times.
13:10:29 T:1910883208 DEBUG: Thread FileCache 1910883208 terminating
13:10:29 T:1910824496 DEBUG: CDVDPlayerVideo::CalcDropRequirement - hurry: 1
13:10:30 T:1848293056 DEBUG: CFileCache::Open - opening using cache
13:10:30 T:1848293056 DEBUG: CurlFile::Open(0x71e5c5f0) http://192.168.0.135:8866/service?method=recording.list&filter=ready&sid=63c7f3d85ddd40f3a7072d0c8f5be74a
13:10:30 T:1910824496 DEBUG: CDVDPlayerVideo::CalcDropRequirement - hurry: 1
13:10:30 T:1846288192 DEBUG: Previous line repeats 3 times.
13:10:30 T:1846288192 NOTICE: Thread FileCache start, auto delete: false
13:10:30 T:1910824496 DEBUG: CDVDPlayerVideo::CalcDropRequirement - hurry: 1
13:10:30 T:1846288192 DEBUG: Previous line repeats 1 times.
13:10:30 T:1846288192 INFO: CFileCache::Process - Hit eof.
13:10:30 T:1910824496 DEBUG: CDVDPlayerVideo::CalcDropRequirement - hurry: 1
13:10:30 T:1846288192 DEBUG: Previous line repeats 1 times.
13:10:30 T:1846288192 DEBUG: Thread FileCache 1846288192 terminating
13:10:30 T:1910824496 DEBUG: CDVDPlayerVideo::CalcDropRequirement - hurry: 1
13:10:33 T:1848293056 DEBUG: Previous line repeats 108 times.
13:10:33 T:1848293056 DEBUG: CFileCache::Open - opening using cache
13:10:33 T:1848293056 DEBUG: CurlFile::Open(0x71c4f868) http://192.168.0.135:8866/service?method=recording.recurring.list&sid=63c7f3d85ddd40f3a7072d0c8f5be74a
13:10:33 T:1943992536 NOTICE: Thread FileCache start, auto delete: false
13:10:33 T:1910824496 DEBUG: CDVDPlayerVideo::CalcDropRequirement - hurry: 1
13:10:33 T:1943992536 INFO: CFileCache::Process - Hit eof.
13:10:33 T:1910824496 DEBUG: CDVDPlayerVideo::CalcDropRequirement - hurry: 1
13:10:33 T:1943992536 DEBUG: Previous line repeats 1 times.
13:10:33 T:1943992536 DEBUG: Thread FileCache 1943992536 terminating
13:10:33 T:1910824496 DEBUG: CDVDPlayerVideo::CalcDropRequirement - hurry: 1
13:10:33 T:1848293056 DEBUG: CFileCache::Open - opening using cache
13:10:33 T:1848293056 DEBUG: CurlFile::Open(0x7363fb10) http://192.168.0.135:8866/service?method=recording.list&filter=pending&sid=63c7f3d85ddd40f3a7072d0c8f5be74a
13:10:33 T:1910824496 DEBUG: CDVDPlayerVideo::CalcDropRequirement - hurry: 1
13:10:33 T:1911750048 DEBUG: Previous line repeats 5 times.
13:10:33 T:1911750048 NOTICE: Thread FileCache start, auto delete: false
13:10:33 T:1910824496 DEBUG: CDVDPlayerVideo::CalcDropRequirement - hurry: 1
13:10:33 T:1911750048 INFO: CFileCache::Process - Hit eof.
13:10:33 T:1911750048 DEBUG: Thread FileCache 1911750048 terminating
13:10:33 T:1910824496 DEBUG: CDVDPlayerVideo::CalcDropRequirement - hurry: 1
13:10:33 T:1848293056 DEBUG: Previous line repeats 1 times.
13:10:33 T:1848293056 DEBUG: CFileCache::Open - opening using cache
13:10:33 T:1848293056 DEBUG: CurlFile::Open(0x71c3f540) http://192.168.0.135:8866/service?method=recording.list&filter=ready&sid=63c7f3d85ddd40f3a7072d0c8f5be74a
13:10:33 T:1910824496 DEBUG: CDVDPlayerVideo::CalcDropRequirement - hurry: 1
13:10:33 T:1936011960 DEBUG: Previous line repeats 2 times.
13:10:33 T:1936011960 NOTICE: Thread FileCache start, auto delete: false
13:10:33 T:1936011960 INFO: CFileCache::Process - Hit eof.
13:10:33 T:1910824496 DEBUG: CDVDPlayerVideo::CalcDropRequirement - hurry: 1
13:10:33 T:1936011960 DEBUG: Previous line repeats 2 times.
13:10:33 T:1936011960 DEBUG: Thread FileCache 1936011960 terminating
13:10:33 T:1910824496 DEBUG: CDVDPlayerVideo::CalcDropRequirement - hurry: 1
13:10:36 T:1848293056 DEBUG: Previous line repeats 124 times.
13:10:36 T:1848293056 DEBUG: CFileCache::Open - opening using cache
13:10:36 T:1848293056 DEBUG: CurlFile::Open(0x71cedff8) http://192.168.0.135:8866/service?method=recording.recurring.list&sid=63c7f3d85ddd40f3a7072d0c8f5be74a
13:10:36 T:1910824496 DEBUG: CDVDPlayerVideo::CalcDropRequirement - hurry: 1
13:10:36 T:1901873064 NOTICE: Thread FileCache start, auto delete: false
13:10:36 T:1910824496 DEBUG: CDVDPlayerVideo::CalcDropRequirement - hurry: 1
13:10:36 T:1901873064 INFO: CFileCache::Process - Hit eof.
13:10:36 T:1901873064 DEBUG: Thread FileCache 1901873064 terminating
13:10:36 T:1910824496 DEBUG: CDVDPlayerVideo::CalcDropRequirement - hurry: 1
13:10:36 T:1848293056 DEBUG: CFileCache::Open - opening using cache
13:10:36 T:1910824496 DEBUG: CDVDPlayerVideo::CalcDropRequirement - hurry: 1
13:10:36 T:1848293056 DEBUG: CurlFile::Open(0x7363fb10) http://192.168.0.135:8866/service?method=recording.list&filter=pending&sid=63c7f3d85ddd40f3a7072d0c8f5be74a
13:10:36 T:1910824496 DEBUG: CDVDPlayerVideo::CalcDropRequirement - hurry: 1
13:10:36 T:1878285760 DEBUG: Previous line repeats 1 times.
13:10:36 T:1878285760 NOTICE: Thread FileCache start, auto delete: false
13:10:36 T:1878285760 INFO: CFileCache::Process - Hit eof.
13:10:37 T:1878285760 DEBUG: Thread FileCache 1878285760 terminating
13:10:37 T:1910824496 DEBUG: CDVDPlayerVideo::CalcDropRequirement - hurry: 1
13:10:37 T:1848293056 DEBUG: Previous line repeats 1 times.
13:10:37 T:1848293056 DEBUG: CFileCache::Open - opening using cache
13:10:37 T:1848293056 DEBUG: CurlFile::Open(0x6fedee40) http://192.168.0.135:8866/service?method=recording.list&filter=ready&sid=63c7f3d85ddd40f3a7072d0c8f5be74a
13:10:37 T:1910824496 DEBUG: CDVDPlayerVideo::CalcDropRequirement - hurry: 1
13:10:37 T:1910869544 DEBUG: Previous line repeats 6 times.
13:10:37 T:1910869544 NOTICE: Thread FileCache start, auto delete: false
13:10:37 T:1910824496 DEBUG: CDVDPlayerVideo::CalcDropRequirement - hurry: 1
13:10:37 T:1910869544 DEBUG: Previous line repeats 3 times.
13:10:37 T:1910869544 INFO: CFileCache::Process - Hit eof.
13:10:37 T:1910824496 DEBUG: CDVDPlayerVideo::CalcDropRequirement - hurry: 1
13:10:37 T:1910869544 DEBUG: Previous line repeats 1 times.
13:10:37 T:1910869544 DEBUG: Thread FileCache 1910869544 terminating
13:10:37 T:1910824496 DEBUG: CDVDPlayerVideo::CalcDropRequirement - hurry: 1
13:10:37 T:1910824496 DEBUG: Previous line repeats 25 times.
13:10:37 T:1910824496 WARNING: CDVDMessageQueue(video)::Get - asked for new data packet, with nothing available
13:10:37 T:1910824496 DEBUG: CDVDPlayerVideo::CalcDropRequirement - hurry: 1
13:10:38 T:1910824496 DEBUG: Previous line repeats 2 times.
13:10:38 T:1910824496 DEBUG: CDVDPlayerVideo::CalcDropRequirement - hurry: 0
13:10:38 T:1910824496 DEBUG: CDVDPlayerVideo::CalcDropRequirement - hurry: 1
13:10:38 T:1910824496 DEBUG: CDVDPlayerVideo::CalcDropRequirement - hurry: 0
13:10:38 T:1910824496 DEBUG: CDVDPlayerVideo::CalcDropRequirement - hurry: 1
13:10:38 T:1910824496 DEBUG: CDVDPlayerVideo::CalcDropRequirement - hurry: 0
13:10:38 T:1910824496 DEBUG: CDVDPlayerVideo::CalcDropRequirement - hurry: 1
13:10:38 T:1910824496 DEBUG: Previous line repeats 16 times.
13:10:38 T:1910824496 WARNING: CDVDMessageQueue(video)::Get - asked for new data packet, with nothing available
13:10:38 T:1910824496 DEBUG: CDVDPlayerVideo::CalcDropRequirement - hurry: 1
13:10:38 T:1910824496 DEBUG: Previous line repeats 4 times.
13:10:38 T:1910824496 DEBUG: CDVDPlayerVideo::CalcDropRequirement - hurry: 0
13:10:38 T:1910824496 DEBUG: CDVDPlayerVideo::CalcDropRequirement - hurry: 1
13:10:38 T:1910824496 DEBUG: CDVDPlayerVideo::CalcDropRequirement - hurry: 0
13:10:38 T:1910824496 DEBUG: Previous line repeats 2 times.
13:10:38 T:1910824496 DEBUG: CDVDPlayerVideo::CalcDropRequirement - hurry: 1
13:10:38 T:1910824496 DEBUG: CDVDPlayerVideo::CalcDropRequirement - hurry: 0
13:10:38 T:1910824496 DEBUG: Previous line repeats 1 times.
13:10:38 T:1910824496 DEBUG: CDVDPlayerVideo::CalcDropRequirement - hurry: 1
13:10:38 T:1910824496 DEBUG: Previous line repeats 2 times.
13:10:38 T:1910824496 DEBUG: CDVDPlayerVideo::CalcDropRequirement - hurry: 0
13:10:38 T:1910824496 DEBUG: Previous line repeats 1 times.
13:10:38 T:1910824496 DEBUG: CDVDPlayerVideo::CalcDropRequirement - hurry: 1
13:10:38 T:1910824496 DEBUG: Previous line repeats 1 times.
13:10:38 T:1910824496 DEBUG: CDVDPlayerVideo::CalcDropRequirement - hurry: 0
13:10:38 T:1910824496 DEBUG: Previous line repeats 1 times.
13:10:38 T:1910824496 DEBUG: CDVDPlayerVideo::CalcDropRequirement - hurry: 1
13:10:40 T:1848293056 DEBUG: Previous line repeats 49 times.
13:10:40 T:1848293056 DEBUG: CFileCache::Open - opening using cache
13:10:40 T:1848293056 DEBUG: CurlFile::Open(0x6fdbb4c0) http://192.168.0.135:8866/service?method=recording.recurring.list&sid=63c7f3d85ddd40f3a7072d0c8f5be74a
13:10:40 T:1910824496 DEBUG: CDVDPlayerVideo::CalcDropRequirement - hurry: 1
13:10:40 T:1877792232 DEBUG: Previous line repeats 2 times.
13:10:40 T:1877792232 NOTICE: Thread FileCache start, auto delete: false
13:10:40 T:1910824496 DEBUG: CDVDPlayerVideo::CalcDropRequirement - hurry: 1
13:10:40 T:1877792232 INFO: CFileCache::Process - Hit eof.
13:10:40 T:1877792232 DEBUG: Thread FileCache 1877792232 terminating
13:10:40 T:1910824496 DEBUG: CDVDPlayerVideo::CalcDropRequirement - hurry: 1
13:10:40 T:1848293056 DEBUG: Previous line repeats 2 times.
13:10:40 T:1848293056 DEBUG: CFileCache::Open - opening using cache
13:10:40 T:1910824496 DEBUG: CDVDPlayerVideo::CalcDropRequirement - hurry: 1
13:10:40 T:1848293056 DEBUG: CurlFile::Open(0x71c3f540) http://192.168.0.135:8866/service?method=recording.list&filter=pending&sid=63c7f3d85ddd40f3a7072d0c8f5be74a
13:10:40 T:1910824496 DEBUG: CDVDPlayerVideo::CalcDropRequirement - hurry: 1
13:10:40 T:1910970208 DEBUG: Previous line repeats 5 times.
13:10:40 T:1910970208 NOTICE: Thread FileCache start, auto delete: false
13:10:40 T:1910824496 DEBUG: CDVDPlayerVideo::CalcDropRequirement - hurry: 1
13:10:40 T:1910970208 DEBUG: Previous line repeats 1 times.
13:10:40 T:1910970208 INFO: CFileCache::Process - Hit eof.
13:10:40 T:1910970208 DEBUG: Thread FileCache 1910970208 terminating
13:10:40 T:1910824496 DEBUG: CDVDPlayerVideo::CalcDropRequirement - hurry: 1
13:10:40 T:1848293056 DEBUG: Previous line repeats 3 times.
13:10:40 T:1848293056 DEBUG: CFileCache::Open - opening using cache
13:10:40 T:1848293056 DEBUG: CurlFile::Open(0x71ed1f08) http://192.168.0.135:8866/service?method=recording.list&filter=ready&sid=63c7f3d85ddd40f3a7072d0c8f5be74a
