12:51:25 T:1840986920 DEBUG: PVRTimers - bool PVR::CPVRTimers::UpdateEntries(const PVR::CPVRTimers&) - added timer 11444 on client 777
12:51:25 T:1840986920 DEBUG: PVRTimers - bool PVR::CPVRTimers::UpdateEntries(const PVR::CPVRTimers&) - added timer 11445 on client 777
12:51:25 T:1840986920 DEBUG: PVRTimers - bool PVR::CPVRTimers::UpdateEntries(const PVR::CPVRTimers&) - added timer 11446 on client 777
12:51:25 T:1840986920 DEBUG: PVRTimers - bool PVR::CPVRTimers::UpdateEntries(const PVR::CPVRTimers&) - added timer 11447 on client 777
12:51:25 T:1840986920 DEBUG: PVRTimers - bool PVR::CPVRTimers::UpdateEntries(const PVR::CPVRTimers&) - added timer 11412 on client 777
12:51:25 T:1840986920 DEBUG: PVRTimers - bool PVR::CPVRTimers::UpdateEntries(const PVR::CPVRTimers&) - added timer 11562 on client 777
12:51:25 T:1840986920 DEBUG: PVRTimers - bool PVR::CPVRTimers::UpdateEntries(const PVR::CPVRTimers&) - added timer 11574 on client 777
12:51:25 T:1840986920 DEBUG: PVRTimers - bool PVR::CPVRTimers::UpdateEntries(const PVR::CPVRTimers&) - added timer 11575 on client 777
12:51:25 T:1840986920 DEBUG: PVRTimers - bool PVR::CPVRTimers::UpdateEntries(const PVR::CPVRTimers&) - added timer 11508 on client 777
12:51:25 T:1840986920 DEBUG: PVRTimers - bool PVR::CPVRTimers::UpdateEntries(const PVR::CPVRTimers&) - added timer 11406 on client 777
12:51:25 T:1840986920 DEBUG: PVRTimers - bool PVR::CPVRTimers::UpdateEntries(const PVR::CPVRTimers&) - added timer 11408 on client 777
12:51:25 T:1840986920 DEBUG: PVRTimers - bool PVR::CPVRTimers::UpdateEntries(const PVR::CPVRTimers&) - added timer 11409 on client 777
12:51:25 T:1840986920 DEBUG: PVRTimers - bool PVR::CPVRTimers::UpdateEntries(const PVR::CPVRTimers&) - added timer 11410 on client 777
12:51:25 T:1840986920 DEBUG: PVRTimers - bool PVR::CPVRTimers::UpdateEntries(const PVR::CPVRTimers&) - added timer 11420 on client 777
12:51:25 T:1840986920 DEBUG: PVRTimers - bool PVR::CPVRTimers::UpdateEntries(const PVR::CPVRTimers&) - added timer 11525 on client 777
12:51:25 T:1840986920 DEBUG: PVRTimers - bool PVR::CPVRTimers::UpdateEntries(const PVR::CPVRTimers&) - added timer 11419 on client 777
12:51:25 T:1840986920 DEBUG: PVRTimers - bool PVR::CPVRTimers::UpdateEntries(const PVR::CPVRTimers&) - added timer 11411 on client 777
12:51:25 T:1840986920 DEBUG: PVRTimers - bool PVR::CPVRTimers::UpdateEntries(const PVR::CPVRTimers&) - added timer 11407 on client 777
12:51:25 T:1840986920 DEBUG: PVRTimers - bool PVR::CPVRTimers::UpdateEntries(const PVR::CPVRTimers&) - added timer 11543 on client 777
12:51:25 T:1840986920 DEBUG: PVRTimers - bool PVR::CPVRTimers::UpdateEntries(const PVR::CPVRTimers&) - added timer 11488 on client 777
12:51:25 T:1840986920 DEBUG: PVRTimers - bool PVR::CPVRTimers::UpdateEntries(const PVR::CPVRTimers&) - added timer 11557 on client 777
12:51:25 T:1840986920 DEBUG: PVRTimers - bool PVR::CPVRTimers::UpdateEntries(const PVR::CPVRTimers&) - added timer 11497 on client 777
12:51:25 T:1840986920 DEBUG: PVRTimers - bool PVR::CPVRTimers::UpdateEntries(const PVR::CPVRTimers&) - added timer 11547 on client 777
12:51:25 T:1840986920 DEBUG: PVRTimers - bool PVR::CPVRTimers::UpdateEntries(const PVR::CPVRTimers&) - added timer 11577 on client 777
12:51:25 T:1840986920 DEBUG: PVRTimers - bool PVR::CPVRTimers::UpdateEntries(const PVR::CPVRTimers&) - added timer 11448 on client 777
12:51:25 T:1840986920 DEBUG: PVRTimers - bool PVR::CPVRTimers::UpdateEntries(const PVR::CPVRTimers&) - added timer 11449 on client 777
12:51:25 T:1840986920 DEBUG: PVRTimers - bool PVR::CPVRTimers::UpdateEntries(const PVR::CPVRTimers&) - added timer 11450 on client 777
12:51:25 T:1840986920 DEBUG: PVRTimers - bool PVR::CPVRTimers::UpdateEntries(const PVR::CPVRTimers&) - added timer 11451 on client 777
12:51:25 T:1840986920 DEBUG: PVRTimers - bool PVR::CPVRTimers::UpdateEntries(const PVR::CPVRTimers&) - added timer 11538 on client 777
12:51:25 T:1840986920 DEBUG: PVRTimers - bool PVR::CPVRTimers::UpdateEntries(const PVR::CPVRTimers&) - added timer 11570 on client 777
12:51:25 T:1840986920 DEBUG: PVRTimers - bool PVR::CPVRTimers::UpdateEntries(const PVR::CPVRTimers&) - added timer 11515 on client 777
12:51:25 T:1840986920 DEBUG: PVRTimers - bool PVR::CPVRTimers::UpdateEntries(const PVR::CPVRTimers&) - added timer 11568 on client 777
12:51:25 T:1840986920 DEBUG: PVRTimers - bool PVR::CPVRTimers::UpdateEntries(const PVR::CPVRTimers&) - added timer 11431 on client 777
12:51:25 T:1840986920 DEBUG: PVRTimers - bool PVR::CPVRTimers::UpdateEntries(const PVR::CPVRTimers&) - added timer 11513 on client 777
12:51:25 T:1840986920 DEBUG: PVRTimers - bool PVR::CPVRTimers::UpdateEntries(const PVR::CPVRTimers&) - added timer 11452 on client 777
12:51:25 T:1840986920 DEBUG: PVRTimers - bool PVR::CPVRTimers::UpdateEntries(const PVR::CPVRTimers&) - added timer 11453 on client 777
12:51:25 T:1840986920 DEBUG: PVRTimers - bool PVR::CPVRTimers::UpdateEntries(const PVR::CPVRTimers&) - added timer 11454 on client 777
12:51:25 T:1840986920 DEBUG: PVRTimers - bool PVR::CPVRTimers::UpdateEntries(const PVR::CPVRTimers&) - added timer 11455 on client 777
12:51:25 T:1840986920 DEBUG: PVRTimers - bool PVR::CPVRTimers::UpdateEntries(const PVR::CPVRTimers&) - added timer 11504 on client 777
12:51:25 T:1840986920 DEBUG: PVRTimers - bool PVR::CPVRTimers::UpdateEntries(const PVR::CPVRTimers&) - added timer 11517 on client 777
12:51:25 T:1840986920 DEBUG: PVRTimers - bool PVR::CPVRTimers::UpdateEntries(const PVR::CPVRTimers&) - added timer 11500 on client 777
12:51:25 T:1840986920 DEBUG: PVRTimers - bool PVR::CPVRTimers::UpdateEntries(const PVR::CPVRTimers&) - added timer 11520 on client 777
12:51:25 T:1840986920 DEBUG: PVRTimers - bool PVR::CPVRTimers::UpdateEntries(const PVR::CPVRTimers&) - added timer 11560 on client 777
12:51:25 T:1840986920 DEBUG: PVRTimers - bool PVR::CPVRTimers::UpdateEntries(const PVR::CPVRTimers&) - added timer 11493 on client 777
12:51:25 T:1840986920 DEBUG: PVRTimers - bool PVR::CPVRTimers::UpdateEntries(const PVR::CPVRTimers&) - added timer 11456 on client 777
12:51:25 T:1840986920 DEBUG: PVRTimers - bool PVR::CPVRTimers::UpdateEntries(const PVR::CPVRTimers&) - added timer 11457 on client 777
12:51:25 T:1840986920 DEBUG: PVRTimers - bool PVR::CPVRTimers::UpdateEntries(const PVR::CPVRTimers&) - added timer 11458 on client 777
12:51:25 T:1840986920 DEBUG: PVRTimers - bool PVR::CPVRTimers::UpdateEntries(const PVR::CPVRTimers&) - added timer 11459 on client 777
12:51:25 T:1840986920 DEBUG: PVRTimers - bool PVR::CPVRTimers::UpdateEntries(const PVR::CPVRTimers&) - added timer 11529 on client 777
12:51:25 T:1840986920 DEBUG: PVRTimers - bool PVR::CPVRTimers::UpdateEntries(const PVR::CPVRTimers&) - added timer 11551 on client 777
12:51:25 T:1840986920 DEBUG: PVRTimers - bool PVR::CPVRTimers::UpdateEntries(const PVR::CPVRTimers&) - added timer 11528 on client 777
12:51:25 T:1840986920 DEBUG: PVRTimers - bool PVR::CPVRTimers::UpdateEntries(const PVR::CPVRTimers&) - added timer 11511 on client 777
12:51:25 T:1840986920 DEBUG: PVRTimers - bool PVR::CPVRTimers::UpdateEntries(const PVR::CPVRTimers&) - added timer 11460 on client 777
12:51:25 T:1840986920 DEBUG: PVRTimers - bool PVR::CPVRTimers::UpdateEntries(const PVR::CPVRTimers&) - added timer 11461 on client 777
12:51:25 T:1840986920 DEBUG: PVRTimers - bool PVR::CPVRTimers::UpdateEntries(const PVR::CPVRTimers&) - added timer 11462 on client 777
12:51:25 T:1840986920 DEBUG: PVRTimers - bool PVR::CPVRTimers::UpdateEntries(const PVR::CPVRTimers&) - added timer 11463 on client 777
12:51:25 T:1840986920 DEBUG: PVRTimers - bool PVR::CPVRTimers::UpdateEntries(const PVR::CPVRTimers&) - added timer 11522 on client 777
12:51:25 T:1840986920 DEBUG: PVRTimers - bool PVR::CPVRTimers::UpdateEntries(const PVR::CPVRTimers&) - added timer 11541 on client 777
12:51:25 T:1840986920 DEBUG: PVRTimers - bool PVR::CPVRTimers::UpdateEntries(const PVR::CPVRTimers&) - added timer 11531 on client 777
12:51:25 T:1840986920 DEBUG: PVRTimers - bool PVR::CPVRTimers::UpdateEntries(const PVR::CPVRTimers&) - added timer 11553 on client 777
12:51:25 T:1840986920 DEBUG: PVRTimers - bool PVR::CPVRTimers::UpdateEntries(const PVR::CPVRTimers&) - added timer 11535 on client 777
12:51:25 T:1840986920 DEBUG: PVRTimers - bool PVR::CPVRTimers::UpdateEntries(const PVR::CPVRTimers&) - added timer 11564 on client 777
12:51:25 T:1840986920 DEBUG: PVRTimers - bool PVR::CPVRTimers::UpdateEntries(const PVR::CPVRTimers&) - added timer 11496 on client 777
12:51:25 T:1840986920 DEBUG: PVRTimers - bool PVR::CPVRTimers::UpdateEntries(const PVR::CPVRTimers&) - added timer 11503 on client 777
12:51:25 T:1840986920 DEBUG: PVRTimers - bool PVR::CPVRTimers::UpdateEntries(const PVR::CPVRTimers&) - added timer 11533 on client 777
12:51:25 T:1840986920 DEBUG: PVRTimers - bool PVR::CPVRTimers::UpdateEntries(const PVR::CPVRTimers&) - added timer 11556 on client 777
12:51:25 T:1840986920 DEBUG: PVRTimers - bool PVR::CPVRTimers::UpdateEntries(const PVR::CPVRTimers&) - added timer 11495 on client 777
12:51:25 T:1840986920 DEBUG: PVRTimers - bool PVR::CPVRTimers::UpdateEntries(const PVR::CPVRTimers&) - added timer 11519 on client 777
12:51:25 T:1840986920 DEBUG: PVRTimers - bool PVR::CPVRTimers::UpdateEntries(const PVR::CPVRTimers&) - added timer 11464 on client 777
12:51:25 T:1840986920 DEBUG: PVRTimers - bool PVR::CPVRTimers::UpdateEntries(const PVR::CPVRTimers&) - added timer 11465 on client 777
12:51:25 T:1840986920 DEBUG: PVRTimers - bool PVR::CPVRTimers::UpdateEntries(const PVR::CPVRTimers&) - added timer 11466 on client 777
12:51:25 T:1840986920 DEBUG: PVRTimers - bool PVR::CPVRTimers::UpdateEntries(const PVR::CPVRTimers&) - added timer 11467 on client 777
12:51:25 T:1840986920 DEBUG: PVRTimers - bool PVR::CPVRTimers::UpdateEntries(const PVR::CPVRTimers&) - added timer 11534 on client 777
12:51:25 T:1840986920 DEBUG: PVRTimers - bool PVR::CPVRTimers::UpdateEntries(const PVR::CPVRTimers&) - added timer 11540 on client 777
12:51:25 T:1840986920 DEBUG: PVRTimers - bool PVR::CPVRTimers::UpdateEntries(const PVR::CPVRTimers&) - added timer 11567 on client 777
12:51:25 T:1840986920 DEBUG: PVRTimers - bool PVR::CPVRTimers::UpdateEntries(const PVR::CPVRTimers&) - added timer 11492 on client 777
12:51:25 T:1840986920 DEBUG: PVRTimers - bool PVR::CPVRTimers::UpdateEntries(const PVR::CPVRTimers&) - added timer 11518 on client 777
12:51:25 T:1840986920 DEBUG: PVRTimers - bool PVR::CPVRTimers::UpdateEntries(const PVR::CPVRTimers&) - added timer 11468 on client 777
12:51:25 T:1840986920 DEBUG: PVRTimers - bool PVR::CPVRTimers::UpdateEntries(const PVR::CPVRTimers&) - added timer 11469 on client 777
12:51:25 T:1840986920 DEBUG: PVRTimers - bool PVR::CPVRTimers::UpdateEntries(const PVR::CPVRTimers&) - added timer 11470 on client 777
12:51:25 T:1840986920 DEBUG: PVRTimers - bool PVR::CPVRTimers::UpdateEntries(const PVR::CPVRTimers&) - added timer 11471 on client 777
12:51:25 T:1840986920 DEBUG: PVRTimers - bool PVR::CPVRTimers::UpdateEntries(const PVR::CPVRTimers&) - added timer 11416 on client 777
12:51:25 T:1840986920 DEBUG: PVRTimers - bool PVR::CPVRTimers::UpdateEntries(const PVR::CPVRTimers&) - added timer 11524 on client 777
12:51:25 T:1840986920 DEBUG: PVRTimers - bool PVR::CPVRTimers::UpdateEntries(const PVR::CPVRTimers&) - added timer 11550 on client 777
12:51:25 T:1840986920 DEBUG: PVRTimers - bool PVR::CPVRTimers::UpdateEntries(const PVR::CPVRTimers&) - added timer 11502 on client 777
12:51:25 T:1840986920 DEBUG: PVRTimers - bool PVR::CPVRTimers::UpdateEntries(const PVR::CPVRTimers&) - added timer 11507 on client 777
12:51:25 T:1840986920 DEBUG: PVRTimers - bool PVR::CPVRTimers::UpdateEntries(const PVR::CPVRTimers&) - added timer 11537 on client 777
12:51:25 T:1840986920 DEBUG: PVRTimers - bool PVR::CPVRTimers::UpdateEntries(const PVR::CPVRTimers&) - added timer 11566 on client 777
12:51:25 T:1840986920 DEBUG: PVRTimers - bool PVR::CPVRTimers::UpdateEntries(const PVR::CPVRTimers&) - added timer 11510 on client 777
12:51:25 T:1840986920 DEBUG: PVRTimers - bool PVR::CPVRTimers::UpdateEntries(const PVR::CPVRTimers&) - added timer 11506 on client 777
12:51:25 T:1840986920 DEBUG: PVRTimers - bool PVR::CPVRTimers::UpdateEntries(const PVR::CPVRTimers&) - added timer 11472 on client 777
12:51:25 T:1840986920 DEBUG: PVRTimers - bool PVR::CPVRTimers::UpdateEntries(const PVR::CPVRTimers&) - added timer 11473 on client 777
12:51:25 T:1840986920 DEBUG: PVRTimers - bool PVR::CPVRTimers::UpdateEntries(const PVR::CPVRTimers&) - added timer 11474 on client 777
12:51:25 T:1840986920 DEBUG: PVRTimers - bool PVR::CPVRTimers::UpdateEntries(const PVR::CPVRTimers&) - added timer 11475 on client 777
12:51:25 T:1840986920 DEBUG: PVRTimers - bool PVR::CPVRTimers::UpdateEntries(const PVR::CPVRTimers&) - added timer 11526 on client 777
12:51:25 T:1840986920 DEBUG: PVRTimers - bool PVR::CPVRTimers::UpdateEntries(const PVR::CPVRTimers&) - added timer 11527 on client 777
12:51:25 T:1840986920 DEBUG: PVRTimers - bool PVR::CPVRTimers::UpdateEntries(const PVR::CPVRTimers&) - added timer 11476 on client 777
12:51:25 T:1840986920 DEBUG: PVRTimers - bool PVR::CPVRTimers::UpdateEntries(const PVR::CPVRTimers&) - added timer 11477 on client 777
12:51:25 T:1840986920 DEBUG: PVRTimers - bool PVR::CPVRTimers::UpdateEntries(const PVR::CPVRTimers&) - added timer 11478 on client 777
12:51:25 T:1840986920 DEBUG: PVRTimers - bool PVR::CPVRTimers::UpdateEntries(const PVR::CPVRTimers&) - added timer 11479 on client 777
12:51:25 T:1840986920 DEBUG: PVRTimers - bool PVR::CPVRTimers::UpdateEntries(const PVR::CPVRTimers&) - added timer 11480 on client 777
12:51:25 T:1840986920 DEBUG: PVRTimers - bool PVR::CPVRTimers::UpdateEntries(const PVR::CPVRTimers&) - added timer 11481 on client 777
12:51:25 T:1840986920 DEBUG: PVRTimers - bool PVR::CPVRTimers::UpdateEntries(const PVR::CPVRTimers&) - added timer 11482 on client 777
12:51:25 T:1840986920 DEBUG: PVRTimers - bool PVR::CPVRTimers::UpdateEntries(const PVR::CPVRTimers&) - added timer 11483 on client 777
12:51:25 T:1840986920 DEBUG: PVRTimers - bool PVR::CPVRTimers::UpdateEntries(const PVR::CPVRTimers&) - added timer 11484 on client 777
12:51:25 T:1840986920 DEBUG: PVRTimers - bool PVR::CPVRTimers::UpdateEntries(const PVR::CPVRTimers&) - added timer 11485 on client 777
12:51:25 T:1840986920 DEBUG: PVRTimers - bool PVR::CPVRTimers::UpdateEntries(const PVR::CPVRTimers&) - added timer 11486 on client 777
12:51:25 T:1840986920 DEBUG: PVRTimers - bool PVR::CPVRTimers::UpdateEntries(const PVR::CPVRTimers&) - added timer 11487 on client 777
12:51:25 T:1840986920 DEBUG: CPVRRecordings - void PVR::CPVRRecordings::Update() - updating recordings
12:51:25 T:1840986920 DEBUG: CFileCache::Open - opening using cache
12:51:25 T:1840986920 DEBUG: CurlFile::Open(0x6f3709e0) http://192.168.0.135:8866/service?method=recording.list&filter=ready&sid=63c7f3d85ddd40f3a7072d0c8f5be74a
12:51:26 T:1860724840 NOTICE: Thread FileCache start, auto delete: false
12:51:26 T:1860724840 INFO: CFileCache::Process - Hit eof.
12:51:26 T:1860724840 DEBUG: Thread FileCache 1860724840 terminating
12:51:26 T:1788655912 DEBUG: Keyboard: scancode: 0x15, sym: 0x0114, unicode: 0x0000, modifier: 0x0
12:51:26 T:1788655912 DEBUG: bool CInputManager::OnKey(const CKey&): left (0xf082) pressed, action is Left
12:51:26 T:1840986920 DEBUG: AddOnLog: NextPVR PVR Client: Updated recordings 4294967295
12:51:26 T:1840986920 DEBUG: CFileCache::Open - opening using cache
12:51:26 T:1840986920 DEBUG: CurlFile::Open(0x6e3dc008) http://192.168.0.135:8866/service?method=recording.list&filter=pending&sid=63c7f3d85ddd40f3a7072d0c8f5be74a
12:51:26 T:1848293056 NOTICE: Thread FileCache start, auto delete: false
12:51:26 T:1848293056 INFO: CFileCache::Process - Hit eof.
12:51:26 T:1848293056 DEBUG: Thread FileCache 1848293056 terminating
12:51:26 T:1788655912 DEBUG: Keyboard: scancode: 0x15, sym: 0x0114, unicode: 0x0000, modifier: 0x0
12:51:26 T:1788655912 DEBUG: bool CInputManager::OnKey(const CKey&): left (0xf082) pressed, action is Left
12:51:26 T:1848293056 NOTICE: Thread PVRGUIInfo start, auto delete: false
12:51:26 T:1840986920 DEBUG: PVRManager - virtual void PVR::CPVRManager::Process() - entering main loop
12:51:26 T:1848293056 DEBUG: CFileCache::Open - opening using cache
12:51:26 T:1848293056 DEBUG: CurlFile::Open(0x6e28b1d0) http://192.168.0.135:8866/service?method=recording.recurring.list&sid=63c7f3d85ddd40f3a7072d0c8f5be74a
12:51:26 T:1788655912 DEBUG: ------ Window Init (DialogExtendedProgressBar.xml) ------
12:51:26 T:1849540616 NOTICE: Thread FileCache start, auto delete: false
12:51:26 T:1849540616 INFO: CFileCache::Process - Hit eof.
12:51:26 T:1849540616 DEBUG: Thread FileCache 1849540616 terminating
12:51:26 T:1848293056 DEBUG: CFileCache::Open - opening using cache
12:51:26 T:1848293056 DEBUG: CurlFile::Open(0x6e28b1d0) http://192.168.0.135:8866/service?method=recording.list&filter=pending&sid=63c7f3d85ddd40f3a7072d0c8f5be74a
12:51:26 T:1827115512 NOTICE: Thread FileCache start, auto delete: false
12:51:26 T:1827115512 INFO: CFileCache::Process - Hit eof.
12:51:26 T:1827115512 DEBUG: Thread FileCache 1827115512 terminating
12:51:26 T:1848293056 DEBUG: CFileCache::Open - opening using cache
12:51:26 T:1848293056 DEBUG: CurlFile::Open(0x6e269870) http://192.168.0.135:8866/service?method=recording.list&filter=ready&sid=63c7f3d85ddd40f3a7072d0c8f5be74a
12:51:26 T:1788655912 DEBUG: Keyboard: scancode: 0x15, sym: 0x0114, unicode: 0x0000, modifier: 0x0
12:51:26 T:1788655912 DEBUG: bool CInputManager::OnKey(const CKey&): left (0xf082) pressed, action is Left
12:51:27 T:1861633080 NOTICE: Thread FileCache start, auto delete: false
12:51:27 T:1861633080 INFO: CFileCache::Process - Hit eof.
12:51:27 T:1861633080 DEBUG: Thread FileCache 1861633080 terminating
12:51:27 T:1840986920 DEBUG: EPG - bool EPG::CEpg::Load() - no database entries found for table 'SIS'.
12:51:27 T:1840986920 DEBUG: EPG - bool EPG::CEpg::Load() - no database entries found for table '91.7 FM'.
12:51:28 T:1788655912 DEBUG: Keyboard: scancode: 0x14, sym: 0x0112, unicode: 0x0000, modifier: 0x0
12:51:28 T:1788655912 DEBUG: bool CInputManager::OnKey(const CKey&): down (0xf081) pressed, action is Down
12:51:29 T:1838274064 DEBUG: Version Check: Version installed {u'major': 15, u'tag': u'stable', u'minor': 2, u'revision': u'2015-10-19-02e7013'}
12:51:29 T:1838274064 DEBUG: Version Check: Version available {u'major': u'15', u'extrainfo': u'final', u'tagversion': u'', u'tag': u'stable', u'addon_support': u'yes', u'minor': u'2', u'revision': u'20151019-02e7013'}
12:51:29 T:1838274064 DEBUG: Version Check: There is no newer stable available
12:51:29 T:1838274064 INFO: CPythonInvoker(0, /storage/emulated/0/Android/data/org.xbmc.kodi/files/.kodi/addons/service.xbmc.versioncheck/service.py): script successfully run
12:51:29 T:1838274064 INFO: Python script stopped
12:51:29 T:1838274064 DEBUG: Thread LanguageInvoker 1838274064 terminating
12:51:29 T:1788655912 DEBUG: Keyboard: scancode: 0x16, sym: 0x0113, unicode: 0x0000, modifier: 0x0
12:51:29 T:1788655912 DEBUG: bool CInputManager::OnKey(const CKey&): right (0xf083) pressed, action is Right
12:51:29 T:1847546416 INFO: CFileCache::Process - Hit eof.
12:51:30 T:1848293056 DEBUG: CFileCache::Open - opening using cache
12:51:30 T:1848293056 DEBUG: CurlFile::Open(0x6e17b060) http://192.168.0.135:8866/service?method=recording.recurring.list&sid=63c7f3d85ddd40f3a7072d0c8f5be74a
12:51:30 T:1838384144 NOTICE: Thread FileCache start, auto delete: false
12:51:30 T:1838384144 INFO: CFileCache::Process - Hit eof.
12:51:30 T:1838384144 DEBUG: Thread FileCache 1838384144 terminating
12:51:30 T:1848293056 DEBUG: CFileCache::Open - opening using cache
12:51:30 T:1848293056 DEBUG: CurlFile::Open(0x6d97aa70) http://192.168.0.135:8866/service?method=recording.list&filter=pending&sid=63c7f3d85ddd40f3a7072d0c8f5be74a
12:51:30 T:1788655912 DEBUG: Keyboard: scancode: 0x16, sym: 0x0113, unicode: 0x0000, modifier: 0x0
12:51:30 T:1788655912 DEBUG: bool CInputManager::OnKey(const CKey&): right (0xf083) pressed, action is Right
12:51:30 T:1865532336 NOTICE: Thread FileCache start, auto delete: false
12:51:30 T:1865532336 INFO: CFileCache::Process - Hit eof.
12:51:30 T:1865532336 DEBUG: Thread FileCache 1865532336 terminating
12:51:30 T:1848293056 DEBUG: CFileCache::Open - opening using cache
12:51:30 T:1848293056 DEBUG: CurlFile::Open(0x6fb17aa8) http://192.168.0.135:8866/service?method=recording.list&filter=ready&sid=63c7f3d85ddd40f3a7072d0c8f5be74a
12:51:30 T:1865532336 NOTICE: Thread FileCache start, auto delete: false
12:51:30 T:1865532336 INFO: CFileCache::Process - Hit eof.
12:51:30 T:1865532336 DEBUG: Thread FileCache 1865532336 terminating
12:51:30 T:1788655912 DEBUG: Keyboard: scancode: 0x16, sym: 0x0113, unicode: 0x0000, modifier: 0x0
12:51:30 T:1788655912 DEBUG: bool CInputManager::OnKey(const CKey&): right (0xf083) pressed, action is Right
12:51:31 T:1847546416 DEBUG: Thread FileCache 1847546416 terminating
12:51:31 T:1788655912 DEBUG: Keyboard: scancode: 0x16, sym: 0x0113, unicode: 0x0000, modifier: 0x0
12:51:31 T:1788655912 DEBUG: bool CInputManager::OnKey(const CKey&): right (0xf083) pressed, action is Right
12:51:32 T:1788655912 DEBUG: Keyboard: scancode: 0x15, sym: 0x0114, unicode: 0x0000, modifier: 0x0
12:51:32 T:1788655912 DEBUG: bool CInputManager::OnKey(const CKey&): left (0xf082) pressed, action is Left
12:51:33 T:1788655912 DEBUG: Keyboard: scancode: 0x15, sym: 0x0114, unicode: 0x0000, modifier: 0x0
12:51:33 T:1788655912 DEBUG: bool CInputManager::OnKey(const CKey&): left (0xf082) pressed, action is Left
12:51:33 T:1848293056 DEBUG: CFileCache::Open - opening using cache
12:51:33 T:1848293056 DEBUG: CurlFile::Open(0x6fdb2290) http://192.168.0.135:8866/service?method=recording.recurring.list&sid=63c7f3d85ddd40f3a7072d0c8f5be74a
12:51:33 T:1876762280 NOTICE: Thread FileCache start, auto delete: false
12:51:33 T:1876762280 INFO: CFileCache::Process - Hit eof.
12:51:33 T:1876762280 DEBUG: Thread FileCache 1876762280 terminating
12:51:33 T:1848293056 DEBUG: CFileCache::Open - opening using cache
12:51:33 T:1848293056 DEBUG: CurlFile::Open(0x6d9ffe90) http://192.168.0.135:8866/service?method=recording.list&filter=pending&sid=63c7f3d85ddd40f3a7072d0c8f5be74a
12:51:33 T:1843664904 NOTICE: Thread FileCache start, auto delete: false
12:51:33 T:1843651272 DEBUG: CFileCache::Open - opening using cache
12:51:33 T:1843664904 INFO: CFileCache::Process - Hit eof.
12:51:33 T:1843651272 DEBUG: CurlFile::Open(0x6fff0348) http://mirrors.kodi.tv/addons/helix/addons.xml
12:51:33 T:1843664904 DEBUG: Thread FileCache 1843664904 terminating
12:51:33 T:1848293056 DEBUG: CFileCache::Open - opening using cache
12:51:33 T:1848293056 DEBUG: CurlFile::Open(0x6d9ffe90) http://192.168.0.135:8866/service?method=recording.list&filter=ready&sid=63c7f3d85ddd40f3a7072d0c8f5be74a
12:51:34 T:1846601448 NOTICE: Thread FileCache start, auto delete: false
12:51:34 T:1846601448 INFO: CFileCache::Process - Hit eof.
12:51:34 T:1846601448 DEBUG: Thread FileCache 1846601448 terminating
12:51:34 T:1843651272 DEBUG: CCurlFile::Open - effective URL:
12:51:34 T:1845200032 NOTICE: Thread FileCache start, auto delete: false
12:51:34 T:1788655912 DEBUG: Keyboard: scancode: 0x15, sym: 0x0114, unicode: 0x0000, modifier: 0x0
12:51:34 T:1788655912 DEBUG: bool CInputManager::OnKey(const CKey&): left (0xf082) pressed, action is Left
12:51:34 T:1788655912 DEBUG: Keyboard: scancode: 0x15, sym: 0x0114, unicode: 0x0000, modifier: 0x0
12:51:34 T:1788655912 DEBUG: bool CInputManager::OnKey(const CKey&): left (0xf082) pressed, action is Left
12:51:35 T:1840986920 DEBUG: EPG - bool EPG::CEpg::Load() - no database entries found for table 'KVQT-LD'.
12:51:35 T:1788655912 DEBUG: Previous line repeats 4 times.
12:51:35 T:1788655912 DEBUG: Keyboard: scancode: 0x16, sym: 0x0113, unicode: 0x0000, modifier: 0x0
12:51:35 T:1788655912 DEBUG: bool CInputManager::OnKey(const CKey&): right (0xf083) pressed, action is Right
12:51:35 T:1845200032 INFO: CFileCache::Process - Hit eof.
12:51:36 T:1845200032 DEBUG: Thread FileCache 1845200032 terminating
12:51:36 T:1788655912 DEBUG: Keyboard: scancode: 0x16, sym: 0x0113, unicode: 0x0000, modifier: 0x0
12:51:36 T:1788655912 DEBUG: bool CInputManager::OnKey(const CKey&): right (0xf083) pressed, action is Right
12:51:37 T:1848293056 DEBUG: CFileCache::Open - opening using cache
12:51:37 T:1848293056 DEBUG: CurlFile::Open(0x6fb484e8) http://192.168.0.135:8866/service?method=recording.recurring.list&sid=63c7f3d85ddd40f3a7072d0c8f5be74a
12:51:37 T:1895419984 NOTICE: Thread FileCache start, auto delete: false
12:51:37 T:1895419984 INFO: CFileCache::Process - Hit eof.
12:51:37 T:1895419984 DEBUG: Thread FileCache 1895419984 terminating
12:51:37 T:1788655912 DEBUG: Keyboard: scancode: 0x16, sym: 0x0113, unicode: 0x0000, modifier: 0x0
12:51:37 T:1788655912 DEBUG: bool CInputManager::OnKey(const CKey&): right (0xf083) pressed, action is Right
12:51:37 T:1848293056 DEBUG: CFileCache::Open - opening using cache
12:51:37 T:1848293056 DEBUG: CurlFile::Open(0x70e28f40) http://192.168.0.135:8866/service?method=recording.list&filter=pending&sid=63c7f3d85ddd40f3a7072d0c8f5be74a
12:51:37 T:1843664904 NOTICE: Thread FileCache start, auto delete: false
12:51:37 T:1843664904 INFO: CFileCache::Process - Hit eof.
12:51:37 T:1843651272 DEBUG: CFileCache::Open - opening using cache
12:51:37 T:1843664904 DEBUG: Thread FileCache 1843664904 terminating
12:51:37 T:1843651272 DEBUG: CurlFile::Open(0x6d93c578) http://mirrors.kodi.tv/addons/isengard/addons.xml
12:51:37 T:1848293056 DEBUG: CFileCache::Open - opening using cache
12:51:37 T:1848293056 DEBUG: CurlFile::Open(0x6fca7178) http://192.168.0.135:8866/service?method=recording.list&filter=ready&sid=63c7f3d85ddd40f3a7072d0c8f5be74a
12:51:37 T:1893259712 NOTICE: Thread FileCache start, auto delete: false
12:51:37 T:1893259712 INFO: CFileCache::Process - Hit eof.
12:51:37 T:1893259712 DEBUG: Thread FileCache 1893259712 terminating
12:51:37 T:1843651272 DEBUG: CCurlFile::Open - effective URL:
12:51:37 T:1875671224 NOTICE: Thread FileCache start, auto delete: false
12:51:37 T:1788655912 DEBUG: Keyboard: scancode: 0x16, sym: 0x0113, unicode: 0x0000, modifier: 0x0
12:51:37 T:1788655912 DEBUG: bool CInputManager::OnKey(const CKey&): right (0xf083) pressed, action is Right
12:51:38 T:1788655912 DEBUG: Keyboard: scancode: 0x15, sym: 0x0114, unicode: 0x0000, modifier: 0x0
12:51:38 T:1788655912 DEBUG: bool CInputManager::OnKey(const CKey&): left (0xf082) pressed, action is Left
12:51:38 T:1875671224 INFO: CFileCache::Process - Hit eof.
12:51:39 T:1788655912 INFO: Python, unloading python shared library because no scripts are running anymore
12:51:39 T:1875671224 DEBUG: Thread FileCache 1875671224 terminating
12:51:39 T:1788655912 DEBUG: void XBPython::UnloadExtensionLibs(), clearing python extension libraries
12:51:39 T:1788655912 DEBUG: Keyboard: scancode: 0x15, sym: 0x0114, unicode: 0x0000, modifier: 0x0
12:51:39 T:1788655912 DEBUG: bool CInputManager::OnKey(const CKey&): left (0xf082) pressed, action is Left
12:51:39 T:1788655912 DEBUG: Keyboard: scancode: 0x15, sym: 0x0114, unicode: 0x0000, modifier: 0x0
12:51:39 T:1788655912 DEBUG: bool CInputManager::OnKey(const CKey&): left (0xf082) pressed, action is Left
12:51:40 T:1788655912 DEBUG: Keyboard: scancode: 0x15, sym: 0x0114, unicode: 0x0000, modifier: 0x0
12:51:40 T:1788655912 DEBUG: bool CInputManager::OnKey(const CKey&): left (0xf082) pressed, action is Left
12:51:40 T:1840986920 DEBUG: EPG - bool EPG::CEpg::Load() - no database entries found for table 'V Life'.
12:51:40 T:1840986920 DEBUG: EPG - bool EPG::CEpg::Load() - no database entries found for table '28.9'.
12:51:40 T:1840986920 DEBUG: EPG - bool EPG::CEpg::Load() - no database entries found for table '28.10'.
12:51:40 T:1848293056 DEBUG: CFileCache::Open - opening using cache
12:51:40 T:1848293056 DEBUG: CurlFile::Open(0x6fd2e818) http://192.168.0.135:8866/service?method=recording.recurring.list&sid=63c7f3d85ddd40f3a7072d0c8f5be74a
12:51:40 T:1788655912 DEBUG: Keyboard: scancode: 0x17, sym: 0x000d, unicode: 0x0000, modifier: 0x0
12:51:40 T:1840986920 DEBUG: EPG - bool EPG::CEpg::Load() - no database entries found for table '28.11'.
12:51:40 T:1788655912 DEBUG: bool CInputManager::OnKey(const CKey&): return (0xf00d) pressed, action is Select
12:51:40 T:1788655912 DEBUG: Activating window ID: 10615
12:51:40 T:1840986920 DEBUG: EPG - bool EPG::CEpg::Load() - no database entries found for table '28.12'.
12:51:40 T:1846601448 NOTICE: Thread FileCache start, auto delete: false
12:51:41 T:1846601448 INFO: CFileCache::Process - Hit eof.
12:51:41 T:1846601448 DEBUG: Thread FileCache 1846601448 terminating
12:51:41 T:1788655912 DEBUG: ------ Window Deinit (Home.xml) ------
12:51:41 T:1848293056 DEBUG: CFileCache::Open - opening using cache
12:51:41 T:1848293056 DEBUG: CurlFile::Open(0x6ef67238) http://192.168.0.135:8866/service?method=recording.list&filter=pending&sid=63c7f3d85ddd40f3a7072d0c8f5be74a
12:51:41 T:1788655912 DEBUG: ------ Window Init (MyPVRChannels.xml) ------
12:51:41 T:1788655912 INFO: Loading skin file: MyPVRChannels.xml, load type: KEEP_IN_MEMORY
12:51:41 T:1839182952 NOTICE: Thread FileCache start, auto delete: false
12:51:41 T:1839182952 INFO: CFileCache::Process - Hit eof.
12:51:41 T:1839182952 DEBUG: Thread FileCache 1839182952 terminating
12:51:41 T:1848293056 DEBUG: CFileCache::Open - opening using cache
12:51:41 T:1848293056 DEBUG: CurlFile::Open(0x6f329760) http://192.168.0.135:8866/service?method=recording.list&filter=ready&sid=63c7f3d85ddd40f3a7072d0c8f5be74a
12:51:41 T:1838532056 NOTICE: Thread FileCache start, auto delete: false
12:51:41 T:1838532056 INFO: CFileCache::Process - Hit eof.
12:51:41 T:1838532056 DEBUG: Thread FileCache 1838532056 terminating
12:51:41 T:1788655912 DEBUG: CGUIMediaWindow::GetDirectory (pvr://channels/tv/All channels/)
12:51:41 T:1788655912 DEBUG: ParentPath = []
12:51:41 T:1788655912 DEBUG: CPVRDirectory::GetDirectory(pvr://channels/tv/All channels)
12:51:44 T:1848293056 DEBUG: CFileCache::Open - opening using cache
12:51:44 T:1848293056 DEBUG: CurlFile::Open(0x6d9349f8) http://192.168.0.135:8866/service?method=recording.recurring.list&sid=63c7f3d85ddd40f3a7072d0c8f5be74a
12:51:44 T:1874754024 NOTICE: Thread FileCache start, auto delete: false
12:51:44 T:1874754024 INFO: CFileCache::Process - Hit eof.
12:51:44 T:1874754024 DEBUG: Thread FileCache 1874754024 terminating
12:51:44 T:1848293056 DEBUG: CFileCache::Open - opening using cache
12:51:44 T:1848293056 DEBUG: CurlFile::Open(0x6d9ee468) http://192.168.0.135:8866/service?method=recording.list&filter=pending&sid=63c7f3d85ddd40f3a7072d0c8f5be74a
12:51:44 T:1874733736 NOTICE: Thread FileCache start, auto delete: false
12:51:44 T:1788655912 DEBUG: Keyboard: scancode: 0x14, sym: 0x0112, unicode: 0x0000, modifier: 0x0
12:51:44 T:1788655912 DEBUG: bool CInputManager::OnKey(const CKey&): down (0xf081) pressed, action is Down
12:51:44 T:1874733736 INFO: CFileCache::Process - Hit eof.
12:51:44 T:1874733736 DEBUG: Thread FileCache 1874733736 terminating
12:51:44 T:1848293056 DEBUG: CFileCache::Open - opening using cache
12:51:44 T:1848293056 DEBUG: CurlFile::Open(0x6ff446f0) http://192.168.0.135:8866/service?method=recording.list&filter=ready&sid=63c7f3d85ddd40f3a7072d0c8f5be74a
12:51:45 T:1874629208 NOTICE: Thread FileCache start, auto delete: false
12:51:45 T:1874629208 INFO: CFileCache::Process - Hit eof.
12:51:45 T:1874629208 DEBUG: Thread FileCache 1874629208 terminating
12:51:45 T:1840986920 DEBUG: EPG - bool EPG::CEpg::Load() - no database entries found for table 'KZHO-LD'.
12:51:45 T:1788655912 DEBUG: Previous line repeats 2 times.
12:51:45 T:1788655912 DEBUG: Keyboard: scancode: 0x14, sym: 0x0112, unicode: 0x0000, modifier: 0x0
12:51:45 T:1788655912 DEBUG: bool CInputManager::OnKey(const CKey&): down (0xf081) pressed, action is Down
12:51:46 T:1788655912 DEBUG: Keyboard: scancode: 0x14, sym: 0x0112, unicode: 0x0000, modifier: 0x0
12:51:46 T:1788655912 DEBUG: bool CInputManager::OnKey(const CKey&): down (0xf081) pressed, action is Down
12:51:46 T:1843651272 DEBUG: CAddonInstallJob[plugin.video.codigofacilito.com]: requires script.module.beautifulsoup version 4.3.1 which is not available
12:51:47 T:1788655912 DEBUG: Keyboard: scancode: 0x13, sym: 0x0111, unicode: 0x0000, modifier: 0x0
12:51:47 T:1788655912 DEBUG: bool CInputManager::OnKey(const CKey&): up (0xf080) pressed, action is Up
12:51:47 T:1788655912 DEBUG: Keyboard: scancode: 0x13, sym: 0x0111, unicode: 0x0000, modifier: 0x0
12:51:47 T:1788655912 DEBUG: bool CInputManager::OnKey(const CKey&): up (0xf080) pressed, action is Up
12:51:47 T:1788655912 DEBUG: Keyboard: scancode: 0x13, sym: 0x0111, unicode: 0x0000, modifier: 0x0
12:51:47 T:1788655912 DEBUG: bool CInputManager::OnKey(const CKey&): up (0xf080) pressed, action is Up
12:51:48 T:1848293056 DEBUG: CFileCache::Open - opening using cache
12:51:48 T:1848293056 DEBUG: CurlFile::Open(0x6e0856d0) http://192.168.0.135:8866/service?method=recording.recurring.list&sid=63c7f3d85ddd40f3a7072d0c8f5be74a
12:51:48 T:1845383000 NOTICE: Thread FileCache start, auto delete: false
12:51:48 T:1845383000 INFO: CFileCache::Process - Hit eof.
12:51:48 T:1845383000 DEBUG: Thread FileCache 1845383000 terminating
12:51:48 T:1848293056 DEBUG: CFileCache::Open - opening using cache
12:51:48 T:1848293056 DEBUG: CurlFile::Open(0x70fbe670) http://192.168.0.135:8866/service?method=recording.list&filter=pending&sid=63c7f3d85ddd40f3a7072d0c8f5be74a
12:51:48 T:1845383000 NOTICE: Thread FileCache start, auto delete: false
12:51:48 T:1845383000 INFO: CFileCache::Process - Hit eof.
12:51:48 T:1845383000 DEBUG: Thread FileCache 1845383000 terminating
12:51:48 T:1848293056 DEBUG: CFileCache::Open - opening using cache
12:51:48 T:1848293056 DEBUG: CurlFile::Open(0x6ffaa7f8) http://192.168.0.135:8866/service?method=recording.list&filter=ready&sid=63c7f3d85ddd40f3a7072d0c8f5be74a
12:51:48 T:1879021120 NOTICE: Thread FileCache start, auto delete: false
12:51:48 T:1879021120 INFO: CFileCache::Process - Hit eof.
12:51:48 T:1879021120 DEBUG: Thread FileCache 1879021120 terminating
12:51:48 T:1788655912 DEBUG: Keyboard: scancode: 0x14, sym: 0x0112, unicode: 0x0000, modifier: 0x0
12:51:48 T:1788655912 DEBUG: bool CInputManager::OnKey(const CKey&): down (0xf081) pressed, action is Down
12:51:49 T:1788655912 DEBUG: Keyboard: scancode: 0x14, sym: 0x0112, unicode: 0x0000, modifier: 0x0
12:51:49 T:1788655912 DEBUG: bool CInputManager::OnKey(const CKey&): down (0xf081) pressed, action is Down
12:51:49 T:1788655912 DEBUG: Keyboard: scancode: 0x14, sym: 0x0112, unicode: 0x0000, modifier: 0x0
12:51:49 T:1788655912 DEBUG: bool CInputManager::OnKey(const CKey&): down (0xf081) pressed, action is Down
12:51:49 T:1788655912 DEBUG: Keyboard: scancode: 0x14, sym: 0x0112, unicode: 0x0000, modifier: 0x0
12:51:49 T:1788655912 DEBUG: bool CInputManager::OnKey(const CKey&): down (0xf081) pressed, action is Down
12:51:50 T:1788655912 DEBUG: Keyboard: scancode: 0x14, sym: 0x0112, unicode: 0x0000, modifier: 0x0
12:51:50 T:1788655912 DEBUG: bool CInputManager::OnKey(const CKey&): down (0xf081) pressed, action is Down
12:51:50 T:1788655912 DEBUG: Keyboard: scancode: 0x14, sym: 0x0112, unicode: 0x0000, modifier: 0x0
12:51:50 T:1788655912 DEBUG: bool CInputManager::OnKey(const CKey&): down (0xf081) pressed, action is Down
12:51:50 T:1788655912 DEBUG: Keyboard: scancode: 0x14, sym: 0x0112, unicode: 0x0000, modifier: 0x0
12:51:50 T:1788655912 DEBUG: bool CInputManager::OnKey(const CKey&): down (0xf081) pressed, action is Down
12:51:50 T:1788655912 DEBUG: Keyboard: scancode: 0x14, sym: 0x0112, unicode: 0x0000, modifier: 0x0
12:51:50 T:1788655912 DEBUG: bool CInputManager::OnKey(const CKey&): down (0xf081) pressed, action is Down
12:51:50 T:1788655912 DEBUG: Keyboard: scancode: 0x14, sym: 0x0112, unicode: 0x0000, modifier: 0x0
12:51:50 T:1788655912 DEBUG: bool CInputManager::OnKey(const CKey&): down (0xf081) pressed, action is Down
12:51:51 T:1788655912 DEBUG: SECTION:UnloadDelayed(DLL: libImageLib-arm.so)
12:51:51 T:1788655912 DEBUG: Unloading: /libImageLib-arm.so
12:51:51 T:1788655912 DEBUG: Keyboard: scancode: 0x14, sym: 0x0112, unicode: 0x0000, modifier: 0x0
12:51:51 T:1788655912 DEBUG: bool CInputManager::OnKey(const CKey&): down (0xf081) pressed, action is Down
12:51:51 T:1788655912 DEBUG: Keyboard: scancode: 0x14, sym: 0x0112, unicode: 0x0000, modifier: 0x0
12:51:51 T:1788655912 DEBUG: bool CInputManager::OnKey(const CKey&): down (0xf081) pressed, action is Down
12:51:51 T:1848293056 DEBUG: CFileCache::Open - opening using cache
12:51:51 T:1848293056 DEBUG: CurlFile::Open(0x6da0ad90) http://192.168.0.135:8866/service?method=recording.recurring.list&sid=63c7f3d85ddd40f3a7072d0c8f5be74a
12:51:51 T:1877408240 NOTICE: Thread FileCache start, auto delete: false
12:51:51 T:1877408240 INFO: CFileCache::Process - Hit eof.
12:51:51 T:1877408240 DEBUG: Thread FileCache 1877408240 terminating
12:51:51 T:1848293056 DEBUG: CFileCache::Open - opening using cache
12:51:51 T:1848293056 DEBUG: CurlFile::Open(0x6fe6a498) http://192.168.0.135:8866/service?method=recording.list&filter=pending&sid=63c7f3d85ddd40f3a7072d0c8f5be74a
12:51:51 T:1877658432 NOTICE: Thread FileCache start, auto delete: false
12:51:51 T:1877658432 INFO: CFileCache::Process - Hit eof.
12:51:51 T:1877658432 DEBUG: Thread FileCache 1877658432 terminating
12:51:52 T:1788655912 DEBUG: Keyboard: scancode: 0x14, sym: 0x0112, unicode: 0x0000, modifier: 0x0
12:51:52 T:1788655912 DEBUG: bool CInputManager::OnKey(const CKey&): down (0xf081) pressed, action is Down
12:51:52 T:1848293056 DEBUG: CFileCache::Open - opening using cache
12:51:52 T:1848293056 DEBUG: CurlFile::Open(0x6ff639d8) http://192.168.0.135:8866/service?method=recording.list&filter=ready&sid=63c7f3d85ddd40f3a7072d0c8f5be74a
12:51:52 T:1877658432 NOTICE: Thread FileCache start, auto delete: false
12:51:52 T:1877658432 INFO: CFileCache::Process - Hit eof.
12:51:52 T:1877658432 DEBUG: Thread FileCache 1877658432 terminating
12:51:52 T:1788655912 DEBUG: Keyboard: scancode: 0x14, sym: 0x0112, unicode: 0x0000, modifier: 0x0
12:51:52 T:1788655912 DEBUG: bool CInputManager::OnKey(const CKey&): down (0xf081) pressed, action is Down
12:51:52 T:1843651272 DEBUG: CFileCache::Open - opening using cache
12:51:52 T:1843651272 DEBUG: CurlFile::Open(0x6ff1a208) http://mirrors.kodi.tv/addons/gotham/service.xbmc.versioncheck/service.xbmc.versioncheck-0.3.15.zip.md5
12:51:52 T:1788655912 DEBUG: Keyboard: scancode: 0x14, sym: 0x0112, unicode: 0x0000, modifier: 0x0
12:51:52 T:1788655912 DEBUG: bool CInputManager::OnKey(const CKey&): down (0xf081) pressed, action is Down
12:51:52 T:1877492040 NOTICE: Thread FileCache start, auto delete: false
12:51:52 T:1877492040 INFO: CFileCache::Process - Hit eof.
12:51:52 T:1877492040 DEBUG: Thread FileCache 1877492040 terminating
12:51:52 T:1843651272 DEBUG: CAddonInstallJob[skin.ace]: requires xbmc.gui version 5.0.0 which is not available
12:51:52 T:1788655912 DEBUG: Keyboard: scancode: 0x14, sym: 0x0112, unicode: 0x0000, modifier: 0x0
12:51:52 T:1788655912 DEBUG: bool CInputManager::OnKey(const CKey&): down (0xf081) pressed, action is Down
12:51:52 T:1843651272 DEBUG: CAddonInstallJob[skin.aeonmq5]: requires xbmc.gui version 5.0.0 which is not available
12:51:53 T:1840986920 DEBUG: EPG - bool EPG::CEpg::Load() - no database entries found for table 'CNN'.
12:51:53 T:1840986920 DEBUG: EPG - bool EPG::CEpg::Load() - no database entries found for table 'BBC1 HD'.
12:51:53 T:1839317520 DEBUG: FileManager: copy http://mirrors.kodi.tv/addons/gotham/service.xbmc.versioncheck/service.xbmc.versioncheck-0.3.15.zip|Referer=service.xbmc.versioncheck-0.3.14.zip -> special://home/addons/packages/service.xbmc.versioncheck-0.3.15.zip
12:51:53 T:1839317520 DEBUG: CurlFile::Open(0x6f12ea20) http://mirrors.kodi.tv/addons/gotham/service.xbmc.versioncheck/service.xbmc.versioncheck-0.3.15.zip
12:51:53 T:1839317520 DEBUG: CCurlFile::Open - effective URL:
12:51:53 T:1788655912 DEBUG: Keyboard: scancode: 0x14, sym: 0x0112, unicode: 0x0000, modifier: 0x0
12:51:53 T:1788655912 DEBUG: bool CInputManager::OnKey(const CKey&): down (0xf081) pressed, action is Down
12:51:53 T:1788655912 DEBUG: Keyboard: scancode: 0x14, sym: 0x0112, unicode: 0x0000, modifier: 0x0
12:51:53 T:1788655912 DEBUG: bool CInputManager::OnKey(const CKey&): down (0xf081) pressed, action is Down
12:51:53 T:1839317520 DEBUG: bool CZipManager::GetZipList(const CURL&, std::vector&) - Processing zip://special%3a%2f%2fhome%2faddons%2fpackages%2fservice.xbmc.versioncheck-0.3.15.zip/
12:51:53 T:1839317520 DEBUG: FileManager, processing folder: special://home/addons/service.xbmc.versioncheck
12:51:53 T:1839317520 DEBUG: -- special://home/addons/service.xbmc.versioncheck/changelog.txt
12:51:53 T:1839317520 DEBUG: -- special://home/addons/service.xbmc.versioncheck/addon.xml
12:51:53 T:1839317520 DEBUG: -- special://home/addons/service.xbmc.versioncheck/README.md
12:51:53 T:1839317520 DEBUG: -- special://home/addons/service.xbmc.versioncheck/service.py
12:51:53 T:1839317520 DEBUG: -- special://home/addons/service.xbmc.versioncheck/icon.png
12:51:53 T:1839317520 DEBUG: -- special://home/addons/service.xbmc.versioncheck/LICENSE.txt
12:51:53 T:1839317520 DEBUG: -- special://home/addons/service.xbmc.versioncheck/lib/
12:51:53 T:1839317520 DEBUG: -- special://home/addons/service.xbmc.versioncheck/resources/
12:51:53 T:1839317520 DEBUG: FileManager, processing folder: special://home/addons/service.xbmc.versioncheck/lib/
12:51:53 T:1839317520 DEBUG: -- special://home/addons/service.xbmc.versioncheck/lib/shellhandlerapt.py
12:51:54 T:1839317520 DEBUG: -- special://home/addons/service.xbmc.versioncheck/lib/aptdeamonhandler.py
12:51:54 T:1839317520 DEBUG: -- special://home/addons/service.xbmc.versioncheck/lib/jsoninterface.py
12:51:54 T:1839317520 DEBUG: -- special://home/addons/service.xbmc.versioncheck/lib/__init__.py
12:51:54 T:1839317520 DEBUG: -- special://home/addons/service.xbmc.versioncheck/lib/common.py
12:51:54 T:1839317520 DEBUG: -- special://home/addons/service.xbmc.versioncheck/lib/viewer.py
12:51:54 T:1839317520 DEBUG: -- special://home/addons/service.xbmc.versioncheck/lib/versions.py
12:51:54 T:1839317520 DEBUG: -- special://home/addons/service.xbmc.versioncheck/lib/__init__.pyo
12:51:54 T:1839317520 DEBUG: -- special://home/addons/service.xbmc.versioncheck/lib/common.pyo
12:51:54 T:1839317520 DEBUG: -- special://home/addons/service.xbmc.versioncheck/lib/jsoninterface.pyo
12:51:54 T:1839317520 DEBUG: -- special://home/addons/service.xbmc.versioncheck/lib/versions.pyo
12:51:54 T:1839317520 DEBUG: FileManager, processing folder: special://home/addons/service.xbmc.versioncheck/resources/
12:51:54 T:1839317520 DEBUG: -- special://home/addons/service.xbmc.versioncheck/resources/gotham-alpha_notice.txt
12:51:54 T:1839317520 DEBUG: -- special://home/addons/service.xbmc.versioncheck/resources/versions.txt
12:51:54 T:1839317520 DEBUG: -- special://home/addons/service.xbmc.versioncheck/resources/settings.xml
12:51:54 T:1839317520 DEBUG: -- special://home/addons/service.xbmc.versioncheck/resources/language/
12:51:54 T:1839317520 DEBUG: -- special://home/addons/service.xbmc.versioncheck/resources/polkit/
12:51:54 T:1839317520 DEBUG: FileManager, processing folder: special://home/addons/service.xbmc.versioncheck/resources/language/
12:51:54 T:1839317520 DEBUG: -- special://home/addons/service.xbmc.versioncheck/resources/language/Serbian (Cyrillic)/
12:51:54 T:1839317520 DEBUG: -- special://home/addons/service.xbmc.versioncheck/resources/language/Croatian/
12:51:54 T:1839317520 DEBUG: -- special://home/addons/service.xbmc.versioncheck/resources/language/Chinese (Simple)/
12:51:54 T:1839317520 DEBUG: -- special://home/addons/service.xbmc.versioncheck/resources/language/Russian/
12:51:54 T:1839317520 DEBUG: -- special://home/addons/service.xbmc.versioncheck/resources/language/Icelandic/
12:51:54 T:1839317520 DEBUG: -- special://home/addons/service.xbmc.versioncheck/resources/language/Italian/
12:51:54 T:1839317520 DEBUG: -- special://home/addons/service.xbmc.versioncheck/resources/language/German/
12:51:54 T:1839317520 DEBUG: -- special://home/addons/service.xbmc.versioncheck/resources/language/Spanish/
12:51:54 T:1839317520 DEBUG: -- special://home/addons/service.xbmc.versioncheck/resources/language/Turkish/
12:51:54 T:1839317520 DEBUG: -- special://home/addons/service.xbmc.versioncheck/resources/language/Latvian/
12:51:54 T:1839317520 DEBUG: -- special://home/addons/service.xbmc.versioncheck/resources/language/Thai/
12:51:54 T:1839317520 DEBUG: -- special://home/addons/service.xbmc.versioncheck/resources/language/Slovenian/
12:51:54 T:1839317520 DEBUG: -- special://home/addons/service.xbmc.versioncheck/resources/language/Faroese/
12:51:54 T:1839317520 DEBUG: -- special://home/addons/service.xbmc.versioncheck/resources/language/Esperanto/
12:51:54 T:1839317520 DEBUG: -- special://home/addons/service.xbmc.versioncheck/resources/language/Albanian/
12:51:54 T:1839317520 DEBUG: -- special://home/addons/service.xbmc.versioncheck/resources/language/Uzbek/
12:51:54 T:1839317520 DEBUG: -- special://home/addons/service.xbmc.versioncheck/resources/language/Lithuanian/
12:51:54 T:1839317520 DEBUG: -- special://home/addons/service.xbmc.versioncheck/resources/language/Hungarian/
12:51:54 T:1839317520 DEBUG: -- special://home/addons/service.xbmc.versioncheck/resources/language/Ukrainian/
12:51:54 T:1839317520 DEBUG: -- special://home/addons/service.xbmc.versioncheck/resources/language/Portuguese (Brazil)/
12:51:54 T:1839317520 DEBUG: -- special://home/addons/service.xbmc.versioncheck/resources/language/Romanian/
12:51:54 T:1839317520 DEBUG: -- special://home/addons/service.xbmc.versioncheck/resources/language/Welsh/
12:51:54 T:1839317520 DEBUG: -- special://home/addons/service.xbmc.versioncheck/resources/language/Hindi (Devanagiri)/
12:51:54 T:1839317520 DEBUG: -- special://home/addons/service.xbmc.versioncheck/resources/language/Swedish/
12:51:54 T:1839317520 DEBUG: -- special://home/addons/service.xbmc.versioncheck/resources/language/Catalan/
12:51:54 T:1839317520 DEBUG: -- special://home/addons/service.xbmc.versioncheck/resources/language/Armenian/
12:51:54 T:1839317520 DEBUG: -- special://home/addons/service.xbmc.versioncheck/resources/language/French (Canada)/
12:51:54 T:1839317520 DEBUG: -- special://home/addons/service.xbmc.versioncheck/resources/language/Chinese (Traditional)/
12:51:54 T:1839317520 DEBUG: -- special://home/addons/service.xbmc.versioncheck/resources/language/Arabic/
12:51:54 T:1839317520 DEBUG: -- special://home/addons/service.xbmc.versioncheck/resources/language/Polish/
12:51:54 T:1839317520 DEBUG: -- special://home/addons/service.xbmc.versioncheck/resources/language/Norwegian/
12:51:54 T:1839317520 DEBUG: -- special://home/addons/service.xbmc.versioncheck/resources/language/Maltese/
12:51:54 T:1839317520 DEBUG: -- special://home/addons/service.xbmc.versioncheck/resources/language/Bulgarian/
12:51:54 T:1839317520 DEBUG: -- special://home/addons/service.xbmc.versioncheck/resources/language/Finnish/
12:51:54 T:1839317520 DEBUG: -- special://home/addons/service.xbmc.versioncheck/resources/language/French/
12:51:54 T:1839317520 DEBUG: -- special://home/addons/service.xbmc.versioncheck/resources/language/Indonesian/
12:51:54 T:1839317520 DEBUG: -- special://home/addons/service.xbmc.versioncheck/resources/language/Georgian/
12:51:54 T:1839317520 DEBUG: -- special://home/addons/service.xbmc.versioncheck/resources/language/Burmese/
12:51:54 T:1839317520 DEBUG: -- special://home/addons/service.xbmc.versioncheck/resources/language/Belarusian/
12:51:54 T:1839317520 DEBUG: -- special://home/addons/service.xbmc.versioncheck/resources/language/English (New Zealand)/
12:51:54 T:1839317520 DEBUG: -- special://home/addons/service.xbmc.versioncheck/resources/language/Persian/
12:51:54 T:1839317520 DEBUG: -- special://home/addons/service.xbmc.versioncheck/resources/language/English/
12:51:54 T:1839317520 DEBUG: -- special://home/addons/service.xbmc.versioncheck/resources/language/English (US)/
12:51:54 T:1839317520 DEBUG: -- special://home/addons/service.xbmc.versioncheck/resources/language/Danish/
12:51:54 T:1839317520 DEBUG: -- special://home/addons/service.xbmc.versioncheck/resources/language/Japanese/
12:51:54 T:1839317520 DEBUG: -- special://home/addons/service.xbmc.versioncheck/resources/language/Amharic/
12:51:54 T:1839317520 DEBUG: -- special://home/addons/service.xbmc.versioncheck/resources/language/Basque/
12:51:54 T:1839317520 DEBUG: -- special://home/addons/service.xbmc.versioncheck/resources/language/Portuguese/
12:51:54 T:1839317520 DEBUG: -- special://home/addons/service.xbmc.versioncheck/resources/language/Czech/
12:51:54 T:1839317520 DEBUG: -- special://home/addons/service.xbmc.versioncheck/resources/language/Spanish (Argentina)/
12:51:54 T:1839317520 DEBUG: -- special://home/addons/service.xbmc.versioncheck/resources/language/Dutch/
12:51:54 T:1839317520 DEBUG: -- special://home/addons/service.xbmc.versioncheck/resources/language/Afrikaans/
12:51:54 T:1839317520 DEBUG: -- special://home/addons/service.xbmc.versioncheck/resources/language/Vietnamese/
12:51:54 T:1839317520 DEBUG: -- special://home/addons/service.xbmc.versioncheck/resources/language/Macedonian/
12:51:54 T:1839317520 DEBUG: -- special://home/addons/service.xbmc.versioncheck/resources/language/Mongolian (Mongolia)/
12:51:54 T:1839317520 DEBUG: -- special://home/addons/service.xbmc.versioncheck/resources/language/Asturian/
12:51:54 T:1839317520 DEBUG: -- special://home/addons/service.xbmc.versioncheck/resources/language/Hebrew/
12:51:54 T:1839317520 DEBUG: -- special://home/addons/service.xbmc.versioncheck/resources/language/Slovak/
12:51:54 T:1839317520 DEBUG: -- special://home/addons/service.xbmc.versioncheck/resources/language/Tamil (India)/
