13:10:40 T:1910824496 DEBUG: CDVDPlayerVideo::CalcDropRequirement - hurry: 1
13:10:40 T:1908668840 DEBUG: Previous line repeats 2 times.
13:10:40 T:1908668840 NOTICE: Thread FileCache start, auto delete: false
13:10:40 T:1908668840 INFO: CFileCache::Process - Hit eof.
13:10:40 T:1910824496 DEBUG: CDVDPlayerVideo::CalcDropRequirement - hurry: 1
13:10:41 T:1908668840 DEBUG: Previous line repeats 1 times.
13:10:41 T:1908668840 DEBUG: Thread FileCache 1908668840 terminating
13:10:41 T:1910824496 DEBUG: CDVDPlayerVideo::CalcDropRequirement - hurry: 1
13:10:44 T:1848293056 DEBUG: Previous line repeats 95 times.
13:10:44 T:1848293056 DEBUG: CFileCache::Open - opening using cache
13:10:44 T:1910824496 DEBUG: CDVDPlayerVideo::CalcDropRequirement - hurry: 1
13:10:44 T:1848293056 DEBUG: CurlFile::Open(0x7363fb10) http://192.168.0.135:8866/service?method=recording.recurring.list&sid=63c7f3d85ddd40f3a7072d0c8f5be74a
13:10:44 T:1910883208 NOTICE: Thread FileCache start, auto delete: false
13:10:44 T:1910824496 DEBUG: CDVDPlayerVideo::CalcDropRequirement - hurry: 1
13:10:44 T:1910883208 INFO: CFileCache::Process - Hit eof.
13:10:44 T:1910883208 DEBUG: Thread FileCache 1910883208 terminating
13:10:44 T:1848293056 DEBUG: CFileCache::Open - opening using cache
13:10:44 T:1848293056 DEBUG: CurlFile::Open(0x71ed1f08) http://192.168.0.135:8866/service?method=recording.list&filter=pending&sid=63c7f3d85ddd40f3a7072d0c8f5be74a
13:10:44 T:1910824496 DEBUG: CDVDPlayerVideo::CalcDropRequirement - hurry: 1
13:10:44 T:1878759272 DEBUG: Previous line repeats 2 times.
13:10:44 T:1878759272 NOTICE: Thread FileCache start, auto delete: false
13:10:44 T:1910824496 DEBUG: CDVDPlayerVideo::CalcDropRequirement - hurry: 1
13:10:44 T:1878759272 DEBUG: Previous line repeats 1 times.
13:10:44 T:1878759272 INFO: CFileCache::Process - Hit eof.
13:10:44 T:1910824496 DEBUG: CDVDPlayerVideo::CalcDropRequirement - hurry: 1
13:10:44 T:1878759272 DEBUG: Previous line repeats 2 times.
13:10:44 T:1878759272 DEBUG: Thread FileCache 1878759272 terminating
13:10:44 T:1910824496 DEBUG: CDVDPlayerVideo::CalcDropRequirement - hurry: 1
13:10:44 T:1848293056 DEBUG: Previous line repeats 1 times.
13:10:44 T:1848293056 DEBUG: CFileCache::Open - opening using cache
13:10:44 T:1848293056 DEBUG: CurlFile::Open(0x73ec62d0) http://192.168.0.135:8866/service?method=recording.list&filter=ready&sid=63c7f3d85ddd40f3a7072d0c8f5be74a
13:10:44 T:1910824496 DEBUG: CDVDPlayerVideo::CalcDropRequirement - hurry: 1
13:10:44 T:1936011960 DEBUG: Previous line repeats 3 times.
13:10:44 T:1936011960 NOTICE: Thread FileCache start, auto delete: false
13:10:44 T:1910824496 DEBUG: CDVDPlayerVideo::CalcDropRequirement - hurry: 1
13:10:44 T:1936011960 INFO: CFileCache::Process - Hit eof.
13:10:44 T:1910824496 DEBUG: CDVDPlayerVideo::CalcDropRequirement - hurry: 1
13:10:44 T:1936011960 DEBUG: Previous line repeats 1 times.
13:10:44 T:1936011960 DEBUG: Thread FileCache 1936011960 terminating
13:10:44 T:1910824496 DEBUG: CDVDPlayerVideo::CalcDropRequirement - hurry: 1
13:10:47 T:1848293056 DEBUG: Previous line repeats 126 times.
13:10:47 T:1848293056 DEBUG: CFileCache::Open - opening using cache
13:10:47 T:1848293056 DEBUG: CurlFile::Open(0x6fdbb4c0) http://192.168.0.135:8866/service?method=recording.recurring.list&sid=63c7f3d85ddd40f3a7072d0c8f5be74a
13:10:47 T:1910824496 DEBUG: CDVDPlayerVideo::CalcDropRequirement - hurry: 1
13:10:47 T:1901873064 DEBUG: Previous line repeats 2 times.
13:10:47 T:1901873064 NOTICE: Thread FileCache start, auto delete: false
13:10:47 T:1910824496 DEBUG: CDVDPlayerVideo::CalcDropRequirement - hurry: 1
13:10:47 T:1901873064 DEBUG: Previous line repeats 2 times.
13:10:47 T:1901873064 INFO: CFileCache::Process - Hit eof.
13:10:47 T:1910824496 DEBUG: CDVDPlayerVideo::CalcDropRequirement - hurry: 1
13:10:47 T:1901873064 DEBUG: Previous line repeats 2 times.
13:10:47 T:1901873064 DEBUG: Thread FileCache 1901873064 terminating
13:10:47 T:1910824496 DEBUG: CDVDPlayerVideo::CalcDropRequirement - hurry: 1
13:10:47 T:1848293056 DEBUG: Previous line repeats 1 times.
13:10:47 T:1848293056 DEBUG: CFileCache::Open - opening using cache
13:10:47 T:1848293056 DEBUG: CurlFile::Open(0x71cedff8) http://192.168.0.135:8866/service?method=recording.list&filter=pending&sid=63c7f3d85ddd40f3a7072d0c8f5be74a
13:10:47 T:1910824496 DEBUG: CDVDPlayerVideo::CalcDropRequirement - hurry: 1
13:10:47 T:1911750048 DEBUG: Previous line repeats 3 times.
13:10:47 T:1911750048 NOTICE: Thread FileCache start, auto delete: false
13:10:47 T:1910824496 DEBUG: CDVDPlayerVideo::CalcDropRequirement - hurry: 1
13:10:47 T:1911750048 DEBUG: Previous line repeats 2 times.
13:10:47 T:1911750048 INFO: CFileCache::Process - Hit eof.
13:10:47 T:1911750048 DEBUG: Thread FileCache 1911750048 terminating
13:10:47 T:1910824496 DEBUG: CDVDPlayerVideo::CalcDropRequirement - hurry: 1
13:10:48 T:1848293056 DEBUG: Previous line repeats 2 times.
13:10:48 T:1848293056 DEBUG: CFileCache::Open - opening using cache
13:10:48 T:1848293056 DEBUG: CurlFile::Open(0x6fecd490) http://192.168.0.135:8866/service?method=recording.list&filter=ready&sid=63c7f3d85ddd40f3a7072d0c8f5be74a
13:10:48 T:1910824496 DEBUG: CDVDPlayerVideo::CalcDropRequirement - hurry: 1
13:10:48 T:1910869544 DEBUG: Previous line repeats 3 times.
13:10:48 T:1910869544 NOTICE: Thread FileCache start, auto delete: false
13:10:48 T:1910869544 INFO: CFileCache::Process - Hit eof.
13:10:48 T:1910824496 DEBUG: CDVDPlayerVideo::CalcDropRequirement - hurry: 1
13:10:48 T:1910869544 DEBUG: Previous line repeats 1 times.
13:10:48 T:1910869544 DEBUG: Thread FileCache 1910869544 terminating
13:10:48 T:1910824496 DEBUG: CDVDPlayerVideo::CalcDropRequirement - hurry: 1
13:10:48 T:1910824496 DEBUG: Previous line repeats 13 times.
13:10:48 T:1910824496 WARNING: CDVDMessageQueue(video)::Get - asked for new data packet, with nothing available
13:10:48 T:1910824496 DEBUG: CDVDPlayerVideo::CalcDropRequirement - hurry: 1
13:10:51 T:1848293056 DEBUG: Previous line repeats 110 times.
13:10:51 T:1848293056 DEBUG: CFileCache::Open - opening using cache
13:10:51 T:1848293056 DEBUG: CurlFile::Open(0x7363fb10) http://192.168.0.135:8866/service?method=recording.recurring.list&sid=63c7f3d85ddd40f3a7072d0c8f5be74a
13:10:51 T:1910824496 DEBUG: CDVDPlayerVideo::CalcDropRequirement - hurry: 1
13:10:51 T:1877792232 DEBUG: Previous line repeats 1 times.
13:10:51 T:1877792232 NOTICE: Thread FileCache start, auto delete: false
13:10:51 T:1910824496 DEBUG: CDVDPlayerVideo::CalcDropRequirement - hurry: 1
13:10:51 T:1877792232 DEBUG: Previous line repeats 2 times.
13:10:51 T:1877792232 INFO: CFileCache::Process - Hit eof.
13:10:51 T:1910824496 DEBUG: CDVDPlayerVideo::CalcDropRequirement - hurry: 1
13:10:51 T:1877792232 DEBUG: Previous line repeats 1 times.
13:10:51 T:1877792232 DEBUG: Thread FileCache 1877792232 terminating
13:10:51 T:1910824496 DEBUG: CDVDPlayerVideo::CalcDropRequirement - hurry: 1
13:10:51 T:1848293056 DEBUG: CFileCache::Open - opening using cache
13:10:51 T:1848293056 DEBUG: CurlFile::Open(0x71c3f540) http://192.168.0.135:8866/service?method=recording.list&filter=pending&sid=63c7f3d85ddd40f3a7072d0c8f5be74a
13:10:51 T:1910824496 DEBUG: CDVDPlayerVideo::CalcDropRequirement - hurry: 1
13:10:51 T:1943992536 DEBUG: Previous line repeats 5 times.
13:10:51 T:1943992536 NOTICE: Thread FileCache start, auto delete: false
13:10:51 T:1910824496 DEBUG: CDVDPlayerVideo::CalcDropRequirement - hurry: 1
13:10:51 T:1943992536 INFO: CFileCache::Process - Hit eof.
13:10:51 T:1943992536 DEBUG: Thread FileCache 1943992536 terminating
13:10:51 T:1910824496 DEBUG: CDVDPlayerVideo::CalcDropRequirement - hurry: 1
13:10:51 T:1848293056 DEBUG: Previous line repeats 2 times.
13:10:51 T:1848293056 DEBUG: CFileCache::Open - opening using cache
13:10:51 T:1910824496 DEBUG: CDVDPlayerVideo::CalcDropRequirement - hurry: 1
13:10:51 T:1848293056 DEBUG: CurlFile::Open(0x71e5c5f0) http://192.168.0.135:8866/service?method=recording.list&filter=ready&sid=63c7f3d85ddd40f3a7072d0c8f5be74a
13:10:51 T:1910824496 DEBUG: CDVDPlayerVideo::CalcDropRequirement - hurry: 1
13:10:51 T:1910970208 DEBUG: Previous line repeats 2 times.
13:10:51 T:1910970208 NOTICE: Thread FileCache start, auto delete: false
13:10:51 T:1910970208 INFO: CFileCache::Process - Hit eof.
13:10:51 T:1910970208 DEBUG: Thread FileCache 1910970208 terminating
13:10:51 T:1910824496 DEBUG: CDVDPlayerVideo::CalcDropRequirement - hurry: 1
13:10:54 T:1848293056 DEBUG: Previous line repeats 125 times.
13:10:54 T:1848293056 DEBUG: CFileCache::Open - opening using cache
13:10:54 T:1848293056 DEBUG: CurlFile::Open(0x71e5c5f0) http://192.168.0.135:8866/service?method=recording.recurring.list&sid=63c7f3d85ddd40f3a7072d0c8f5be74a
13:10:54 T:1910824496 DEBUG: CDVDPlayerVideo::CalcDropRequirement - hurry: 1
13:10:54 T:1846288192 NOTICE: Thread FileCache start, auto delete: false
13:10:54 T:1910824496 DEBUG: CDVDPlayerVideo::CalcDropRequirement - hurry: 1
13:10:54 T:1846288192 DEBUG: Previous line repeats 1 times.
13:10:54 T:1846288192 INFO: CFileCache::Process - Hit eof.
13:10:54 T:1846288192 DEBUG: Thread FileCache 1846288192 terminating
13:10:54 T:1910824496 DEBUG: CDVDPlayerVideo::CalcDropRequirement - hurry: 1
13:10:54 T:1848293056 DEBUG: CFileCache::Open - opening using cache
13:10:54 T:1848293056 DEBUG: CurlFile::Open(0x71c3f540) http://192.168.0.135:8866/service?method=recording.list&filter=pending&sid=63c7f3d85ddd40f3a7072d0c8f5be74a
13:10:54 T:1910824496 DEBUG: CDVDPlayerVideo::CalcDropRequirement - hurry: 1
13:10:55 T:1878285760 DEBUG: Previous line repeats 9 times.
13:10:55 T:1878285760 NOTICE: Thread FileCache start, auto delete: false
13:10:55 T:1910824496 DEBUG: CDVDPlayerVideo::CalcDropRequirement - hurry: 1
13:10:55 T:1878285760 DEBUG: Previous line repeats 1 times.
13:10:55 T:1878285760 INFO: CFileCache::Process - Hit eof.
13:10:55 T:1878285760 DEBUG: Thread FileCache 1878285760 terminating
13:10:55 T:1910824496 DEBUG: CDVDPlayerVideo::CalcDropRequirement - hurry: 1
13:10:55 T:1848293056 DEBUG: Previous line repeats 3 times.
13:10:55 T:1848293056 DEBUG: CFileCache::Open - opening using cache
13:10:55 T:1848293056 DEBUG: CurlFile::Open(0x71e5c5f0) http://192.168.0.135:8866/service?method=recording.list&filter=ready&sid=63c7f3d85ddd40f3a7072d0c8f5be74a
13:10:55 T:1910824496 DEBUG: CDVDPlayerVideo::CalcDropRequirement - hurry: 1
13:10:55 T:1878759272 DEBUG: Previous line repeats 5 times.
13:10:55 T:1878759272 NOTICE: Thread FileCache start, auto delete: false
13:10:55 T:1910824496 DEBUG: CDVDPlayerVideo::CalcDropRequirement - hurry: 1
13:10:55 T:1878759272 DEBUG: Previous line repeats 1 times.
13:10:55 T:1878759272 INFO: CFileCache::Process - Hit eof.
13:10:55 T:1878759272 DEBUG: Thread FileCache 1878759272 terminating
13:10:55 T:1910824496 DEBUG: CDVDPlayerVideo::CalcDropRequirement - hurry: 1
13:10:55 T:1910824496 DEBUG: Previous line repeats 11 times.
13:10:55 T:1910824496 DEBUG: CDVDPlayerVideo::CalcDropRequirement - hurry: 0
13:10:55 T:1910824496 DEBUG: CDVDPlayerVideo::CalcDropRequirement - hurry: 1
13:10:55 T:1910940992 DEBUG: Previous line repeats 6 times.
13:10:55 T:1910940992 DEBUG: CDVDClock::Discontinuity - CDVDPlayerAudio::HandleSyncError2 - was:11092345165.005358, should be:11092319021.824446, error:-26143.180912
13:10:55 T:1910824496 DEBUG: CDVDPlayerVideo::CalcDropRequirement - hurry: 1
13:10:57 T:1910940992 DEBUG: Previous line repeats 61 times.
13:10:57 T:1910940992 DEBUG: CDVDClock::Discontinuity - CDVDPlayerAudio::HandleSyncError2 - was:11094333527.824446, should be:11094312225.354755, error:-21302.469690
13:10:57 T:1910824496 DEBUG: CDVDPlayerVideo::CalcDropRequirement - hurry: 1
13:10:57 T:1910824496 WARNING: CDVDMessageQueue(video)::Get - asked for new data packet, with nothing available
13:10:57 T:1910824496 DEBUG: CDVDPlayerVideo::CalcDropRequirement - hurry: 1
13:10:58 T:1910824496 DEBUG: CDVDPlayerVideo::CalcDropRequirement - hurry: 0
13:10:58 T:1910824496 DEBUG: Previous line repeats 1 times.
13:10:58 T:1910824496 DEBUG: CDVDPlayerVideo::CalcDropRequirement - hurry: 1
13:10:58 T:1910824496 DEBUG: Previous line repeats 1 times.
13:10:58 T:1910824496 DEBUG: CDVDPlayerVideo::CalcDropRequirement - hurry: 0
13:10:58 T:1910824496 DEBUG: Previous line repeats 1 times.
13:10:58 T:1910824496 DEBUG: CDVDPlayerVideo::CalcDropRequirement - hurry: 1
13:10:58 T:1910824496 DEBUG: Previous line repeats 1 times.
13:10:58 T:1910824496 DEBUG: CDVDPlayerVideo::CalcDropRequirement - hurry: 0
13:10:58 T:1910824496 DEBUG: Previous line repeats 1 times.
13:10:58 T:1910824496 DEBUG: CDVDPlayerVideo::CalcDropRequirement - hurry: 1
13:10:58 T:1910824496 DEBUG: CDVDPlayerVideo::CalcDropRequirement - hurry: 0
13:10:58 T:1910824496 DEBUG: Previous line repeats 1 times.
13:10:58 T:1910824496 DEBUG: CDVDPlayerVideo::CalcDropRequirement - hurry: 1
13:10:58 T:1910824496 DEBUG: CDVDPlayerVideo::CalcDropRequirement - hurry: 0
13:10:58 T:1910824496 DEBUG: CDVDPlayerVideo::CalcDropRequirement - hurry: 1
13:10:58 T:1910824496 DEBUG: CDVDPlayerVideo::CalcDropRequirement - hurry: 0
13:10:58 T:1910824496 DEBUG: CDVDPlayerVideo::CalcDropRequirement - hurry: 1
13:10:58 T:1910824496 DEBUG: CDVDPlayerVideo::CalcDropRequirement - hurry: 0
13:10:58 T:1910824496 DEBUG: CDVDPlayerVideo::CalcDropRequirement - hurry: 1
13:10:58 T:1910824496 DEBUG: CDVDPlayerVideo::CalcDropRequirement - hurry: 0
13:10:58 T:1848293056 DEBUG: CFileCache::Open - opening using cache
13:10:58 T:1848293056 DEBUG: CurlFile::Open(0x71cedff8) http://192.168.0.135:8866/service?method=recording.recurring.list&sid=63c7f3d85ddd40f3a7072d0c8f5be74a
13:10:58 T:1910824496 DEBUG: CDVDPlayerVideo::CalcDropRequirement - hurry: 0
13:10:58 T:1910824496 DEBUG: CDVDPlayerVideo::CalcDropRequirement - dropped in decoder, Sleeptime: 0.030028, Bufferlevel: 0, Gain: 0.068810
13:10:58 T:1910824496 DEBUG: CDVDPlayerVideo::CalcDropRequirement - hurry: 1
13:10:58 T:1910824496 DEBUG: Previous line repeats 3 times.
13:10:58 T:1910824496 DEBUG: CDVDPlayerVideo::CalcDropRequirement - hurry: 0
13:10:58 T:1910824496 DEBUG: CDVDPlayerVideo::CalcDropRequirement - hurry: 1
13:10:58 T:1849575184 DEBUG: Previous line repeats 1 times.
13:10:58 T:1849575184 NOTICE: Thread FileCache start, auto delete: false
13:10:58 T:1910824496 DEBUG: CDVDPlayerVideo::CalcDropRequirement - hurry: 1
13:10:58 T:1910824496 DEBUG: CDVDPlayerVideo::CalcDropRequirement - hurry: 0
13:10:58 T:1910824496 DEBUG: CDVDPlayerVideo::CalcDropRequirement - hurry: 1
13:10:58 T:1910824496 DEBUG: CDVDPlayerVideo::CalcDropRequirement - dropped in decoder, Sleeptime: 0.004783, Bufferlevel: 1, Gain: 0.077278
13:10:58 T:1910824496 WARNING: CDVDMessageQueue(video)::Get - asked for new data packet, with nothing available
13:10:58 T:1910824496 DEBUG: CDVDPlayerVideo::CalcDropRequirement - hurry: 1
13:10:58 T:1910824496 DEBUG: CDVDPlayerVideo::CalcDropRequirement - hurry: 0
13:10:58 T:1849575184 INFO: CFileCache::Process - Hit eof.
13:10:58 T:1910824496 DEBUG: CDVDPlayerVideo::CalcDropRequirement - hurry: 0
13:10:58 T:1910824496 DEBUG: CDVDPlayerVideo::CalcDropRequirement - hurry: 1
13:10:58 T:1849575184 DEBUG: Thread FileCache 1849575184 terminating
13:10:58 T:1910824496 DEBUG: CDVDPlayerVideo::CalcDropRequirement - hurry: 1
13:10:58 T:1848293056 DEBUG: Previous line repeats 3 times.
13:10:58 T:1848293056 DEBUG: CFileCache::Open - opening using cache
13:10:58 T:1848293056 DEBUG: CurlFile::Open(0x73ec62d0) http://192.168.0.135:8866/service?method=recording.list&filter=pending&sid=63c7f3d85ddd40f3a7072d0c8f5be74a
13:10:58 T:1910824496 DEBUG: CDVDPlayerVideo::CalcDropRequirement - hurry: 0
13:10:59 T:1910824496 DEBUG: Previous line repeats 1 times.
13:10:59 T:1910824496 DEBUG: CDVDPlayerVideo::CalcDropRequirement - hurry: 1
13:10:59 T:1910824496 DEBUG: CDVDPlayerVideo::CalcDropRequirement - hurry: 0
13:10:59 T:1910824496 DEBUG: CDVDPlayerVideo::CalcDropRequirement - hurry: 1
13:10:59 T:1936011960 DEBUG: Previous line repeats 5 times.
13:10:59 T:1936011960 NOTICE: Thread FileCache start, auto delete: false
13:10:59 T:1910824496 DEBUG: CDVDPlayerVideo::CalcDropRequirement - hurry: 1
13:10:59 T:1936011960 DEBUG: Previous line repeats 3 times.
13:10:59 T:1936011960 ERROR: CCurlFile::FillBuffer - Failed: Failure when receiving data from the peer(56)
13:10:59 T:1936011960 NOTICE: CCurlFile::FillBuffer - Reconnect, (re)try 1
13:10:59 T:1910824496 DEBUG: CDVDPlayerVideo::CalcDropRequirement - hurry: 1
13:10:59 T:1936011960 DEBUG: Previous line repeats 4 times.
13:10:59 T:1936011960 ERROR: CCurlFile::FillBuffer - Failed: Requested range was not delivered by the server(33)
13:10:59 T:1936011960 INFO: CFileCache::Process - Hit eof.
13:10:59 T:1910824496 DEBUG: CDVDPlayerVideo::CalcDropRequirement - hurry: 1
13:10:59 T:1936011960 DEBUG: Thread FileCache 1936011960 terminating
13:10:59 T:1848293056 DEBUG: CFileCache::Open - opening using cache
13:10:59 T:1848293056 DEBUG: CurlFile::Open(0x673d91e8) http://192.168.0.135:8866/service?method=recording.list&filter=ready&sid=63c7f3d85ddd40f3a7072d0c8f5be74a
13:10:59 T:1910824496 DEBUG: CDVDPlayerVideo::CalcDropRequirement - hurry: 1
13:10:59 T:1908668840 DEBUG: Previous line repeats 6 times.
13:10:59 T:1908668840 NOTICE: Thread FileCache start, auto delete: false
13:10:59 T:1908668840 INFO: CFileCache::Process - Hit eof.
13:10:59 T:1910824496 DEBUG: CDVDPlayerVideo::CalcDropRequirement - hurry: 1
13:10:59 T:1908668840 DEBUG: Thread FileCache 1908668840 terminating
13:10:59 T:1910824496 DEBUG: CDVDPlayerVideo::CalcDropRequirement - hurry: 1
13:11:02 T:1848293056 DEBUG: Previous line repeats 117 times.
13:11:02 T:1848293056 DEBUG: CFileCache::Open - opening using cache
13:11:02 T:1848293056 DEBUG: CurlFile::Open(0x71c59e48) http://192.168.0.135:8866/service?method=recording.recurring.list&sid=63c7f3d85ddd40f3a7072d0c8f5be74a
13:11:02 T:1910824496 DEBUG: CDVDPlayerVideo::CalcDropRequirement - hurry: 1
13:11:02 T:1877792232 DEBUG: Previous line repeats 2 times.
13:11:03 T:1877792232 NOTICE: Thread FileCache start, auto delete: false
13:11:03 T:1877792232 INFO: CFileCache::Process - Hit eof.
13:11:03 T:1877792232 DEBUG: Thread FileCache 1877792232 terminating
13:11:03 T:1910824496 DEBUG: CDVDPlayerVideo::CalcDropRequirement - hurry: 1
13:11:03 T:1848293056 DEBUG: CFileCache::Open - opening using cache
13:11:03 T:1848293056 DEBUG: CurlFile::Open(0x6fecd490) http://192.168.0.135:8866/service?method=recording.list&filter=pending&sid=63c7f3d85ddd40f3a7072d0c8f5be74a
13:11:03 T:1910824496 DEBUG: CDVDPlayerVideo::CalcDropRequirement - hurry: 1
13:11:03 T:1910883208 DEBUG: Previous line repeats 5 times.
13:11:03 T:1910883208 NOTICE: Thread FileCache start, auto delete: false
13:11:03 T:1910824496 DEBUG: CDVDPlayerVideo::CalcDropRequirement - hurry: 1
13:11:03 T:1910883208 DEBUG: Previous line repeats 3 times.
13:11:03 T:1910883208 INFO: CFileCache::Process - Hit eof.
13:11:03 T:1910824496 DEBUG: CDVDPlayerVideo::CalcDropRequirement - hurry: 1
13:11:03 T:1910883208 DEBUG: Previous line repeats 1 times.
13:11:03 T:1910883208 DEBUG: Thread FileCache 1910883208 terminating
13:11:03 T:1910824496 DEBUG: CDVDPlayerVideo::CalcDropRequirement - hurry: 1
13:11:03 T:1848293056 DEBUG: Previous line repeats 2 times.
13:11:03 T:1848293056 DEBUG: CFileCache::Open - opening using cache
13:11:03 T:1848293056 DEBUG: CurlFile::Open(0x673d91e8) http://192.168.0.135:8866/service?method=recording.list&filter=ready&sid=63c7f3d85ddd40f3a7072d0c8f5be74a
13:11:03 T:1910824496 DEBUG: CDVDPlayerVideo::CalcDropRequirement - hurry: 1
13:11:03 T:1910970208 NOTICE: Thread FileCache start, auto delete: false
13:11:03 T:1910970208 INFO: CFileCache::Process - Hit eof.
13:11:03 T:1910824496 DEBUG: CDVDPlayerVideo::CalcDropRequirement - hurry: 1
13:11:03 T:1910970208 DEBUG: Previous line repeats 2 times.
13:11:03 T:1910970208 DEBUG: Thread FileCache 1910970208 terminating
13:11:03 T:1910824496 DEBUG: CDVDPlayerVideo::CalcDropRequirement - hurry: 1
13:11:06 T:1848293056 DEBUG: Previous line repeats 124 times.
13:11:06 T:1848293056 DEBUG: CFileCache::Open - opening using cache
13:11:06 T:1848293056 DEBUG: CurlFile::Open(0x73ec62d0) http://192.168.0.135:8866/service?method=recording.recurring.list&sid=63c7f3d85ddd40f3a7072d0c8f5be74a
13:11:06 T:1910824496 DEBUG: CDVDPlayerVideo::CalcDropRequirement - hurry: 1
13:11:06 T:1901873064 DEBUG: Previous line repeats 1 times.
13:11:06 T:1901873064 NOTICE: Thread FileCache start, auto delete: false
13:11:06 T:1910824496 DEBUG: CDVDPlayerVideo::CalcDropRequirement - hurry: 1
13:11:06 T:1901873064 INFO: CFileCache::Process - Hit eof.
13:11:06 T:1901873064 DEBUG: Thread FileCache 1901873064 terminating
13:11:06 T:1910824496 DEBUG: CDVDPlayerVideo::CalcDropRequirement - hurry: 1
13:11:06 T:1848293056 DEBUG: CFileCache::Open - opening using cache
13:11:06 T:1848293056 DEBUG: CurlFile::Open(0x71e8e4c8) http://192.168.0.135:8866/service?method=recording.list&filter=pending&sid=63c7f3d85ddd40f3a7072d0c8f5be74a
13:11:06 T:1910824496 DEBUG: CDVDPlayerVideo::CalcDropRequirement - hurry: 1
13:11:06 T:1911750048 DEBUG: Previous line repeats 4 times.
13:11:06 T:1911750048 NOTICE: Thread FileCache start, auto delete: false
13:11:06 T:1910824496 DEBUG: CDVDPlayerVideo::CalcDropRequirement - hurry: 1
13:11:06 T:1911750048 DEBUG: Previous line repeats 1 times.
13:11:06 T:1911750048 INFO: CFileCache::Process - Hit eof.
13:11:06 T:1911750048 DEBUG: Thread FileCache 1911750048 terminating
13:11:06 T:1910824496 DEBUG: CDVDPlayerVideo::CalcDropRequirement - hurry: 1
13:11:06 T:1848293056 DEBUG: CFileCache::Open - opening using cache
13:11:06 T:1848293056 DEBUG: CurlFile::Open(0x73e5e4f0) http://192.168.0.135:8866/service?method=recording.list&filter=ready&sid=63c7f3d85ddd40f3a7072d0c8f5be74a
13:11:06 T:1910824496 DEBUG: CDVDPlayerVideo::CalcDropRequirement - hurry: 1
13:11:06 T:1846288192 DEBUG: Previous line repeats 1 times.
13:11:06 T:1846288192 NOTICE: Thread FileCache start, auto delete: false
13:11:06 T:1846288192 INFO: CFileCache::Process - Hit eof.
13:11:06 T:1910824496 DEBUG: CDVDPlayerVideo::CalcDropRequirement - hurry: 1
13:11:06 T:1846288192 DEBUG: Previous line repeats 2 times.
13:11:06 T:1846288192 DEBUG: Thread FileCache 1846288192 terminating
13:11:06 T:1910824496 DEBUG: CDVDPlayerVideo::CalcDropRequirement - hurry: 1
13:11:09 T:1848293056 DEBUG: Previous line repeats 111 times.
13:11:09 T:1848293056 DEBUG: CFileCache::Open - opening using cache
13:11:09 T:1910824496 DEBUG: CDVDPlayerVideo::CalcDropRequirement - hurry: 1
13:11:09 T:1848293056 DEBUG: CurlFile::Open(0x71cedff8) http://192.168.0.135:8866/service?method=recording.recurring.list&sid=63c7f3d85ddd40f3a7072d0c8f5be74a
13:11:09 T:1910824496 DEBUG: CDVDPlayerVideo::CalcDropRequirement - hurry: 1
13:11:10 T:1849575184 DEBUG: Previous line repeats 2 times.
13:11:10 T:1849575184 NOTICE: Thread FileCache start, auto delete: false
13:11:10 T:1910824496 DEBUG: CDVDPlayerVideo::CalcDropRequirement - hurry: 1
13:11:10 T:1849575184 INFO: CFileCache::Process - Hit eof.
13:11:10 T:1849575184 DEBUG: Thread FileCache 1849575184 terminating
13:11:10 T:1910824496 DEBUG: CDVDPlayerVideo::CalcDropRequirement - hurry: 1
13:11:10 T:1848293056 DEBUG: CFileCache::Open - opening using cache
13:11:10 T:1848293056 DEBUG: CurlFile::Open(0x673d91e8) http://192.168.0.135:8866/service?method=recording.list&filter=pending&sid=63c7f3d85ddd40f3a7072d0c8f5be74a
13:11:10 T:1910824496 DEBUG: CDVDPlayerVideo::CalcDropRequirement - hurry: 1
13:11:10 T:1943992536 DEBUG: Previous line repeats 6 times.
13:11:10 T:1943992536 NOTICE: Thread FileCache start, auto delete: false
13:11:10 T:1910824496 DEBUG: CDVDPlayerVideo::CalcDropRequirement - hurry: 1
13:11:10 T:1943992536 DEBUG: Previous line repeats 2 times.
13:11:10 T:1943992536 INFO: CFileCache::Process - Hit eof.
13:11:10 T:1910824496 DEBUG: CDVDPlayerVideo::CalcDropRequirement - hurry: 1
13:11:10 T:1943992536 DEBUG: Previous line repeats 1 times.
13:11:10 T:1943992536 DEBUG: Thread FileCache 1943992536 terminating
13:11:10 T:1910824496 DEBUG: CDVDPlayerVideo::CalcDropRequirement - hurry: 1
13:11:10 T:1848293056 DEBUG: Previous line repeats 1 times.
13:11:10 T:1848293056 DEBUG: CFileCache::Open - opening using cache
13:11:10 T:1848293056 DEBUG: CurlFile::Open(0x6fedee40) http://192.168.0.135:8866/service?method=recording.list&filter=ready&sid=63c7f3d85ddd40f3a7072d0c8f5be74a
13:11:10 T:1910824496 DEBUG: CDVDPlayerVideo::CalcDropRequirement - hurry: 1
13:11:10 T:1908668840 DEBUG: Previous line repeats 2 times.
13:11:10 T:1908668840 NOTICE: Thread FileCache start, auto delete: false
13:11:10 T:1908668840 INFO: CFileCache::Process - Hit eof.
13:11:10 T:1910824496 DEBUG: CDVDPlayerVideo::CalcDropRequirement - hurry: 1
13:11:10 T:1908668840 DEBUG: Thread FileCache 1908668840 terminating
13:11:10 T:1910824496 DEBUG: CDVDPlayerVideo::CalcDropRequirement - hurry: 1
13:11:13 T:1848293056 DEBUG: Previous line repeats 124 times.
13:11:13 T:1848293056 DEBUG: CFileCache::Open - opening using cache
13:11:13 T:1848293056 DEBUG: CurlFile::Open(0x71cedff8) http://192.168.0.135:8866/service?method=recording.recurring.list&sid=63c7f3d85ddd40f3a7072d0c8f5be74a
13:11:13 T:1910824496 DEBUG: CDVDPlayerVideo::CalcDropRequirement - hurry: 1
13:11:13 T:1877792232 NOTICE: Thread FileCache start, auto delete: false
13:11:13 T:1910824496 DEBUG: CDVDPlayerVideo::CalcDropRequirement - hurry: 1
13:11:13 T:1877792232 INFO: CFileCache::Process - Hit eof.
13:11:13 T:1877792232 DEBUG: Thread FileCache 1877792232 terminating
13:11:13 T:1910824496 DEBUG: CDVDPlayerVideo::CalcDropRequirement - hurry: 1
13:11:13 T:1848293056 DEBUG: CFileCache::Open - opening using cache
13:11:13 T:1848293056 DEBUG: CurlFile::Open(0x73e5e4f0) http://192.168.0.135:8866/service?method=recording.list&filter=pending&sid=63c7f3d85ddd40f3a7072d0c8f5be74a
13:11:13 T:1910824496 DEBUG: CDVDPlayerVideo::CalcDropRequirement - hurry: 1
13:11:13 T:1910869544 DEBUG: Previous line repeats 5 times.
13:11:13 T:1910869544 NOTICE: Thread FileCache start, auto delete: false
13:11:13 T:1910824496 DEBUG: CDVDPlayerVideo::CalcDropRequirement - hurry: 1
13:11:13 T:1910869544 DEBUG: Previous line repeats 1 times.
13:11:13 T:1910869544 INFO: CFileCache::Process - Hit eof.
13:11:13 T:1910824496 DEBUG: CDVDPlayerVideo::CalcDropRequirement - hurry: 1
13:11:13 T:1910869544 DEBUG: Previous line repeats 2 times.
13:11:13 T:1910869544 DEBUG: Thread FileCache 1910869544 terminating
13:11:13 T:1910824496 DEBUG: CDVDPlayerVideo::CalcDropRequirement - hurry: 1
13:11:13 T:1848293056 DEBUG: CFileCache::Open - opening using cache
13:11:13 T:1848293056 DEBUG: CurlFile::Open(0x73ec62d0) http://192.168.0.135:8866/service?method=recording.list&filter=ready&sid=63c7f3d85ddd40f3a7072d0c8f5be74a
13:11:13 T:1910824496 DEBUG: CDVDPlayerVideo::CalcDropRequirement - hurry: 1
13:11:14 T:1910883208 DEBUG: Previous line repeats 4 times.
13:11:14 T:1910883208 NOTICE: Thread FileCache start, auto delete: false
13:11:14 T:1910824496 DEBUG: CDVDPlayerVideo::CalcDropRequirement - hurry: 1
13:11:14 T:1910883208 INFO: CFileCache::Process - Hit eof.
13:11:14 T:1910824496 DEBUG: CDVDPlayerVideo::CalcDropRequirement - hurry: 1
13:11:14 T:1910883208 DEBUG: Previous line repeats 2 times.
13:11:14 T:1910883208 DEBUG: Thread FileCache 1910883208 terminating
13:11:14 T:1910824496 DEBUG: CDVDPlayerVideo::CalcDropRequirement - hurry: 1
13:11:17 T:1848293056 DEBUG: Previous line repeats 125 times.
13:11:17 T:1848293056 DEBUG: CFileCache::Open - opening using cache
13:11:17 T:1848293056 DEBUG: CurlFile::Open(0x6fecd490) http://192.168.0.135:8866/service?method=recording.recurring.list&sid=63c7f3d85ddd40f3a7072d0c8f5be74a
13:11:17 T:1910824496 DEBUG: CDVDPlayerVideo::CalcDropRequirement - hurry: 1
13:11:17 T:1901873064 NOTICE: Thread FileCache start, auto delete: false
13:11:17 T:1901873064 INFO: CFileCache::Process - Hit eof.
13:11:17 T:1901873064 DEBUG: Thread FileCache 1901873064 terminating
13:11:17 T:1910824496 DEBUG: CDVDPlayerVideo::CalcDropRequirement - hurry: 1
13:11:17 T:1848293056 DEBUG: Previous line repeats 1 times.
13:11:17 T:1848293056 DEBUG: CFileCache::Open - opening using cache
13:11:17 T:1848293056 DEBUG: CurlFile::Open(0x71053ce8) http://192.168.0.135:8866/service?method=recording.list&filter=pending&sid=63c7f3d85ddd40f3a7072d0c8f5be74a
13:11:17 T:1910824496 DEBUG: CDVDPlayerVideo::CalcDropRequirement - hurry: 1
13:11:17 T:1911750048 DEBUG: Previous line repeats 3 times.
13:11:17 T:1911750048 NOTICE: Thread FileCache start, auto delete: false
13:11:17 T:1910824496 DEBUG: CDVDPlayerVideo::CalcDropRequirement - hurry: 1
13:11:17 T:1911750048 INFO: CFileCache::Process - Hit eof.
13:11:17 T:1910824496 DEBUG: CDVDPlayerVideo::CalcDropRequirement - hurry: 1
13:11:17 T:1911750048 DEBUG: Previous line repeats 1 times.
13:11:17 T:1911750048 DEBUG: Thread FileCache 1911750048 terminating
13:11:17 T:1910824496 DEBUG: CDVDPlayerVideo::CalcDropRequirement - hurry: 1
13:11:17 T:1848293056 DEBUG: Previous line repeats 4 times.
13:11:17 T:1848293056 DEBUG: CFileCache::Open - opening using cache
13:11:17 T:1848293056 DEBUG: CurlFile::Open(0x673d91e8) http://192.168.0.135:8866/service?method=recording.list&filter=ready&sid=63c7f3d85ddd40f3a7072d0c8f5be74a
13:11:17 T:1910824496 DEBUG: CDVDPlayerVideo::CalcDropRequirement - hurry: 1
13:11:17 T:1877792232 DEBUG: Previous line repeats 5 times.
13:11:17 T:1877792232 NOTICE: Thread FileCache start, auto delete: false
13:11:17 T:1877792232 INFO: CFileCache::Process - Hit eof.
13:11:17 T:1910824496 DEBUG: CDVDPlayerVideo::CalcDropRequirement - hurry: 1
13:11:17 T:1877792232 DEBUG: Thread FileCache 1877792232 terminating
13:11:17 T:1910824496 DEBUG: CDVDPlayerVideo::CalcDropRequirement - hurry: 1
13:11:18 T:1910824496 DEBUG: Previous line repeats 41 times.
13:11:18 T:1910824496 WARNING: CDVDMessageQueue(video)::Get - asked for new data packet, with nothing available
13:11:18 T:1910824496 DEBUG: CDVDPlayerVideo::CalcDropRequirement - hurry: 0
13:11:18 T:1910824496 DEBUG: CDVDPlayerVideo::CalcDropRequirement - hurry: 1
13:11:20 T:1910940992 DEBUG: Previous line repeats 59 times.
13:11:20 T:1910940992 DEBUG: CDVDClock::Discontinuity - CDVDPlayerAudio::HandleSyncError2 - was:11116744164.354755, should be:11116711767.854153, error:-32396.500603
13:11:20 T:1910824496 DEBUG: CDVDPlayerVideo::CalcDropRequirement - hurry: 1
13:11:20 T:1848293056 DEBUG: Previous line repeats 25 times.
13:11:20 T:1848293056 DEBUG: CFileCache::Open - opening using cache
13:11:20 T:1848293056 DEBUG: CurlFile::Open(0x673d91e8) http://192.168.0.135:8866/service?method=recording.lastupdated&sid=63c7f3d85ddd40f3a7072d0c8f5be74a
13:11:20 T:1910824496 DEBUG: CDVDPlayerVideo::CalcDropRequirement - hurry: 1
13:11:21 T:1878285760 DEBUG: Previous line repeats 2 times.
13:11:21 T:1878285760 NOTICE: Thread FileCache start, auto delete: false
13:11:21 T:1878285760 INFO: CFileCache::Process - Hit eof.
13:11:21 T:1910824496 DEBUG: CDVDPlayerVideo::CalcDropRequirement - hurry: 1
13:11:21 T:1878285760 DEBUG: Thread FileCache 1878285760 terminating
13:11:21 T:1848293056 DEBUG: CFileCache::Open - opening using cache
13:11:21 T:1848293056 DEBUG: CurlFile::Open(0x716edfe8) http://192.168.0.135:8866/service?method=recording.recurring.list&sid=63c7f3d85ddd40f3a7072d0c8f5be74a
13:11:21 T:1910824496 DEBUG: CDVDPlayerVideo::CalcDropRequirement - hurry: 1
13:11:21 T:1911750048 NOTICE: Thread FileCache start, auto delete: false
13:11:21 T:1910824496 DEBUG: CDVDPlayerVideo::CalcDropRequirement - hurry: 1
13:11:21 T:1911750048 DEBUG: Previous line repeats 1 times.
13:11:21 T:1911750048 INFO: CFileCache::Process - Hit eof.
13:11:21 T:1910824496 DEBUG: CDVDPlayerVideo::CalcDropRequirement - hurry: 1
13:11:21 T:1911750048 DEBUG: Previous line repeats 1 times.
13:11:21 T:1911750048 DEBUG: Thread FileCache 1911750048 terminating
13:11:21 T:1910824496 DEBUG: CDVDPlayerVideo::CalcDropRequirement - hurry: 1
13:11:21 T:1848293056 DEBUG: CFileCache::Open - opening using cache
13:11:21 T:1848293056 DEBUG: CurlFile::Open(0x71e8e4c8) http://192.168.0.135:8866/service?method=recording.list&filter=pending&sid=63c7f3d85ddd40f3a7072d0c8f5be74a
13:11:21 T:1910824496 DEBUG: CDVDPlayerVideo::CalcDropRequirement - hurry: 1
13:11:21 T:1849575184 DEBUG: Previous line repeats 7 times.
13:11:21 T:1849575184 NOTICE: Thread FileCache start, auto delete: false
13:11:21 T:1910824496 DEBUG: CDVDPlayerVideo::CalcDropRequirement - hurry: 1
13:11:21 T:1849575184 INFO: CFileCache::Process - Hit eof.
13:11:21 T:1910824496 DEBUG: CDVDPlayerVideo::CalcDropRequirement - hurry: 1
13:11:21 T:1849575184 DEBUG: Thread FileCache 1849575184 terminating
13:11:21 T:1848293056 DEBUG: CFileCache::Open - opening using cache
13:11:21 T:1848293056 DEBUG: CurlFile::Open(0x71e5c5f0) http://192.168.0.135:8866/service?method=recording.list&filter=ready&sid=63c7f3d85ddd40f3a7072d0c8f5be74a
13:11:21 T:1910824496 DEBUG: CDVDPlayerVideo::CalcDropRequirement - hurry: 1
13:11:21 T:1943992536 DEBUG: Previous line repeats 2 times.
13:11:21 T:1943992536 NOTICE: Thread FileCache start, auto delete: false
13:11:21 T:1943992536 INFO: CFileCache::Process - Hit eof.
13:11:21 T:1910824496 DEBUG: CDVDPlayerVideo::CalcDropRequirement - hurry: 1
13:11:21 T:1943992536 DEBUG: Previous line repeats 1 times.
13:11:21 T:1943992536 DEBUG: Thread FileCache 1943992536 terminating
13:11:21 T:1910824496 DEBUG: CDVDPlayerVideo::CalcDropRequirement - hurry: 1
13:11:22 T:1910940992 DEBUG: Previous line repeats 33 times.
13:11:22 T:1910940992 DEBUG: CDVDClock::Discontinuity - CDVDPlayerAudio::HandleSyncError2 - was:11118744546.854153, should be:11118733196.288948, error:-11350.565205
13:11:22 T:1910824496 DEBUG: CDVDPlayerVideo::CalcDropRequirement - hurry: 1
13:11:22 T:1848293056 DEBUG: Previous line repeats 7 times.
13:11:22 T:1848293056 DEBUG: CFileCache::Open - opening using cache
13:11:22 T:1848293056 DEBUG: CurlFile::Open(0x71ed1f08) http://192.168.0.135:8866/service?method=recording.recurring.list&sid=63c7f3d85ddd40f3a7072d0c8f5be74a
13:11:22 T:1901873064 NOTICE: Thread FileCache start, auto delete: false
13:11:22 T:1910824496 DEBUG: CDVDPlayerVideo::CalcDropRequirement - hurry: 1
13:11:22 T:1901873064 INFO: CFileCache::Process - Hit eof.
13:11:22 T:1901873064 DEBUG: Thread FileCache 1901873064 terminating
13:11:22 T:1910824496 DEBUG: CDVDPlayerVideo::CalcDropRequirement - hurry: 1
13:11:22 T:1848293056 DEBUG: CFileCache::Open - opening using cache
13:11:22 T:1848293056 DEBUG: CurlFile::Open(0x7363fb10) http://192.168.0.135:8866/service?method=recording.list&filter=pending&sid=63c7f3d85ddd40f3a7072d0c8f5be74a
13:11:22 T:1910824496 DEBUG: CDVDPlayerVideo::CalcDropRequirement - hurry: 1
13:11:22 T:1910869544 DEBUG: Previous line repeats 4 times.
13:11:22 T:1910869544 NOTICE: Thread FileCache start, auto delete: false
13:11:22 T:1910824496 DEBUG: CDVDPlayerVideo::CalcDropRequirement - hurry: 1
13:11:22 T:1910869544 INFO: CFileCache::Process - Hit eof.
13:11:22 T:1910824496 DEBUG: CDVDPlayerVideo::CalcDropRequirement - hurry: 1
13:11:22 T:1910869544 DEBUG: Previous line repeats 1 times.
13:11:22 T:1910869544 DEBUG: Thread FileCache 1910869544 terminating
13:11:22 T:1910824496 DEBUG: CDVDPlayerVideo::CalcDropRequirement - hurry: 1
13:11:22 T:1848293056 DEBUG: Previous line repeats 1 times.
13:11:22 T:1848293056 DEBUG: CFileCache::Open - opening using cache
13:11:22 T:1910824496 DEBUG: CDVDPlayerVideo::CalcDropRequirement - hurry: 1
13:11:22 T:1848293056 DEBUG: CurlFile::Open(0x71053ce8) http://192.168.0.135:8866/service?method=recording.list&filter=ready&sid=63c7f3d85ddd40f3a7072d0c8f5be74a
13:11:22 T:1910824496 DEBUG: CDVDPlayerVideo::CalcDropRequirement - hurry: 1
13:11:22 T:1846288192 DEBUG: Previous line repeats 1 times.
13:11:22 T:1846288192 NOTICE: Thread FileCache start, auto delete: false
13:11:22 T:1846288192 INFO: CFileCache::Process - Hit eof.
13:11:22 T:1910824496 DEBUG: CDVDPlayerVideo::CalcDropRequirement - hurry: 1
13:11:22 T:1846288192 DEBUG: Previous line repeats 2 times.
13:11:22 T:1846288192 DEBUG: Thread FileCache 1846288192 terminating
13:11:22 T:1910824496 DEBUG: CDVDPlayerVideo::CalcDropRequirement - hurry: 1
13:11:22 T:1910824496 WARNING: CDVDMessageQueue(video)::Get - asked for new data packet, with nothing available
13:11:23 T:1910824496 DEBUG: CDVDPlayerVideo::CalcDropRequirement - hurry: 0
13:11:23 T:1910824496 DEBUG: Previous line repeats 1 times.
13:11:23 T:1910824496 DEBUG: CDVDPlayerVideo::CalcDropRequirement - hurry: 1
13:11:26 T:1848293056 DEBUG: Previous line repeats 92 times.
13:11:26 T:1848293056 DEBUG: CFileCache::Open - opening using cache
13:11:26 T:1848293056 DEBUG: CurlFile::Open(0x71e5c5f0) http://192.168.0.135:8866/service?method=recording.recurring.list&sid=63c7f3d85ddd40f3a7072d0c8f5be74a
13:11:26 T:1910824496 DEBUG: CDVDPlayerVideo::CalcDropRequirement - hurry: 1
13:11:26 T:1910970208 DEBUG: Previous line repeats 1 times.
13:11:26 T:1910970208 NOTICE: Thread FileCache start, auto delete: false
13:11:26 T:1910824496 DEBUG: CDVDPlayerVideo::CalcDropRequirement - hurry: 1
13:11:26 T:1910970208 INFO: CFileCache::Process - Hit eof.
13:11:26 T:1910970208 DEBUG: Thread FileCache 1910970208 terminating
13:11:26 T:1910824496 DEBUG: CDVDPlayerVideo::CalcDropRequirement - hurry: 1
13:11:26 T:1848293056 DEBUG: CFileCache::Open - opening using cache
13:11:26 T:1848293056 DEBUG: CurlFile::Open(0x716edfe8) http://192.168.0.135:8866/service?method=recording.list&filter=pending&sid=63c7f3d85ddd40f3a7072d0c8f5be74a
13:11:26 T:1910824496 DEBUG: CDVDPlayerVideo::CalcDropRequirement - hurry: 1
13:11:26 T:1877792232 DEBUG: Previous line repeats 3 times.
13:11:26 T:1877792232 NOTICE: Thread FileCache start, auto delete: false
13:11:26 T:1910824496 DEBUG: CDVDPlayerVideo::CalcDropRequirement - hurry: 1
13:11:26 T:1877792232 DEBUG: Previous line repeats 1 times.
13:11:26 T:1877792232 INFO: CFileCache::Process - Hit eof.
13:11:26 T:1877792232 DEBUG: Thread FileCache 1877792232 terminating
13:11:26 T:1910824496 DEBUG: CDVDPlayerVideo::CalcDropRequirement - hurry: 1
13:11:26 T:1848293056 DEBUG: Previous line repeats 1 times.
13:11:26 T:1848293056 DEBUG: CFileCache::Open - opening using cache
13:11:26 T:1848293056 DEBUG: CurlFile::Open(0x71cedff8) http://192.168.0.135:8866/service?method=recording.list&filter=ready&sid=63c7f3d85ddd40f3a7072d0c8f5be74a
13:11:26 T:1910824496 DEBUG: CDVDPlayerVideo::CalcDropRequirement - hurry: 1
13:11:26 T:1936011960 DEBUG: Previous line repeats 2 times.
13:11:26 T:1936011960 NOTICE: Thread FileCache start, auto delete: false
13:11:26 T:1936011960 INFO: CFileCache::Process - Hit eof.
13:11:26 T:1910824496 DEBUG: CDVDPlayerVideo::CalcDropRequirement - hurry: 1
13:11:26 T:1936011960 DEBUG: Previous line repeats 1 times.
13:11:26 T:1936011960 DEBUG: Thread FileCache 1936011960 terminating
13:11:26 T:1910824496 DEBUG: CDVDPlayerVideo::CalcDropRequirement - hurry: 1
13:11:27 T:1910824496 DEBUG: Previous line repeats 24 times.
13:11:27 T:1910824496 DEBUG: CDVDPlayerVideo::CalcDropRequirement - hurry: 0
13:11:27 T:1910824496 DEBUG: CDVDPlayerVideo::CalcDropRequirement - hurry: 1
13:11:29 T:1848293056 DEBUG: Previous line repeats 66 times.
13:11:29 T:1848293056 DEBUG: CFileCache::Open - opening using cache
13:11:29 T:1848293056 DEBUG: CurlFile::Open(0x71ed1f08) http://192.168.0.135:8866/service?method=recording.recurring.list&sid=63c7f3d85ddd40f3a7072d0c8f5be74a
13:11:29 T:1910824496 DEBUG: CDVDPlayerVideo::CalcDropRequirement - hurry: 1
13:11:29 T:1878285760 DEBUG: Previous line repeats 1 times.
13:11:29 T:1878285760 NOTICE: Thread FileCache start, auto delete: false
13:11:29 T:1910824496 DEBUG: CDVDPlayerVideo::CalcDropRequirement - hurry: 1
13:11:29 T:1878285760 DEBUG: Previous line repeats 3 times.
13:11:29 T:1878285760 INFO: CFileCache::Process - Hit eof.
13:11:29 T:1878285760 DEBUG: Thread FileCache 1878285760 terminating
13:11:29 T:1910824496 DEBUG: CDVDPlayerVideo::CalcDropRequirement - hurry: 1
13:11:30 T:1848293056 DEBUG: Previous line repeats 4 times.
13:11:30 T:1848293056 DEBUG: CFileCache::Open - opening using cache
13:11:30 T:1848293056 DEBUG: CurlFile::Open(0x71cedff8) http://192.168.0.135:8866/service?method=recording.list&filter=pending&sid=63c7f3d85ddd40f3a7072d0c8f5be74a
13:11:30 T:1910824496 DEBUG: CDVDPlayerVideo::CalcDropRequirement - hurry: 1
13:11:30 T:1878759272 DEBUG: Previous line repeats 3 times.
13:11:30 T:1878759272 NOTICE: Thread FileCache start, auto delete: false
13:11:30 T:1910824496 DEBUG: CDVDPlayerVideo::CalcDropRequirement - hurry: 1
13:11:30 T:1878759272 DEBUG: Previous line repeats 5 times.
13:11:30 T:1878759272 INFO: CFileCache::Process - Hit eof.
13:11:30 T:1878759272 DEBUG: Thread FileCache 1878759272 terminating
13:11:30 T:1910824496 DEBUG: CDVDPlayerVideo::CalcDropRequirement - hurry: 1
13:11:30 T:1848293056 DEBUG: CFileCache::Open - opening using cache
13:11:30 T:1848293056 DEBUG: CurlFile::Open(0x71053ce8) http://192.168.0.135:8866/service?method=recording.list&filter=ready&sid=63c7f3d85ddd40f3a7072d0c8f5be74a
13:11:30 T:1910824496 DEBUG: CDVDPlayerVideo::CalcDropRequirement - hurry: 1
13:11:30 T:1901873064 DEBUG: Previous line repeats 3 times.
13:11:30 T:1901873064 NOTICE: Thread FileCache start, auto delete: false
13:11:30 T:1901873064 INFO: CFileCache::Process - Hit eof.
13:11:30 T:1910824496 DEBUG: CDVDPlayerVideo::CalcDropRequirement - hurry: 1
13:11:30 T:1901873064 DEBUG: Previous line repeats 2 times.
13:11:30 T:1901873064 DEBUG: Thread FileCache 1901873064 terminating
13:11:30 T:1910824496 DEBUG: CDVDPlayerVideo::CalcDropRequirement - hurry: 1
13:11:32 T:1910824496 DEBUG: Previous line repeats 67 times.
13:11:32 T:1910824496 DEBUG: CDVDPlayerVideo::CalcDropRequirement - hurry: 0
13:11:32 T:1910824496 DEBUG: CDVDPlayerVideo::CalcDropRequirement - hurry: 1
13:11:32 T:1910824496 DEBUG: Previous line repeats 9 times.
13:11:32 T:1910824496 DEBUG: CDVDPlayerVideo::CalcDropRequirement - hurry: 0
13:11:32 T:1910824496 DEBUG: CDVDPlayerVideo::CalcDropRequirement - hurry: 1
13:11:33 T:1848293056 DEBUG: Previous line repeats 48 times.
13:11:33 T:1848293056 DEBUG: CFileCache::Open - opening using cache
13:11:33 T:1848293056 DEBUG: CurlFile::Open(0x73ec62d0) http://192.168.0.135:8866/service?method=recording.recurring.list&sid=63c7f3d85ddd40f3a7072d0c8f5be74a
13:11:33 T:1910824496 DEBUG: CDVDPlayerVideo::CalcDropRequirement - hurry: 1
13:11:33 T:1910869544 DEBUG: Previous line repeats 1 times.
13:11:33 T:1910869544 NOTICE: Thread FileCache start, auto delete: false
13:11:33 T:1910869544 INFO: CFileCache::Process - Hit eof.
13:11:33 T:1910824496 DEBUG: CDVDPlayerVideo::CalcDropRequirement - hurry: 1
13:11:33 T:1910869544 DEBUG: Previous line repeats 2 times.
13:11:33 T:1910869544 DEBUG: Thread FileCache 1910869544 terminating
13:11:33 T:1910824496 DEBUG: CDVDPlayerVideo::CalcDropRequirement - hurry: 1
13:11:33 T:1848293056 DEBUG: CFileCache::Open - opening using cache
13:11:33 T:1848293056 DEBUG: CurlFile::Open(0x71c3f540) http://192.168.0.135:8866/service?method=recording.list&filter=pending&sid=63c7f3d85ddd40f3a7072d0c8f5be74a
13:11:33 T:1910824496 DEBUG: CDVDPlayerVideo::CalcDropRequirement - hurry: 1
13:11:33 T:1910883208 DEBUG: Previous line repeats 3 times.
13:11:33 T:1910883208 NOTICE: Thread FileCache start, auto delete: false
13:11:33 T:1910824496 DEBUG: CDVDPlayerVideo::CalcDropRequirement - hurry: 1
13:11:33 T:1910883208 DEBUG: Previous line repeats 1 times.
13:11:33 T:1910883208 INFO: CFileCache::Process - Hit eof.
13:11:33 T:1910883208 DEBUG: Thread FileCache 1910883208 terminating
13:11:33 T:1910824496 DEBUG: CDVDPlayerVideo::CalcDropRequirement - hurry: 1
13:11:33 T:1848293056 DEBUG: CFileCache::Open - opening using cache
13:11:33 T:1848293056 DEBUG: CurlFile::Open(0x71c59e48) http://192.168.0.135:8866/service?method=recording.list&filter=ready&sid=63c7f3d85ddd40f3a7072d0c8f5be74a
13:11:33 T:1910824496 DEBUG: CDVDPlayerVideo::CalcDropRequirement - hurry: 1
13:11:33 T:1908668840 DEBUG: Previous line repeats 1 times.
13:11:33 T:1908668840 NOTICE: Thread FileCache start, auto delete: false
13:11:33 T:1908668840 INFO: CFileCache::Process - Hit eof.
13:11:33 T:1910824496 DEBUG: CDVDPlayerVideo::CalcDropRequirement - hurry: 1
13:11:34 T:1908668840 DEBUG: Previous line repeats 2 times.
13:11:34 T:1908668840 DEBUG: Thread FileCache 1908668840 terminating
13:11:34 T:1910824496 DEBUG: CDVDPlayerVideo::CalcDropRequirement - hurry: 1
13:11:37 T:1848293056 DEBUG: Previous line repeats 121 times.
13:11:37 T:1848293056 DEBUG: CFileCache::Open - opening using cache
13:11:37 T:1848293056 DEBUG: CurlFile::Open(0x6fecd490) http://192.168.0.135:8866/service?method=recording.recurring.list&sid=63c7f3d85ddd40f3a7072d0c8f5be74a
13:11:37 T:1910824496 DEBUG: CDVDPlayerVideo::CalcDropRequirement - hurry: 1
13:11:37 T:1943992536 DEBUG: Previous line repeats 4 times.
13:11:37 T:1943992536 NOTICE: Thread FileCache start, auto delete: false
13:11:37 T:1910824496 DEBUG: CDVDPlayerVideo::CalcDropRequirement - hurry: 1
13:11:37 T:1943992536 DEBUG: Previous line repeats 1 times.
13:11:37 T:1943992536 INFO: CFileCache::Process - Hit eof.
13:11:37 T:1910824496 DEBUG: CDVDPlayerVideo::CalcDropRequirement - hurry: 1
13:11:37 T:1943992536 DEBUG: Thread FileCache 1943992536 terminating
13:11:37 T:1848293056 DEBUG: CFileCache::Open - opening using cache
13:11:37 T:1848293056 DEBUG: CurlFile::Open(0x673d91e8) http://192.168.0.135:8866/service?method=recording.list&filter=pending&sid=63c7f3d85ddd40f3a7072d0c8f5be74a
13:11:37 T:1910824496 DEBUG: CDVDPlayerVideo::CalcDropRequirement - hurry: 1
13:11:37 T:1911750048 DEBUG: Previous line repeats 3 times.
13:11:37 T:1911750048 NOTICE: Thread FileCache start, auto delete: false
13:11:37 T:1911750048 INFO: CFileCache::Process - Hit eof.
13:11:37 T:1910824496 DEBUG: CDVDPlayerVideo::CalcDropRequirement - hurry: 1
13:11:37 T:1911750048 DEBUG: Thread FileCache 1911750048 terminating
13:11:37 T:1910824496 DEBUG: CDVDPlayerVideo::CalcDropRequirement - hurry: 1
13:11:37 T:1848293056 DEBUG: Previous line repeats 4 times.
13:11:37 T:1848293056 DEBUG: CFileCache::Open - opening using cache
13:11:37 T:1848293056 DEBUG: CurlFile::Open(0x673d91e8) http://192.168.0.135:8866/service?method=recording.list&filter=ready&sid=63c7f3d85ddd40f3a7072d0c8f5be74a
13:11:37 T:1910824496 DEBUG: CDVDPlayerVideo::CalcDropRequirement - hurry: 1
13:11:37 T:1849575184 DEBUG: Previous line repeats 1 times.
13:11:37 T:1849575184 NOTICE: Thread FileCache start, auto delete: false
13:11:37 T:1849575184 INFO: CFileCache::Process - Hit eof.
13:11:37 T:1910824496 DEBUG: CDVDPlayerVideo::CalcDropRequirement - hurry: 1
13:11:37 T:1849575184 DEBUG: Previous line repeats 1 times.
13:11:37 T:1849575184 DEBUG: Thread FileCache 1849575184 terminating
13:11:37 T:1910824496 DEBUG: CDVDPlayerVideo::CalcDropRequirement - hurry: 1
13:11:39 T:1910824496 DEBUG: Previous line repeats 56 times.
13:11:39 T:1910824496 DEBUG: CDVDPlayerVideo::CalcDropRequirement - hurry: 0
13:11:39 T:1910824496 DEBUG: Previous line repeats 2 times.
13:11:39 T:1910824496 DEBUG: CDVDPlayerVideo::CalcDropRequirement - hurry: 1
13:11:40 T:1848293056 DEBUG: Previous line repeats 40 times.
13:11:40 T:1848293056 DEBUG: CFileCache::Open - opening using cache
13:11:40 T:1848293056 DEBUG: CurlFile::Open(0x71c4f868) http://192.168.0.135:8866/service?method=recording.recurring.list&sid=63c7f3d85ddd40f3a7072d0c8f5be74a
13:11:40 T:1910824496 DEBUG: CDVDPlayerVideo::CalcDropRequirement - hurry: 1
13:11:40 T:1846288192 DEBUG: Previous line repeats 4 times.
13:11:40 T:1846288192 NOTICE: Thread FileCache start, auto delete: false
13:11:40 T:1910824496 DEBUG: CDVDPlayerVideo::CalcDropRequirement - hurry: 1
13:11:40 T:1846288192 ERROR: CCurlFile::FillBuffer - Failed: Failure when receiving data from the peer(56)
13:11:40 T:1846288192 NOTICE: CCurlFile::FillBuffer - Reconnect, (re)try 1
13:11:40 T:1910824496 DEBUG: CDVDPlayerVideo::CalcDropRequirement - hurry: 1
13:11:40 T:1846288192 DEBUG: Previous line repeats 3 times.
13:11:40 T:1846288192 ERROR: CCurlFile::FillBuffer - Failed: Requested range was not delivered by the server(33)
13:11:40 T:1846288192 INFO: CFileCache::Process - Hit eof.
13:11:40 T:1846288192 DEBUG: Thread FileCache 1846288192 terminating
13:11:41 T:1848293056 DEBUG: CFileCache::Open - opening using cache
13:11:41 T:1848293056 DEBUG: CurlFile::Open(0x6fecd490) http://192.168.0.135:8866/service?method=recording.list&filter=pending&sid=63c7f3d85ddd40f3a7072d0c8f5be74a
13:11:41 T:1910824496 DEBUG: CDVDPlayerVideo::CalcDropRequirement - hurry: 1
13:11:41 T:1910970208 DEBUG: Previous line repeats 7 times.
13:11:41 T:1910970208 NOTICE: Thread FileCache start, auto delete: false
13:11:41 T:1910824496 DEBUG: CDVDPlayerVideo::CalcDropRequirement - hurry: 1
13:11:41 T:1910970208 DEBUG: Previous line repeats 6 times.
13:11:41 T:1910970208 INFO: CFileCache::Process - Hit eof.
13:11:41 T:1910824496 DEBUG: CDVDPlayerVideo::CalcDropRequirement - hurry: 1
13:11:41 T:1910970208 DEBUG: Previous line repeats 1 times.
13:11:41 T:1910970208 DEBUG: Thread FileCache 1910970208 terminating
13:11:41 T:1910824496 DEBUG: CDVDPlayerVideo::CalcDropRequirement - hurry: 1
13:11:41 T:1848293056 DEBUG: Previous line repeats 5 times.
13:11:41 T:1848293056 DEBUG: CFileCache::Open - opening using cache
13:11:41 T:1848293056 DEBUG: CurlFile::Open(0x71c4f868) http://192.168.0.135:8866/service?method=recording.list&filter=ready&sid=63c7f3d85ddd40f3a7072d0c8f5be74a
13:11:41 T:1910824496 DEBUG: CDVDPlayerVideo::CalcDropRequirement - hurry: 1
13:11:41 T:1910970208 DEBUG: Previous line repeats 6 times.
13:11:41 T:1910970208 NOTICE: Thread FileCache start, auto delete: false
13:11:41 T:1910824496 DEBUG: CDVDPlayerVideo::CalcDropRequirement - hurry: 1
13:11:41 T:1910970208 INFO: CFileCache::Process - Hit eof.
13:11:41 T:1910824496 DEBUG: CDVDPlayerVideo::CalcDropRequirement - hurry: 1
13:11:41 T:1910970208 DEBUG: Previous line repeats 1 times.
13:11:41 T:1910970208 DEBUG: Thread FileCache 1910970208 terminating
