13:04:04 T:1878759272 ERROR: CCurlFile::FillBuffer - Failed: Failure when receiving data from the peer(56)
13:04:04 T:1878759272 NOTICE: CCurlFile::FillBuffer - Reconnect, (re)try 1
13:04:04 T:1910824496 DEBUG: CDVDPlayerVideo::CalcDropRequirement - hurry: 0
13:04:04 T:1910824496 DEBUG: Previous line repeats 1 times.
13:04:04 T:1910824496 DEBUG: CDVDPlayerVideo::CalcDropRequirement - hurry: 1
13:04:04 T:1878759272 ERROR: CCurlFile::FillBuffer - Failed: Requested range was not delivered by the server(33)
13:04:04 T:1878759272 INFO: CFileCache::Process - Hit eof.
13:04:04 T:1910824496 DEBUG: CDVDPlayerVideo::CalcDropRequirement - hurry: 1
13:04:04 T:1878759272 DEBUG: Thread FileCache 1878759272 terminating
13:04:04 T:1910824496 DEBUG: CDVDPlayerVideo::CalcDropRequirement - hurry: 0
13:04:04 T:1848293056 DEBUG: Previous line repeats 1 times.
13:04:04 T:1848293056 DEBUG: CFileCache::Open - opening using cache
13:04:04 T:1848293056 DEBUG: CurlFile::Open(0x73ec62d0) http://192.168.0.135:8866/service?method=recording.list&filter=pending&sid=63c7f3d85ddd40f3a7072d0c8f5be74a
13:04:04 T:1910824496 DEBUG: CDVDPlayerVideo::CalcDropRequirement - hurry: 1
13:04:05 T:1936011960 NOTICE: Thread FileCache start, auto delete: false
13:04:05 T:1910824496 DEBUG: CDVDPlayerVideo::CalcDropRequirement - hurry: 0
13:04:05 T:1910824496 DEBUG: Previous line repeats 1 times.
13:04:05 T:1910824496 DEBUG: CDVDPlayerVideo::CalcDropRequirement - hurry: 1
13:04:05 T:1936011960 DEBUG: Previous line repeats 1 times.
13:04:05 T:1936011960 INFO: CFileCache::Process - Hit eof.
13:04:05 T:1910824496 DEBUG: CDVDPlayerVideo::CalcDropRequirement - hurry: 0
13:04:05 T:1910824496 DEBUG: CDVDPlayerVideo::CalcDropRequirement - hurry: 1
13:04:05 T:1936011960 DEBUG: Thread FileCache 1936011960 terminating
13:04:05 T:1848293056 DEBUG: CFileCache::Open - opening using cache
13:04:05 T:1848293056 DEBUG: CurlFile::Open(0x71c4f868) http://192.168.0.135:8866/service?method=recording.list&filter=ready&sid=63c7f3d85ddd40f3a7072d0c8f5be74a
13:04:05 T:1849575184 NOTICE: Thread FileCache start, auto delete: false
13:04:05 T:1849575184 INFO: CFileCache::Process - Hit eof.
13:04:05 T:1849575184 DEBUG: Thread FileCache 1849575184 terminating
13:04:05 T:1910824496 INFO: CDVDPlayerVideo - Stillframe detected, switching to forced 25.000000 fps
13:04:05 T:1908748384 DEBUG: video stream stalled. start buffering
13:04:05 T:1908748384 DEBUG: CDVDPlayer::SetCaching - caching state 2
13:04:05 T:1788655912 DEBUG: ------ Window Init (DialogSeekBar.xml) ------
13:04:05 T:1910824496 DEBUG: CAMLCodec::SetSpeed, speed(0)
13:04:05 T:1910940992 DEBUG: CDVDPlayerAudio - CDVDMsg::GENERAL_SYNCHRONIZE
13:04:05 T:1910824496 DEBUG: CDVDPlayerVideo - CDVDMsg::GENERAL_SYNCHRONIZE
13:04:05 T:1908748384 DEBUG: CDVDPlayer::HandleMessages - player started 2
13:04:05 T:1908748384 DEBUG: CDVDPlayer::HandleMessages - player started 1
13:04:05 T:1910824496 DEBUG: CAMLCodec::SetSpeed, speed(0)
13:04:06 T:1908748384 DEBUG: Previous line repeats 112 times.
13:04:06 T:1908748384 DEBUG: set caching from pvr to done. audio (1) = 16. video (1) = 16
13:04:06 T:1908748384 DEBUG: CDVDPlayer::SetCaching - caching state 0
13:04:06 T:1910940992 DEBUG: CDVDPlayerAudio - CDVDMsg::GENERAL_RESYNC(10683762111.111111, 1)
13:04:06 T:1910824496 DEBUG: CAMLCodec::SetSpeed, speed(1000)
13:04:06 T:1910824496 DEBUG: CDVDPlayerVideo - CDVDMsg::GENERAL_RESYNC(10684119266.666666, 1)
13:04:06 T:1910824496 INFO: CDVDPlayerVideo - Stillframe left, switching to normal playback
13:04:06 T:1910824496 DEBUG: CDVDPlayerVideo::CalcDropRequirement - hurry: 0
13:04:06 T:1910940992 NOTICE: CDVDPlayerAudio::OutputPacket skipping a packets of duration 32
13:04:06 T:1910824496 DEBUG: CDVDPlayerVideo::CalcDropRequirement - hurry: 1
13:04:06 T:1910940992 NOTICE: CDVDPlayerAudio::OutputPacket skipping a packets of duration 32
13:04:06 T:1910824496 NOTICE: Previous line repeats 11 times.
13:04:06 T:1910824496 DEBUG: CDVDPlayerVideo::CalcDropRequirement - hurry: 1
13:04:06 T:1910940992 NOTICE: CDVDPlayerAudio::OutputPacket skipping a packets of duration 32
13:04:06 T:1910824496 DEBUG: CDVDPlayerVideo::CalcDropRequirement - hurry: 1
13:04:06 T:1910940992 DEBUG: CDVDPlayerAudio::HandleSyncError - average error -13075.848556 below threshold of 50000.000000
13:04:06 T:1910940992 DEBUG: CDVDClock::Discontinuity - CDVDPlayerAudio::HandleSyncError2 - was:10684203496.666666, should be:10684190422.818110, error:-13073.848557
13:04:06 T:1910824496 DEBUG: CDVDPlayerVideo::CalcDropRequirement - hurry: 1
13:04:06 T:1788655912 DEBUG: ------ Window Deinit (DialogSeekBar.xml) ------
13:04:06 T:1910824496 DEBUG: CDVDPlayerVideo::CalcDropRequirement - hurry: 1
13:04:07 T:1910824496 DEBUG: Previous line repeats 10 times.
13:04:07 T:1910824496 WARNING: CDVDMessageQueue(video)::Get - asked for new data packet, with nothing available
13:04:07 T:1908748384 DEBUG: CDVDPlayer::HandlePlaySpeed set clock adjust: -0.010000
13:04:07 T:1910824496 DEBUG: CDVDPlayerVideo::CalcDropRequirement - hurry: 0
13:04:07 T:1910824496 DEBUG: Previous line repeats 1 times.
13:04:07 T:1910824496 DEBUG: CDVDPlayerVideo::CalcDropRequirement - dropped in decoder, Sleeptime: 0.031367, Bufferlevel: 0, Gain: 0.091672
13:04:07 T:1910824496 DEBUG: CDVDPlayerVideo::CalcDropRequirement - hurry: 0
13:04:07 T:1910824496 DEBUG: CDVDPlayerVideo::CalcDropRequirement - hurry: 1
13:04:07 T:1910824496 DEBUG: Previous line repeats 1 times.
13:04:07 T:1910824496 DEBUG: CDVDPlayerVideo::CalcDropRequirement - hurry: 0
13:04:07 T:1910824496 DEBUG: Previous line repeats 1 times.
13:04:07 T:1910824496 DEBUG: CDVDPlayerVideo::CalcDropRequirement - hurry: 1
13:04:07 T:1910824496 DEBUG: Previous line repeats 1 times.
13:04:07 T:1910824496 DEBUG: CDVDPlayerVideo::CalcDropRequirement - hurry: 0
13:04:07 T:1910824496 DEBUG: CDVDPlayerVideo::CalcDropRequirement - hurry: 1
13:04:07 T:1910824496 DEBUG: Previous line repeats 3 times.
13:04:07 T:1910824496 WARNING: CDVDMessageQueue(video)::Get - asked for new data packet, with nothing available
13:04:07 T:1910824496 DEBUG: CDVDPlayerVideo::CalcDropRequirement - hurry: 1
13:04:08 T:1910824496 DEBUG: Previous line repeats 1 times.
13:04:08 T:1910824496 INFO: CDVDPlayerVideo - Stillframe detected, switching to forced 25.000000 fps
13:04:08 T:1908748384 DEBUG: video stream stalled. start buffering
13:04:08 T:1908748384 DEBUG: CDVDPlayer::SetCaching - caching state 2
13:04:08 T:1788655912 DEBUG: ------ Window Init (DialogSeekBar.xml) ------
13:04:08 T:1910824496 DEBUG: CAMLCodec::SetSpeed, speed(0)
13:04:08 T:1910940992 DEBUG: CDVDPlayerAudio - CDVDMsg::GENERAL_SYNCHRONIZE
13:04:08 T:1910824496 DEBUG: CDVDPlayerVideo - CDVDMsg::GENERAL_SYNCHRONIZE
13:04:08 T:1908748384 DEBUG: CDVDPlayer::HandleMessages - player started 2
13:04:08 T:1908748384 DEBUG: CDVDPlayer::HandleMessages - player started 1
13:04:08 T:1910824496 DEBUG: CAMLCodec::SetSpeed, speed(0)
13:04:08 T:1848293056 DEBUG: Previous line repeats 30 times.
13:04:08 T:1848293056 DEBUG: CFileCache::Open - opening using cache
13:04:08 T:1910824496 DEBUG: CAMLCodec::SetSpeed, speed(0)
13:04:08 T:1848293056 DEBUG: CurlFile::Open(0x71cedff8) http://192.168.0.135:8866/service?method=recording.recurring.list&sid=63c7f3d85ddd40f3a7072d0c8f5be74a
13:04:08 T:1910824496 DEBUG: CAMLCodec::SetSpeed, speed(0)
13:04:08 T:1908668840 DEBUG: Previous line repeats 12 times.
13:04:08 T:1908668840 NOTICE: Thread FileCache start, auto delete: false
13:04:08 T:1910824496 DEBUG: CAMLCodec::SetSpeed, speed(0)
13:04:08 T:1908668840 DEBUG: Previous line repeats 9 times.
13:04:08 T:1908668840 INFO: CFileCache::Process - Hit eof.
13:04:08 T:1910824496 DEBUG: CAMLCodec::SetSpeed, speed(0)
13:04:08 T:1908668840 DEBUG: Previous line repeats 14 times.
13:04:08 T:1908668840 DEBUG: Thread FileCache 1908668840 terminating
13:04:08 T:1910824496 DEBUG: CAMLCodec::SetSpeed, speed(0)
13:04:08 T:1848293056 DEBUG: Previous line repeats 5 times.
13:04:08 T:1848293056 DEBUG: CFileCache::Open - opening using cache
13:04:08 T:1848293056 DEBUG: CurlFile::Open(0x71dfa548) http://192.168.0.135:8866/service?method=recording.list&filter=pending&sid=63c7f3d85ddd40f3a7072d0c8f5be74a
13:04:08 T:1910824496 DEBUG: CAMLCodec::SetSpeed, speed(0)
13:04:08 T:1910869544 DEBUG: Previous line repeats 22 times.
13:04:08 T:1910869544 NOTICE: Thread FileCache start, auto delete: false
13:04:08 T:1910824496 DEBUG: CAMLCodec::SetSpeed, speed(0)
13:04:08 T:1910869544 INFO: CFileCache::Process - Hit eof.
13:04:08 T:1910869544 DEBUG: Thread FileCache 1910869544 terminating
13:04:08 T:1848293056 DEBUG: CFileCache::Open - opening using cache
13:04:08 T:1848293056 DEBUG: CurlFile::Open(0x6fedee40) http://192.168.0.135:8866/service?method=recording.list&filter=ready&sid=63c7f3d85ddd40f3a7072d0c8f5be74a
13:04:08 T:1942201448 NOTICE: Thread FileCache start, auto delete: false
13:04:08 T:1942201448 INFO: CFileCache::Process - Hit eof.
13:04:08 T:1942201448 DEBUG: Thread FileCache 1942201448 terminating
13:04:09 T:1910824496 DEBUG: CAMLCodec::SetSpeed, speed(0)
13:04:09 T:1908748384 DEBUG: Previous line repeats 7 times.
13:04:09 T:1908748384 DEBUG: set caching from pvr to done. audio (1) = 14. video (1) = 16
13:04:09 T:1908748384 DEBUG: CDVDPlayer::SetCaching - caching state 0
13:04:09 T:1910940992 DEBUG: CDVDPlayerAudio - CDVDMsg::GENERAL_RESYNC(10686322111.111111, 1)
13:04:09 T:1910824496 DEBUG: CAMLCodec::SetSpeed, speed(1000)
13:04:09 T:1910824496 DEBUG: CDVDPlayerVideo - CDVDMsg::GENERAL_RESYNC(10686588400.000000, 1)
13:04:09 T:1910824496 INFO: CDVDPlayerVideo - Stillframe left, switching to normal playback
13:04:09 T:1910824496 DEBUG: CDVDPlayerVideo::CalcDropRequirement - hurry: 0
13:04:09 T:1910940992 NOTICE: CDVDPlayerAudio::OutputPacket skipping a packets of duration 32
13:04:09 T:1910824496 DEBUG: CDVDPlayerVideo::CalcDropRequirement - hurry: 0
13:04:09 T:1910940992 NOTICE: CDVDPlayerAudio::OutputPacket skipping a packets of duration 32
13:04:09 T:1910824496 DEBUG: CDVDPlayerVideo::CalcDropRequirement - hurry: 0
13:04:09 T:1910940992 NOTICE: CDVDPlayerAudio::OutputPacket skipping a packets of duration 32
13:04:09 T:1910824496 DEBUG: CDVDPlayerVideo::CalcDropRequirement - hurry: 1
13:04:09 T:1910940992 NOTICE: CDVDPlayerAudio::OutputPacket skipping a packets of duration 32
13:04:09 T:1910824496 DEBUG: CDVDPlayerVideo::CalcDropRequirement - hurry: 1
13:04:09 T:1910940992 NOTICE: CDVDPlayerAudio::OutputPacket skipping a packets of duration 32
13:04:09 T:1910824496 DEBUG: CDVDPlayerVideo::CalcDropRequirement - hurry: 1
13:04:09 T:1910940992 NOTICE: CDVDPlayerAudio::OutputPacket skipping a packets of duration 32
13:04:09 T:1910824496 NOTICE: Previous line repeats 4 times.
13:04:09 T:1910824496 DEBUG: CDVDPlayerVideo::CalcDropRequirement - hurry: 1
13:04:09 T:1910940992 DEBUG: Previous line repeats 3 times.
13:04:09 T:1910940992 DEBUG: CDVDPlayerAudio::HandleSyncError - average error -17784.917812 below threshold of 50000.000000
13:04:09 T:1910940992 DEBUG: CDVDClock::Discontinuity - CDVDPlayerAudio::HandleSyncError2 - was:10686682282.000000, should be:10686664501.082188, error:-17780.917812
13:04:09 T:1910824496 DEBUG: CDVDPlayerVideo::CalcDropRequirement - hurry: 1
13:04:09 T:1788655912 DEBUG: ------ Window Deinit (DialogSeekBar.xml) ------
13:04:09 T:1910824496 DEBUG: CDVDPlayerVideo::CalcDropRequirement - hurry: 1
13:04:09 T:1910824496 DEBUG: Previous line repeats 17 times.
13:04:09 T:1910824496 WARNING: CDVDMessageQueue(video)::Get - asked for new data packet, with nothing available
13:04:10 T:1908748384 DEBUG: CDVDPlayer::HandlePlaySpeed set clock adjust: -0.010000
13:04:10 T:1910824496 DEBUG: CDVDPlayerVideo::CalcDropRequirement - hurry: 0
13:04:10 T:1910824496 DEBUG: CDVDPlayerVideo::CalcDropRequirement - hurry: 1
13:04:10 T:1910824496 DEBUG: CDVDPlayerVideo::CalcDropRequirement - dropped in decoder, Sleeptime: 0.016970, Bufferlevel: 1, Gain: 0.219649
13:04:10 T:1910824496 DEBUG: CDVDPlayerVideo::CalcDropRequirement - hurry: 1
13:04:10 T:1910824496 DEBUG: Previous line repeats 2 times.
13:04:10 T:1910824496 DEBUG: CDVDPlayerVideo::CalcDropRequirement - hurry: 0
13:04:10 T:1910824496 DEBUG: Previous line repeats 1 times.
13:04:10 T:1910824496 DEBUG: CDVDPlayerVideo::CalcDropRequirement - hurry: 1
13:04:10 T:1910824496 DEBUG: Previous line repeats 2 times.
13:04:10 T:1910824496 WARNING: CDVDMessageQueue(video)::Get - asked for new data packet, with nothing available
13:04:10 T:1910824496 DEBUG: CDVDPlayerVideo::CalcDropRequirement - hurry: 1
13:04:10 T:1910824496 WARNING: CDVDMessageQueue(video)::Get - asked for new data packet, with nothing available
13:04:10 T:1910824496 DEBUG: CDVDPlayerVideo::CalcDropRequirement - hurry: 0
13:04:10 T:1910824496 DEBUG: Previous line repeats 1 times.
13:04:10 T:1910824496 DEBUG: CDVDPlayerVideo::CalcDropRequirement - hurry: 1
13:04:10 T:1910824496 INFO: CDVDPlayerVideo - Stillframe detected, switching to forced 25.000000 fps
13:04:11 T:1908748384 DEBUG: video stream stalled. start buffering
13:04:11 T:1908748384 DEBUG: CDVDPlayer::SetCaching - caching state 2
13:04:11 T:1910824496 DEBUG: CAMLCodec::SetSpeed, speed(0)
13:04:11 T:1788655912 DEBUG: ------ Window Init (DialogSeekBar.xml) ------
13:04:11 T:1910940992 DEBUG: CDVDPlayerAudio - CDVDMsg::GENERAL_SYNCHRONIZE
13:04:11 T:1910824496 DEBUG: CDVDPlayerVideo - CDVDMsg::GENERAL_SYNCHRONIZE
13:04:11 T:1908748384 DEBUG: CDVDPlayer::HandleMessages - player started 2
13:04:11 T:1908748384 DEBUG: CDVDPlayer::HandleMessages - player started 1
13:04:11 T:1910824496 DEBUG: CAMLCodec::SetSpeed, speed(0)
13:04:11 T:1848293056 DEBUG: Previous line repeats 110 times.
13:04:11 T:1848293056 DEBUG: CFileCache::Open - opening using cache
13:04:11 T:1848293056 DEBUG: CurlFile::Open(0x6fecd490) http://192.168.0.135:8866/service?method=recording.recurring.list&sid=63c7f3d85ddd40f3a7072d0c8f5be74a
13:04:11 T:1846288192 NOTICE: Thread FileCache start, auto delete: false
13:04:11 T:1846288192 INFO: CFileCache::Process - Hit eof.
13:04:11 T:1846288192 DEBUG: Thread FileCache 1846288192 terminating
13:04:11 T:1848293056 DEBUG: CFileCache::Open - opening using cache
13:04:11 T:1848293056 DEBUG: CurlFile::Open(0x673d91e8) http://192.168.0.135:8866/service?method=recording.list&filter=pending&sid=63c7f3d85ddd40f3a7072d0c8f5be74a
13:04:11 T:1910824496 DEBUG: CAMLCodec::SetSpeed, speed(0)
13:04:11 T:1908748384 DEBUG: Previous line repeats 6 times.
13:04:11 T:1908748384 DEBUG: set caching from pvr to done. audio (1) = 16. video (1) = 16
13:04:11 T:1908748384 DEBUG: CDVDPlayer::SetCaching - caching state 0
13:04:11 T:1910940992 DEBUG: CDVDPlayerAudio - CDVDMsg::GENERAL_RESYNC(10689202111.111113, 1)
13:04:11 T:1910824496 DEBUG: CAMLCodec::SetSpeed, speed(1000)
13:04:11 T:1910824496 DEBUG: CDVDPlayerVideo - CDVDMsg::GENERAL_RESYNC(10689524666.666666, 1)
13:04:11 T:1910824496 INFO: CDVDPlayerVideo - Stillframe left, switching to normal playback
13:04:11 T:1910824496 DEBUG: CDVDPlayerVideo::CalcDropRequirement - hurry: 0
13:04:11 T:1910824496 DEBUG: CDVDPlayerVideo::CalcDropRequirement - hurry: 1
13:04:11 T:1910940992 NOTICE: CDVDPlayerAudio::OutputPacket skipping a packets of duration 32
13:04:12 T:1936011960 NOTICE: Previous line repeats 1 times.
13:04:12 T:1936011960 NOTICE: Thread FileCache start, auto delete: false
13:04:12 T:1910940992 NOTICE: CDVDPlayerAudio::OutputPacket skipping a packets of duration 32
13:04:12 T:1910824496 NOTICE: Previous line repeats 10 times.
13:04:12 T:1910824496 DEBUG: CDVDPlayerVideo::CalcDropRequirement - hurry: 1
13:04:12 T:1936011960 DEBUG: Previous line repeats 2 times.
13:04:12 T:1936011960 INFO: CFileCache::Process - Hit eof.
13:04:12 T:1910824496 DEBUG: CDVDPlayerVideo::CalcDropRequirement - hurry: 1
13:04:12 T:1936011960 DEBUG: Thread FileCache 1936011960 terminating
13:04:12 T:1910824496 DEBUG: CDVDPlayerVideo::CalcDropRequirement - hurry: 1
13:04:12 T:1910940992 DEBUG: CDVDPlayerAudio::HandleSyncError - average error 9258.194872 below threshold of 50000.000000
13:04:12 T:1788655912 DEBUG: ------ Window Deinit (DialogSeekBar.xml) ------
13:04:12 T:1910824496 DEBUG: CDVDPlayerVideo::CalcDropRequirement - hurry: 1
13:04:12 T:1848293056 DEBUG: Previous line repeats 5 times.
13:04:12 T:1848293056 DEBUG: CFileCache::Open - opening using cache
13:04:12 T:1848293056 DEBUG: CurlFile::Open(0x71cedff8) http://192.168.0.135:8866/service?method=recording.list&filter=ready&sid=63c7f3d85ddd40f3a7072d0c8f5be74a
13:04:12 T:1910824496 DEBUG: CDVDPlayerVideo::CalcDropRequirement - hurry: 1
13:04:12 T:1877792232 DEBUG: Previous line repeats 3 times.
13:04:12 T:1877792232 NOTICE: Thread FileCache start, auto delete: false
13:04:12 T:1910824496 DEBUG: CDVDPlayerVideo::CalcDropRequirement - hurry: 1
13:04:12 T:1877792232 INFO: CFileCache::Process - Hit eof.
13:04:12 T:1910824496 DEBUG: CDVDPlayerVideo::CalcDropRequirement - hurry: 1
13:04:12 T:1877792232 DEBUG: Thread FileCache 1877792232 terminating
13:04:12 T:1910824496 DEBUG: CDVDPlayerVideo::CalcDropRequirement - hurry: 1
13:04:12 T:1910824496 DEBUG: Previous line repeats 3 times.
13:04:12 T:1910824496 WARNING: CDVDMessageQueue(video)::Get - asked for new data packet, with nothing available
13:04:12 T:1910824496 DEBUG: CDVDPlayerVideo::CalcDropRequirement - hurry: 0
13:04:12 T:1908748384 DEBUG: CDVDPlayer::HandlePlaySpeed set clock adjust: -0.010000
13:04:12 T:1910824496 DEBUG: CDVDPlayerVideo::CalcDropRequirement - hurry: 0
13:04:12 T:1910824496 DEBUG: CDVDPlayerVideo::CalcDropRequirement - dropped in decoder, Sleeptime: 0.031336, Bufferlevel: 0, Gain: 0.141165
13:04:12 T:1910824496 DEBUG: CDVDPlayerVideo::CalcDropRequirement - hurry: 1
13:04:12 T:1910824496 DEBUG: CDVDPlayerVideo::CalcDropRequirement - hurry: 0
13:04:12 T:1910824496 DEBUG: Previous line repeats 2 times.
13:04:12 T:1910824496 DEBUG: CDVDPlayerVideo::CalcDropRequirement - hurry: 1
13:04:13 T:1910824496 DEBUG: Previous line repeats 4 times.
13:04:13 T:1910824496 WARNING: CDVDMessageQueue(video)::Get - asked for new data packet, with nothing available
13:04:13 T:1910824496 DEBUG: CDVDPlayerVideo::CalcDropRequirement - hurry: 0
13:04:13 T:1910824496 DEBUG: Previous line repeats 1 times.
13:04:13 T:1910824496 DEBUG: CDVDPlayerVideo::CalcDropRequirement - hurry: 1
13:04:13 T:1910824496 DEBUG: Previous line repeats 5 times.
13:04:13 T:1910824496 INFO: CDVDPlayerVideo - Stillframe detected, switching to forced 25.000000 fps
13:04:13 T:1908748384 DEBUG: video stream stalled. start buffering
13:04:13 T:1908748384 DEBUG: CDVDPlayer::SetCaching - caching state 2
13:04:13 T:1788655912 DEBUG: ------ Window Init (DialogSeekBar.xml) ------
13:04:13 T:1910824496 DEBUG: CAMLCodec::SetSpeed, speed(0)
13:04:13 T:1910940992 DEBUG: CDVDPlayerAudio - CDVDMsg::GENERAL_SYNCHRONIZE
13:04:13 T:1910824496 DEBUG: CDVDPlayerVideo - CDVDMsg::GENERAL_SYNCHRONIZE
13:04:13 T:1908748384 DEBUG: CDVDPlayer::HandleMessages - player started 2
13:04:13 T:1908748384 DEBUG: CDVDPlayer::HandleMessages - player started 1
13:04:13 T:1910824496 DEBUG: CAMLCodec::SetSpeed, speed(0)
13:04:14 T:1908748384 DEBUG: Previous line repeats 117 times.
13:04:14 T:1908748384 DEBUG: set caching from pvr to done. audio (1) = 16. video (1) = 16
13:04:14 T:1908748384 DEBUG: CDVDPlayer::SetCaching - caching state 0
13:04:14 T:1910940992 DEBUG: CDVDPlayerAudio - CDVDMsg::GENERAL_RESYNC(10691922111.111111, 1)
13:04:14 T:1910824496 DEBUG: CAMLCodec::SetSpeed, speed(1000)
13:04:14 T:1910824496 DEBUG: CDVDPlayerVideo - CDVDMsg::GENERAL_RESYNC(10692394200.000000, 1)
13:04:14 T:1910824496 INFO: CDVDPlayerVideo - Stillframe left, switching to normal playback
13:04:14 T:1910824496 DEBUG: CDVDPlayerVideo::CalcDropRequirement - hurry: 0
13:04:14 T:1910824496 DEBUG: CDVDPlayerVideo::CalcDropRequirement - hurry: 1
13:04:14 T:1910940992 NOTICE: CDVDPlayerAudio::OutputPacket skipping a packets of duration 32
13:04:14 T:1910824496 NOTICE: Previous line repeats 15 times.
13:04:14 T:1910824496 DEBUG: CDVDPlayerVideo::CalcDropRequirement - hurry: 1
13:04:15 T:1910940992 DEBUG: Previous line repeats 1 times.
13:04:15 T:1910940992 NOTICE: CDVDPlayerAudio::OutputPacket skipping a packets of duration 32
13:04:15 T:1910824496 NOTICE: Previous line repeats 2 times.
13:04:15 T:1910824496 DEBUG: CDVDPlayerVideo::CalcDropRequirement - hurry: 1
13:04:15 T:1910940992 DEBUG: CDVDPlayerAudio::HandleSyncError - average error -16928.162477 below threshold of 50000.000000
13:04:15 T:1910940992 DEBUG: CDVDClock::Discontinuity - CDVDPlayerAudio::HandleSyncError2 - was:10692480803.000000, should be:10692463880.837523, error:-16922.162477
13:04:15 T:1910824496 DEBUG: CDVDPlayerVideo::CalcDropRequirement - hurry: 1
13:04:15 T:1788655912 DEBUG: Previous line repeats 2 times.
13:04:15 T:1788655912 DEBUG: ------ Window Deinit (DialogSeekBar.xml) ------
13:04:15 T:1910824496 DEBUG: CDVDPlayerVideo::CalcDropRequirement - hurry: 1
13:04:15 T:1848293056 DEBUG: Previous line repeats 12 times.
13:04:15 T:1848293056 DEBUG: CFileCache::Open - opening using cache
13:04:15 T:1848293056 DEBUG: CurlFile::Open(0x71053ce8) http://192.168.0.135:8866/service?method=recording.recurring.list&sid=63c7f3d85ddd40f3a7072d0c8f5be74a
13:04:15 T:1910824496 DEBUG: CDVDPlayerVideo::CalcDropRequirement - hurry: 1
13:04:15 T:1910970208 NOTICE: Thread FileCache start, auto delete: false
13:04:15 T:1910970208 INFO: CFileCache::Process - Hit eof.
13:04:15 T:1910970208 DEBUG: Thread FileCache 1910970208 terminating
13:04:15 T:1910824496 DEBUG: CDVDPlayerVideo::CalcDropRequirement - hurry: 1
13:04:15 T:1848293056 DEBUG: CFileCache::Open - opening using cache
13:04:15 T:1848293056 DEBUG: CurlFile::Open(0x71cedff8) http://192.168.0.135:8866/service?method=recording.list&filter=pending&sid=63c7f3d85ddd40f3a7072d0c8f5be74a
13:04:15 T:1910824496 DEBUG: CDVDPlayerVideo::CalcDropRequirement - hurry: 1
13:04:15 T:1910824496 DEBUG: Previous line repeats 2 times.
13:04:15 T:1910824496 WARNING: CDVDMessageQueue(video)::Get - asked for new data packet, with nothing available
13:04:15 T:1911750048 NOTICE: Thread FileCache start, auto delete: false
13:04:15 T:1911750048 INFO: CFileCache::Process - Hit eof.
13:04:15 T:1911750048 DEBUG: Thread FileCache 1911750048 terminating
13:04:15 T:1910824496 DEBUG: CDVDPlayerVideo::CalcDropRequirement - hurry: 0
13:04:15 T:1908748384 DEBUG: CDVDPlayer::HandlePlaySpeed set clock adjust: -0.010000
13:04:15 T:1910824496 DEBUG: CDVDPlayerVideo::CalcDropRequirement - hurry: 0
13:04:15 T:1910824496 DEBUG: CDVDPlayerVideo::CalcDropRequirement - dropped in decoder, Sleeptime: 0.030848, Bufferlevel: 0, Gain: 0.123632
13:04:15 T:1910824496 DEBUG: CDVDPlayerVideo::CalcDropRequirement - hurry: 0
13:04:15 T:1848293056 DEBUG: CFileCache::Open - opening using cache
13:04:15 T:1848293056 DEBUG: CurlFile::Open(0x71e5c5f0) http://192.168.0.135:8866/service?method=recording.list&filter=ready&sid=63c7f3d85ddd40f3a7072d0c8f5be74a
13:04:15 T:1910824496 DEBUG: CDVDPlayerVideo::CalcDropRequirement - hurry: 0
13:04:15 T:1910824496 DEBUG: CDVDPlayerVideo::CalcDropRequirement - hurry: 1
13:04:15 T:1910883208 DEBUG: Previous line repeats 3 times.
13:04:15 T:1910883208 NOTICE: Thread FileCache start, auto delete: false
13:04:15 T:1910824496 DEBUG: CDVDPlayerVideo::CalcDropRequirement - hurry: 1
13:04:15 T:1910883208 INFO: CFileCache::Process - Hit eof.
13:04:15 T:1910883208 DEBUG: Thread FileCache 1910883208 terminating
13:04:15 T:1910824496 DEBUG: CDVDPlayerVideo::CalcDropRequirement - hurry: 1
13:04:16 T:1910824496 DEBUG: Previous line repeats 2 times.
13:04:16 T:1910824496 DEBUG: CDVDPlayerVideo::CalcDropRequirement - hurry: 0
13:04:16 T:1910824496 DEBUG: Previous line repeats 1 times.
13:04:16 T:1910824496 DEBUG: CDVDPlayerVideo::CalcDropRequirement - hurry: 1
13:04:16 T:1910824496 DEBUG: Previous line repeats 2 times.
13:04:16 T:1910824496 INFO: CDVDPlayerVideo - Stillframe detected, switching to forced 25.000000 fps
13:04:16 T:1908748384 DEBUG: video stream stalled. start buffering
13:04:16 T:1908748384 DEBUG: CDVDPlayer::SetCaching - caching state 2
13:04:16 T:1788655912 DEBUG: ------ Window Init (DialogSeekBar.xml) ------
13:04:16 T:1910824496 DEBUG: CAMLCodec::SetSpeed, speed(0)
13:04:16 T:1910940992 DEBUG: CDVDPlayerAudio - CDVDMsg::GENERAL_SYNCHRONIZE
13:04:16 T:1910824496 DEBUG: CDVDPlayerVideo - CDVDMsg::GENERAL_SYNCHRONIZE
13:04:16 T:1908748384 DEBUG: CDVDPlayer::HandleMessages - player started 2
13:04:16 T:1908748384 DEBUG: CDVDPlayer::HandleMessages - player started 1
13:04:16 T:1910824496 DEBUG: CAMLCodec::SetSpeed, speed(0)
13:04:17 T:1908748384 DEBUG: Previous line repeats 117 times.
13:04:17 T:1908748384 DEBUG: set caching from pvr to done. audio (1) = 16. video (1) = 16
13:04:17 T:1908748384 DEBUG: CDVDPlayer::SetCaching - caching state 0
13:04:17 T:1910940992 DEBUG: CDVDPlayerAudio - CDVDMsg::GENERAL_RESYNC(10694802111.111111, 1)
13:04:17 T:1910824496 DEBUG: CAMLCodec::SetSpeed, speed(1000)
13:04:17 T:1910824496 DEBUG: CDVDPlayerVideo - CDVDMsg::GENERAL_RESYNC(10695230366.666666, 1)
13:04:17 T:1910824496 INFO: CDVDPlayerVideo - Stillframe left, switching to normal playback
13:04:17 T:1910824496 DEBUG: CDVDPlayerVideo::CalcDropRequirement - hurry: 0
13:04:17 T:1910940992 NOTICE: CDVDPlayerAudio::OutputPacket skipping a packets of duration 32
13:04:17 T:1910824496 DEBUG: CDVDPlayerVideo::CalcDropRequirement - hurry: 1
13:04:17 T:1910940992 NOTICE: CDVDPlayerAudio::OutputPacket skipping a packets of duration 32
13:04:17 T:1910824496 NOTICE: Previous line repeats 13 times.
13:04:17 T:1910824496 DEBUG: CDVDPlayerVideo::CalcDropRequirement - hurry: 1
13:04:17 T:1910940992 NOTICE: CDVDPlayerAudio::OutputPacket skipping a packets of duration 32
13:04:17 T:1910824496 DEBUG: CDVDPlayerVideo::CalcDropRequirement - hurry: 1
13:04:18 T:1910940992 DEBUG: Previous line repeats 2 times.
13:04:18 T:1910940992 DEBUG: CDVDPlayerAudio::HandleSyncError - average error 4446.736459 below threshold of 50000.000000
13:04:18 T:1910824496 DEBUG: CDVDPlayerVideo::CalcDropRequirement - hurry: 1
13:04:18 T:1788655912 DEBUG: Previous line repeats 1 times.
13:04:18 T:1788655912 DEBUG: ------ Window Deinit (DialogSeekBar.xml) ------
13:04:18 T:1910824496 DEBUG: CDVDPlayerVideo::CalcDropRequirement - hurry: 1
13:04:18 T:1910824496 DEBUG: Previous line repeats 20 times.
13:04:18 T:1910824496 WARNING: CDVDMessageQueue(video)::Get - asked for new data packet, with nothing available
13:04:18 T:1908748384 DEBUG: CDVDPlayer::HandlePlaySpeed set clock adjust: -0.010000
13:04:18 T:1910824496 DEBUG: CDVDPlayerVideo::CalcDropRequirement - hurry: 0
13:04:18 T:1910824496 DEBUG: Previous line repeats 1 times.
13:04:18 T:1910824496 DEBUG: CDVDPlayerVideo::CalcDropRequirement - dropped in decoder, Sleeptime: 0.030232, Bufferlevel: 0, Gain: 0.129835
13:04:18 T:1910824496 DEBUG: CDVDPlayerVideo::CalcDropRequirement - hurry: 1
13:04:18 T:1910824496 WARNING: CDVDMessageQueue(video)::Get - asked for new data packet, with nothing available
13:04:18 T:1910824496 DEBUG: CDVDPlayerVideo::CalcDropRequirement - hurry: 0
13:04:18 T:1910824496 DEBUG: Previous line repeats 1 times.
13:04:18 T:1910824496 DEBUG: CDVDPlayerVideo::CalcDropRequirement - hurry: 1
13:04:19 T:1848293056 DEBUG: Previous line repeats 3 times.
13:04:19 T:1848293056 DEBUG: CFileCache::Open - opening using cache
13:04:19 T:1910824496 DEBUG: CDVDPlayerVideo::CalcDropRequirement - hurry: 1
13:04:19 T:1848293056 DEBUG: CurlFile::Open(0x71c4f868) http://192.168.0.135:8866/service?method=recording.recurring.list&sid=63c7f3d85ddd40f3a7072d0c8f5be74a
13:04:19 T:1846288192 NOTICE: Thread FileCache start, auto delete: false
13:04:19 T:1910824496 DEBUG: CDVDPlayerVideo::CalcDropRequirement - hurry: 1
13:04:19 T:1846288192 INFO: CFileCache::Process - Hit eof.
13:04:19 T:1910824496 DEBUG: CDVDPlayerVideo::CalcDropRequirement - hurry: 1
13:04:19 T:1846288192 DEBUG: Thread FileCache 1846288192 terminating
13:04:19 T:1910824496 WARNING: CDVDMessageQueue(video)::Get - asked for new data packet, with nothing available
13:04:19 T:1910824496 DEBUG: CDVDPlayerVideo::CalcDropRequirement - hurry: 0
13:04:19 T:1910824496 DEBUG: Previous line repeats 1 times.
13:04:19 T:1910824496 DEBUG: CDVDPlayerVideo::CalcDropRequirement - hurry: 1
13:04:19 T:1848293056 DEBUG: Previous line repeats 1 times.
13:04:19 T:1848293056 DEBUG: CFileCache::Open - opening using cache
13:04:19 T:1848293056 DEBUG: CurlFile::Open(0x7363fb10) http://192.168.0.135:8866/service?method=recording.list&filter=pending&sid=63c7f3d85ddd40f3a7072d0c8f5be74a
13:04:19 T:1910824496 DEBUG: CDVDPlayerVideo::CalcDropRequirement - hurry: 1
13:04:19 T:1910824496 DEBUG: Previous line repeats 1 times.
13:04:19 T:1910824496 WARNING: CDVDMessageQueue(video)::Get - asked for new data packet, with nothing available
13:04:19 T:1910824496 DEBUG: CDVDPlayerVideo::CalcDropRequirement - hurry: 1
13:04:19 T:1878759272 NOTICE: Thread FileCache start, auto delete: false
13:04:19 T:1878759272 INFO: CFileCache::Process - Hit eof.
13:04:19 T:1878759272 DEBUG: Thread FileCache 1878759272 terminating
13:04:19 T:1848293056 DEBUG: CFileCache::Open - opening using cache
13:04:19 T:1848293056 DEBUG: CurlFile::Open(0x71053ce8) http://192.168.0.135:8866/service?method=recording.list&filter=ready&sid=63c7f3d85ddd40f3a7072d0c8f5be74a
13:04:19 T:1849575184 NOTICE: Thread FileCache start, auto delete: false
13:04:19 T:1849575184 INFO: CFileCache::Process - Hit eof.
13:04:19 T:1849575184 DEBUG: Thread FileCache 1849575184 terminating
13:04:19 T:1910824496 INFO: CDVDPlayerVideo - Stillframe detected, switching to forced 25.000000 fps
13:04:19 T:1908748384 DEBUG: video stream stalled. start buffering
13:04:19 T:1908748384 DEBUG: CDVDPlayer::SetCaching - caching state 2
13:04:19 T:1788655912 DEBUG: ------ Window Init (DialogSeekBar.xml) ------
13:04:19 T:1910824496 DEBUG: CAMLCodec::SetSpeed, speed(0)
13:04:19 T:1910940992 DEBUG: CDVDPlayerAudio - CDVDMsg::GENERAL_SYNCHRONIZE
13:04:19 T:1910824496 DEBUG: CDVDPlayerVideo - CDVDMsg::GENERAL_SYNCHRONIZE
13:04:19 T:1908748384 DEBUG: CDVDPlayer::HandleMessages - player started 2
13:04:19 T:1908748384 DEBUG: CDVDPlayer::HandleMessages - player started 1
13:04:19 T:1910824496 DEBUG: CAMLCodec::SetSpeed, speed(0)
13:04:21 T:1908748384 DEBUG: Previous line repeats 112 times.
13:04:21 T:1908748384 DEBUG: set caching from pvr to done. audio (1) = 14. video (1) = 16
13:04:21 T:1908748384 DEBUG: CDVDPlayer::SetCaching - caching state 0
13:04:21 T:1910940992 DEBUG: CDVDPlayerAudio - CDVDMsg::GENERAL_RESYNC(10698162111.111111, 1)
13:04:21 T:1910824496 DEBUG: CAMLCodec::SetSpeed, speed(1000)
13:04:21 T:1910824496 DEBUG: CDVDPlayerVideo - CDVDMsg::GENERAL_RESYNC(10698433566.666666, 1)
13:04:21 T:1910824496 INFO: CDVDPlayerVideo - Stillframe left, switching to normal playback
13:04:21 T:1910824496 DEBUG: CDVDPlayerVideo::CalcDropRequirement - hurry: 0
13:04:21 T:1910940992 NOTICE: CDVDPlayerAudio::OutputPacket skipping a packets of duration 32
13:04:21 T:1910824496 DEBUG: CDVDPlayerVideo::CalcDropRequirement - hurry: 1
13:04:21 T:1910940992 NOTICE: CDVDPlayerAudio::OutputPacket skipping a packets of duration 32
13:04:21 T:1910824496 NOTICE: Previous line repeats 4 times.
13:04:21 T:1910824496 DEBUG: CDVDPlayerVideo::CalcDropRequirement - hurry: 1
13:04:21 T:1910940992 NOTICE: CDVDPlayerAudio::OutputPacket skipping a packets of duration 32
13:04:21 T:1910824496 NOTICE: Previous line repeats 2 times.
13:04:21 T:1910824496 DEBUG: CDVDPlayerVideo::CalcDropRequirement - hurry: 1
13:04:21 T:1910940992 DEBUG: Previous line repeats 3 times.
13:04:21 T:1910940992 DEBUG: CDVDPlayerAudio::HandleSyncError - average error -11708.169521 below threshold of 50000.000000
13:04:21 T:1910940992 DEBUG: CDVDClock::Discontinuity - CDVDPlayerAudio::HandleSyncError2 - was:10698517498.666666, should be:10698505792.497145, error:-11706.169521
13:04:21 T:1910824496 DEBUG: CDVDPlayerVideo::CalcDropRequirement - hurry: 1
13:04:21 T:1788655912 DEBUG: ------ Window Deinit (DialogSeekBar.xml) ------
13:04:21 T:1910824496 DEBUG: CDVDPlayerVideo::CalcDropRequirement - hurry: 1
13:04:21 T:1910824496 DEBUG: Previous line repeats 27 times.
13:04:21 T:1910824496 WARNING: CDVDMessageQueue(video)::Get - asked for new data packet, with nothing available
13:04:21 T:1908748384 DEBUG: CDVDPlayer::HandlePlaySpeed set clock adjust: -0.010000
13:04:21 T:1910824496 DEBUG: CDVDPlayerVideo::CalcDropRequirement - hurry: 0
13:04:22 T:1910824496 DEBUG: Previous line repeats 1 times.
13:04:22 T:1910824496 DEBUG: CDVDPlayerVideo::CalcDropRequirement - dropped in decoder, Sleeptime: 0.031380, Bufferlevel: 0, Gain: 0.153578
13:04:22 T:1910824496 DEBUG: CDVDPlayerVideo::CalcDropRequirement - hurry: 1
13:04:22 T:1910824496 DEBUG: Previous line repeats 3 times.
13:04:22 T:1910824496 DEBUG: CDVDPlayerVideo::CalcDropRequirement - hurry: 0
13:04:22 T:1910824496 DEBUG: CDVDPlayerVideo::CalcDropRequirement - hurry: 1
13:04:22 T:1910824496 DEBUG: Previous line repeats 1 times.
13:04:22 T:1910824496 DEBUG: CDVDPlayerVideo::CalcDropRequirement - hurry: 0
13:04:22 T:1910824496 DEBUG: Previous line repeats 1 times.
13:04:22 T:1910824496 DEBUG: CDVDPlayerVideo::CalcDropRequirement - hurry: 1
13:04:22 T:1910824496 DEBUG: Previous line repeats 1 times.
13:04:22 T:1910824496 WARNING: CDVDMessageQueue(video)::Get - asked for new data packet, with nothing available
13:04:22 T:1910824496 DEBUG: CDVDPlayerVideo::CalcDropRequirement - hurry: 1
13:04:22 T:1910824496 DEBUG: Previous line repeats 2 times.
13:04:22 T:1910824496 DEBUG: CDVDPlayerVideo::CalcDropRequirement - hurry: 0
13:04:22 T:1848293056 DEBUG: CFileCache::Open - opening using cache
13:04:22 T:1848293056 DEBUG: CurlFile::Open(0x73e5e4f0) http://192.168.0.135:8866/service?method=recording.recurring.list&sid=63c7f3d85ddd40f3a7072d0c8f5be74a
13:04:22 T:1936011960 NOTICE: Thread FileCache start, auto delete: false
13:04:22 T:1936011960 INFO: CFileCache::Process - Hit eof.
13:04:22 T:1936011960 DEBUG: Thread FileCache 1936011960 terminating
13:04:22 T:1848293056 DEBUG: CFileCache::Open - opening using cache
13:04:22 T:1848293056 DEBUG: CurlFile::Open(0x6fecd490) http://192.168.0.135:8866/service?method=recording.list&filter=pending&sid=63c7f3d85ddd40f3a7072d0c8f5be74a
13:04:22 T:1877792232 NOTICE: Thread FileCache start, auto delete: false
13:04:22 T:1877792232 INFO: CFileCache::Process - Hit eof.
13:04:22 T:1877792232 DEBUG: Thread FileCache 1877792232 terminating
13:04:22 T:1848293056 DEBUG: CFileCache::Open - opening using cache
13:04:22 T:1848293056 DEBUG: CurlFile::Open(0x71053ce8) http://192.168.0.135:8866/service?method=recording.list&filter=ready&sid=63c7f3d85ddd40f3a7072d0c8f5be74a
13:04:22 T:1911750048 NOTICE: Thread FileCache start, auto delete: false
13:04:22 T:1911750048 INFO: CFileCache::Process - Hit eof.
13:04:22 T:1910824496 INFO: CDVDPlayerVideo - Stillframe detected, switching to forced 25.000000 fps
13:04:22 T:1911750048 DEBUG: Thread FileCache 1911750048 terminating
13:04:23 T:1908748384 DEBUG: video stream stalled. start buffering
13:04:23 T:1908748384 DEBUG: CDVDPlayer::SetCaching - caching state 2
13:04:23 T:1788655912 DEBUG: ------ Window Init (DialogSeekBar.xml) ------
13:04:23 T:1910824496 DEBUG: CAMLCodec::SetSpeed, speed(0)
13:04:23 T:1910940992 DEBUG: CDVDPlayerAudio - CDVDMsg::GENERAL_SYNCHRONIZE
13:04:23 T:1910824496 DEBUG: CDVDPlayerVideo - CDVDMsg::GENERAL_SYNCHRONIZE
13:04:23 T:1908748384 DEBUG: CDVDPlayer::HandleMessages - player started 2
13:04:23 T:1908748384 DEBUG: CDVDPlayer::HandleMessages - player started 1
13:04:23 T:1910824496 DEBUG: CAMLCodec::SetSpeed, speed(0)
13:04:24 T:1908748384 DEBUG: Previous line repeats 117 times.
13:04:24 T:1908748384 DEBUG: set caching from pvr to done. audio (1) = 16. video (1) = 16
13:04:24 T:1908748384 DEBUG: CDVDPlayer::SetCaching - caching state 0
13:04:24 T:1910940992 DEBUG: CDVDPlayerAudio - CDVDMsg::GENERAL_RESYNC(10701202111.111113, 1)
13:04:24 T:1910824496 DEBUG: CAMLCodec::SetSpeed, speed(1000)
13:04:24 T:1910824496 DEBUG: CDVDPlayerVideo - CDVDMsg::GENERAL_RESYNC(10701469933.333334, 1)
13:04:24 T:1910824496 INFO: CDVDPlayerVideo - Stillframe left, switching to normal playback
13:04:24 T:1910824496 DEBUG: CDVDPlayerVideo::CalcDropRequirement - hurry: 0
13:04:24 T:1910940992 NOTICE: CDVDPlayerAudio::OutputPacket skipping a packets of duration 32
13:04:24 T:1910824496 DEBUG: CDVDPlayerVideo::CalcDropRequirement - hurry: 1
13:04:24 T:1910940992 NOTICE: CDVDPlayerAudio::OutputPacket skipping a packets of duration 32
13:04:24 T:1910824496 DEBUG: CDVDPlayerVideo::CalcDropRequirement - hurry: 1
13:04:24 T:1910940992 NOTICE: CDVDPlayerAudio::OutputPacket skipping a packets of duration 32
13:04:24 T:1910824496 NOTICE: Previous line repeats 9 times.
13:04:24 T:1910824496 DEBUG: CDVDPlayerVideo::CalcDropRequirement - hurry: 1
13:04:24 T:1910940992 DEBUG: Previous line repeats 1 times.
13:04:24 T:1910940992 NOTICE: CDVDPlayerAudio::OutputPacket skipping a packets of duration 32
13:04:24 T:1910940992 DEBUG: CDVDPlayerAudio::HandleSyncError - average error -26149.296246 below threshold of 50000.000000
13:04:24 T:1910940992 DEBUG: CDVDClock::Discontinuity - CDVDPlayerAudio::HandleSyncError2 - was:10701578331.333334, should be:10701552185.037088, error:-26146.296246
13:04:24 T:1910824496 DEBUG: CDVDPlayerVideo::CalcDropRequirement - hurry: 1
13:04:24 T:1788655912 DEBUG: Previous line repeats 1 times.
13:04:24 T:1788655912 DEBUG: ------ Window Deinit (DialogSeekBar.xml) ------
13:04:24 T:1910824496 DEBUG: CDVDPlayerVideo::CalcDropRequirement - hurry: 1
13:04:25 T:1910940992 DEBUG: Previous line repeats 33 times.
13:04:25 T:1910940992 DEBUG: CDVDClock::Discontinuity - CDVDPlayerAudio::HandleSyncError2 - was:10702591272.037088, should be:10702569159.887167, error:-22112.149921
13:04:25 T:1910824496 DEBUG: CDVDPlayerVideo::CalcDropRequirement - hurry: 1
13:04:25 T:1848293056 DEBUG: Previous line repeats 7 times.
13:04:25 T:1848293056 DEBUG: CFileCache::Open - opening using cache
13:04:25 T:1848293056 DEBUG: CurlFile::Open(0x6fdbb4c0) http://192.168.0.135:8866/service?method=recording.recurring.list&sid=63c7f3d85ddd40f3a7072d0c8f5be74a
13:04:25 T:1910824496 DEBUG: CDVDPlayerVideo::CalcDropRequirement - hurry: 1
13:04:25 T:1910824496 WARNING: CDVDMessageQueue(video)::Get - asked for new data packet, with nothing available
13:04:25 T:1910970208 NOTICE: Thread FileCache start, auto delete: false
13:04:25 T:1910970208 INFO: CFileCache::Process - Hit eof.
13:04:25 T:1910970208 DEBUG: Thread FileCache 1910970208 terminating
13:04:26 T:1910824496 DEBUG: CDVDPlayerVideo::CalcDropRequirement - hurry: 0
13:04:26 T:1910824496 DEBUG: Previous line repeats 1 times.
13:04:26 T:1910824496 DEBUG: CDVDPlayerVideo::CalcDropRequirement - hurry: 1
13:04:26 T:1848293056 DEBUG: CFileCache::Open - opening using cache
13:04:26 T:1848293056 DEBUG: CurlFile::Open(0x6fecd490) http://192.168.0.135:8866/service?method=recording.list&filter=pending&sid=63c7f3d85ddd40f3a7072d0c8f5be74a
13:04:26 T:1910824496 DEBUG: CDVDPlayerVideo::CalcDropRequirement - hurry: 1
13:04:26 T:1908668840 DEBUG: Previous line repeats 3 times.
13:04:26 T:1908668840 NOTICE: Thread FileCache start, auto delete: false
13:04:26 T:1910824496 DEBUG: CDVDPlayerVideo::CalcDropRequirement - hurry: 1
13:04:26 T:1908668840 DEBUG: Previous line repeats 6 times.
13:04:26 T:1908668840 INFO: CFileCache::Process - Hit eof.
13:04:26 T:1908668840 DEBUG: Thread FileCache 1908668840 terminating
13:04:26 T:1910824496 DEBUG: CDVDPlayerVideo::CalcDropRequirement - hurry: 1
13:04:26 T:1848293056 DEBUG: Previous line repeats 1 times.
13:04:26 T:1848293056 DEBUG: CFileCache::Open - opening using cache
13:04:26 T:1848293056 DEBUG: CurlFile::Open(0x71e5c5f0) http://192.168.0.135:8866/service?method=recording.list&filter=ready&sid=63c7f3d85ddd40f3a7072d0c8f5be74a
13:04:26 T:1910824496 DEBUG: CDVDPlayerVideo::CalcDropRequirement - hurry: 1
13:04:26 T:1910883208 DEBUG: Previous line repeats 2 times.
13:04:26 T:1910883208 NOTICE: Thread FileCache start, auto delete: false
13:04:26 T:1910824496 DEBUG: CDVDPlayerVideo::CalcDropRequirement - hurry: 1
13:04:26 T:1910883208 DEBUG: Previous line repeats 1 times.
13:04:26 T:1910883208 INFO: CFileCache::Process - Hit eof.
13:04:26 T:1910824496 DEBUG: CDVDPlayerVideo::CalcDropRequirement - hurry: 1
13:04:26 T:1910883208 DEBUG: Previous line repeats 1 times.
13:04:26 T:1910883208 DEBUG: Thread FileCache 1910883208 terminating
13:04:26 T:1910824496 DEBUG: CDVDPlayerVideo::CalcDropRequirement - hurry: 1
13:04:26 T:1910824496 DEBUG: Previous line repeats 19 times.
13:04:26 T:1910824496 WARNING: CDVDMessageQueue(video)::Get - asked for new data packet, with nothing available
13:04:26 T:1910824496 DEBUG: CDVDPlayerVideo::CalcDropRequirement - hurry: 1
13:04:26 T:1910824496 DEBUG: CDVDPlayerVideo::CalcDropRequirement - hurry: 0
13:04:27 T:1910824496 DEBUG: CDVDPlayerVideo::CalcDropRequirement - hurry: 1
13:04:27 T:1910824496 DEBUG: Previous line repeats 33 times.
13:04:27 T:1910824496 WARNING: CDVDMessageQueue(video)::Get - asked for new data packet, with nothing available
13:04:28 T:1910824496 DEBUG: CDVDPlayerVideo::CalcDropRequirement - hurry: 0
13:04:28 T:1910824496 DEBUG: Previous line repeats 1 times.
13:04:28 T:1910824496 DEBUG: CDVDPlayerVideo::CalcDropRequirement - hurry: 1
13:04:28 T:1910824496 DEBUG: Previous line repeats 2 times.
13:04:28 T:1910824496 WARNING: CDVDMessageQueue(video)::Get - asked for new data packet, with nothing available
13:04:28 T:1910824496 DEBUG: CDVDPlayerVideo::CalcDropRequirement - hurry: 1
13:04:28 T:1910824496 DEBUG: Previous line repeats 33 times.
13:04:28 T:1910824496 WARNING: CDVDMessageQueue(video)::Get - asked for new data packet, with nothing available
13:04:29 T:1910824496 DEBUG: CDVDPlayerVideo::CalcDropRequirement - hurry: 0
13:04:29 T:1910824496 DEBUG: CDVDPlayerVideo::CalcDropRequirement - hurry: 1
13:04:29 T:1910824496 DEBUG: CDVDPlayerVideo::CalcDropRequirement - dropped in decoder, Sleeptime: 0.018574, Bufferlevel: 1, Gain: 0.125673
13:04:29 T:1910824496 DEBUG: CDVDPlayerVideo::CalcDropRequirement - hurry: 1
13:04:29 T:1910824496 DEBUG: Previous line repeats 9 times.
13:04:29 T:1910824496 DEBUG: CDVDPlayerVideo::CalcDropRequirement - hurry: 0
13:04:29 T:1910824496 DEBUG: CDVDPlayerVideo::CalcDropRequirement - hurry: 1
13:04:29 T:1910824496 WARNING: CDVDMessageQueue(video)::Get - asked for new data packet, with nothing available
13:04:29 T:1910824496 DEBUG: CDVDPlayerVideo::CalcDropRequirement - hurry: 0
13:04:29 T:1910824496 DEBUG: CDVDPlayerVideo::CalcDropRequirement - hurry: 1
13:04:29 T:1910824496 DEBUG: Previous line repeats 1 times.
13:04:29 T:1910824496 DEBUG: CDVDPlayerVideo::CalcDropRequirement - hurry: 0
13:04:29 T:1910824496 DEBUG: CDVDPlayerVideo::CalcDropRequirement - hurry: 1
13:04:29 T:1848293056 DEBUG: Previous line repeats 7 times.
13:04:29 T:1848293056 DEBUG: CFileCache::Open - opening using cache
13:04:29 T:1848293056 DEBUG: CurlFile::Open(0x6fedee40) http://192.168.0.135:8866/service?method=recording.recurring.list&sid=63c7f3d85ddd40f3a7072d0c8f5be74a
13:04:29 T:1877792232 NOTICE: Thread FileCache start, auto delete: false
13:04:29 T:1910824496 DEBUG: CDVDPlayerVideo::CalcDropRequirement - hurry: 1
13:04:29 T:1877792232 INFO: CFileCache::Process - Hit eof.
13:04:29 T:1877792232 DEBUG: Thread FileCache 1877792232 terminating
13:04:29 T:1910824496 DEBUG: CDVDPlayerVideo::CalcDropRequirement - hurry: 1
13:04:29 T:1848293056 DEBUG: CFileCache::Open - opening using cache
13:04:29 T:1848293056 DEBUG: CurlFile::Open(0x71e8e4c8) http://192.168.0.135:8866/service?method=recording.list&filter=pending&sid=63c7f3d85ddd40f3a7072d0c8f5be74a
13:04:29 T:1910824496 DEBUG: CDVDPlayerVideo::CalcDropRequirement - hurry: 1
13:04:29 T:1911750048 DEBUG: Previous line repeats 3 times.
13:04:29 T:1911750048 NOTICE: Thread FileCache start, auto delete: false
13:04:29 T:1910824496 DEBUG: CDVDPlayerVideo::CalcDropRequirement - hurry: 1
13:04:29 T:1911750048 DEBUG: Previous line repeats 1 times.
13:04:29 T:1911750048 INFO: CFileCache::Process - Hit eof.
13:04:29 T:1911750048 DEBUG: Thread FileCache 1911750048 terminating
13:04:29 T:1910824496 DEBUG: CDVDPlayerVideo::CalcDropRequirement - hurry: 1
13:04:29 T:1848293056 DEBUG: Previous line repeats 2 times.
13:04:29 T:1848293056 DEBUG: CFileCache::Open - opening using cache
13:04:29 T:1848293056 DEBUG: CurlFile::Open(0x7363fb10) http://192.168.0.135:8866/service?method=recording.list&filter=ready&sid=63c7f3d85ddd40f3a7072d0c8f5be74a
13:04:29 T:1910824496 DEBUG: CDVDPlayerVideo::CalcDropRequirement - hurry: 1
13:04:29 T:1910869544 DEBUG: Previous line repeats 2 times.
13:04:29 T:1910869544 NOTICE: Thread FileCache start, auto delete: false
13:04:29 T:1910869544 INFO: CFileCache::Process - Hit eof.
13:04:29 T:1910824496 DEBUG: CDVDPlayerVideo::CalcDropRequirement - hurry: 1
13:04:30 T:1910869544 DEBUG: Previous line repeats 2 times.
13:04:30 T:1910869544 DEBUG: Thread FileCache 1910869544 terminating
13:04:30 T:1910824496 WARNING: CDVDMessageQueue(video)::Get - asked for new data packet, with nothing available
13:04:30 T:1910824496 DEBUG: CDVDPlayerVideo::CalcDropRequirement - hurry: 0
13:04:30 T:1910824496 DEBUG: Previous line repeats 1 times.
13:04:30 T:1910824496 DEBUG: CDVDPlayerVideo::CalcDropRequirement - dropped in decoder, Sleeptime: 0.031592, Bufferlevel: 0, Gain: 0.083799
13:04:30 T:1910824496 DEBUG: CDVDPlayerVideo::CalcDropRequirement - hurry: 1
13:04:30 T:1910824496 DEBUG: Previous line repeats 4 times.
13:04:30 T:1910824496 DEBUG: CDVDPlayerVideo::CalcDropRequirement - hurry: 0
13:04:30 T:1910824496 DEBUG: CDVDPlayerVideo::CalcDropRequirement - hurry: 1
13:04:31 T:1910824496 DEBUG: Previous line repeats 27 times.
13:04:31 T:1910824496 WARNING: CDVDMessageQueue(video)::Get - asked for new data packet, with nothing available
13:04:31 T:1910824496 DEBUG: CDVDPlayerVideo::CalcDropRequirement - hurry: 0
13:04:31 T:1910824496 DEBUG: Previous line repeats 1 times.
13:04:31 T:1910824496 DEBUG: CDVDPlayerVideo::CalcDropRequirement - dropped in decoder, Sleeptime: 0.031235, Bufferlevel: 0, Gain: 0.109753
13:04:31 T:1910824496 DEBUG: CDVDPlayerVideo::CalcDropRequirement - hurry: 1
13:04:31 T:1910824496 DEBUG: Previous line repeats 2 times.
13:04:31 T:1910824496 WARNING: CDVDMessageQueue(video)::Get - asked for new data packet, with nothing available
13:04:31 T:1910824496 DEBUG: CDVDPlayerVideo::CalcDropRequirement - hurry: 1
13:04:32 T:1910824496 DEBUG: Previous line repeats 30 times.
13:04:32 T:1910824496 WARNING: CDVDMessageQueue(video)::Get - asked for new data packet, with nothing available
13:04:32 T:1910824496 DEBUG: CDVDPlayerVideo::CalcDropRequirement - hurry: 0
13:04:32 T:1910824496 DEBUG: CDVDPlayerVideo::CalcDropRequirement - hurry: 1
13:04:32 T:1910824496 DEBUG: CDVDPlayerVideo::CalcDropRequirement - dropped in decoder, Sleeptime: 0.015931, Bufferlevel: 1, Gain: 0.042004
13:04:32 T:1910824496 DEBUG: CDVDPlayerVideo::CalcDropRequirement - hurry: 1
13:04:32 T:1910824496 DEBUG: Previous line repeats 1 times.
13:04:32 T:1910824496 WARNING: CDVDMessageQueue(video)::Get - asked for new data packet, with nothing available
13:04:32 T:1910824496 DEBUG: CDVDPlayerVideo::CalcDropRequirement - hurry: 0
13:04:32 T:1910824496 DEBUG: Previous line repeats 1 times.
13:04:32 T:1910824496 DEBUG: CDVDPlayerVideo::CalcDropRequirement - hurry: 1
13:04:33 T:1848293056 DEBUG: Previous line repeats 28 times.
13:04:33 T:1848293056 DEBUG: CFileCache::Open - opening using cache
13:04:33 T:1910824496 WARNING: CDVDMessageQueue(video)::Get - asked for new data packet, with nothing available
13:04:33 T:1848293056 DEBUG: CurlFile::Open(0x673d91e8) http://192.168.0.135:8866/service?method=recording.recurring.list&sid=63c7f3d85ddd40f3a7072d0c8f5be74a
13:04:33 T:1910970208 NOTICE: Thread FileCache start, auto delete: false
13:04:33 T:1910970208 INFO: CFileCache::Process - Hit eof.
13:04:33 T:1910970208 DEBUG: Thread FileCache 1910970208 terminating
13:04:33 T:1848293056 DEBUG: CFileCache::Open - opening using cache
13:04:33 T:1848293056 DEBUG: CurlFile::Open(0x71e5c5f0) http://192.168.0.135:8866/service?method=recording.list&filter=pending&sid=63c7f3d85ddd40f3a7072d0c8f5be74a
13:04:33 T:1910824496 DEBUG: CDVDPlayerVideo::CalcDropRequirement - hurry: 0
13:04:33 T:1910824496 DEBUG: Previous line repeats 1 times.
13:04:33 T:1910824496 DEBUG: CDVDPlayerVideo::CalcDropRequirement - dropped in decoder, Sleeptime: 0.030666, Bufferlevel: 0, Gain: 0.079640
13:04:33 T:1910824496 DEBUG: CDVDPlayerVideo::CalcDropRequirement - hurry: 1
13:04:33 T:1910824496 DEBUG: Previous line repeats 3 times.
13:04:33 T:1910824496 WARNING: CDVDMessageQueue(video)::Get - asked for new data packet, with nothing available
13:04:33 T:1910824496 DEBUG: CDVDPlayerVideo::CalcDropRequirement - hurry: 1
13:04:33 T:1936011960 DEBUG: Previous line repeats 2 times.
13:04:33 T:1936011960 NOTICE: Thread FileCache start, auto delete: false
13:04:33 T:1910824496 DEBUG: CDVDPlayerVideo::CalcDropRequirement - hurry: 0
13:04:33 T:1910824496 DEBUG: CDVDPlayerVideo::CalcDropRequirement - hurry: 1
13:04:33 T:1936011960 DEBUG: Previous line repeats 3 times.
13:04:33 T:1936011960 INFO: CFileCache::Process - Hit eof.
13:04:33 T:1910824496 DEBUG: CDVDPlayerVideo::CalcDropRequirement - hurry: 1
13:04:33 T:1936011960 DEBUG: Previous line repeats 1 times.
13:04:33 T:1936011960 DEBUG: Thread FileCache 1936011960 terminating
13:04:33 T:1848293056 DEBUG: CFileCache::Open - opening using cache
13:04:33 T:1848293056 DEBUG: CurlFile::Open(0x71cedff8) http://192.168.0.135:8866/service?method=recording.list&filter=ready&sid=63c7f3d85ddd40f3a7072d0c8f5be74a
13:04:33 T:1910824496 DEBUG: CDVDPlayerVideo::CalcDropRequirement - hurry: 1
13:04:33 T:1849575184 DEBUG: Previous line repeats 2 times.
13:04:33 T:1849575184 NOTICE: Thread FileCache start, auto delete: false
13:04:33 T:1910824496 DEBUG: CDVDPlayerVideo::CalcDropRequirement - hurry: 1
13:04:33 T:1849575184 INFO: CFileCache::Process - Hit eof.
13:04:33 T:1910824496 DEBUG: CDVDPlayerVideo::CalcDropRequirement - hurry: 1
