13:11:41 T:1910824496 DEBUG: CDVDPlayerVideo::CalcDropRequirement - hurry: 1
13:11:44 T:1848293056 DEBUG: Previous line repeats 123 times.
13:11:44 T:1848293056 DEBUG: CFileCache::Open - opening using cache
13:11:44 T:1848293056 DEBUG: CurlFile::Open(0x6fdbb4c0) http://192.168.0.135:8866/service?method=recording.recurring.list&sid=63c7f3d85ddd40f3a7072d0c8f5be74a
13:11:44 T:1910824496 DEBUG: CDVDPlayerVideo::CalcDropRequirement - hurry: 1
13:11:45 T:1943992536 DEBUG: Previous line repeats 7 times.
13:11:45 T:1943992536 NOTICE: Thread FileCache start, auto delete: false
13:11:45 T:1910824496 DEBUG: CDVDPlayerVideo::CalcDropRequirement - hurry: 1
13:11:45 T:1943992536 DEBUG: Previous line repeats 3 times.
13:11:45 T:1943992536 INFO: CFileCache::Process - Hit eof.
13:11:45 T:1910824496 DEBUG: CDVDPlayerVideo::CalcDropRequirement - hurry: 1
13:11:45 T:1943992536 DEBUG: Thread FileCache 1943992536 terminating
13:11:45 T:1910824496 DEBUG: CDVDPlayerVideo::CalcDropRequirement - hurry: 1
13:11:45 T:1848293056 DEBUG: CFileCache::Open - opening using cache
13:11:45 T:1848293056 DEBUG: CurlFile::Open(0x673d91e8) http://192.168.0.135:8866/service?method=recording.list&filter=pending&sid=63c7f3d85ddd40f3a7072d0c8f5be74a
13:11:45 T:1910824496 DEBUG: CDVDPlayerVideo::CalcDropRequirement - hurry: 1
13:11:45 T:1878759272 DEBUG: Previous line repeats 6 times.
13:11:45 T:1878759272 NOTICE: Thread FileCache start, auto delete: false
13:11:45 T:1910824496 DEBUG: CDVDPlayerVideo::CalcDropRequirement - hurry: 1
13:11:45 T:1878759272 DEBUG: Previous line repeats 14 times.
13:11:45 T:1878759272 INFO: CFileCache::Process - Hit eof.
13:11:45 T:1878759272 DEBUG: Thread FileCache 1878759272 terminating
13:11:45 T:1910824496 DEBUG: CDVDPlayerVideo::CalcDropRequirement - hurry: 1
13:11:46 T:1848293056 DEBUG: Previous line repeats 5 times.
13:11:46 T:1848293056 DEBUG: CFileCache::Open - opening using cache
13:11:46 T:1848293056 DEBUG: CurlFile::Open(0x71ed1f08) http://192.168.0.135:8866/service?method=recording.list&filter=ready&sid=63c7f3d85ddd40f3a7072d0c8f5be74a
13:11:46 T:1910824496 DEBUG: CDVDPlayerVideo::CalcDropRequirement - hurry: 1
13:11:46 T:1911750048 DEBUG: Previous line repeats 6 times.
13:11:46 T:1911750048 NOTICE: Thread FileCache start, auto delete: false
13:11:46 T:1911750048 INFO: CFileCache::Process - Hit eof.
13:11:46 T:1911750048 DEBUG: Thread FileCache 1911750048 terminating
13:11:46 T:1910824496 DEBUG: CDVDPlayerVideo::CalcDropRequirement - hurry: 1
13:11:49 T:1848293056 DEBUG: Previous line repeats 104 times.
13:11:49 T:1848293056 DEBUG: CFileCache::Open - opening using cache
13:11:49 T:1848293056 DEBUG: CurlFile::Open(0x73e5e4f0) http://192.168.0.135:8866/service?method=recording.recurring.list&sid=63c7f3d85ddd40f3a7072d0c8f5be74a
13:11:49 T:1910824496 DEBUG: CDVDPlayerVideo::CalcDropRequirement - hurry: 1
13:11:49 T:1846288192 DEBUG: Previous line repeats 2 times.
13:11:49 T:1846288192 NOTICE: Thread FileCache start, auto delete: false
13:11:49 T:1910824496 DEBUG: CDVDPlayerVideo::CalcDropRequirement - hurry: 1
13:11:49 T:1846288192 DEBUG: Previous line repeats 1 times.
13:11:49 T:1846288192 INFO: CFileCache::Process - Hit eof.
13:11:49 T:1846288192 DEBUG: Thread FileCache 1846288192 terminating
13:11:49 T:1910824496 DEBUG: CDVDPlayerVideo::CalcDropRequirement - hurry: 1
13:11:49 T:1848293056 DEBUG: CFileCache::Open - opening using cache
13:11:49 T:1848293056 DEBUG: CurlFile::Open(0x71ed1f08) http://192.168.0.135:8866/service?method=recording.list&filter=pending&sid=63c7f3d85ddd40f3a7072d0c8f5be74a
13:11:49 T:1910824496 DEBUG: CDVDPlayerVideo::CalcDropRequirement - hurry: 1
13:11:49 T:1849575184 DEBUG: Previous line repeats 6 times.
13:11:49 T:1849575184 NOTICE: Thread FileCache start, auto delete: false
13:11:49 T:1910824496 DEBUG: CDVDPlayerVideo::CalcDropRequirement - hurry: 1
13:11:49 T:1910824496 DEBUG: CDVDPlayerVideo::CalcDropRequirement - hurry: 0
13:11:49 T:1910824496 DEBUG: CDVDPlayerVideo::CalcDropRequirement - hurry: 1
13:11:49 T:1849575184 INFO: CFileCache::Process - Hit eof.
13:11:49 T:1910824496 DEBUG: CDVDPlayerVideo::CalcDropRequirement - hurry: 1
13:11:49 T:1849575184 DEBUG: Thread FileCache 1849575184 terminating
13:11:49 T:1910824496 DEBUG: CDVDPlayerVideo::CalcDropRequirement - hurry: 1
13:11:49 T:1848293056 DEBUG: Previous line repeats 3 times.
13:11:49 T:1848293056 DEBUG: CFileCache::Open - opening using cache
13:11:49 T:1848293056 DEBUG: CurlFile::Open(0x71e5c5f0) http://192.168.0.135:8866/service?method=recording.list&filter=ready&sid=63c7f3d85ddd40f3a7072d0c8f5be74a
13:11:49 T:1910824496 DEBUG: CDVDPlayerVideo::CalcDropRequirement - hurry: 1
13:11:49 T:1901873064 DEBUG: Previous line repeats 1 times.
13:11:49 T:1901873064 NOTICE: Thread FileCache start, auto delete: false
13:11:49 T:1901873064 INFO: CFileCache::Process - Hit eof.
13:11:49 T:1910824496 DEBUG: CDVDPlayerVideo::CalcDropRequirement - hurry: 1
13:11:49 T:1901873064 DEBUG: Thread FileCache 1901873064 terminating
13:11:49 T:1910824496 DEBUG: CDVDPlayerVideo::CalcDropRequirement - hurry: 1
13:11:52 T:1848293056 DEBUG: Previous line repeats 107 times.
13:11:52 T:1848293056 DEBUG: CFileCache::Open - opening using cache
13:11:52 T:1848293056 DEBUG: CurlFile::Open(0x6fedee40) http://192.168.0.135:8866/service?method=recording.recurring.list&sid=63c7f3d85ddd40f3a7072d0c8f5be74a
13:11:52 T:1910869544 NOTICE: Thread FileCache start, auto delete: false
13:11:52 T:1910824496 DEBUG: CDVDPlayerVideo::CalcDropRequirement - hurry: 1
13:11:52 T:1910869544 INFO: CFileCache::Process - Hit eof.
13:11:52 T:1910869544 DEBUG: Thread FileCache 1910869544 terminating
13:11:52 T:1910824496 DEBUG: CDVDPlayerVideo::CalcDropRequirement - hurry: 1
13:11:52 T:1848293056 DEBUG: Previous line repeats 1 times.
13:11:52 T:1848293056 DEBUG: CFileCache::Open - opening using cache
13:11:52 T:1848293056 DEBUG: CurlFile::Open(0x73ec62d0) http://192.168.0.135:8866/service?method=recording.list&filter=pending&sid=63c7f3d85ddd40f3a7072d0c8f5be74a
13:11:52 T:1910824496 DEBUG: CDVDPlayerVideo::CalcDropRequirement - hurry: 1
13:11:53 T:1910883208 DEBUG: Previous line repeats 4 times.
13:11:53 T:1910883208 NOTICE: Thread FileCache start, auto delete: false
13:11:53 T:1910824496 DEBUG: CDVDPlayerVideo::CalcDropRequirement - hurry: 1
13:11:53 T:1910883208 DEBUG: Previous line repeats 4 times.
13:11:53 T:1910883208 INFO: CFileCache::Process - Hit eof.
13:11:53 T:1910883208 DEBUG: Thread FileCache 1910883208 terminating
13:11:53 T:1910824496 DEBUG: CDVDPlayerVideo::CalcDropRequirement - hurry: 1
13:11:53 T:1848293056 DEBUG: Previous line repeats 1 times.
13:11:53 T:1848293056 DEBUG: CFileCache::Open - opening using cache
13:11:53 T:1848293056 DEBUG: CurlFile::Open(0x73ec62d0) http://192.168.0.135:8866/service?method=recording.list&filter=ready&sid=63c7f3d85ddd40f3a7072d0c8f5be74a
13:11:53 T:1910824496 DEBUG: CDVDPlayerVideo::CalcDropRequirement - hurry: 1
13:11:53 T:1849575184 DEBUG: Previous line repeats 1 times.
13:11:53 T:1849575184 NOTICE: Thread FileCache start, auto delete: false
13:11:53 T:1910824496 DEBUG: CDVDPlayerVideo::CalcDropRequirement - hurry: 1
13:11:53 T:1849575184 INFO: CFileCache::Process - Hit eof.
13:11:53 T:1910824496 DEBUG: CDVDPlayerVideo::CalcDropRequirement - hurry: 1
13:11:53 T:1849575184 DEBUG: Previous line repeats 1 times.
13:11:53 T:1849575184 DEBUG: Thread FileCache 1849575184 terminating
13:11:53 T:1910824496 DEBUG: CDVDPlayerVideo::CalcDropRequirement - hurry: 1
13:11:56 T:1848293056 DEBUG: Previous line repeats 114 times.
13:11:56 T:1848293056 DEBUG: CFileCache::Open - opening using cache
13:11:56 T:1848293056 DEBUG: CurlFile::Open(0x71cedff8) http://192.168.0.135:8866/service?method=recording.recurring.list&sid=63c7f3d85ddd40f3a7072d0c8f5be74a
13:11:56 T:1910824496 DEBUG: CDVDPlayerVideo::CalcDropRequirement - hurry: 1
13:11:56 T:1936011960 NOTICE: Thread FileCache start, auto delete: false
13:11:56 T:1910824496 DEBUG: CDVDPlayerVideo::CalcDropRequirement - hurry: 1
13:11:56 T:1936011960 INFO: CFileCache::Process - Hit eof.
13:11:56 T:1936011960 DEBUG: Thread FileCache 1936011960 terminating
13:11:56 T:1910824496 DEBUG: CDVDPlayerVideo::CalcDropRequirement - hurry: 1
13:11:56 T:1848293056 DEBUG: CFileCache::Open - opening using cache
13:11:56 T:1848293056 DEBUG: CurlFile::Open(0x71e8e4c8) http://192.168.0.135:8866/service?method=recording.list&filter=pending&sid=63c7f3d85ddd40f3a7072d0c8f5be74a
13:11:56 T:1910824496 DEBUG: CDVDPlayerVideo::CalcDropRequirement - hurry: 1
13:11:56 T:1846288192 DEBUG: Previous line repeats 5 times.
13:11:56 T:1846288192 NOTICE: Thread FileCache start, auto delete: false
13:11:56 T:1910824496 DEBUG: CDVDPlayerVideo::CalcDropRequirement - hurry: 1
13:11:56 T:1846288192 DEBUG: Previous line repeats 2 times.
13:11:56 T:1846288192 INFO: CFileCache::Process - Hit eof.
13:11:56 T:1846288192 DEBUG: Thread FileCache 1846288192 terminating
13:11:56 T:1910824496 DEBUG: CDVDPlayerVideo::CalcDropRequirement - hurry: 1
13:11:56 T:1848293056 DEBUG: Previous line repeats 2 times.
13:11:56 T:1848293056 DEBUG: CFileCache::Open - opening using cache
13:11:56 T:1848293056 DEBUG: CurlFile::Open(0x73ec62d0) http://192.168.0.135:8866/service?method=recording.list&filter=ready&sid=63c7f3d85ddd40f3a7072d0c8f5be74a
13:11:56 T:1910824496 DEBUG: CDVDPlayerVideo::CalcDropRequirement - hurry: 1
13:11:56 T:1943992536 NOTICE: Thread FileCache start, auto delete: false
13:11:56 T:1910824496 DEBUG: CDVDPlayerVideo::CalcDropRequirement - hurry: 1
13:11:56 T:1943992536 INFO: CFileCache::Process - Hit eof.
13:11:56 T:1910824496 DEBUG: CDVDPlayerVideo::CalcDropRequirement - hurry: 1
13:11:57 T:1943992536 DEBUG: Previous line repeats 2 times.
13:11:57 T:1943992536 DEBUG: Thread FileCache 1943992536 terminating
13:11:57 T:1910824496 DEBUG: CDVDPlayerVideo::CalcDropRequirement - hurry: 1
13:12:00 T:1848293056 DEBUG: Previous line repeats 124 times.
13:12:00 T:1848293056 DEBUG: CFileCache::Open - opening using cache
13:12:00 T:1848293056 DEBUG: CurlFile::Open(0x71053ce8) http://192.168.0.135:8866/service?method=recording.recurring.list&sid=63c7f3d85ddd40f3a7072d0c8f5be74a
13:12:00 T:1910824496 DEBUG: CDVDPlayerVideo::CalcDropRequirement - hurry: 1
13:12:00 T:1908668840 NOTICE: Thread FileCache start, auto delete: false
13:12:00 T:1910824496 DEBUG: CDVDPlayerVideo::CalcDropRequirement - hurry: 1
13:12:00 T:1908668840 DEBUG: Previous line repeats 2 times.
13:12:00 T:1908668840 INFO: CFileCache::Process - Hit eof.
13:12:00 T:1908668840 DEBUG: Thread FileCache 1908668840 terminating
13:12:00 T:1910824496 DEBUG: CDVDPlayerVideo::CalcDropRequirement - hurry: 1
13:12:00 T:1848293056 DEBUG: Previous line repeats 5 times.
13:12:00 T:1848293056 DEBUG: CFileCache::Open - opening using cache
13:12:00 T:1910824496 DEBUG: CDVDPlayerVideo::CalcDropRequirement - hurry: 1
13:12:00 T:1848293056 DEBUG: CurlFile::Open(0x71c3f540) http://192.168.0.135:8866/service?method=recording.list&filter=pending&sid=63c7f3d85ddd40f3a7072d0c8f5be74a
13:12:00 T:1910824496 DEBUG: CDVDPlayerVideo::CalcDropRequirement - hurry: 1
13:12:00 T:1910883208 DEBUG: Previous line repeats 2 times.
13:12:00 T:1910883208 NOTICE: Thread FileCache start, auto delete: false
13:12:00 T:1910824496 DEBUG: CDVDPlayerVideo::CalcDropRequirement - hurry: 1
13:12:00 T:1910883208 DEBUG: Previous line repeats 1 times.
13:12:00 T:1910883208 INFO: CFileCache::Process - Hit eof.
13:12:00 T:1910883208 DEBUG: Thread FileCache 1910883208 terminating
13:12:00 T:1910824496 DEBUG: CDVDPlayerVideo::CalcDropRequirement - hurry: 1
13:12:00 T:1848293056 DEBUG: Previous line repeats 2 times.
13:12:00 T:1848293056 DEBUG: CFileCache::Open - opening using cache
13:12:00 T:1848293056 DEBUG: CurlFile::Open(0x71cedff8) http://192.168.0.135:8866/service?method=recording.list&filter=ready&sid=63c7f3d85ddd40f3a7072d0c8f5be74a
13:12:00 T:1910824496 DEBUG: CDVDPlayerVideo::CalcDropRequirement - hurry: 1
13:12:00 T:1901873064 DEBUG: Previous line repeats 1 times.
13:12:00 T:1901873064 NOTICE: Thread FileCache start, auto delete: false
13:12:00 T:1901873064 INFO: CFileCache::Process - Hit eof.
13:12:00 T:1910824496 DEBUG: CDVDPlayerVideo::CalcDropRequirement - hurry: 1
13:12:00 T:1901873064 DEBUG: Previous line repeats 2 times.
13:12:00 T:1901873064 DEBUG: Thread FileCache 1901873064 terminating
13:12:00 T:1910824496 DEBUG: CDVDPlayerVideo::CalcDropRequirement - hurry: 1
13:12:03 T:1848293056 DEBUG: Previous line repeats 128 times.
13:12:03 T:1848293056 DEBUG: CFileCache::Open - opening using cache
13:12:03 T:1848293056 DEBUG: CurlFile::Open(0x71ed1f08) http://192.168.0.135:8866/service?method=recording.recurring.list&sid=63c7f3d85ddd40f3a7072d0c8f5be74a
13:12:03 T:1910824496 DEBUG: CDVDPlayerVideo::CalcDropRequirement - hurry: 1
13:12:03 T:1878285760 NOTICE: Thread FileCache start, auto delete: false
13:12:03 T:1878285760 INFO: CFileCache::Process - Hit eof.
13:12:03 T:1878285760 DEBUG: Thread FileCache 1878285760 terminating
13:12:03 T:1910824496 DEBUG: CDVDPlayerVideo::CalcDropRequirement - hurry: 1
13:12:03 T:1848293056 DEBUG: Previous line repeats 1 times.
13:12:03 T:1848293056 DEBUG: CFileCache::Open - opening using cache
13:12:03 T:1848293056 DEBUG: CurlFile::Open(0x6fecd490) http://192.168.0.135:8866/service?method=recording.list&filter=pending&sid=63c7f3d85ddd40f3a7072d0c8f5be74a
13:12:04 T:1910824496 DEBUG: CDVDPlayerVideo::CalcDropRequirement - hurry: 1
13:12:04 T:1878759272 DEBUG: Previous line repeats 2 times.
13:12:04 T:1878759272 NOTICE: Thread FileCache start, auto delete: false
13:12:04 T:1910824496 DEBUG: CDVDPlayerVideo::CalcDropRequirement - hurry: 1
13:12:04 T:1878759272 DEBUG: Previous line repeats 3 times.
13:12:04 T:1878759272 INFO: CFileCache::Process - Hit eof.
13:12:04 T:1910824496 DEBUG: CDVDPlayerVideo::CalcDropRequirement - hurry: 1
13:12:04 T:1878759272 DEBUG: Previous line repeats 1 times.
13:12:04 T:1878759272 DEBUG: Thread FileCache 1878759272 terminating
13:12:04 T:1910824496 DEBUG: CDVDPlayerVideo::CalcDropRequirement - hurry: 1
13:12:04 T:1848293056 DEBUG: Previous line repeats 2 times.
13:12:04 T:1848293056 DEBUG: CFileCache::Open - opening using cache
13:12:04 T:1848293056 DEBUG: CurlFile::Open(0x71e8e4c8) http://192.168.0.135:8866/service?method=recording.list&filter=ready&sid=63c7f3d85ddd40f3a7072d0c8f5be74a
13:12:04 T:1910824496 DEBUG: CDVDPlayerVideo::CalcDropRequirement - hurry: 1
13:12:04 T:1910970208 DEBUG: Previous line repeats 7 times.
13:12:04 T:1910970208 NOTICE: Thread FileCache start, auto delete: false
13:12:04 T:1910824496 DEBUG: CDVDPlayerVideo::CalcDropRequirement - hurry: 1
13:12:04 T:1910970208 INFO: CFileCache::Process - Hit eof.
13:12:04 T:1910824496 DEBUG: CDVDPlayerVideo::CalcDropRequirement - hurry: 1
13:12:04 T:1910970208 DEBUG: Thread FileCache 1910970208 terminating
13:12:04 T:1910824496 DEBUG: CDVDPlayerVideo::CalcDropRequirement - hurry: 1
13:12:07 T:1848293056 DEBUG: Previous line repeats 107 times.
13:12:07 T:1848293056 DEBUG: CFileCache::Open - opening using cache
13:12:07 T:1848293056 DEBUG: CurlFile::Open(0x6fecd490) http://192.168.0.135:8866/service?method=recording.recurring.list&sid=63c7f3d85ddd40f3a7072d0c8f5be74a
13:12:07 T:1910824496 DEBUG: CDVDPlayerVideo::CalcDropRequirement - hurry: 1
13:12:07 T:1849575184 NOTICE: Thread FileCache start, auto delete: false
13:12:07 T:1910824496 DEBUG: CDVDPlayerVideo::CalcDropRequirement - hurry: 1
13:12:07 T:1849575184 DEBUG: Previous line repeats 2 times.
13:12:07 T:1849575184 INFO: CFileCache::Process - Hit eof.
13:12:07 T:1910824496 DEBUG: CDVDPlayerVideo::CalcDropRequirement - hurry: 1
13:12:07 T:1849575184 DEBUG: Previous line repeats 2 times.
13:12:07 T:1849575184 DEBUG: Thread FileCache 1849575184 terminating
13:12:07 T:1910824496 DEBUG: CDVDPlayerVideo::CalcDropRequirement - hurry: 1
13:12:07 T:1848293056 DEBUG: CFileCache::Open - opening using cache
13:12:07 T:1848293056 DEBUG: CurlFile::Open(0x6fdbb4c0) http://192.168.0.135:8866/service?method=recording.list&filter=pending&sid=63c7f3d85ddd40f3a7072d0c8f5be74a
13:12:07 T:1910824496 DEBUG: CDVDPlayerVideo::CalcDropRequirement - hurry: 1
13:12:07 T:1936011960 DEBUG: Previous line repeats 4 times.
13:12:07 T:1936011960 NOTICE: Thread FileCache start, auto delete: false
13:12:07 T:1910824496 DEBUG: CDVDPlayerVideo::CalcDropRequirement - hurry: 1
13:12:08 T:1936011960 DEBUG: Previous line repeats 5 times.
13:12:08 T:1936011960 INFO: CFileCache::Process - Hit eof.
13:12:08 T:1936011960 DEBUG: Thread FileCache 1936011960 terminating
13:12:08 T:1910824496 DEBUG: CDVDPlayerVideo::CalcDropRequirement - hurry: 1
13:12:08 T:1848293056 DEBUG: Previous line repeats 2 times.
13:12:08 T:1848293056 DEBUG: CFileCache::Open - opening using cache
13:12:08 T:1848293056 DEBUG: CurlFile::Open(0x71e5c5f0) http://192.168.0.135:8866/service?method=recording.list&filter=ready&sid=63c7f3d85ddd40f3a7072d0c8f5be74a
13:12:08 T:1910824496 DEBUG: CDVDPlayerVideo::CalcDropRequirement - hurry: 1
13:12:08 T:1911750048 DEBUG: Previous line repeats 1 times.
13:12:08 T:1911750048 NOTICE: Thread FileCache start, auto delete: false
13:12:08 T:1910824496 DEBUG: CDVDPlayerVideo::CalcDropRequirement - hurry: 1
13:12:08 T:1911750048 INFO: CFileCache::Process - Hit eof.
13:12:08 T:1910824496 DEBUG: CDVDPlayerVideo::CalcDropRequirement - hurry: 1
13:12:08 T:1911750048 DEBUG: Previous line repeats 1 times.
13:12:08 T:1911750048 DEBUG: Thread FileCache 1911750048 terminating
13:12:08 T:1910824496 DEBUG: CDVDPlayerVideo::CalcDropRequirement - hurry: 1
13:12:09 T:1875460552 DEBUG: Previous line repeats 66 times.
13:12:10 T:1875460552 DEBUG: EPG - bool EPG::CEpg::UpdateFromScraper(time_t, time_t) - updating EPG for channel 'SIS' from client '777'
13:12:10 T:1875460552 DEBUG: CFileCache::Open - opening using cache
13:12:10 T:1910824496 DEBUG: CDVDPlayerVideo::CalcDropRequirement - hurry: 1
13:12:10 T:1910824496 DEBUG: CDVDPlayerVideo::CalcDropRequirement - hurry: 0
13:12:10 T:1910824496 DEBUG: CDVDPlayerVideo::CalcDropRequirement - hurry: 1
13:12:10 T:1875460552 DEBUG: CurlFile::Open(0x7363fb10) http://192.168.0.135:8866/service?method=channel.listings&channel_id=7151&start=1452539529&end=1452885129&sid=63c7f3d85ddd40f3a7072d0c8f5be74a
13:12:10 T:1910824496 DEBUG: CDVDPlayerVideo::CalcDropRequirement - hurry: 1
13:12:10 T:1943992536 DEBUG: Previous line repeats 2 times.
13:12:10 T:1943992536 NOTICE: Thread FileCache start, auto delete: false
13:12:10 T:1943992536 INFO: CFileCache::Process - Hit eof.
13:12:10 T:1910824496 DEBUG: CDVDPlayerVideo::CalcDropRequirement - hurry: 1
13:12:10 T:1875460552 DEBUG: Previous line repeats 1 times.
13:12:10 T:1875460552 DEBUG: EPG - bool EPG::CEpg::UpdateFromScraper(time_t, time_t) - updating EPG for channel '91.7 FM' from client '777'
13:12:10 T:1875460552 DEBUG: CFileCache::Open - opening using cache
13:12:10 T:1943992536 DEBUG: Thread FileCache 1943992536 terminating
13:12:10 T:1875460552 DEBUG: CurlFile::Open(0x71c4f868) http://192.168.0.135:8866/service?method=channel.listings&channel_id=7152&start=1452539529&end=1452885129&sid=63c7f3d85ddd40f3a7072d0c8f5be74a
13:12:10 T:1910824496 DEBUG: CDVDPlayerVideo::CalcDropRequirement - hurry: 1
13:12:10 T:1910883208 DEBUG: Previous line repeats 3 times.
13:12:10 T:1910883208 NOTICE: Thread FileCache start, auto delete: false
13:12:10 T:1910883208 INFO: CFileCache::Process - Hit eof.
13:12:10 T:1910824496 DEBUG: CDVDPlayerVideo::CalcDropRequirement - hurry: 1
13:12:10 T:1910883208 DEBUG: Previous line repeats 1 times.
13:12:10 T:1910883208 DEBUG: Thread FileCache 1910883208 terminating
13:12:10 T:1910824496 DEBUG: CDVDPlayerVideo::CalcDropRequirement - hurry: 1
13:12:10 T:1875460552 DEBUG: EPG - bool EPG::CEpg::UpdateFromScraper(time_t, time_t) - updating EPG for channel 'KVQT-LD' from client '777'
13:12:10 T:1875460552 DEBUG: CFileCache::Open - opening using cache
13:12:10 T:1875460552 DEBUG: CurlFile::Open(0x71ed1f08) http://192.168.0.135:8866/service?method=channel.listings&channel_id=7175&start=1452539529&end=1452885129&sid=63c7f3d85ddd40f3a7072d0c8f5be74a
13:12:10 T:1910824496 DEBUG: CDVDPlayerVideo::CalcDropRequirement - hurry: 1
13:12:10 T:1910869544 DEBUG: Previous line repeats 1 times.
13:12:10 T:1910869544 NOTICE: Thread FileCache start, auto delete: false
13:12:10 T:1910869544 INFO: CFileCache::Process - Hit eof.
13:12:10 T:1910824496 DEBUG: CDVDPlayerVideo::CalcDropRequirement - hurry: 1
13:12:10 T:1910869544 DEBUG: Previous line repeats 1 times.
13:12:10 T:1910869544 DEBUG: Thread FileCache 1910869544 terminating
13:12:10 T:1875460552 DEBUG: EPG - bool EPG::CEpg::UpdateFromScraper(time_t, time_t) - updating EPG for channel 'KVQT-LD' from client '777'
13:12:10 T:1875460552 DEBUG: CFileCache::Open - opening using cache
13:12:10 T:1875460552 DEBUG: CurlFile::Open(0x71cedff8) http://192.168.0.135:8866/service?method=channel.listings&channel_id=7176&start=1452539529&end=1452885129&sid=63c7f3d85ddd40f3a7072d0c8f5be74a
13:12:10 T:1910824496 DEBUG: CDVDPlayerVideo::CalcDropRequirement - hurry: 1
13:12:10 T:1901873064 NOTICE: Thread FileCache start, auto delete: false
13:12:10 T:1901873064 INFO: CFileCache::Process - Hit eof.
13:12:10 T:1910824496 DEBUG: CDVDPlayerVideo::CalcDropRequirement - hurry: 1
13:12:10 T:1901873064 DEBUG: Previous line repeats 1 times.
13:12:10 T:1901873064 DEBUG: Thread FileCache 1901873064 terminating
13:12:10 T:1875460552 DEBUG: EPG - bool EPG::CEpg::UpdateFromScraper(time_t, time_t) - updating EPG for channel 'KVQT-LD' from client '777'
13:12:10 T:1875460552 DEBUG: CFileCache::Open - opening using cache
13:12:10 T:1910824496 DEBUG: CDVDPlayerVideo::CalcDropRequirement - hurry: 1
13:12:10 T:1875460552 DEBUG: CurlFile::Open(0x6fbfdd50) http://192.168.0.135:8866/service?method=channel.listings&channel_id=7177&start=1452539529&end=1452885129&sid=63c7f3d85ddd40f3a7072d0c8f5be74a
13:12:10 T:1910824496 DEBUG: CDVDPlayerVideo::CalcDropRequirement - hurry: 1
13:12:10 T:1878759272 DEBUG: Previous line repeats 1 times.
13:12:10 T:1878759272 NOTICE: Thread FileCache start, auto delete: false
13:12:10 T:1878759272 INFO: CFileCache::Process - Hit eof.
13:12:10 T:1910824496 DEBUG: CDVDPlayerVideo::CalcDropRequirement - hurry: 1
13:12:10 T:1878759272 DEBUG: Previous line repeats 1 times.
13:12:10 T:1878759272 DEBUG: Thread FileCache 1878759272 terminating
13:12:10 T:1875460552 DEBUG: EPG - bool EPG::CEpg::UpdateFromScraper(time_t, time_t) - updating EPG for channel 'KVQT-LD' from client '777'
13:12:10 T:1875460552 DEBUG: CFileCache::Open - opening using cache
13:12:10 T:1875460552 DEBUG: CurlFile::Open(0x71e5c5f0) http://192.168.0.135:8866/service?method=channel.listings&channel_id=7178&start=1452539529&end=1452885129&sid=63c7f3d85ddd40f3a7072d0c8f5be74a
13:12:10 T:1910824496 DEBUG: CDVDPlayerVideo::CalcDropRequirement - hurry: 1
13:12:10 T:1910970208 DEBUG: Previous line repeats 5 times.
13:12:10 T:1910970208 NOTICE: Thread FileCache start, auto delete: false
13:12:10 T:1910970208 INFO: CFileCache::Process - Hit eof.
13:12:10 T:1910824496 DEBUG: CDVDPlayerVideo::CalcDropRequirement - hurry: 1
13:12:10 T:1910970208 DEBUG: Previous line repeats 2 times.
13:12:10 T:1910970208 DEBUG: Thread FileCache 1910970208 terminating
13:12:10 T:1875460552 DEBUG: EPG - bool EPG::CEpg::UpdateFromScraper(time_t, time_t) - updating EPG for channel 'KVQT-LD' from client '777'
13:12:10 T:1875460552 DEBUG: CFileCache::Open - opening using cache
13:12:10 T:1875460552 DEBUG: CurlFile::Open(0x71cedff8) http://192.168.0.135:8866/service?method=channel.listings&channel_id=7179&start=1452539529&end=1452885129&sid=63c7f3d85ddd40f3a7072d0c8f5be74a
13:12:10 T:1910824496 DEBUG: CDVDPlayerVideo::CalcDropRequirement - hurry: 1
13:12:10 T:1849575184 DEBUG: Previous line repeats 2 times.
13:12:10 T:1849575184 NOTICE: Thread FileCache start, auto delete: false
13:12:10 T:1910824496 DEBUG: CDVDPlayerVideo::CalcDropRequirement - hurry: 1
13:12:10 T:1849575184 INFO: CFileCache::Process - Hit eof.
13:12:10 T:1910824496 DEBUG: CDVDPlayerVideo::CalcDropRequirement - hurry: 1
13:12:11 T:1849575184 DEBUG: Thread FileCache 1849575184 terminating
13:12:11 T:1875460552 DEBUG: EPG - bool EPG::CEpg::UpdateFromScraper(time_t, time_t) - updating EPG for channel 'V Life' from client '777'
13:12:11 T:1875460552 DEBUG: CFileCache::Open - opening using cache
13:12:11 T:1875460552 DEBUG: CurlFile::Open(0x71053ce8) http://192.168.0.135:8866/service?method=channel.listings&channel_id=7193&start=1452539529&end=1452885129&sid=63c7f3d85ddd40f3a7072d0c8f5be74a
13:12:11 T:1910824496 DEBUG: CDVDPlayerVideo::CalcDropRequirement - hurry: 1
13:12:11 T:1877792232 DEBUG: Previous line repeats 2 times.
13:12:11 T:1877792232 NOTICE: Thread FileCache start, auto delete: false
13:12:11 T:1877792232 INFO: CFileCache::Process - Hit eof.
13:12:11 T:1910824496 DEBUG: CDVDPlayerVideo::CalcDropRequirement - hurry: 1
13:12:11 T:1877792232 DEBUG: Thread FileCache 1877792232 terminating
13:12:11 T:1875460552 DEBUG: EPG - bool EPG::CEpg::UpdateFromScraper(time_t, time_t) - updating EPG for channel '28.9' from client '777'
13:12:11 T:1875460552 DEBUG: CFileCache::Open - opening using cache
13:12:11 T:1910824496 DEBUG: CDVDPlayerVideo::CalcDropRequirement - hurry: 1
13:12:11 T:1875460552 DEBUG: CurlFile::Open(0x7363fb10) http://192.168.0.135:8866/service?method=channel.listings&channel_id=7195&start=1452539529&end=1452885129&sid=63c7f3d85ddd40f3a7072d0c8f5be74a
13:12:11 T:1910824496 DEBUG: CDVDPlayerVideo::CalcDropRequirement - hurry: 1
13:12:11 T:1846288192 DEBUG: Previous line repeats 3 times.
13:12:11 T:1846288192 NOTICE: Thread FileCache start, auto delete: false
13:12:11 T:1846288192 INFO: CFileCache::Process - Hit eof.
13:12:11 T:1910824496 DEBUG: CDVDPlayerVideo::CalcDropRequirement - hurry: 1
13:12:11 T:1846288192 DEBUG: Previous line repeats 1 times.
13:12:11 T:1846288192 DEBUG: Thread FileCache 1846288192 terminating
13:12:11 T:1875460552 DEBUG: EPG - bool EPG::CEpg::UpdateFromScraper(time_t, time_t) - updating EPG for channel '28.10' from client '777'
13:12:11 T:1848293056 DEBUG: CFileCache::Open - opening using cache
13:12:11 T:1848293056 DEBUG: CurlFile::Open(0x71cedff8) http://192.168.0.135:8866/service?method=recording.recurring.list&sid=63c7f3d85ddd40f3a7072d0c8f5be74a
13:12:11 T:1878285760 NOTICE: Thread FileCache start, auto delete: false
13:12:11 T:1910824496 DEBUG: CDVDPlayerVideo::CalcDropRequirement - hurry: 1
13:12:11 T:1878285760 INFO: CFileCache::Process - Hit eof.
13:12:11 T:1910824496 DEBUG: CDVDPlayerVideo::CalcDropRequirement - hurry: 1
13:12:11 T:1878285760 DEBUG: Previous line repeats 2 times.
13:12:11 T:1878285760 DEBUG: Thread FileCache 1878285760 terminating
13:12:11 T:1875460552 DEBUG: CFileCache::Open - opening using cache
13:12:11 T:1875460552 DEBUG: CurlFile::Open(0x6fecd490) http://192.168.0.135:8866/service?method=channel.listings&channel_id=7196&start=1452539529&end=1452885129&sid=63c7f3d85ddd40f3a7072d0c8f5be74a
13:12:11 T:1910824496 DEBUG: CDVDPlayerVideo::CalcDropRequirement - hurry: 1
13:12:11 T:1936011960 DEBUG: Previous line repeats 1 times.
13:12:11 T:1936011960 NOTICE: Thread FileCache start, auto delete: false
13:12:11 T:1936011960 INFO: CFileCache::Process - Hit eof.
13:12:11 T:1910824496 DEBUG: CDVDPlayerVideo::CalcDropRequirement - hurry: 1
13:12:11 T:1936011960 DEBUG: Previous line repeats 1 times.
13:12:11 T:1936011960 DEBUG: Thread FileCache 1936011960 terminating
13:12:11 T:1848293056 DEBUG: CFileCache::Open - opening using cache
13:12:11 T:1848293056 DEBUG: CurlFile::Open(0x71c59e48) http://192.168.0.135:8866/service?method=recording.list&filter=pending&sid=63c7f3d85ddd40f3a7072d0c8f5be74a
13:12:11 T:1875460552 DEBUG: EPG - bool EPG::CEpg::UpdateFromScraper(time_t, time_t) - updating EPG for channel '28.11' from client '777'
13:12:11 T:1910824496 DEBUG: CDVDPlayerVideo::CalcDropRequirement - hurry: 1
13:12:11 T:1908668840 DEBUG: Previous line repeats 5 times.
13:12:11 T:1908668840 NOTICE: Thread FileCache start, auto delete: false
13:12:11 T:1910824496 DEBUG: CDVDPlayerVideo::CalcDropRequirement - hurry: 1
13:12:11 T:1908668840 DEBUG: Previous line repeats 1 times.
13:12:11 T:1908668840 INFO: CFileCache::Process - Hit eof.
13:12:11 T:1908668840 DEBUG: Thread FileCache 1908668840 terminating
13:12:11 T:1875460552 DEBUG: CFileCache::Open - opening using cache
13:12:11 T:1875460552 DEBUG: CurlFile::Open(0x71e5c5f0) http://192.168.0.135:8866/service?method=channel.listings&channel_id=7197&start=1452539529&end=1452885129&sid=63c7f3d85ddd40f3a7072d0c8f5be74a
13:12:11 T:1910824496 DEBUG: CDVDPlayerVideo::CalcDropRequirement - hurry: 1
13:12:11 T:1911750048 NOTICE: Thread FileCache start, auto delete: false
13:12:11 T:1911750048 INFO: CFileCache::Process - Hit eof.
13:12:11 T:1910824496 DEBUG: CDVDPlayerVideo::CalcDropRequirement - hurry: 1
13:12:11 T:1911750048 DEBUG: Previous line repeats 1 times.
13:12:11 T:1911750048 DEBUG: Thread FileCache 1911750048 terminating
13:12:11 T:1875460552 DEBUG: EPG - bool EPG::CEpg::UpdateFromScraper(time_t, time_t) - updating EPG for channel '28.12' from client '777'
13:12:11 T:1848293056 DEBUG: CFileCache::Open - opening using cache
13:12:11 T:1910824496 DEBUG: CDVDPlayerVideo::CalcDropRequirement - hurry: 1
13:12:11 T:1848293056 DEBUG: CurlFile::Open(0x6fecd490) http://192.168.0.135:8866/service?method=recording.list&filter=ready&sid=63c7f3d85ddd40f3a7072d0c8f5be74a
13:12:11 T:1910824496 DEBUG: CDVDPlayerVideo::CalcDropRequirement - hurry: 1
13:12:11 T:1910883208 DEBUG: Previous line repeats 3 times.
13:12:11 T:1910883208 NOTICE: Thread FileCache start, auto delete: false
13:12:11 T:1910883208 INFO: CFileCache::Process - Hit eof.
13:12:11 T:1910824496 DEBUG: CDVDPlayerVideo::CalcDropRequirement - hurry: 1
13:12:12 T:1910883208 DEBUG: Previous line repeats 1 times.
13:12:12 T:1910883208 DEBUG: Thread FileCache 1910883208 terminating
13:12:12 T:1875460552 DEBUG: CFileCache::Open - opening using cache
13:12:12 T:1875460552 DEBUG: CurlFile::Open(0x71ed1f08) http://192.168.0.135:8866/service?method=channel.listings&channel_id=7198&start=1452539529&end=1452885129&sid=63c7f3d85ddd40f3a7072d0c8f5be74a
13:12:12 T:1910824496 DEBUG: CDVDPlayerVideo::CalcDropRequirement - hurry: 1
13:12:12 T:1910869544 DEBUG: Previous line repeats 1 times.
13:12:12 T:1910869544 NOTICE: Thread FileCache start, auto delete: false
13:12:12 T:1910869544 INFO: CFileCache::Process - Hit eof.
13:12:12 T:1910824496 DEBUG: CDVDPlayerVideo::CalcDropRequirement - hurry: 1
13:12:12 T:1910869544 DEBUG: Thread FileCache 1910869544 terminating
13:12:12 T:1910824496 DEBUG: CDVDPlayerVideo::CalcDropRequirement - hurry: 1
13:12:12 T:1875460552 DEBUG: EPG - bool EPG::CEpg::UpdateFromScraper(time_t, time_t) - updating EPG for channel 'KZHO-LD' from client '777'
13:12:12 T:1875460552 DEBUG: CFileCache::Open - opening using cache
13:12:12 T:1910824496 DEBUG: CDVDPlayerVideo::CalcDropRequirement - hurry: 1
13:12:12 T:1875460552 DEBUG: CurlFile::Open(0x6fbfdd50) http://192.168.0.135:8866/service?method=channel.listings&channel_id=7229&start=1452539529&end=1452885129&sid=63c7f3d85ddd40f3a7072d0c8f5be74a
13:12:12 T:1910824496 DEBUG: CDVDPlayerVideo::CalcDropRequirement - hurry: 1
13:12:12 T:1901873064 DEBUG: Previous line repeats 1 times.
13:12:12 T:1901873064 NOTICE: Thread FileCache start, auto delete: false
13:12:12 T:1901873064 INFO: CFileCache::Process - Hit eof.
13:12:12 T:1910824496 DEBUG: CDVDPlayerVideo::CalcDropRequirement - hurry: 1
13:12:12 T:1901873064 DEBUG: Previous line repeats 1 times.
13:12:12 T:1901873064 DEBUG: Thread FileCache 1901873064 terminating
13:12:12 T:1875460552 DEBUG: EPG - bool EPG::CEpg::UpdateFromScraper(time_t, time_t) - updating EPG for channel 'KZHO-LD' from client '777'
13:12:12 T:1875460552 DEBUG: CFileCache::Open - opening using cache
13:12:12 T:1875460552 DEBUG: CurlFile::Open(0x71c4f868) http://192.168.0.135:8866/service?method=channel.listings&channel_id=7230&start=1452539529&end=1452885129&sid=63c7f3d85ddd40f3a7072d0c8f5be74a
13:12:12 T:1910824496 DEBUG: CDVDPlayerVideo::CalcDropRequirement - hurry: 1
13:12:12 T:1878759272 DEBUG: Previous line repeats 5 times.
13:12:12 T:1878759272 NOTICE: Thread FileCache start, auto delete: false
13:12:12 T:1878759272 INFO: CFileCache::Process - Hit eof.
13:12:12 T:1878759272 DEBUG: Thread FileCache 1878759272 terminating
13:12:12 T:1875460552 DEBUG: EPG - bool EPG::CEpg::UpdateFromScraper(time_t, time_t) - updating EPG for channel 'KZHO-LD' from client '777'
13:12:12 T:1910824496 DEBUG: CDVDPlayerVideo::CalcDropRequirement - hurry: 1
13:12:12 T:1875460552 DEBUG: CFileCache::Open - opening using cache
13:12:12 T:1875460552 DEBUG: CurlFile::Open(0x73ec62d0) http://192.168.0.135:8866/service?method=channel.listings&channel_id=7231&start=1452539529&end=1452885129&sid=63c7f3d85ddd40f3a7072d0c8f5be74a
13:12:12 T:1910824496 DEBUG: CDVDPlayerVideo::CalcDropRequirement - hurry: 1
13:12:12 T:1943992536 DEBUG: Previous line repeats 7 times.
13:12:12 T:1943992536 NOTICE: Thread FileCache start, auto delete: false
13:12:12 T:1943992536 INFO: CFileCache::Process - Hit eof.
13:12:12 T:1910824496 DEBUG: CDVDPlayerVideo::CalcDropRequirement - hurry: 1
13:12:12 T:1943992536 DEBUG: Thread FileCache 1943992536 terminating
13:12:12 T:1875460552 DEBUG: EPG - bool EPG::CEpg::UpdateFromScraper(time_t, time_t) - updating EPG for channel 'CNN' from client '777'
13:12:12 T:1875460552 DEBUG: CFileCache::Open - opening using cache
13:12:12 T:1910824496 DEBUG: CDVDPlayerVideo::CalcDropRequirement - hurry: 1
13:12:12 T:1875460552 DEBUG: CurlFile::Open(0x71cedff8) http://192.168.0.135:8866/service?method=channel.listings&channel_id=7266&start=1452539529&end=1452885129&sid=63c7f3d85ddd40f3a7072d0c8f5be74a
13:12:12 T:1910824496 DEBUG: CDVDPlayerVideo::CalcDropRequirement - hurry: 1
13:12:12 T:1849575184 DEBUG: Previous line repeats 1 times.
13:12:12 T:1849575184 NOTICE: Thread FileCache start, auto delete: false
13:12:12 T:1849575184 INFO: CFileCache::Process - Hit eof.
13:12:12 T:1910824496 DEBUG: CDVDPlayerVideo::CalcDropRequirement - hurry: 1
13:12:13 T:1849575184 DEBUG: Previous line repeats 2 times.
13:12:13 T:1849575184 DEBUG: Thread FileCache 1849575184 terminating
13:12:13 T:1875460552 DEBUG: EPG - bool EPG::CEpg::UpdateFromScraper(time_t, time_t) - updating EPG for channel 'BBC1 HD' from client '777'
13:12:13 T:1875460552 DEBUG: CFileCache::Open - opening using cache
13:12:13 T:1875460552 DEBUG: CurlFile::Open(0x71053ce8) http://192.168.0.135:8866/service?method=channel.listings&channel_id=7267&start=1452539529&end=1452885129&sid=63c7f3d85ddd40f3a7072d0c8f5be74a
13:12:13 T:1910824496 DEBUG: CDVDPlayerVideo::CalcDropRequirement - hurry: 1
13:12:13 T:1877792232 DEBUG: Previous line repeats 1 times.
13:12:13 T:1877792232 NOTICE: Thread FileCache start, auto delete: false
13:12:13 T:1877792232 INFO: CFileCache::Process - Hit eof.
13:12:13 T:1910824496 DEBUG: CDVDPlayerVideo::CalcDropRequirement - hurry: 1
13:12:13 T:1877792232 DEBUG: Previous line repeats 2 times.
13:12:13 T:1877792232 DEBUG: Thread FileCache 1877792232 terminating
13:12:13 T:1875460552 DEBUG: EPG - bool EPG::CEpg::UpdateFromScraper(time_t, time_t) - updating EPG for channel 'Rev N' from client '777'
13:12:13 T:1875460552 DEBUG: CFileCache::Open - opening using cache
13:12:13 T:1875460552 DEBUG: CurlFile::Open(0x71ed1f08) http://192.168.0.135:8866/service?method=channel.listings&channel_id=7277&start=1452539529&end=1452885129&sid=63c7f3d85ddd40f3a7072d0c8f5be74a
13:12:13 T:1910824496 DEBUG: CDVDPlayerVideo::CalcDropRequirement - hurry: 1
13:12:13 T:1846288192 DEBUG: Previous line repeats 1 times.
13:12:13 T:1846288192 NOTICE: Thread FileCache start, auto delete: false
13:12:13 T:1846288192 INFO: CFileCache::Process - Hit eof.
13:12:13 T:1910824496 DEBUG: CDVDPlayerVideo::CalcDropRequirement - hurry: 1
13:12:13 T:1846288192 DEBUG: Thread FileCache 1846288192 terminating
13:12:13 T:1910824496 DEBUG: CDVDPlayerVideo::CalcDropRequirement - hurry: 1
13:12:13 T:1840986920 DEBUG: CPVRTimers - bool PVR::CPVRTimers::Update() - updating timers
13:12:13 T:1840986920 DEBUG: CFileCache::Open - opening using cache
13:12:13 T:1840986920 DEBUG: CurlFile::Open(0x71c59e48) http://192.168.0.135:8866/service?method=recording.recurring.list&filter=pending&sid=63c7f3d85ddd40f3a7072d0c8f5be74a
13:12:13 T:1878285760 NOTICE: Thread FileCache start, auto delete: false
13:12:13 T:1910824496 DEBUG: CDVDPlayerVideo::CalcDropRequirement - hurry: 1
13:12:13 T:1878285760 INFO: CFileCache::Process - Hit eof.
13:12:13 T:1878285760 DEBUG: Thread FileCache 1878285760 terminating
13:12:13 T:1910824496 DEBUG: CDVDPlayerVideo::CalcDropRequirement - hurry: 1
13:12:13 T:1840986920 ERROR: PVR - static void ADDON::CAddonCallbacksPVR::PVRTransferTimerEntry(void*, ADDON_HANDLE, const PVR_TIMER*) - cannot find channel 8101 on client 777
13:12:13 T:1910824496 ERROR: Previous line repeats 54 times.
13:12:13 T:1910824496 DEBUG: CDVDPlayerVideo::CalcDropRequirement - hurry: 1
13:12:13 T:1840986920 ERROR: PVR - static void ADDON::CAddonCallbacksPVR::PVRTransferTimerEntry(void*, ADDON_HANDLE, const PVR_TIMER*) - cannot find channel 8101 on client 777
13:12:13 T:1840986920 ERROR: Previous line repeats 17 times.
13:12:13 T:1840986920 DEBUG: CFileCache::Open - opening using cache
13:12:13 T:1840986920 DEBUG: CurlFile::Open(0x673d91e8) http://192.168.0.135:8866/service?method=recording.list&filter=pending&sid=63c7f3d85ddd40f3a7072d0c8f5be74a
13:12:13 T:1910824496 DEBUG: CDVDPlayerVideo::CalcDropRequirement - hurry: 1
13:12:13 T:1910970208 DEBUG: Previous line repeats 4 times.
13:12:13 T:1910970208 NOTICE: Thread FileCache start, auto delete: false
13:12:13 T:1910824496 DEBUG: CDVDPlayerVideo::CalcDropRequirement - hurry: 1
13:12:13 T:1910970208 DEBUG: Previous line repeats 1 times.
13:12:13 T:1910970208 INFO: CFileCache::Process - Hit eof.
13:12:13 T:1910970208 DEBUG: Thread FileCache 1910970208 terminating
13:12:13 T:1910824496 DEBUG: CDVDPlayerVideo::CalcDropRequirement - hurry: 1
13:12:13 T:1840986920 DEBUG: Previous line repeats 10 times.
13:12:13 T:1840986920 DEBUG: PVRTimers - bool PVR::CPVRTimers::UpdateEntries(const PVR::CPVRTimers&) - updated timer 11580 on client 777
13:12:13 T:1840986920 DEBUG: PVRTimers - bool PVR::CPVRTimers::UpdateEntries(const PVR::CPVRTimers&) - updated timer 11576 on client 777
13:12:13 T:1840986920 DEBUG: PVRTimers - bool PVR::CPVRTimers::UpdateEntries(const PVR::CPVRTimers&) - updated timer 11444 on client 777
13:12:13 T:1840986920 DEBUG: PVRTimers - bool PVR::CPVRTimers::UpdateEntries(const PVR::CPVRTimers&) - updated timer 11445 on client 777
13:12:13 T:1840986920 DEBUG: PVRTimers - bool PVR::CPVRTimers::UpdateEntries(const PVR::CPVRTimers&) - updated timer 11446 on client 777
13:12:13 T:1840986920 DEBUG: PVRTimers - bool PVR::CPVRTimers::UpdateEntries(const PVR::CPVRTimers&) - updated timer 11447 on client 777
13:12:13 T:1840986920 DEBUG: PVRTimers - bool PVR::CPVRTimers::UpdateEntries(const PVR::CPVRTimers&) - updated timer 11412 on client 777
13:12:13 T:1840986920 DEBUG: PVRTimers - bool PVR::CPVRTimers::UpdateEntries(const PVR::CPVRTimers&) - updated timer 11562 on client 777
13:12:13 T:1840986920 DEBUG: PVRTimers - bool PVR::CPVRTimers::UpdateEntries(const PVR::CPVRTimers&) - updated timer 11574 on client 777
13:12:13 T:1840986920 DEBUG: PVRTimers - bool PVR::CPVRTimers::UpdateEntries(const PVR::CPVRTimers&) - updated timer 11575 on client 777
13:12:13 T:1840986920 DEBUG: PVRTimers - bool PVR::CPVRTimers::UpdateEntries(const PVR::CPVRTimers&) - updated timer 11508 on client 777
13:12:13 T:1840986920 DEBUG: PVRTimers - bool PVR::CPVRTimers::UpdateEntries(const PVR::CPVRTimers&) - updated timer 11406 on client 777
13:12:13 T:1840986920 DEBUG: PVRTimers - bool PVR::CPVRTimers::UpdateEntries(const PVR::CPVRTimers&) - updated timer 11408 on client 777
13:12:13 T:1840986920 DEBUG: PVRTimers - bool PVR::CPVRTimers::UpdateEntries(const PVR::CPVRTimers&) - updated timer 11409 on client 777
13:12:13 T:1840986920 DEBUG: PVRTimers - bool PVR::CPVRTimers::UpdateEntries(const PVR::CPVRTimers&) - updated timer 11410 on client 777
13:12:13 T:1840986920 DEBUG: PVRTimers - bool PVR::CPVRTimers::UpdateEntries(const PVR::CPVRTimers&) - updated timer 11420 on client 777
13:12:13 T:1840986920 DEBUG: PVRTimers - bool PVR::CPVRTimers::UpdateEntries(const PVR::CPVRTimers&) - updated timer 11525 on client 777
13:12:13 T:1840986920 DEBUG: PVRTimers - bool PVR::CPVRTimers::UpdateEntries(const PVR::CPVRTimers&) - updated timer 11419 on client 777
13:12:13 T:1840986920 DEBUG: PVRTimers - bool PVR::CPVRTimers::UpdateEntries(const PVR::CPVRTimers&) - updated timer 11411 on client 777
13:12:13 T:1840986920 DEBUG: PVRTimers - bool PVR::CPVRTimers::UpdateEntries(const PVR::CPVRTimers&) - updated timer 11407 on client 777
13:12:13 T:1840986920 DEBUG: PVRTimers - bool PVR::CPVRTimers::UpdateEntries(const PVR::CPVRTimers&) - updated timer 11578 on client 777
13:12:13 T:1840986920 DEBUG: PVRTimers - bool PVR::CPVRTimers::UpdateEntries(const PVR::CPVRTimers&) - updated timer 11579 on client 777
13:12:13 T:1840986920 DEBUG: PVRTimers - bool PVR::CPVRTimers::UpdateEntries(const PVR::CPVRTimers&) - updated timer 11543 on client 777
13:12:13 T:1840986920 DEBUG: PVRTimers - bool PVR::CPVRTimers::UpdateEntries(const PVR::CPVRTimers&) - updated timer 11488 on client 777
13:12:13 T:1840986920 DEBUG: PVRTimers - bool PVR::CPVRTimers::UpdateEntries(const PVR::CPVRTimers&) - updated timer 11557 on client 777
13:12:13 T:1840986920 DEBUG: PVRTimers - bool PVR::CPVRTimers::UpdateEntries(const PVR::CPVRTimers&) - updated timer 11497 on client 777
13:12:13 T:1840986920 DEBUG: PVRTimers - bool PVR::CPVRTimers::UpdateEntries(const PVR::CPVRTimers&) - updated timer 11547 on client 777
13:12:13 T:1840986920 DEBUG: PVRTimers - bool PVR::CPVRTimers::UpdateEntries(const PVR::CPVRTimers&) - updated timer 11577 on client 777
13:12:13 T:1840986920 DEBUG: PVRTimers - bool PVR::CPVRTimers::UpdateEntries(const PVR::CPVRTimers&) - updated timer 11448 on client 777
13:12:13 T:1840986920 DEBUG: PVRTimers - bool PVR::CPVRTimers::UpdateEntries(const PVR::CPVRTimers&) - updated timer 11449 on client 777
13:12:13 T:1840986920 DEBUG: PVRTimers - bool PVR::CPVRTimers::UpdateEntries(const PVR::CPVRTimers&) - updated timer 11450 on client 777
13:12:13 T:1840986920 DEBUG: PVRTimers - bool PVR::CPVRTimers::UpdateEntries(const PVR::CPVRTimers&) - updated timer 11451 on client 777
13:12:13 T:1840986920 DEBUG: PVRTimers - bool PVR::CPVRTimers::UpdateEntries(const PVR::CPVRTimers&) - updated timer 11538 on client 777
13:12:13 T:1910824496 DEBUG: CDVDPlayerVideo::CalcDropRequirement - hurry: 1
13:12:13 T:1840986920 DEBUG: PVRTimers - bool PVR::CPVRTimers::UpdateEntries(const PVR::CPVRTimers&) - updated timer 11570 on client 777
13:12:13 T:1840986920 DEBUG: PVRTimers - bool PVR::CPVRTimers::UpdateEntries(const PVR::CPVRTimers&) - updated timer 11515 on client 777
13:12:13 T:1840986920 DEBUG: PVRTimers - bool PVR::CPVRTimers::UpdateEntries(const PVR::CPVRTimers&) - updated timer 11568 on client 777
13:12:13 T:1840986920 DEBUG: PVRTimers - bool PVR::CPVRTimers::UpdateEntries(const PVR::CPVRTimers&) - updated timer 11431 on client 777
13:12:13 T:1840986920 DEBUG: PVRTimers - bool PVR::CPVRTimers::UpdateEntries(const PVR::CPVRTimers&) - updated timer 11513 on client 777
13:12:13 T:1840986920 DEBUG: PVRTimers - bool PVR::CPVRTimers::UpdateEntries(const PVR::CPVRTimers&) - updated timer 11452 on client 777
13:12:13 T:1840986920 DEBUG: PVRTimers - bool PVR::CPVRTimers::UpdateEntries(const PVR::CPVRTimers&) - updated timer 11453 on client 777
13:12:13 T:1840986920 DEBUG: PVRTimers - bool PVR::CPVRTimers::UpdateEntries(const PVR::CPVRTimers&) - updated timer 11454 on client 777
13:12:13 T:1840986920 DEBUG: PVRTimers - bool PVR::CPVRTimers::UpdateEntries(const PVR::CPVRTimers&) - updated timer 11455 on client 777
13:12:13 T:1840986920 DEBUG: PVRTimers - bool PVR::CPVRTimers::UpdateEntries(const PVR::CPVRTimers&) - updated timer 11504 on client 777
13:12:13 T:1840986920 DEBUG: PVRTimers - bool PVR::CPVRTimers::UpdateEntries(const PVR::CPVRTimers&) - updated timer 11517 on client 777
13:12:13 T:1840986920 DEBUG: PVRTimers - bool PVR::CPVRTimers::UpdateEntries(const PVR::CPVRTimers&) - updated timer 11500 on client 777
13:12:13 T:1840986920 DEBUG: PVRTimers - bool PVR::CPVRTimers::UpdateEntries(const PVR::CPVRTimers&) - updated timer 11520 on client 777
13:12:13 T:1840986920 DEBUG: PVRTimers - bool PVR::CPVRTimers::UpdateEntries(const PVR::CPVRTimers&) - updated timer 11560 on client 777
13:12:13 T:1840986920 DEBUG: PVRTimers - bool PVR::CPVRTimers::UpdateEntries(const PVR::CPVRTimers&) - updated timer 11493 on client 777
13:12:13 T:1840986920 DEBUG: PVRTimers - bool PVR::CPVRTimers::UpdateEntries(const PVR::CPVRTimers&) - updated timer 11456 on client 777
13:12:13 T:1840986920 DEBUG: PVRTimers - bool PVR::CPVRTimers::UpdateEntries(const PVR::CPVRTimers&) - updated timer 11457 on client 777
13:12:13 T:1840986920 DEBUG: PVRTimers - bool PVR::CPVRTimers::UpdateEntries(const PVR::CPVRTimers&) - updated timer 11458 on client 777
13:12:13 T:1840986920 DEBUG: PVRTimers - bool PVR::CPVRTimers::UpdateEntries(const PVR::CPVRTimers&) - updated timer 11459 on client 777
13:12:13 T:1840986920 DEBUG: PVRTimers - bool PVR::CPVRTimers::UpdateEntries(const PVR::CPVRTimers&) - updated timer 11529 on client 777
13:12:13 T:1840986920 DEBUG: PVRTimers - bool PVR::CPVRTimers::UpdateEntries(const PVR::CPVRTimers&) - updated timer 11551 on client 777
13:12:13 T:1840986920 DEBUG: PVRTimers - bool PVR::CPVRTimers::UpdateEntries(const PVR::CPVRTimers&) - updated timer 11528 on client 777
13:12:13 T:1840986920 DEBUG: PVRTimers - bool PVR::CPVRTimers::UpdateEntries(const PVR::CPVRTimers&) - updated timer 11511 on client 777
13:12:13 T:1840986920 DEBUG: PVRTimers - bool PVR::CPVRTimers::UpdateEntries(const PVR::CPVRTimers&) - updated timer 11460 on client 777
13:12:13 T:1840986920 DEBUG: PVRTimers - bool PVR::CPVRTimers::UpdateEntries(const PVR::CPVRTimers&) - updated timer 11461 on client 777
13:12:13 T:1840986920 DEBUG: PVRTimers - bool PVR::CPVRTimers::UpdateEntries(const PVR::CPVRTimers&) - updated timer 11462 on client 777
13:12:13 T:1840986920 DEBUG: PVRTimers - bool PVR::CPVRTimers::UpdateEntries(const PVR::CPVRTimers&) - updated timer 11463 on client 777
13:12:13 T:1840986920 DEBUG: PVRTimers - bool PVR::CPVRTimers::UpdateEntries(const PVR::CPVRTimers&) - updated timer 11522 on client 777
13:12:13 T:1840986920 DEBUG: PVRTimers - bool PVR::CPVRTimers::UpdateEntries(const PVR::CPVRTimers&) - updated timer 11541 on client 777
13:12:13 T:1910824496 DEBUG: CDVDPlayerVideo::CalcDropRequirement - hurry: 1
13:12:13 T:1840986920 DEBUG: PVRTimers - bool PVR::CPVRTimers::UpdateEntries(const PVR::CPVRTimers&) - updated timer 11531 on client 777
13:12:13 T:1840986920 DEBUG: PVRTimers - bool PVR::CPVRTimers::UpdateEntries(const PVR::CPVRTimers&) - updated timer 11553 on client 777
13:12:13 T:1840986920 DEBUG: PVRTimers - bool PVR::CPVRTimers::UpdateEntries(const PVR::CPVRTimers&) - updated timer 11535 on client 777
13:12:13 T:1840986920 DEBUG: PVRTimers - bool PVR::CPVRTimers::UpdateEntries(const PVR::CPVRTimers&) - updated timer 11564 on client 777
13:12:13 T:1840986920 DEBUG: PVRTimers - bool PVR::CPVRTimers::UpdateEntries(const PVR::CPVRTimers&) - updated timer 11496 on client 777
13:12:13 T:1840986920 DEBUG: PVRTimers - bool PVR::CPVRTimers::UpdateEntries(const PVR::CPVRTimers&) - updated timer 11503 on client 777
13:12:13 T:1840986920 DEBUG: PVRTimers - bool PVR::CPVRTimers::UpdateEntries(const PVR::CPVRTimers&) - updated timer 11533 on client 777
13:12:13 T:1840986920 DEBUG: PVRTimers - bool PVR::CPVRTimers::UpdateEntries(const PVR::CPVRTimers&) - updated timer 11556 on client 777
13:12:13 T:1840986920 DEBUG: PVRTimers - bool PVR::CPVRTimers::UpdateEntries(const PVR::CPVRTimers&) - updated timer 11495 on client 777
13:12:13 T:1840986920 DEBUG: PVRTimers - bool PVR::CPVRTimers::UpdateEntries(const PVR::CPVRTimers&) - updated timer 11519 on client 777
13:12:13 T:1840986920 DEBUG: PVRTimers - bool PVR::CPVRTimers::UpdateEntries(const PVR::CPVRTimers&) - updated timer 11464 on client 777
13:12:13 T:1840986920 DEBUG: PVRTimers - bool PVR::CPVRTimers::UpdateEntries(const PVR::CPVRTimers&) - updated timer 11465 on client 777
13:12:13 T:1840986920 DEBUG: PVRTimers - bool PVR::CPVRTimers::UpdateEntries(const PVR::CPVRTimers&) - updated timer 11466 on client 777
13:12:13 T:1840986920 DEBUG: PVRTimers - bool PVR::CPVRTimers::UpdateEntries(const PVR::CPVRTimers&) - updated timer 11467 on client 777
13:12:13 T:1840986920 DEBUG: PVRTimers - bool PVR::CPVRTimers::UpdateEntries(const PVR::CPVRTimers&) - updated timer 11534 on client 777
13:12:13 T:1840986920 DEBUG: PVRTimers - bool PVR::CPVRTimers::UpdateEntries(const PVR::CPVRTimers&) - updated timer 11540 on client 777
13:12:13 T:1840986920 DEBUG: PVRTimers - bool PVR::CPVRTimers::UpdateEntries(const PVR::CPVRTimers&) - updated timer 11567 on client 777
13:12:13 T:1840986920 DEBUG: PVRTimers - bool PVR::CPVRTimers::UpdateEntries(const PVR::CPVRTimers&) - updated timer 11492 on client 777
13:12:13 T:1840986920 DEBUG: PVRTimers - bool PVR::CPVRTimers::UpdateEntries(const PVR::CPVRTimers&) - updated timer 11518 on client 777
13:12:13 T:1840986920 DEBUG: PVRTimers - bool PVR::CPVRTimers::UpdateEntries(const PVR::CPVRTimers&) - updated timer 11468 on client 777
13:12:13 T:1840986920 DEBUG: PVRTimers - bool PVR::CPVRTimers::UpdateEntries(const PVR::CPVRTimers&) - updated timer 11469 on client 777
13:12:13 T:1840986920 DEBUG: PVRTimers - bool PVR::CPVRTimers::UpdateEntries(const PVR::CPVRTimers&) - updated timer 11470 on client 777
13:12:13 T:1840986920 DEBUG: PVRTimers - bool PVR::CPVRTimers::UpdateEntries(const PVR::CPVRTimers&) - updated timer 11471 on client 777
13:12:13 T:1840986920 DEBUG: PVRTimers - bool PVR::CPVRTimers::UpdateEntries(const PVR::CPVRTimers&) - updated timer 11416 on client 777
