13:12:13 T:1840986920 DEBUG: PVRTimers - bool PVR::CPVRTimers::UpdateEntries(const PVR::CPVRTimers&) - updated timer 11524 on client 777
13:12:13 T:1840986920 DEBUG: PVRTimers - bool PVR::CPVRTimers::UpdateEntries(const PVR::CPVRTimers&) - updated timer 11550 on client 777
13:12:13 T:1840986920 DEBUG: PVRTimers - bool PVR::CPVRTimers::UpdateEntries(const PVR::CPVRTimers&) - updated timer 11502 on client 777
13:12:13 T:1910824496 DEBUG: CDVDPlayerVideo::CalcDropRequirement - hurry: 1
13:12:13 T:1840986920 DEBUG: PVRTimers - bool PVR::CPVRTimers::UpdateEntries(const PVR::CPVRTimers&) - updated timer 11507 on client 777
13:12:13 T:1840986920 DEBUG: PVRTimers - bool PVR::CPVRTimers::UpdateEntries(const PVR::CPVRTimers&) - updated timer 11537 on client 777
13:12:13 T:1840986920 DEBUG: PVRTimers - bool PVR::CPVRTimers::UpdateEntries(const PVR::CPVRTimers&) - updated timer 11566 on client 777
13:12:13 T:1840986920 DEBUG: PVRTimers - bool PVR::CPVRTimers::UpdateEntries(const PVR::CPVRTimers&) - updated timer 11510 on client 777
13:12:13 T:1840986920 DEBUG: PVRTimers - bool PVR::CPVRTimers::UpdateEntries(const PVR::CPVRTimers&) - updated timer 11506 on client 777
13:12:13 T:1840986920 DEBUG: PVRTimers - bool PVR::CPVRTimers::UpdateEntries(const PVR::CPVRTimers&) - updated timer 11472 on client 777
13:12:13 T:1840986920 DEBUG: PVRTimers - bool PVR::CPVRTimers::UpdateEntries(const PVR::CPVRTimers&) - updated timer 11473 on client 777
13:12:13 T:1840986920 DEBUG: PVRTimers - bool PVR::CPVRTimers::UpdateEntries(const PVR::CPVRTimers&) - updated timer 11474 on client 777
13:12:13 T:1840986920 DEBUG: PVRTimers - bool PVR::CPVRTimers::UpdateEntries(const PVR::CPVRTimers&) - updated timer 11475 on client 777
13:12:13 T:1840986920 DEBUG: PVRTimers - bool PVR::CPVRTimers::UpdateEntries(const PVR::CPVRTimers&) - updated timer 11526 on client 777
13:12:13 T:1840986920 DEBUG: PVRTimers - bool PVR::CPVRTimers::UpdateEntries(const PVR::CPVRTimers&) - updated timer 11527 on client 777
13:12:13 T:1840986920 DEBUG: PVRTimers - bool PVR::CPVRTimers::UpdateEntries(const PVR::CPVRTimers&) - updated timer 11476 on client 777
13:12:13 T:1840986920 DEBUG: PVRTimers - bool PVR::CPVRTimers::UpdateEntries(const PVR::CPVRTimers&) - updated timer 11477 on client 777
13:12:13 T:1840986920 DEBUG: PVRTimers - bool PVR::CPVRTimers::UpdateEntries(const PVR::CPVRTimers&) - updated timer 11478 on client 777
13:12:13 T:1840986920 DEBUG: PVRTimers - bool PVR::CPVRTimers::UpdateEntries(const PVR::CPVRTimers&) - updated timer 11479 on client 777
13:12:13 T:1840986920 DEBUG: PVRTimers - bool PVR::CPVRTimers::UpdateEntries(const PVR::CPVRTimers&) - updated timer 11480 on client 777
13:12:13 T:1840986920 DEBUG: PVRTimers - bool PVR::CPVRTimers::UpdateEntries(const PVR::CPVRTimers&) - updated timer 11481 on client 777
13:12:13 T:1840986920 DEBUG: PVRTimers - bool PVR::CPVRTimers::UpdateEntries(const PVR::CPVRTimers&) - updated timer 11482 on client 777
13:12:13 T:1840986920 DEBUG: PVRTimers - bool PVR::CPVRTimers::UpdateEntries(const PVR::CPVRTimers&) - updated timer 11483 on client 777
13:12:13 T:1840986920 DEBUG: PVRTimers - bool PVR::CPVRTimers::UpdateEntries(const PVR::CPVRTimers&) - updated timer 11484 on client 777
13:12:13 T:1840986920 DEBUG: PVRTimers - bool PVR::CPVRTimers::UpdateEntries(const PVR::CPVRTimers&) - updated timer 11485 on client 777
13:12:13 T:1840986920 DEBUG: PVRTimers - bool PVR::CPVRTimers::UpdateEntries(const PVR::CPVRTimers&) - updated timer 11486 on client 777
13:12:13 T:1840986920 DEBUG: PVRTimers - bool PVR::CPVRTimers::UpdateEntries(const PVR::CPVRTimers&) - updated timer 11487 on client 777
13:12:13 T:1910824496 DEBUG: CDVDPlayerVideo::CalcDropRequirement - hurry: 1
13:12:15 T:1848293056 DEBUG: Previous line repeats 38 times.
13:12:15 T:1848293056 DEBUG: CFileCache::Open - opening using cache
13:12:15 T:1848293056 DEBUG: CurlFile::Open(0x71e54030) http://192.168.0.135:8866/service?method=recording.recurring.list&sid=63c7f3d85ddd40f3a7072d0c8f5be74a
13:12:15 T:1910824496 DEBUG: CDVDPlayerVideo::CalcDropRequirement - hurry: 1
13:12:15 T:1908668840 NOTICE: Thread FileCache start, auto delete: false
13:12:15 T:1910824496 DEBUG: CDVDPlayerVideo::CalcDropRequirement - hurry: 1
13:12:15 T:1908668840 INFO: CFileCache::Process - Hit eof.
13:12:15 T:1908668840 DEBUG: Thread FileCache 1908668840 terminating
13:12:15 T:1910824496 DEBUG: CDVDPlayerVideo::CalcDropRequirement - hurry: 1
13:12:15 T:1848293056 DEBUG: CFileCache::Open - opening using cache
13:12:15 T:1848293056 DEBUG: CurlFile::Open(0x6fbfdd50) http://192.168.0.135:8866/service?method=recording.list&filter=pending&sid=63c7f3d85ddd40f3a7072d0c8f5be74a
13:12:15 T:1910824496 DEBUG: CDVDPlayerVideo::CalcDropRequirement - hurry: 1
13:12:15 T:1911750048 DEBUG: Previous line repeats 4 times.
13:12:15 T:1911750048 NOTICE: Thread FileCache start, auto delete: false
13:12:15 T:1910824496 DEBUG: CDVDPlayerVideo::CalcDropRequirement - hurry: 1
13:12:15 T:1911750048 INFO: CFileCache::Process - Hit eof.
13:12:15 T:1911750048 DEBUG: Thread FileCache 1911750048 terminating
13:12:15 T:1910824496 DEBUG: CDVDPlayerVideo::CalcDropRequirement - hurry: 1
13:12:15 T:1848293056 DEBUG: Previous line repeats 1 times.
13:12:15 T:1848293056 DEBUG: CFileCache::Open - opening using cache
13:12:15 T:1848293056 DEBUG: CurlFile::Open(0x7179f740) http://192.168.0.135:8866/service?method=recording.list&filter=ready&sid=63c7f3d85ddd40f3a7072d0c8f5be74a
13:12:15 T:1910824496 DEBUG: CDVDPlayerVideo::CalcDropRequirement - hurry: 1
13:12:15 T:1901873064 DEBUG: Previous line repeats 1 times.
13:12:15 T:1901873064 NOTICE: Thread FileCache start, auto delete: false
13:12:15 T:1910824496 DEBUG: CDVDPlayerVideo::CalcDropRequirement - hurry: 1
13:12:15 T:1901873064 INFO: CFileCache::Process - Hit eof.
13:12:15 T:1910824496 DEBUG: CDVDPlayerVideo::CalcDropRequirement - hurry: 1
13:12:15 T:1901873064 DEBUG: Previous line repeats 1 times.
13:12:15 T:1901873064 DEBUG: Thread FileCache 1901873064 terminating
13:12:15 T:1910824496 DEBUG: CDVDPlayerVideo::CalcDropRequirement - hurry: 1
13:12:18 T:1848293056 DEBUG: Previous line repeats 96 times.
13:12:18 T:1848293056 DEBUG: CFileCache::Open - opening using cache
13:12:18 T:1848293056 DEBUG: CurlFile::Open(0x73ec62d0) http://192.168.0.135:8866/service?method=recording.recurring.list&sid=63c7f3d85ddd40f3a7072d0c8f5be74a
13:12:18 T:1910824496 DEBUG: CDVDPlayerVideo::CalcDropRequirement - hurry: 1
13:12:18 T:1849575184 NOTICE: Thread FileCache start, auto delete: false
13:12:18 T:1910824496 DEBUG: CDVDPlayerVideo::CalcDropRequirement - hurry: 1
13:12:18 T:1849575184 DEBUG: Previous line repeats 1 times.
13:12:18 T:1849575184 INFO: CFileCache::Process - Hit eof.
13:12:18 T:1910824496 DEBUG: CDVDPlayerVideo::CalcDropRequirement - hurry: 1
13:12:18 T:1849575184 DEBUG: Thread FileCache 1849575184 terminating
13:12:18 T:1910824496 DEBUG: CDVDPlayerVideo::CalcDropRequirement - hurry: 1
13:12:18 T:1848293056 DEBUG: CFileCache::Open - opening using cache
13:12:18 T:1848293056 DEBUG: CurlFile::Open(0x71053ce8) http://192.168.0.135:8866/service?method=recording.list&filter=pending&sid=63c7f3d85ddd40f3a7072d0c8f5be74a
13:12:18 T:1910824496 DEBUG: CDVDPlayerVideo::CalcDropRequirement - hurry: 1
13:12:18 T:1877792232 DEBUG: Previous line repeats 4 times.
13:12:18 T:1877792232 NOTICE: Thread FileCache start, auto delete: false
13:12:18 T:1910824496 DEBUG: CDVDPlayerVideo::CalcDropRequirement - hurry: 1
13:12:18 T:1877792232 INFO: CFileCache::Process - Hit eof.
13:12:18 T:1910824496 DEBUG: CDVDPlayerVideo::CalcDropRequirement - hurry: 1
13:12:18 T:1877792232 DEBUG: Thread FileCache 1877792232 terminating
13:12:18 T:1910824496 DEBUG: CDVDPlayerVideo::CalcDropRequirement - hurry: 1
13:12:18 T:1848293056 DEBUG: Previous line repeats 1 times.
13:12:18 T:1848293056 DEBUG: CFileCache::Open - opening using cache
13:12:18 T:1848293056 DEBUG: CurlFile::Open(0x71e5c5f0) http://192.168.0.135:8866/service?method=recording.list&filter=ready&sid=63c7f3d85ddd40f3a7072d0c8f5be74a
13:12:18 T:1910824496 DEBUG: CDVDPlayerVideo::CalcDropRequirement - hurry: 1
13:12:18 T:1910883208 DEBUG: Previous line repeats 1 times.
13:12:18 T:1910883208 NOTICE: Thread FileCache start, auto delete: false
13:12:18 T:1910883208 INFO: CFileCache::Process - Hit eof.
13:12:18 T:1910883208 DEBUG: Thread FileCache 1910883208 terminating
13:12:18 T:1910824496 DEBUG: CDVDPlayerVideo::CalcDropRequirement - hurry: 1
13:12:21 T:1848293056 DEBUG: Previous line repeats 115 times.
13:12:21 T:1848293056 DEBUG: CFileCache::Open - opening using cache
13:12:21 T:1848293056 DEBUG: CurlFile::Open(0x71e8e4c8) http://192.168.0.135:8866/service?method=recording.recurring.list&sid=63c7f3d85ddd40f3a7072d0c8f5be74a
13:12:21 T:1878285760 NOTICE: Thread FileCache start, auto delete: false
13:12:21 T:1910824496 DEBUG: CDVDPlayerVideo::CalcDropRequirement - hurry: 1
13:12:21 T:1878285760 INFO: CFileCache::Process - Hit eof.
13:12:21 T:1910824496 DEBUG: CDVDPlayerVideo::CalcDropRequirement - hurry: 1
13:12:21 T:1878285760 DEBUG: Thread FileCache 1878285760 terminating
13:12:22 T:1848293056 DEBUG: CFileCache::Open - opening using cache
13:12:22 T:1848293056 DEBUG: CurlFile::Open(0x71c4f868) http://192.168.0.135:8866/service?method=recording.list&filter=pending&sid=63c7f3d85ddd40f3a7072d0c8f5be74a
13:12:22 T:1910824496 DEBUG: CDVDPlayerVideo::CalcDropRequirement - hurry: 1
13:12:22 T:1936011960 DEBUG: Previous line repeats 6 times.
13:12:22 T:1936011960 NOTICE: Thread FileCache start, auto delete: false
13:12:22 T:1910824496 DEBUG: CDVDPlayerVideo::CalcDropRequirement - hurry: 1
13:12:22 T:1936011960 DEBUG: Previous line repeats 3 times.
13:12:22 T:1936011960 INFO: CFileCache::Process - Hit eof.
13:12:22 T:1910824496 DEBUG: CDVDPlayerVideo::CalcDropRequirement - hurry: 1
13:12:22 T:1936011960 DEBUG: Thread FileCache 1936011960 terminating
13:12:22 T:1910824496 DEBUG: CDVDPlayerVideo::CalcDropRequirement - hurry: 1
13:12:22 T:1848293056 DEBUG: Previous line repeats 2 times.
13:12:22 T:1848293056 DEBUG: CFileCache::Open - opening using cache
13:12:22 T:1848293056 DEBUG: CurlFile::Open(0x71e5a758) http://192.168.0.135:8866/service?method=recording.list&filter=ready&sid=63c7f3d85ddd40f3a7072d0c8f5be74a
13:12:22 T:1910824496 DEBUG: CDVDPlayerVideo::CalcDropRequirement - hurry: 1
13:12:22 T:1910970208 DEBUG: Previous line repeats 2 times.
13:12:22 T:1910970208 NOTICE: Thread FileCache start, auto delete: false
13:12:22 T:1910970208 INFO: CFileCache::Process - Hit eof.
13:12:22 T:1910824496 DEBUG: CDVDPlayerVideo::CalcDropRequirement - hurry: 1
13:12:22 T:1910970208 DEBUG: Previous line repeats 1 times.
13:12:22 T:1910970208 DEBUG: Thread FileCache 1910970208 terminating
13:12:22 T:1910824496 DEBUG: CDVDPlayerVideo::CalcDropRequirement - hurry: 1
13:12:25 T:1848293056 DEBUG: Previous line repeats 117 times.
13:12:25 T:1848293056 DEBUG: CFileCache::Open - opening using cache
13:12:25 T:1848293056 DEBUG: CurlFile::Open(0x73ec62d0) http://192.168.0.135:8866/service?method=recording.lastupdated&sid=63c7f3d85ddd40f3a7072d0c8f5be74a
13:12:25 T:1861462816 NOTICE: Thread FileCache start, auto delete: false
13:12:25 T:1861462816 INFO: CFileCache::Process - Hit eof.
13:12:25 T:1848293056 DEBUG: CFileCache::Open - opening using cache
13:12:25 T:1861462816 DEBUG: Thread FileCache 1861462816 terminating
13:12:25 T:1848293056 DEBUG: CurlFile::Open(0x71d4c408) http://192.168.0.135:8866/service?method=recording.recurring.list&sid=63c7f3d85ddd40f3a7072d0c8f5be74a
13:12:26 T:1910883208 NOTICE: Thread FileCache start, auto delete: false
13:12:26 T:1910824496 DEBUG: CDVDPlayerVideo::CalcDropRequirement - hurry: 1
13:12:26 T:1910883208 DEBUG: Previous line repeats 1 times.
13:12:26 T:1910883208 INFO: CFileCache::Process - Hit eof.
13:12:26 T:1910824496 DEBUG: CDVDPlayerVideo::CalcDropRequirement - hurry: 1
13:12:26 T:1910883208 DEBUG: Thread FileCache 1910883208 terminating
13:12:26 T:1848293056 DEBUG: CFileCache::Open - opening using cache
13:12:26 T:1848293056 DEBUG: CurlFile::Open(0x6fecd490) http://192.168.0.135:8866/service?method=recording.list&filter=pending&sid=63c7f3d85ddd40f3a7072d0c8f5be74a
13:12:26 T:1910824496 DEBUG: CDVDPlayerVideo::CalcDropRequirement - hurry: 1
13:12:26 T:1878285760 DEBUG: Previous line repeats 7 times.
13:12:26 T:1878285760 NOTICE: Thread FileCache start, auto delete: false
13:12:26 T:1878285760 INFO: CFileCache::Process - Hit eof.
13:12:26 T:1910824496 DEBUG: CDVDPlayerVideo::CalcDropRequirement - hurry: 1
13:12:26 T:1878285760 DEBUG: Previous line repeats 1 times.
13:12:26 T:1878285760 DEBUG: Thread FileCache 1878285760 terminating
13:12:26 T:1910824496 DEBUG: CDVDPlayerVideo::CalcDropRequirement - hurry: 1
13:12:26 T:1848293056 DEBUG: Previous line repeats 5 times.
13:12:26 T:1848293056 DEBUG: CFileCache::Open - opening using cache
13:12:26 T:1848293056 DEBUG: CurlFile::Open(0x71e5c5f0) http://192.168.0.135:8866/service?method=recording.list&filter=ready&sid=63c7f3d85ddd40f3a7072d0c8f5be74a
13:12:26 T:1910824496 DEBUG: CDVDPlayerVideo::CalcDropRequirement - hurry: 1
13:12:26 T:1936011960 NOTICE: Thread FileCache start, auto delete: false
13:12:26 T:1936011960 INFO: CFileCache::Process - Hit eof.
13:12:26 T:1910824496 DEBUG: CDVDPlayerVideo::CalcDropRequirement - hurry: 1
13:12:26 T:1936011960 DEBUG: Previous line repeats 1 times.
13:12:26 T:1936011960 DEBUG: Thread FileCache 1936011960 terminating
13:12:26 T:1910824496 DEBUG: CDVDPlayerVideo::CalcDropRequirement - hurry: 1
13:12:29 T:1848293056 DEBUG: Previous line repeats 122 times.
13:12:29 T:1848293056 DEBUG: CFileCache::Open - opening using cache
13:12:29 T:1848293056 DEBUG: CurlFile::Open(0x7179f740) http://192.168.0.135:8866/service?method=recording.recurring.list&sid=63c7f3d85ddd40f3a7072d0c8f5be74a
13:12:29 T:1910824496 DEBUG: CDVDPlayerVideo::CalcDropRequirement - hurry: 1
13:12:29 T:1846288192 DEBUG: Previous line repeats 2 times.
13:12:29 T:1846288192 NOTICE: Thread FileCache start, auto delete: false
13:12:29 T:1910824496 DEBUG: CDVDPlayerVideo::CalcDropRequirement - hurry: 1
13:12:29 T:1846288192 ERROR: CCurlFile::FillBuffer - Failed: Failure when receiving data from the peer(56)
13:12:29 T:1846288192 NOTICE: CCurlFile::FillBuffer - Reconnect, (re)try 1
13:12:29 T:1910824496 DEBUG: CDVDPlayerVideo::CalcDropRequirement - hurry: 1
13:12:29 T:1846288192 DEBUG: Previous line repeats 1 times.
13:12:29 T:1846288192 ERROR: CCurlFile::FillBuffer - Failed: Requested range was not delivered by the server(33)
13:12:29 T:1846288192 INFO: CFileCache::Process - Hit eof.
13:12:29 T:1846288192 DEBUG: Thread FileCache 1846288192 terminating
13:12:29 T:1910824496 DEBUG: CDVDPlayerVideo::CalcDropRequirement - hurry: 1
13:12:29 T:1848293056 DEBUG: CFileCache::Open - opening using cache
13:12:29 T:1848293056 DEBUG: CurlFile::Open(0x71e5a758) http://192.168.0.135:8866/service?method=recording.list&filter=pending&sid=63c7f3d85ddd40f3a7072d0c8f5be74a
13:12:29 T:1910824496 DEBUG: CDVDPlayerVideo::CalcDropRequirement - hurry: 1
13:12:30 T:1878759272 DEBUG: Previous line repeats 7 times.
13:12:30 T:1878759272 NOTICE: Thread FileCache start, auto delete: false
13:12:30 T:1910824496 DEBUG: CDVDPlayerVideo::CalcDropRequirement - hurry: 1
13:12:30 T:1878759272 INFO: CFileCache::Process - Hit eof.
13:12:30 T:1878759272 DEBUG: Thread FileCache 1878759272 terminating
13:12:30 T:1910824496 DEBUG: CDVDPlayerVideo::CalcDropRequirement - hurry: 1
13:12:30 T:1848293056 DEBUG: Previous line repeats 1 times.
13:12:30 T:1848293056 DEBUG: CFileCache::Open - opening using cache
13:12:30 T:1848293056 DEBUG: CurlFile::Open(0x71ed1f08) http://192.168.0.135:8866/service?method=recording.list&filter=ready&sid=63c7f3d85ddd40f3a7072d0c8f5be74a
13:12:30 T:1910824496 DEBUG: CDVDPlayerVideo::CalcDropRequirement - hurry: 1
13:12:30 T:1901873064 DEBUG: Previous line repeats 3 times.
13:12:30 T:1901873064 NOTICE: Thread FileCache start, auto delete: false
13:12:30 T:1901873064 INFO: CFileCache::Process - Hit eof.
13:12:30 T:1910824496 DEBUG: CDVDPlayerVideo::CalcDropRequirement - hurry: 1
13:12:30 T:1901873064 DEBUG: Previous line repeats 1 times.
13:12:30 T:1901873064 DEBUG: Thread FileCache 1901873064 terminating
13:12:30 T:1910824496 DEBUG: CDVDPlayerVideo::CalcDropRequirement - hurry: 1
13:12:33 T:1848293056 DEBUG: Previous line repeats 105 times.
13:12:33 T:1848293056 DEBUG: CFileCache::Open - opening using cache
13:12:33 T:1848293056 DEBUG: CurlFile::Open(0x71ed1f08) http://192.168.0.135:8866/service?method=recording.recurring.list&sid=63c7f3d85ddd40f3a7072d0c8f5be74a
13:12:33 T:1910824496 DEBUG: CDVDPlayerVideo::CalcDropRequirement - hurry: 1
13:12:33 T:1911985736 NOTICE: Thread FileCache start, auto delete: false
13:12:33 T:1910824496 DEBUG: CDVDPlayerVideo::CalcDropRequirement - hurry: 1
13:12:33 T:1911985736 DEBUG: Previous line repeats 2 times.
13:12:33 T:1911985736 INFO: CFileCache::Process - Hit eof.
13:12:33 T:1910824496 DEBUG: CDVDPlayerVideo::CalcDropRequirement - hurry: 1
13:12:33 T:1911985736 DEBUG: Previous line repeats 2 times.
13:12:33 T:1911985736 DEBUG: Thread FileCache 1911985736 terminating
13:12:33 T:1910824496 DEBUG: CDVDPlayerVideo::CalcDropRequirement - hurry: 1
13:12:33 T:1848293056 DEBUG: Previous line repeats 1 times.
13:12:33 T:1848293056 DEBUG: CFileCache::Open - opening using cache
13:12:33 T:1848293056 DEBUG: CurlFile::Open(0x71e5c5f0) http://192.168.0.135:8866/service?method=recording.list&filter=pending&sid=63c7f3d85ddd40f3a7072d0c8f5be74a
13:12:33 T:1910824496 DEBUG: CDVDPlayerVideo::CalcDropRequirement - hurry: 1
13:12:33 T:1908668840 DEBUG: Previous line repeats 2 times.
13:12:33 T:1908668840 NOTICE: Thread FileCache start, auto delete: false
13:12:33 T:1910824496 DEBUG: CDVDPlayerVideo::CalcDropRequirement - hurry: 1
13:12:33 T:1908668840 DEBUG: Previous line repeats 1 times.
13:12:33 T:1908668840 INFO: CFileCache::Process - Hit eof.
13:12:33 T:1908668840 DEBUG: Thread FileCache 1908668840 terminating
13:12:33 T:1910824496 DEBUG: CDVDPlayerVideo::CalcDropRequirement - hurry: 1
13:12:33 T:1848293056 DEBUG: Previous line repeats 2 times.
13:12:33 T:1848293056 DEBUG: CFileCache::Open - opening using cache
13:12:33 T:1848293056 DEBUG: CurlFile::Open(0x71e8e4c8) http://192.168.0.135:8866/service?method=recording.list&filter=ready&sid=63c7f3d85ddd40f3a7072d0c8f5be74a
13:12:33 T:1910824496 DEBUG: CDVDPlayerVideo::CalcDropRequirement - hurry: 1
13:12:33 T:1910970208 DEBUG: Previous line repeats 2 times.
13:12:33 T:1910970208 NOTICE: Thread FileCache start, auto delete: false
13:12:33 T:1910970208 INFO: CFileCache::Process - Hit eof.
13:12:33 T:1910824496 DEBUG: CDVDPlayerVideo::CalcDropRequirement - hurry: 1
13:12:33 T:1910970208 DEBUG: Previous line repeats 2 times.
13:12:33 T:1910970208 DEBUG: Thread FileCache 1910970208 terminating
13:12:33 T:1910824496 DEBUG: CDVDPlayerVideo::CalcDropRequirement - hurry: 1
13:12:36 T:1848293056 DEBUG: Previous line repeats 124 times.
13:12:36 T:1848293056 DEBUG: CFileCache::Open - opening using cache
13:12:36 T:1848293056 DEBUG: CurlFile::Open(0x71ed1f08) http://192.168.0.135:8866/service?method=recording.recurring.list&sid=63c7f3d85ddd40f3a7072d0c8f5be74a
13:12:36 T:1910824496 DEBUG: CDVDPlayerVideo::CalcDropRequirement - hurry: 1
13:12:36 T:1849575184 NOTICE: Thread FileCache start, auto delete: false
13:12:36 T:1849575184 INFO: CFileCache::Process - Hit eof.
13:12:36 T:1910824496 DEBUG: CDVDPlayerVideo::CalcDropRequirement - hurry: 1
13:12:36 T:1849575184 DEBUG: Thread FileCache 1849575184 terminating
13:12:36 T:1910824496 DEBUG: CDVDPlayerVideo::CalcDropRequirement - hurry: 1
13:12:36 T:1848293056 DEBUG: CFileCache::Open - opening using cache
13:12:36 T:1848293056 DEBUG: CurlFile::Open(0x6fdbb4c0) http://192.168.0.135:8866/service?method=recording.list&filter=pending&sid=63c7f3d85ddd40f3a7072d0c8f5be74a
13:12:36 T:1910824496 DEBUG: CDVDPlayerVideo::CalcDropRequirement - hurry: 1
13:12:37 T:1878759272 DEBUG: Previous line repeats 7 times.
13:12:37 T:1878759272 NOTICE: Thread FileCache start, auto delete: false
13:12:37 T:1910824496 DEBUG: CDVDPlayerVideo::CalcDropRequirement - hurry: 1
13:12:37 T:1878759272 DEBUG: Previous line repeats 4 times.
13:12:37 T:1878759272 INFO: CFileCache::Process - Hit eof.
13:12:37 T:1878759272 DEBUG: Thread FileCache 1878759272 terminating
13:12:37 T:1910824496 DEBUG: CDVDPlayerVideo::CalcDropRequirement - hurry: 1
13:12:37 T:1848293056 DEBUG: Previous line repeats 1 times.
13:12:37 T:1848293056 DEBUG: CFileCache::Open - opening using cache
13:12:37 T:1910824496 DEBUG: CDVDPlayerVideo::CalcDropRequirement - hurry: 1
13:12:37 T:1848293056 DEBUG: CurlFile::Open(0x71f48518) http://192.168.0.135:8866/service?method=recording.list&filter=ready&sid=63c7f3d85ddd40f3a7072d0c8f5be74a
13:12:37 T:1910824496 DEBUG: CDVDPlayerVideo::CalcDropRequirement - hurry: 1
13:12:37 T:1936011960 DEBUG: Previous line repeats 3 times.
13:12:37 T:1936011960 NOTICE: Thread FileCache start, auto delete: false
13:12:37 T:1910824496 DEBUG: CDVDPlayerVideo::CalcDropRequirement - hurry: 1
13:12:37 T:1936011960 DEBUG: Previous line repeats 1 times.
13:12:37 T:1936011960 INFO: CFileCache::Process - Hit eof.
13:12:37 T:1936011960 DEBUG: Thread FileCache 1936011960 terminating
13:12:37 T:1910824496 DEBUG: CDVDPlayerVideo::CalcDropRequirement - hurry: 1
13:12:39 T:1910824496 DEBUG: Previous line repeats 85 times.
13:12:39 T:1910824496 DEBUG: CDVDPlayerVideo::CalcDropRequirement - hurry: 0
13:12:39 T:1910824496 DEBUG: CDVDPlayerVideo::CalcDropRequirement - hurry: 1
13:12:40 T:1848293056 DEBUG: Previous line repeats 44 times.
13:12:40 T:1848293056 DEBUG: CFileCache::Open - opening using cache
13:12:40 T:1848293056 DEBUG: CurlFile::Open(0x673d91e8) http://192.168.0.135:8866/service?method=recording.recurring.list&sid=63c7f3d85ddd40f3a7072d0c8f5be74a
13:12:40 T:1910824496 DEBUG: CDVDPlayerVideo::CalcDropRequirement - hurry: 1
13:12:40 T:1846288192 NOTICE: Thread FileCache start, auto delete: false
13:12:40 T:1846288192 INFO: CFileCache::Process - Hit eof.
13:12:40 T:1846288192 DEBUG: Thread FileCache 1846288192 terminating
13:12:40 T:1910824496 DEBUG: CDVDPlayerVideo::CalcDropRequirement - hurry: 1
13:12:40 T:1848293056 DEBUG: CFileCache::Open - opening using cache
13:12:40 T:1848293056 DEBUG: CurlFile::Open(0x71c59e48) http://192.168.0.135:8866/service?method=recording.list&filter=pending&sid=63c7f3d85ddd40f3a7072d0c8f5be74a
13:12:40 T:1910824496 DEBUG: CDVDPlayerVideo::CalcDropRequirement - hurry: 1
13:12:40 T:1911750048 DEBUG: Previous line repeats 5 times.
13:12:40 T:1911750048 NOTICE: Thread FileCache start, auto delete: false
13:12:40 T:1910824496 DEBUG: CDVDPlayerVideo::CalcDropRequirement - hurry: 1
13:12:40 T:1911750048 DEBUG: Previous line repeats 1 times.
13:12:40 T:1911750048 INFO: CFileCache::Process - Hit eof.
13:12:40 T:1911750048 DEBUG: Thread FileCache 1911750048 terminating
13:12:40 T:1910824496 DEBUG: CDVDPlayerVideo::CalcDropRequirement - hurry: 1
13:12:40 T:1848293056 DEBUG: Previous line repeats 3 times.
13:12:40 T:1848293056 DEBUG: CFileCache::Open - opening using cache
13:12:40 T:1848293056 DEBUG: CurlFile::Open(0x6bd34440) http://192.168.0.135:8866/service?method=recording.list&filter=ready&sid=63c7f3d85ddd40f3a7072d0c8f5be74a
13:12:40 T:1910824496 DEBUG: CDVDPlayerVideo::CalcDropRequirement - hurry: 1
13:12:40 T:1901873064 DEBUG: Previous line repeats 1 times.
13:12:40 T:1901873064 NOTICE: Thread FileCache start, auto delete: false
13:12:40 T:1910824496 DEBUG: CDVDPlayerVideo::CalcDropRequirement - hurry: 1
13:12:40 T:1901873064 INFO: CFileCache::Process - Hit eof.
13:12:40 T:1910824496 DEBUG: CDVDPlayerVideo::CalcDropRequirement - hurry: 1
13:12:41 T:1901873064 DEBUG: Previous line repeats 1 times.
13:12:41 T:1901873064 DEBUG: Thread FileCache 1901873064 terminating
13:12:41 T:1910824496 DEBUG: CDVDPlayerVideo::CalcDropRequirement - hurry: 1
13:12:44 T:1848293056 DEBUG: Previous line repeats 120 times.
13:12:44 T:1848293056 DEBUG: CFileCache::Open - opening using cache
13:12:44 T:1848293056 DEBUG: CurlFile::Open(0x73ec62d0) http://192.168.0.135:8866/service?method=recording.recurring.list&sid=63c7f3d85ddd40f3a7072d0c8f5be74a
13:12:44 T:1910824496 DEBUG: CDVDPlayerVideo::CalcDropRequirement - hurry: 1
13:12:44 T:1910869544 DEBUG: Previous line repeats 4 times.
13:12:44 T:1910869544 NOTICE: Thread FileCache start, auto delete: false
13:12:44 T:1910824496 DEBUG: CDVDPlayerVideo::CalcDropRequirement - hurry: 1
13:12:44 T:1910869544 DEBUG: Previous line repeats 1 times.
13:12:44 T:1910869544 INFO: CFileCache::Process - Hit eof.
13:12:44 T:1910824496 DEBUG: CDVDPlayerVideo::CalcDropRequirement - hurry: 1
13:12:44 T:1910869544 DEBUG: Thread FileCache 1910869544 terminating
13:12:44 T:1910824496 DEBUG: CDVDPlayerVideo::CalcDropRequirement - hurry: 1
13:12:44 T:1848293056 DEBUG: CFileCache::Open - opening using cache
13:12:44 T:1848293056 DEBUG: CurlFile::Open(0x71e5a758) http://192.168.0.135:8866/service?method=recording.list&filter=pending&sid=63c7f3d85ddd40f3a7072d0c8f5be74a
13:12:44 T:1910824496 DEBUG: CDVDPlayerVideo::CalcDropRequirement - hurry: 1
13:12:44 T:1878285760 DEBUG: Previous line repeats 3 times.
13:12:44 T:1878285760 NOTICE: Thread FileCache start, auto delete: false
13:12:44 T:1910824496 DEBUG: CDVDPlayerVideo::CalcDropRequirement - hurry: 1
13:12:44 T:1878285760 INFO: CFileCache::Process - Hit eof.
13:12:44 T:1878285760 DEBUG: Thread FileCache 1878285760 terminating
13:12:44 T:1910824496 DEBUG: CDVDPlayerVideo::CalcDropRequirement - hurry: 1
13:12:44 T:1848293056 DEBUG: Previous line repeats 3 times.
13:12:44 T:1848293056 DEBUG: CFileCache::Open - opening using cache
13:12:44 T:1848293056 DEBUG: CurlFile::Open(0x71c59e48) http://192.168.0.135:8866/service?method=recording.list&filter=ready&sid=63c7f3d85ddd40f3a7072d0c8f5be74a
13:12:44 T:1910824496 DEBUG: CDVDPlayerVideo::CalcDropRequirement - hurry: 1
13:12:44 T:1877792232 DEBUG: Previous line repeats 2 times.
13:12:44 T:1877792232 NOTICE: Thread FileCache start, auto delete: false
13:12:44 T:1877792232 INFO: CFileCache::Process - Hit eof.
13:12:44 T:1910824496 DEBUG: CDVDPlayerVideo::CalcDropRequirement - hurry: 1
13:12:44 T:1877792232 DEBUG: Thread FileCache 1877792232 terminating
13:12:44 T:1910824496 DEBUG: CDVDPlayerVideo::CalcDropRequirement - hurry: 1
13:12:47 T:1848293056 DEBUG: Previous line repeats 109 times.
13:12:47 T:1848293056 DEBUG: CFileCache::Open - opening using cache
13:12:47 T:1848293056 DEBUG: CurlFile::Open(0x73ec62d0) http://192.168.0.135:8866/service?method=recording.recurring.list&sid=63c7f3d85ddd40f3a7072d0c8f5be74a
13:12:47 T:1936011960 NOTICE: Thread FileCache start, auto delete: false
13:12:47 T:1910824496 DEBUG: CDVDPlayerVideo::CalcDropRequirement - hurry: 1
13:12:47 T:1936011960 INFO: CFileCache::Process - Hit eof.
13:12:47 T:1910824496 DEBUG: CDVDPlayerVideo::CalcDropRequirement - hurry: 1
13:12:47 T:1936011960 DEBUG: Thread FileCache 1936011960 terminating
13:12:47 T:1848293056 DEBUG: CFileCache::Open - opening using cache
13:12:47 T:1848293056 DEBUG: CurlFile::Open(0x673d91e8) http://192.168.0.135:8866/service?method=recording.list&filter=pending&sid=63c7f3d85ddd40f3a7072d0c8f5be74a
13:12:47 T:1910824496 DEBUG: CDVDPlayerVideo::CalcDropRequirement - hurry: 1
13:12:47 T:1846288192 DEBUG: Previous line repeats 4 times.
13:12:47 T:1846288192 NOTICE: Thread FileCache start, auto delete: false
13:12:47 T:1910824496 DEBUG: CDVDPlayerVideo::CalcDropRequirement - hurry: 1
13:12:47 T:1846288192 DEBUG: Previous line repeats 1 times.
13:12:47 T:1846288192 INFO: CFileCache::Process - Hit eof.
13:12:47 T:1910824496 DEBUG: CDVDPlayerVideo::CalcDropRequirement - hurry: 1
13:12:47 T:1846288192 DEBUG: Thread FileCache 1846288192 terminating
13:12:47 T:1910824496 DEBUG: CDVDPlayerVideo::CalcDropRequirement - hurry: 1
13:12:48 T:1848293056 DEBUG: Previous line repeats 4 times.
13:12:48 T:1848293056 DEBUG: CFileCache::Open - opening using cache
13:12:48 T:1848293056 DEBUG: CurlFile::Open(0x71053ce8) http://192.168.0.135:8866/service?method=recording.list&filter=ready&sid=63c7f3d85ddd40f3a7072d0c8f5be74a
13:12:48 T:1910824496 DEBUG: CDVDPlayerVideo::CalcDropRequirement - hurry: 1
13:12:48 T:1901873064 DEBUG: Previous line repeats 4 times.
13:12:48 T:1901873064 NOTICE: Thread FileCache start, auto delete: false
13:12:48 T:1910824496 DEBUG: CDVDPlayerVideo::CalcDropRequirement - hurry: 1
13:12:48 T:1901873064 INFO: CFileCache::Process - Hit eof.
13:12:48 T:1910824496 DEBUG: CDVDPlayerVideo::CalcDropRequirement - hurry: 1
13:12:48 T:1901873064 DEBUG: Thread FileCache 1901873064 terminating
13:12:48 T:1910824496 DEBUG: CDVDPlayerVideo::CalcDropRequirement - hurry: 1
13:12:51 T:1848293056 DEBUG: Previous line repeats 111 times.
13:12:51 T:1848293056 DEBUG: CFileCache::Open - opening using cache
13:12:51 T:1848293056 DEBUG: CurlFile::Open(0x6fecd490) http://192.168.0.135:8866/service?method=recording.recurring.list&sid=63c7f3d85ddd40f3a7072d0c8f5be74a
13:12:51 T:1910824496 DEBUG: CDVDPlayerVideo::CalcDropRequirement - hurry: 1
13:12:51 T:1910869544 NOTICE: Thread FileCache start, auto delete: false
13:12:51 T:1910824496 DEBUG: CDVDPlayerVideo::CalcDropRequirement - hurry: 1
13:12:51 T:1910869544 INFO: CFileCache::Process - Hit eof.
13:12:51 T:1910869544 DEBUG: Thread FileCache 1910869544 terminating
13:12:51 T:1848293056 DEBUG: CFileCache::Open - opening using cache
13:12:51 T:1848293056 DEBUG: CurlFile::Open(0x71c4f868) http://192.168.0.135:8866/service?method=recording.list&filter=pending&sid=63c7f3d85ddd40f3a7072d0c8f5be74a
13:12:51 T:1910824496 DEBUG: CDVDPlayerVideo::CalcDropRequirement - hurry: 1
13:12:51 T:1910970208 DEBUG: Previous line repeats 4 times.
13:12:51 T:1910970208 NOTICE: Thread FileCache start, auto delete: false
13:12:51 T:1910970208 INFO: CFileCache::Process - Hit eof.
13:12:51 T:1910824496 DEBUG: CDVDPlayerVideo::CalcDropRequirement - hurry: 1
13:12:51 T:1910970208 DEBUG: Thread FileCache 1910970208 terminating
13:12:51 T:1910824496 DEBUG: CDVDPlayerVideo::CalcDropRequirement - hurry: 1
13:12:51 T:1848293056 DEBUG: Previous line repeats 6 times.
13:12:51 T:1848293056 DEBUG: CFileCache::Open - opening using cache
13:12:51 T:1910824496 DEBUG: CDVDPlayerVideo::CalcDropRequirement - hurry: 1
13:12:51 T:1848293056 DEBUG: CurlFile::Open(0x6fdbb4c0) http://192.168.0.135:8866/service?method=recording.list&filter=ready&sid=63c7f3d85ddd40f3a7072d0c8f5be74a
13:12:51 T:1910824496 DEBUG: CDVDPlayerVideo::CalcDropRequirement - hurry: 1
13:12:51 T:1901873064 NOTICE: Thread FileCache start, auto delete: false
13:12:51 T:1901873064 INFO: CFileCache::Process - Hit eof.
13:12:51 T:1901873064 DEBUG: Thread FileCache 1901873064 terminating
13:12:51 T:1910824496 DEBUG: CDVDPlayerVideo::CalcDropRequirement - hurry: 1
13:12:55 T:1848293056 DEBUG: Previous line repeats 119 times.
13:12:55 T:1848293056 DEBUG: CFileCache::Open - opening using cache
13:12:55 T:1848293056 DEBUG: CurlFile::Open(0x7104cbb8) http://192.168.0.135:8866/service?method=recording.recurring.list&sid=63c7f3d85ddd40f3a7072d0c8f5be74a
13:12:55 T:1910824496 DEBUG: CDVDPlayerVideo::CalcDropRequirement - hurry: 1
13:12:55 T:1910869544 DEBUG: Previous line repeats 3 times.
13:12:55 T:1910869544 NOTICE: Thread FileCache start, auto delete: false
13:12:55 T:1910824496 DEBUG: CDVDPlayerVideo::CalcDropRequirement - hurry: 1
13:12:55 T:1910869544 DEBUG: Previous line repeats 3 times.
13:12:55 T:1910869544 INFO: CFileCache::Process - Hit eof.
13:12:55 T:1910824496 DEBUG: CDVDPlayerVideo::CalcDropRequirement - hurry: 1
13:12:55 T:1910869544 DEBUG: Previous line repeats 1 times.
13:12:55 T:1910869544 DEBUG: Thread FileCache 1910869544 terminating
13:12:55 T:1910824496 DEBUG: CDVDPlayerVideo::CalcDropRequirement - hurry: 1
13:12:55 T:1848293056 DEBUG: CFileCache::Open - opening using cache
13:12:55 T:1848293056 DEBUG: CurlFile::Open(0x71c3f540) http://192.168.0.135:8866/service?method=recording.list&filter=pending&sid=63c7f3d85ddd40f3a7072d0c8f5be74a
13:12:55 T:1910824496 DEBUG: CDVDPlayerVideo::CalcDropRequirement - hurry: 1
13:12:55 T:1910970208 DEBUG: Previous line repeats 4 times.
13:12:55 T:1910970208 NOTICE: Thread FileCache start, auto delete: false
13:12:55 T:1910824496 DEBUG: CDVDPlayerVideo::CalcDropRequirement - hurry: 1
13:12:55 T:1910970208 DEBUG: Previous line repeats 1 times.
13:12:55 T:1910970208 INFO: CFileCache::Process - Hit eof.
13:12:55 T:1910824496 DEBUG: CDVDPlayerVideo::CalcDropRequirement - hurry: 1
13:12:55 T:1910970208 DEBUG: Previous line repeats 2 times.
13:12:55 T:1910970208 DEBUG: Thread FileCache 1910970208 terminating
13:12:55 T:1910824496 DEBUG: CDVDPlayerVideo::CalcDropRequirement - hurry: 1
13:12:55 T:1848293056 DEBUG: Previous line repeats 1 times.
13:12:55 T:1848293056 DEBUG: CFileCache::Open - opening using cache
13:12:55 T:1848293056 DEBUG: CurlFile::Open(0x6fedee40) http://192.168.0.135:8866/service?method=recording.list&filter=ready&sid=63c7f3d85ddd40f3a7072d0c8f5be74a
13:12:55 T:1910824496 DEBUG: CDVDPlayerVideo::CalcDropRequirement - hurry: 1
13:12:55 T:1911985736 DEBUG: Previous line repeats 2 times.
13:12:55 T:1911985736 NOTICE: Thread FileCache start, auto delete: false
13:12:55 T:1911985736 INFO: CFileCache::Process - Hit eof.
13:12:55 T:1911985736 DEBUG: Thread FileCache 1911985736 terminating
13:12:55 T:1910824496 DEBUG: CDVDPlayerVideo::CalcDropRequirement - hurry: 1
13:12:58 T:1848293056 DEBUG: Previous line repeats 123 times.
13:12:58 T:1848293056 DEBUG: CFileCache::Open - opening using cache
13:12:58 T:1848293056 DEBUG: CurlFile::Open(0x71efbf50) http://192.168.0.135:8866/service?method=recording.recurring.list&sid=63c7f3d85ddd40f3a7072d0c8f5be74a
13:12:58 T:1910824496 DEBUG: CDVDPlayerVideo::CalcDropRequirement - hurry: 1
13:12:58 T:1911750048 NOTICE: Thread FileCache start, auto delete: false
13:12:58 T:1910824496 DEBUG: CDVDPlayerVideo::CalcDropRequirement - hurry: 1
13:12:58 T:1911750048 INFO: CFileCache::Process - Hit eof.
13:12:58 T:1910824496 DEBUG: CDVDPlayerVideo::CalcDropRequirement - hurry: 1
13:12:58 T:1911750048 DEBUG: Previous line repeats 1 times.
13:12:58 T:1911750048 DEBUG: Thread FileCache 1911750048 terminating
13:12:58 T:1910824496 DEBUG: CDVDPlayerVideo::CalcDropRequirement - hurry: 1
13:12:58 T:1848293056 DEBUG: CFileCache::Open - opening using cache
13:12:58 T:1848293056 DEBUG: CurlFile::Open(0x71e5c5f0) http://192.168.0.135:8866/service?method=recording.list&filter=pending&sid=63c7f3d85ddd40f3a7072d0c8f5be74a
13:12:58 T:1910824496 DEBUG: CDVDPlayerVideo::CalcDropRequirement - hurry: 1
13:12:59 T:1849575184 DEBUG: Previous line repeats 6 times.
13:12:59 T:1849575184 NOTICE: Thread FileCache start, auto delete: false
13:12:59 T:1910824496 DEBUG: CDVDPlayerVideo::CalcDropRequirement - hurry: 1
13:12:59 T:1849575184 INFO: CFileCache::Process - Hit eof.
13:12:59 T:1910824496 DEBUG: CDVDPlayerVideo::CalcDropRequirement - hurry: 1
13:12:59 T:1849575184 DEBUG: Previous line repeats 2 times.
13:12:59 T:1849575184 DEBUG: Thread FileCache 1849575184 terminating
13:12:59 T:1910824496 DEBUG: CDVDPlayerVideo::CalcDropRequirement - hurry: 1
13:12:59 T:1848293056 DEBUG: CFileCache::Open - opening using cache
13:12:59 T:1848293056 DEBUG: CurlFile::Open(0x71e5a758) http://192.168.0.135:8866/service?method=recording.list&filter=ready&sid=63c7f3d85ddd40f3a7072d0c8f5be74a
13:12:59 T:1910824496 DEBUG: CDVDPlayerVideo::CalcDropRequirement - hurry: 1
13:12:59 T:1877792232 DEBUG: Previous line repeats 2 times.
13:12:59 T:1877792232 NOTICE: Thread FileCache start, auto delete: false
13:12:59 T:1877792232 INFO: CFileCache::Process - Hit eof.
13:12:59 T:1910824496 DEBUG: CDVDPlayerVideo::CalcDropRequirement - hurry: 1
13:12:59 T:1877792232 DEBUG: Previous line repeats 1 times.
13:12:59 T:1877792232 DEBUG: Thread FileCache 1877792232 terminating
13:12:59 T:1910824496 DEBUG: CDVDPlayerVideo::CalcDropRequirement - hurry: 1
13:13:02 T:1910940992 DEBUG: Previous line repeats 97 times.
13:13:02 T:1910940992 DEBUG: CDVDClock::Discontinuity - CDVDPlayerAudio::HandleSyncError2 - was:11218418023.288948, should be:11218406935.710239, error:-11087.578709
13:13:02 T:1910824496 DEBUG: CDVDPlayerVideo::CalcDropRequirement - hurry: 1
13:13:02 T:1910824496 DEBUG: Previous line repeats 2 times.
13:13:02 T:1910824496 DEBUG: CDVDPlayerVideo::CalcDropRequirement - hurry: 0
13:13:02 T:1910824496 DEBUG: Previous line repeats 1 times.
13:13:02 T:1910824496 DEBUG: CDVDPlayerVideo::CalcDropRequirement - hurry: 1
13:13:02 T:1848293056 DEBUG: Previous line repeats 4 times.
13:13:02 T:1848293056 DEBUG: CFileCache::Open - opening using cache
13:13:02 T:1848293056 DEBUG: CurlFile::Open(0x71e54030) http://192.168.0.135:8866/service?method=recording.recurring.list&sid=63c7f3d85ddd40f3a7072d0c8f5be74a
13:13:02 T:1910824496 DEBUG: CDVDPlayerVideo::CalcDropRequirement - hurry: 1
13:13:02 T:1878285760 NOTICE: Thread FileCache start, auto delete: false
13:13:02 T:1910824496 DEBUG: CDVDPlayerVideo::CalcDropRequirement - hurry: 1
13:13:02 T:1878285760 INFO: CFileCache::Process - Hit eof.
13:13:02 T:1878285760 DEBUG: Thread FileCache 1878285760 terminating
13:13:02 T:1910824496 DEBUG: CDVDPlayerVideo::CalcDropRequirement - hurry: 1
13:13:02 T:1848293056 DEBUG: CFileCache::Open - opening using cache
13:13:02 T:1848293056 DEBUG: CurlFile::Open(0x71cedff8) http://192.168.0.135:8866/service?method=recording.list&filter=pending&sid=63c7f3d85ddd40f3a7072d0c8f5be74a
13:13:02 T:1910824496 DEBUG: CDVDPlayerVideo::CalcDropRequirement - hurry: 1
13:13:02 T:1910869544 DEBUG: Previous line repeats 5 times.
13:13:02 T:1910869544 NOTICE: Thread FileCache start, auto delete: false
13:13:02 T:1910824496 DEBUG: CDVDPlayerVideo::CalcDropRequirement - hurry: 1
13:13:02 T:1910869544 INFO: CFileCache::Process - Hit eof.
13:13:02 T:1910824496 DEBUG: CDVDPlayerVideo::CalcDropRequirement - hurry: 1
13:13:02 T:1910869544 DEBUG: Thread FileCache 1910869544 terminating
13:13:02 T:1910824496 DEBUG: CDVDPlayerVideo::CalcDropRequirement - hurry: 1
13:13:02 T:1848293056 DEBUG: Previous line repeats 5 times.
13:13:02 T:1848293056 DEBUG: CFileCache::Open - opening using cache
13:13:02 T:1848293056 DEBUG: CurlFile::Open(0x71efbf50) http://192.168.0.135:8866/service?method=recording.list&filter=ready&sid=63c7f3d85ddd40f3a7072d0c8f5be74a
13:13:02 T:1910824496 DEBUG: CDVDPlayerVideo::CalcDropRequirement - hurry: 1
13:13:02 T:1910970208 DEBUG: Previous line repeats 2 times.
13:13:02 T:1910970208 NOTICE: Thread FileCache start, auto delete: false
13:13:02 T:1910824496 DEBUG: CDVDPlayerVideo::CalcDropRequirement - hurry: 1
13:13:02 T:1910970208 INFO: CFileCache::Process - Hit eof.
13:13:02 T:1910824496 DEBUG: CDVDPlayerVideo::CalcDropRequirement - hurry: 1
13:13:02 T:1910970208 DEBUG: Previous line repeats 1 times.
13:13:02 T:1910970208 DEBUG: Thread FileCache 1910970208 terminating
13:13:02 T:1910824496 DEBUG: CDVDPlayerVideo::CalcDropRequirement - hurry: 1
13:13:05 T:1910824496 DEBUG: Previous line repeats 84 times.
13:13:05 T:1910824496 DEBUG: CDVDPlayerVideo::CalcDropRequirement - dropped in decoder, Sleeptime: 0.016749, Bufferlevel: 2, Gain: 0.054849
13:13:05 T:1910824496 DEBUG: CDVDPlayerVideo::CalcDropRequirement - hurry: 1
13:13:05 T:1848293056 DEBUG: Previous line repeats 16 times.
13:13:05 T:1848293056 DEBUG: CFileCache::Open - opening using cache
13:13:05 T:1848293056 DEBUG: CurlFile::Open(0x71c3f540) http://192.168.0.135:8866/service?method=recording.recurring.list&sid=63c7f3d85ddd40f3a7072d0c8f5be74a
13:13:05 T:1910824496 DEBUG: CDVDPlayerVideo::CalcDropRequirement - hurry: 1
13:13:06 T:1910883208 DEBUG: Previous line repeats 1 times.
13:13:06 T:1910883208 NOTICE: Thread FileCache start, auto delete: false
13:13:06 T:1910824496 DEBUG: CDVDPlayerVideo::CalcDropRequirement - hurry: 1
13:13:06 T:1910883208 INFO: CFileCache::Process - Hit eof.
13:13:06 T:1910883208 DEBUG: Thread FileCache 1910883208 terminating
13:13:06 T:1910824496 DEBUG: CDVDPlayerVideo::CalcDropRequirement - hurry: 1
13:13:06 T:1848293056 DEBUG: Previous line repeats 1 times.
13:13:06 T:1848293056 DEBUG: CFileCache::Open - opening using cache
13:13:06 T:1848293056 DEBUG: CurlFile::Open(0x71e54030) http://192.168.0.135:8866/service?method=recording.list&filter=pending&sid=63c7f3d85ddd40f3a7072d0c8f5be74a
13:13:06 T:1910824496 DEBUG: CDVDPlayerVideo::CalcDropRequirement - hurry: 1
13:13:06 T:1878285760 DEBUG: Previous line repeats 3 times.
13:13:06 T:1878285760 NOTICE: Thread FileCache start, auto delete: false
13:13:06 T:1910824496 DEBUG: CDVDPlayerVideo::CalcDropRequirement - hurry: 1
13:13:06 T:1878285760 INFO: CFileCache::Process - Hit eof.
13:13:06 T:1910824496 DEBUG: CDVDPlayerVideo::CalcDropRequirement - hurry: 1
13:13:06 T:1878285760 DEBUG: Thread FileCache 1878285760 terminating
13:13:06 T:1910824496 DEBUG: CDVDPlayerVideo::CalcDropRequirement - hurry: 1
13:13:06 T:1848293056 DEBUG: Previous line repeats 4 times.
13:13:06 T:1848293056 DEBUG: CFileCache::Open - opening using cache
13:13:06 T:1848293056 DEBUG: CurlFile::Open(0x71e5c5f0) http://192.168.0.135:8866/service?method=recording.list&filter=ready&sid=63c7f3d85ddd40f3a7072d0c8f5be74a
13:13:06 T:1910824496 DEBUG: CDVDPlayerVideo::CalcDropRequirement - hurry: 1
13:13:06 T:1911750048 NOTICE: Thread FileCache start, auto delete: false
13:13:06 T:1911750048 INFO: CFileCache::Process - Hit eof.
13:13:06 T:1910824496 DEBUG: CDVDPlayerVideo::CalcDropRequirement - hurry: 1
13:13:06 T:1911750048 DEBUG: Previous line repeats 1 times.
13:13:06 T:1911750048 DEBUG: Thread FileCache 1911750048 terminating
13:13:06 T:1910824496 DEBUG: CDVDPlayerVideo::CalcDropRequirement - hurry: 1
13:13:08 T:1910940992 DEBUG: Previous line repeats 50 times.
13:13:08 T:1910940992 DEBUG: CDVDClock::Discontinuity - CDVDPlayerAudio::HandleSyncError2 - was:11224473244.710239, should be:11224483813.622499, error:10568.912260
13:13:08 T:1910824496 DEBUG: CDVDPlayerVideo::CalcDropRequirement - hurry: 1
13:13:09 T:1848293056 DEBUG: Previous line repeats 52 times.
13:13:09 T:1848293056 DEBUG: CFileCache::Open - opening using cache
13:13:09 T:1848293056 DEBUG: CurlFile::Open(0x71e54030) http://192.168.0.135:8866/service?method=recording.recurring.list&sid=63c7f3d85ddd40f3a7072d0c8f5be74a
13:13:09 T:1910824496 DEBUG: CDVDPlayerVideo::CalcDropRequirement - hurry: 1
13:13:09 T:1878759272 NOTICE: Thread FileCache start, auto delete: false
13:13:09 T:1910824496 DEBUG: CDVDPlayerVideo::CalcDropRequirement - hurry: 1
13:13:09 T:1878759272 INFO: CFileCache::Process - Hit eof.
13:13:09 T:1878759272 DEBUG: Thread FileCache 1878759272 terminating
13:13:09 T:1910824496 DEBUG: CDVDPlayerVideo::CalcDropRequirement - hurry: 1
13:13:09 T:1848293056 DEBUG: Previous line repeats 1 times.
13:13:09 T:1848293056 DEBUG: CFileCache::Open - opening using cache
13:13:09 T:1848293056 DEBUG: CurlFile::Open(0x71c3f540) http://192.168.0.135:8866/service?method=recording.list&filter=pending&sid=63c7f3d85ddd40f3a7072d0c8f5be74a
13:13:09 T:1910824496 DEBUG: CDVDPlayerVideo::CalcDropRequirement - hurry: 1
13:13:09 T:1877792232 DEBUG: Previous line repeats 8 times.
13:13:09 T:1877792232 NOTICE: Thread FileCache start, auto delete: false
13:13:09 T:1910824496 DEBUG: CDVDPlayerVideo::CalcDropRequirement - hurry: 1
13:13:09 T:1877792232 DEBUG: Previous line repeats 3 times.
13:13:09 T:1877792232 INFO: CFileCache::Process - Hit eof.
13:13:10 T:1910824496 DEBUG: CDVDPlayerVideo::CalcDropRequirement - hurry: 1
13:13:10 T:1877792232 DEBUG: Previous line repeats 1 times.
13:13:10 T:1877792232 DEBUG: Thread FileCache 1877792232 terminating
13:13:10 T:1910824496 DEBUG: CDVDPlayerVideo::CalcDropRequirement - hurry: 1
13:13:10 T:1848293056 DEBUG: Previous line repeats 2 times.
13:13:10 T:1848293056 DEBUG: CFileCache::Open - opening using cache
13:13:10 T:1848293056 DEBUG: CurlFile::Open(0x6fdbb4c0) http://192.168.0.135:8866/service?method=recording.list&filter=ready&sid=63c7f3d85ddd40f3a7072d0c8f5be74a
13:13:10 T:1910824496 DEBUG: CDVDPlayerVideo::CalcDropRequirement - hurry: 1
13:13:10 T:1936011960 DEBUG: Previous line repeats 3 times.
13:13:10 T:1936011960 NOTICE: Thread FileCache start, auto delete: false
13:13:10 T:1910824496 DEBUG: CDVDPlayerVideo::CalcDropRequirement - hurry: 1
13:13:10 T:1936011960 INFO: CFileCache::Process - Hit eof.
13:13:10 T:1910824496 DEBUG: CDVDPlayerVideo::CalcDropRequirement - hurry: 1
13:13:10 T:1936011960 DEBUG: Previous line repeats 1 times.
13:13:10 T:1936011960 DEBUG: Thread FileCache 1936011960 terminating
13:13:10 T:1910824496 DEBUG: CDVDPlayerVideo::CalcDropRequirement - hurry: 1
13:13:13 T:1848293056 DEBUG: Previous line repeats 112 times.
13:13:13 T:1848293056 DEBUG: CFileCache::Open - opening using cache
13:13:13 T:1848293056 DEBUG: CurlFile::Open(0x6fecd490) http://192.168.0.135:8866/service?method=recording.recurring.list&sid=63c7f3d85ddd40f3a7072d0c8f5be74a
13:13:13 T:1910824496 DEBUG: CDVDPlayerVideo::CalcDropRequirement - hurry: 1
13:13:13 T:1910883208 DEBUG: Previous line repeats 3 times.
13:13:13 T:1910883208 NOTICE: Thread FileCache start, auto delete: false
13:13:13 T:1910883208 INFO: CFileCache::Process - Hit eof.
13:13:13 T:1910883208 DEBUG: Thread FileCache 1910883208 terminating
13:13:13 T:1910824496 DEBUG: CDVDPlayerVideo::CalcDropRequirement - hurry: 1
13:13:13 T:1848293056 DEBUG: Previous line repeats 1 times.
13:13:13 T:1848293056 DEBUG: CFileCache::Open - opening using cache
13:13:13 T:1848293056 DEBUG: CurlFile::Open(0x71c57808) http://192.168.0.135:8866/service?method=recording.list&filter=pending&sid=63c7f3d85ddd40f3a7072d0c8f5be74a
13:13:13 T:1910824496 DEBUG: CDVDPlayerVideo::CalcDropRequirement - hurry: 1
13:13:13 T:1878285760 DEBUG: Previous line repeats 4 times.
13:13:13 T:1878285760 NOTICE: Thread FileCache start, auto delete: false
13:13:13 T:1878285760 INFO: CFileCache::Process - Hit eof.
13:13:13 T:1878285760 DEBUG: Thread FileCache 1878285760 terminating
13:13:13 T:1910824496 DEBUG: CDVDPlayerVideo::CalcDropRequirement - hurry: 1
13:13:13 T:1848293056 DEBUG: Previous line repeats 2 times.
13:13:13 T:1848293056 DEBUG: CFileCache::Open - opening using cache
13:13:13 T:1910824496 DEBUG: CDVDPlayerVideo::CalcDropRequirement - hurry: 1
13:13:13 T:1848293056 DEBUG: CurlFile::Open(0x7104cbb8) http://192.168.0.135:8866/service?method=recording.list&filter=ready&sid=63c7f3d85ddd40f3a7072d0c8f5be74a
13:13:13 T:1788655912 DEBUG: Keyboard: scancode: 0x17, sym: 0x000d, unicode: 0x0000, modifier: 0x0
13:13:13 T:1788655912 DEBUG: bool CInputManager::OnKey(const CKey&): return (0xf00d) pressed, action is OSD
13:13:13 T:1788655912 DEBUG: ------ Window Init (VideoOSD.xml) ------
13:13:13 T:1910824496 DEBUG: CDVDPlayerVideo::CalcDropRequirement - hurry: 1
13:13:14 T:1910970208 DEBUG: Previous line repeats 2 times.
13:13:14 T:1910970208 NOTICE: Thread FileCache start, auto delete: false
13:13:14 T:1910970208 INFO: CFileCache::Process - Hit eof.
13:13:14 T:1910824496 DEBUG: CDVDPlayerVideo::CalcDropRequirement - hurry: 1
13:13:14 T:1910970208 DEBUG: Previous line repeats 1 times.
13:13:14 T:1910970208 DEBUG: Thread FileCache 1910970208 terminating
13:13:14 T:1910824496 DEBUG: CDVDPlayerVideo::CalcDropRequirement - hurry: 1
13:13:16 T:1788655912 DEBUG: Previous line repeats 52 times.
13:13:16 T:1788655912 DEBUG: Keyboard: scancode: 0x15, sym: 0x0114, unicode: 0x0000, modifier: 0x0
13:13:16 T:1788655912 DEBUG: bool CInputManager::OnKey(const CKey&): left (0xf082) pressed, action is Left
13:13:16 T:1910824496 DEBUG: CDVDPlayerVideo::CalcDropRequirement - hurry: 1
13:13:16 T:1910824496 DEBUG: Previous line repeats 8 times.
13:13:16 T:1910824496 DEBUG: CDVDPlayerVideo::CalcDropRequirement - hurry: 0
13:13:16 T:1910824496 DEBUG: CDVDPlayerVideo::CalcDropRequirement - hurry: 1
13:13:16 T:1788655912 DEBUG: Keyboard: scancode: 0x15, sym: 0x0114, unicode: 0x0000, modifier: 0x0
13:13:16 T:1788655912 DEBUG: bool CInputManager::OnKey(const CKey&): left (0xf082) pressed, action is Left
13:13:16 T:1910824496 DEBUG: CDVDPlayerVideo::CalcDropRequirement - hurry: 1
13:13:16 T:1788655912 DEBUG: Previous line repeats 7 times.
13:13:16 T:1788655912 DEBUG: Keyboard: scancode: 0x15, sym: 0x0114, unicode: 0x0000, modifier: 0x0
13:13:16 T:1788655912 DEBUG: bool CInputManager::OnKey(const CKey&): left (0xf082) pressed, action is Left
13:13:16 T:1910824496 DEBUG: CDVDPlayerVideo::CalcDropRequirement - hurry: 1
13:13:16 T:1788655912 DEBUG: Previous line repeats 5 times.
13:13:16 T:1788655912 DEBUG: Keyboard: scancode: 0x15, sym: 0x0114, unicode: 0x0000, modifier: 0x0
13:13:16 T:1788655912 DEBUG: bool CInputManager::OnKey(const CKey&): left (0xf082) pressed, action is Left
13:13:16 T:1910824496 DEBUG: CDVDPlayerVideo::CalcDropRequirement - hurry: 1
13:13:17 T:1788655912 DEBUG: Previous line repeats 3 times.
13:13:17 T:1788655912 DEBUG: Keyboard: scancode: 0x15, sym: 0x0114, unicode: 0x0000, modifier: 0x0
13:13:17 T:1788655912 DEBUG: bool CInputManager::OnKey(const CKey&): left (0xf082) pressed, action is Left
13:13:17 T:1910824496 DEBUG: CDVDPlayerVideo::CalcDropRequirement - hurry: 1
13:13:17 T:1848293056 DEBUG: CFileCache::Open - opening using cache
13:13:17 T:1848293056 DEBUG: CurlFile::Open(0x6fecd490) http://192.168.0.135:8866/service?method=recording.recurring.list&sid=63c7f3d85ddd40f3a7072d0c8f5be74a
13:13:17 T:1910824496 DEBUG: CDVDPlayerVideo::CalcDropRequirement - hurry: 1
13:13:17 T:1849575184 NOTICE: Thread FileCache start, auto delete: false
13:13:17 T:1849575184 INFO: CFileCache::Process - Hit eof.
13:13:17 T:1849575184 DEBUG: Thread FileCache 1849575184 terminating
13:13:17 T:1848293056 DEBUG: CFileCache::Open - opening using cache
13:13:17 T:1848293056 DEBUG: CurlFile::Open(0x71e5c5f0) http://192.168.0.135:8866/service?method=recording.list&filter=pending&sid=63c7f3d85ddd40f3a7072d0c8f5be74a
13:13:17 T:1910824496 DEBUG: CDVDPlayerVideo::CalcDropRequirement - hurry: 1
13:13:17 T:1911750048 DEBUG: Previous line repeats 3 times.
13:13:17 T:1911750048 NOTICE: Thread FileCache start, auto delete: false
13:13:17 T:1910824496 DEBUG: CDVDPlayerVideo::CalcDropRequirement - hurry: 1
