13:04:33 T:1849575184 DEBUG: Previous line repeats 1 times.
13:04:33 T:1849575184 DEBUG: Thread FileCache 1849575184 terminating
13:04:33 T:1910824496 DEBUG: CDVDPlayerVideo::CalcDropRequirement - hurry: 1
13:04:34 T:1910824496 DEBUG: Previous line repeats 13 times.
13:04:34 T:1910824496 WARNING: CDVDMessageQueue(video)::Get - asked for new data packet, with nothing available
13:04:34 T:1910824496 DEBUG: CDVDPlayerVideo::CalcDropRequirement - hurry: 0
13:04:34 T:1910824496 DEBUG: Previous line repeats 1 times.
13:04:34 T:1910824496 DEBUG: CDVDPlayerVideo::CalcDropRequirement - hurry: 1
13:04:34 T:1910824496 DEBUG: CDVDPlayerVideo::CalcDropRequirement - hurry: 0
13:04:34 T:1910824496 DEBUG: Previous line repeats 1 times.
13:04:34 T:1910824496 DEBUG: CDVDPlayerVideo::CalcDropRequirement - dropped in decoder, Sleeptime: 0.031234, Bufferlevel: 0, Gain: 0.057766
13:04:34 T:1910824496 DEBUG: CDVDPlayerVideo::CalcDropRequirement - hurry: 1
13:04:34 T:1910824496 DEBUG: CDVDPlayerVideo::CalcDropRequirement - hurry: 0
13:04:34 T:1910824496 DEBUG: Previous line repeats 1 times.
13:04:34 T:1910824496 DEBUG: CDVDPlayerVideo::CalcDropRequirement - hurry: 1
13:04:35 T:1910824496 DEBUG: Previous line repeats 33 times.
13:04:35 T:1910824496 WARNING: CDVDMessageQueue(video)::Get - asked for new data packet, with nothing available
13:04:35 T:1910824496 DEBUG: CDVDPlayerVideo::CalcDropRequirement - hurry: 0
13:04:35 T:1910824496 DEBUG: Previous line repeats 1 times.
13:04:35 T:1910824496 DEBUG: CDVDPlayerVideo::CalcDropRequirement - dropped in decoder, Sleeptime: 0.029305, Bufferlevel: 0, Gain: 0.064933
13:04:35 T:1910824496 DEBUG: CDVDPlayerVideo::CalcDropRequirement - hurry: 1
13:04:35 T:1910824496 DEBUG: Previous line repeats 2 times.
13:04:35 T:1910824496 DEBUG: CDVDPlayerVideo::CalcDropRequirement - hurry: 0
13:04:35 T:1910824496 DEBUG: Previous line repeats 1 times.
13:04:35 T:1910824496 DEBUG: CDVDPlayerVideo::CalcDropRequirement - hurry: 1
13:04:36 T:1910824496 DEBUG: Previous line repeats 37 times.
13:04:36 T:1910824496 WARNING: CDVDMessageQueue(video)::Get - asked for new data packet, with nothing available
13:04:36 T:1910824496 DEBUG: CDVDPlayerVideo::CalcDropRequirement - hurry: 0
13:04:36 T:1910824496 DEBUG: CDVDPlayerVideo::CalcDropRequirement - hurry: 1
13:04:36 T:1910824496 DEBUG: CDVDPlayerVideo::CalcDropRequirement - hurry: 0
13:04:36 T:1910824496 DEBUG: Previous line repeats 1 times.
13:04:36 T:1910824496 DEBUG: CDVDPlayerVideo::CalcDropRequirement - hurry: 1
13:04:36 T:1848293056 DEBUG: Previous line repeats 13 times.
13:04:36 T:1848293056 DEBUG: CFileCache::Open - opening using cache
13:04:36 T:1848293056 DEBUG: CurlFile::Open(0x71cedff8) http://192.168.0.135:8866/service?method=recording.recurring.list&sid=63c7f3d85ddd40f3a7072d0c8f5be74a
13:04:36 T:1942201448 NOTICE: Thread FileCache start, auto delete: false
13:04:36 T:1910824496 DEBUG: CDVDPlayerVideo::CalcDropRequirement - hurry: 1
13:04:36 T:1942201448 INFO: CFileCache::Process - Hit eof.
13:04:36 T:1910824496 DEBUG: CDVDPlayerVideo::CalcDropRequirement - hurry: 1
13:04:36 T:1942201448 DEBUG: Previous line repeats 1 times.
13:04:36 T:1942201448 DEBUG: Thread FileCache 1942201448 terminating
13:04:36 T:1910824496 DEBUG: CDVDPlayerVideo::CalcDropRequirement - hurry: 1
13:04:36 T:1848293056 DEBUG: Previous line repeats 1 times.
13:04:36 T:1848293056 DEBUG: CFileCache::Open - opening using cache
13:04:36 T:1848293056 DEBUG: CurlFile::Open(0x6fecd490) http://192.168.0.135:8866/service?method=recording.list&filter=pending&sid=63c7f3d85ddd40f3a7072d0c8f5be74a
13:04:36 T:1910824496 DEBUG: CDVDPlayerVideo::CalcDropRequirement - hurry: 1
13:04:36 T:1910883208 DEBUG: Previous line repeats 4 times.
13:04:36 T:1910883208 NOTICE: Thread FileCache start, auto delete: false
13:04:36 T:1910824496 DEBUG: CDVDPlayerVideo::CalcDropRequirement - hurry: 1
13:04:36 T:1910883208 DEBUG: Previous line repeats 1 times.
13:04:37 T:1910883208 INFO: CFileCache::Process - Hit eof.
13:04:37 T:1910883208 DEBUG: Thread FileCache 1910883208 terminating
13:04:37 T:1910824496 DEBUG: CDVDPlayerVideo::CalcDropRequirement - hurry: 1
13:04:37 T:1848293056 DEBUG: Previous line repeats 1 times.
13:04:37 T:1848293056 DEBUG: CFileCache::Open - opening using cache
13:04:37 T:1848293056 DEBUG: CurlFile::Open(0x6e0c2a48) http://192.168.0.135:8866/service?method=recording.list&filter=ready&sid=63c7f3d85ddd40f3a7072d0c8f5be74a
13:04:37 T:1910824496 DEBUG: CDVDPlayerVideo::CalcDropRequirement - hurry: 1
13:04:37 T:1878759272 DEBUG: Previous line repeats 2 times.
13:04:37 T:1878759272 NOTICE: Thread FileCache start, auto delete: false
13:04:37 T:1878759272 INFO: CFileCache::Process - Hit eof.
13:04:37 T:1878759272 DEBUG: Thread FileCache 1878759272 terminating
13:04:37 T:1910824496 DEBUG: CDVDPlayerVideo::CalcDropRequirement - hurry: 1
13:04:37 T:1910824496 WARNING: CDVDMessageQueue(video)::Get - asked for new data packet, with nothing available
13:04:37 T:1910824496 DEBUG: CDVDPlayerVideo::CalcDropRequirement - hurry: 0
13:04:37 T:1910824496 DEBUG: Previous line repeats 1 times.
13:04:37 T:1910824496 DEBUG: CDVDPlayerVideo::CalcDropRequirement - dropped in decoder, Sleeptime: 0.029577, Bufferlevel: 0, Gain: 0.174663
13:04:37 T:1910824496 DEBUG: CDVDPlayerVideo::CalcDropRequirement - hurry: 1
13:04:37 T:1910824496 DEBUG: Previous line repeats 1 times.
13:04:37 T:1910824496 WARNING: CDVDMessageQueue(video)::Get - asked for new data packet, with nothing available
13:04:37 T:1910824496 DEBUG: CDVDPlayerVideo::CalcDropRequirement - hurry: 0
13:04:37 T:1910824496 DEBUG: Previous line repeats 1 times.
13:04:37 T:1910824496 DEBUG: CDVDPlayerVideo::CalcDropRequirement - hurry: 1
13:04:38 T:1910824496 DEBUG: Previous line repeats 34 times.
13:04:38 T:1910824496 WARNING: CDVDMessageQueue(video)::Get - asked for new data packet, with nothing available
13:04:38 T:1910824496 DEBUG: CDVDPlayerVideo::CalcDropRequirement - hurry: 0
13:04:38 T:1910824496 DEBUG: Previous line repeats 1 times.
13:04:38 T:1910824496 DEBUG: CDVDPlayerVideo::CalcDropRequirement - hurry: 1
13:04:39 T:1910824496 DEBUG: Previous line repeats 27 times.
13:04:39 T:1910824496 WARNING: CDVDMessageQueue(video)::Get - asked for new data packet, with nothing available
13:04:39 T:1910824496 DEBUG: CDVDPlayerVideo::CalcDropRequirement - hurry: 0
13:04:39 T:1910824496 DEBUG: Previous line repeats 1 times.
13:04:39 T:1910824496 DEBUG: CDVDPlayerVideo::CalcDropRequirement - dropped in decoder, Sleeptime: 0.031597, Bufferlevel: 0, Gain: 0.045633
13:04:39 T:1910824496 DEBUG: CDVDPlayerVideo::CalcDropRequirement - hurry: 1
13:04:39 T:1910824496 DEBUG: CDVDPlayerVideo::CalcDropRequirement - hurry: 0
13:04:39 T:1910824496 DEBUG: Previous line repeats 1 times.
13:04:39 T:1910824496 DEBUG: CDVDPlayerVideo::CalcDropRequirement - hurry: 1
13:04:40 T:1848293056 DEBUG: Previous line repeats 24 times.
13:04:40 T:1848293056 DEBUG: CFileCache::Open - opening using cache
13:04:40 T:1848293056 DEBUG: CurlFile::Open(0x73ec62d0) http://192.168.0.135:8866/service?method=recording.recurring.list&sid=63c7f3d85ddd40f3a7072d0c8f5be74a
13:04:40 T:1877792232 NOTICE: Thread FileCache start, auto delete: false
13:04:40 T:1910824496 DEBUG: CDVDPlayerVideo::CalcDropRequirement - hurry: 1
13:04:40 T:1877792232 INFO: CFileCache::Process - Hit eof.
13:04:40 T:1877792232 DEBUG: Thread FileCache 1877792232 terminating
13:04:40 T:1910824496 DEBUG: CDVDPlayerVideo::CalcDropRequirement - hurry: 1
13:04:40 T:1848293056 DEBUG: CFileCache::Open - opening using cache
13:04:40 T:1848293056 DEBUG: CurlFile::Open(0x7363fb10) http://192.168.0.135:8866/service?method=recording.list&filter=pending&sid=63c7f3d85ddd40f3a7072d0c8f5be74a
13:04:40 T:1910824496 DEBUG: CDVDPlayerVideo::CalcDropRequirement - hurry: 1
13:04:40 T:1910824496 DEBUG: Previous line repeats 1 times.
13:04:40 T:1910824496 WARNING: CDVDMessageQueue(video)::Get - asked for new data packet, with nothing available
13:04:40 T:1910824496 DEBUG: CDVDPlayerVideo::CalcDropRequirement - hurry: 0
13:04:40 T:1911750048 NOTICE: Thread FileCache start, auto delete: false
13:04:40 T:1911750048 INFO: CFileCache::Process - Hit eof.
13:04:40 T:1911750048 DEBUG: Thread FileCache 1911750048 terminating
13:04:40 T:1848293056 DEBUG: CFileCache::Open - opening using cache
13:04:40 T:1848293056 DEBUG: CurlFile::Open(0x6e0c2a48) http://192.168.0.135:8866/service?method=recording.list&filter=ready&sid=63c7f3d85ddd40f3a7072d0c8f5be74a
13:04:40 T:1901873064 NOTICE: Thread FileCache start, auto delete: false
13:04:40 T:1901873064 INFO: CFileCache::Process - Hit eof.
13:04:40 T:1901873064 DEBUG: Thread FileCache 1901873064 terminating
13:04:40 T:1910824496 DEBUG: CDVDPlayerVideo::CalcDropRequirement - hurry: 0
13:04:40 T:1910824496 DEBUG: Previous line repeats 1 times.
13:04:40 T:1910824496 DEBUG: CDVDPlayerVideo::CalcDropRequirement - dropped in decoder, Sleeptime: 0.030214, Bufferlevel: 0, Gain: 0.234480
13:04:40 T:1910824496 DEBUG: CDVDPlayerVideo::CalcDropRequirement - hurry: 1
13:04:40 T:1910824496 DEBUG: CDVDPlayerVideo::CalcDropRequirement - hurry: 0
13:04:40 T:1910824496 DEBUG: Previous line repeats 1 times.
13:04:40 T:1910824496 DEBUG: CDVDPlayerVideo::CalcDropRequirement - hurry: 1
13:04:41 T:1910824496 DEBUG: Previous line repeats 34 times.
13:04:41 T:1910824496 WARNING: CDVDMessageQueue(video)::Get - asked for new data packet, with nothing available
13:04:41 T:1910824496 DEBUG: CDVDPlayerVideo::CalcDropRequirement - hurry: 0
13:04:41 T:1910824496 DEBUG: Previous line repeats 1 times.
13:04:41 T:1910824496 DEBUG: CDVDPlayerVideo::CalcDropRequirement - dropped in decoder, Sleeptime: 0.018458, Bufferlevel: 0, Gain: 0.059239
13:04:41 T:1910824496 DEBUG: CDVDPlayerVideo::CalcDropRequirement - hurry: 0
13:04:41 T:1910824496 DEBUG: CDVDPlayerVideo::CalcDropRequirement - hurry: 1
13:04:41 T:1910824496 DEBUG: Previous line repeats 2 times.
13:04:41 T:1910824496 DEBUG: CDVDPlayerVideo::CalcDropRequirement - hurry: 0
13:04:41 T:1910824496 DEBUG: Previous line repeats 1 times.
13:04:41 T:1910824496 DEBUG: CDVDPlayerVideo::CalcDropRequirement - hurry: 1
13:04:42 T:1910824496 DEBUG: Previous line repeats 30 times.
13:04:42 T:1910824496 WARNING: CDVDMessageQueue(video)::Get - asked for new data packet, with nothing available
13:04:42 T:1910824496 DEBUG: CDVDPlayerVideo::CalcDropRequirement - hurry: 0
13:04:42 T:1910824496 DEBUG: Previous line repeats 1 times.
13:04:42 T:1910824496 DEBUG: CDVDPlayerVideo::CalcDropRequirement - hurry: 1
13:04:42 T:1910824496 DEBUG: CDVDPlayerVideo::CalcDropRequirement - hurry: 0
13:04:42 T:1910824496 DEBUG: Previous line repeats 1 times.
13:04:42 T:1910824496 DEBUG: CDVDPlayerVideo::CalcDropRequirement - hurry: 1
13:04:43 T:1848293056 DEBUG: Previous line repeats 23 times.
13:04:43 T:1848293056 DEBUG: CFileCache::Open - opening using cache
13:04:43 T:1848293056 DEBUG: CurlFile::Open(0x673d91e8) http://192.168.0.135:8866/service?method=recording.recurring.list&sid=63c7f3d85ddd40f3a7072d0c8f5be74a
13:04:43 T:1910824496 DEBUG: CDVDPlayerVideo::CalcDropRequirement - hurry: 1
13:04:43 T:1936011960 NOTICE: Thread FileCache start, auto delete: false
13:04:43 T:1910824496 DEBUG: CDVDPlayerVideo::CalcDropRequirement - hurry: 1
13:04:43 T:1936011960 INFO: CFileCache::Process - Hit eof.
13:04:43 T:1936011960 DEBUG: Thread FileCache 1936011960 terminating
13:04:43 T:1910824496 DEBUG: CDVDPlayerVideo::CalcDropRequirement - hurry: 1
13:04:43 T:1910824496 WARNING: CDVDMessageQueue(video)::Get - asked for new data packet, with nothing available
13:04:43 T:1848293056 DEBUG: CFileCache::Open - opening using cache
13:04:43 T:1848293056 DEBUG: CurlFile::Open(0x71e54040) http://192.168.0.135:8866/service?method=recording.list&filter=pending&sid=63c7f3d85ddd40f3a7072d0c8f5be74a
13:04:43 T:1908668840 NOTICE: Thread FileCache start, auto delete: false
13:04:43 T:1910824496 DEBUG: CDVDPlayerVideo::CalcDropRequirement - hurry: 0
13:04:43 T:1910824496 DEBUG: Previous line repeats 1 times.
13:04:43 T:1910824496 DEBUG: CDVDPlayerVideo::CalcDropRequirement - dropped in decoder, Sleeptime: 0.031336, Bufferlevel: 0, Gain: 0.119644
13:04:43 T:1908668840 INFO: CFileCache::Process - Hit eof.
13:04:43 T:1910824496 DEBUG: CDVDPlayerVideo::CalcDropRequirement - hurry: 1
13:04:43 T:1908668840 DEBUG: Thread FileCache 1908668840 terminating
13:04:43 T:1910824496 DEBUG: CDVDPlayerVideo::CalcDropRequirement - hurry: 1
13:04:43 T:1848293056 DEBUG: Previous line repeats 3 times.
13:04:43 T:1848293056 DEBUG: CFileCache::Open - opening using cache
13:04:43 T:1848293056 DEBUG: CurlFile::Open(0x71e54040) http://192.168.0.135:8866/service?method=recording.list&filter=ready&sid=63c7f3d85ddd40f3a7072d0c8f5be74a
13:04:43 T:1910824496 DEBUG: CDVDPlayerVideo::CalcDropRequirement - hurry: 0
13:04:43 T:1910824496 DEBUG: Previous line repeats 1 times.
13:04:43 T:1910824496 DEBUG: CDVDPlayerVideo::CalcDropRequirement - hurry: 1
13:04:43 T:1910883208 NOTICE: Thread FileCache start, auto delete: false
13:04:43 T:1910883208 INFO: CFileCache::Process - Hit eof.
13:04:43 T:1910824496 DEBUG: CDVDPlayerVideo::CalcDropRequirement - hurry: 1
13:04:43 T:1910883208 DEBUG: Thread FileCache 1910883208 terminating
13:04:43 T:1910824496 DEBUG: CDVDPlayerVideo::CalcDropRequirement - hurry: 1
13:04:45 T:1910824496 DEBUG: Previous line repeats 63 times.
13:04:45 T:1910824496 WARNING: CDVDMessageQueue(video)::Get - asked for new data packet, with nothing available
13:04:45 T:1910824496 DEBUG: CDVDPlayerVideo::CalcDropRequirement - hurry: 0
13:04:45 T:1910824496 DEBUG: Previous line repeats 1 times.
13:04:45 T:1910824496 DEBUG: CDVDPlayerVideo::CalcDropRequirement - dropped in decoder, Sleeptime: 0.030913, Bufferlevel: 0, Gain: 0.050326
13:04:45 T:1910824496 DEBUG: CDVDPlayerVideo::CalcDropRequirement - hurry: 1
13:04:46 T:1910824496 DEBUG: Previous line repeats 30 times.
13:04:46 T:1910824496 WARNING: CDVDMessageQueue(video)::Get - asked for new data packet, with nothing available
13:04:46 T:1910824496 DEBUG: CDVDPlayerVideo::CalcDropRequirement - hurry: 0
13:04:46 T:1910824496 DEBUG: Previous line repeats 1 times.
13:04:46 T:1910824496 DEBUG: CDVDPlayerVideo::CalcDropRequirement - dropped in decoder, Sleeptime: 0.031288, Bufferlevel: 0, Gain: 0.080517
13:04:46 T:1910824496 DEBUG: CDVDPlayerVideo::CalcDropRequirement - hurry: 1
13:04:46 T:1848293056 DEBUG: Previous line repeats 9 times.
13:04:46 T:1848293056 DEBUG: CFileCache::Open - opening using cache
13:04:46 T:1848293056 DEBUG: CurlFile::Open(0x73e5e4f0) http://192.168.0.135:8866/service?method=recording.recurring.list&sid=63c7f3d85ddd40f3a7072d0c8f5be74a
13:04:46 T:1910824496 DEBUG: CDVDPlayerVideo::CalcDropRequirement - hurry: 1
13:04:47 T:1910869544 NOTICE: Thread FileCache start, auto delete: false
13:04:47 T:1910824496 DEBUG: CDVDPlayerVideo::CalcDropRequirement - hurry: 1
13:04:47 T:1910869544 INFO: CFileCache::Process - Hit eof.
13:04:47 T:1910869544 DEBUG: Thread FileCache 1910869544 terminating
13:04:47 T:1910824496 DEBUG: CDVDPlayerVideo::CalcDropRequirement - hurry: 1
13:04:47 T:1848293056 DEBUG: CFileCache::Open - opening using cache
13:04:47 T:1848293056 DEBUG: CurlFile::Open(0x71053ce8) http://192.168.0.135:8866/service?method=recording.list&filter=pending&sid=63c7f3d85ddd40f3a7072d0c8f5be74a
13:04:47 T:1910824496 DEBUG: CDVDPlayerVideo::CalcDropRequirement - hurry: 1
13:04:47 T:1908668840 DEBUG: Previous line repeats 3 times.
13:04:47 T:1908668840 NOTICE: Thread FileCache start, auto delete: false
13:04:47 T:1910824496 DEBUG: CDVDPlayerVideo::CalcDropRequirement - hurry: 1
13:04:47 T:1908668840 DEBUG: Previous line repeats 1 times.
13:04:47 T:1908668840 INFO: CFileCache::Process - Hit eof.
13:04:47 T:1908668840 DEBUG: Thread FileCache 1908668840 terminating
13:04:47 T:1910824496 DEBUG: CDVDPlayerVideo::CalcDropRequirement - hurry: 1
13:04:47 T:1848293056 DEBUG: Previous line repeats 2 times.
13:04:47 T:1848293056 DEBUG: CFileCache::Open - opening using cache
13:04:47 T:1848293056 DEBUG: CurlFile::Open(0x7363fb10) http://192.168.0.135:8866/service?method=recording.list&filter=ready&sid=63c7f3d85ddd40f3a7072d0c8f5be74a
13:04:47 T:1910824496 WARNING: CDVDMessageQueue(video)::Get - asked for new data packet, with nothing available
13:04:47 T:1942201448 NOTICE: Thread FileCache start, auto delete: false
13:04:47 T:1942201448 INFO: CFileCache::Process - Hit eof.
13:04:47 T:1942201448 DEBUG: Thread FileCache 1942201448 terminating
13:04:47 T:1910824496 DEBUG: CDVDPlayerVideo::CalcDropRequirement - hurry: 0
13:04:47 T:1910824496 DEBUG: Previous line repeats 1 times.
13:04:47 T:1910824496 DEBUG: CDVDPlayerVideo::CalcDropRequirement - dropped in decoder, Sleeptime: 0.030223, Bufferlevel: 0, Gain: 0.082028
13:04:47 T:1910824496 DEBUG: CDVDPlayerVideo::CalcDropRequirement - hurry: 1
13:04:48 T:1910824496 DEBUG: Previous line repeats 27 times.
13:04:48 T:1910824496 WARNING: CDVDMessageQueue(video)::Get - asked for new data packet, with nothing available
13:04:48 T:1910824496 DEBUG: CDVDPlayerVideo::CalcDropRequirement - hurry: 0
13:04:48 T:1910824496 DEBUG: Previous line repeats 1 times.
13:04:48 T:1910824496 DEBUG: CDVDPlayerVideo::CalcDropRequirement - dropped in decoder, Sleeptime: 0.031089, Bufferlevel: 0, Gain: 0.074954
13:04:48 T:1910824496 DEBUG: CDVDPlayerVideo::CalcDropRequirement - hurry: 1
13:04:48 T:1910824496 WARNING: CDVDMessageQueue(video)::Get - asked for new data packet, with nothing available
13:04:48 T:1910824496 DEBUG: CDVDPlayerVideo::CalcDropRequirement - hurry: 1
13:04:49 T:1910824496 DEBUG: Previous line repeats 25 times.
13:04:49 T:1910824496 WARNING: CDVDMessageQueue(video)::Get - asked for new data packet, with nothing available
13:04:49 T:1910824496 DEBUG: CDVDPlayerVideo::CalcDropRequirement - hurry: 0
13:04:49 T:1910824496 DEBUG: Previous line repeats 1 times.
13:04:49 T:1910824496 DEBUG: CDVDPlayerVideo::CalcDropRequirement - dropped in decoder, Sleeptime: 0.025132, Bufferlevel: 0, Gain: 0.052699
13:04:49 T:1910824496 DEBUG: CDVDPlayerVideo::CalcDropRequirement - hurry: 1
13:04:50 T:1910824496 DEBUG: Previous line repeats 32 times.
13:04:50 T:1910824496 WARNING: CDVDMessageQueue(video)::Get - asked for new data packet, with nothing available
13:04:50 T:1848293056 DEBUG: CFileCache::Open - opening using cache
13:04:50 T:1848293056 DEBUG: CurlFile::Open(0x71c4f868) http://192.168.0.135:8866/service?method=recording.recurring.list&sid=63c7f3d85ddd40f3a7072d0c8f5be74a
13:04:50 T:1910824496 DEBUG: CDVDPlayerVideo::CalcDropRequirement - hurry: 0
13:04:50 T:1936011960 NOTICE: Thread FileCache start, auto delete: false
13:04:50 T:1936011960 INFO: CFileCache::Process - Hit eof.
13:04:50 T:1910824496 DEBUG: CDVDPlayerVideo::CalcDropRequirement - hurry: 1
13:04:50 T:1910824496 DEBUG: CDVDPlayerVideo::CalcDropRequirement - dropped in decoder, Sleeptime: 0.019615, Bufferlevel: 1, Gain: 0.166587
13:04:50 T:1910824496 DEBUG: CDVDPlayerVideo::CalcDropRequirement - hurry: 1
13:04:50 T:1936011960 DEBUG: Thread FileCache 1936011960 terminating
13:04:50 T:1910824496 DEBUG: CDVDPlayerVideo::CalcDropRequirement - hurry: 1
13:04:50 T:1848293056 DEBUG: CFileCache::Open - opening using cache
13:04:50 T:1848293056 DEBUG: CurlFile::Open(0x71ceb088) http://192.168.0.135:8866/service?method=recording.list&filter=pending&sid=63c7f3d85ddd40f3a7072d0c8f5be74a
13:04:50 T:1910824496 DEBUG: CDVDPlayerVideo::CalcDropRequirement - hurry: 1
13:04:50 T:1849575184 DEBUG: Previous line repeats 7 times.
13:04:50 T:1849575184 NOTICE: Thread FileCache start, auto delete: false
13:04:50 T:1910824496 DEBUG: CDVDPlayerVideo::CalcDropRequirement - hurry: 1
13:04:50 T:1849575184 DEBUG: Previous line repeats 2 times.
13:04:50 T:1849575184 INFO: CFileCache::Process - Hit eof.
13:04:50 T:1910824496 DEBUG: CDVDPlayerVideo::CalcDropRequirement - hurry: 1
13:04:50 T:1849575184 DEBUG: Thread FileCache 1849575184 terminating
13:04:50 T:1910824496 DEBUG: CDVDPlayerVideo::CalcDropRequirement - hurry: 1
13:04:51 T:1848293056 DEBUG: Previous line repeats 1 times.
13:04:51 T:1848293056 DEBUG: CFileCache::Open - opening using cache
13:04:51 T:1848293056 DEBUG: CurlFile::Open(0x71053ce8) http://192.168.0.135:8866/service?method=recording.list&filter=ready&sid=63c7f3d85ddd40f3a7072d0c8f5be74a
13:04:51 T:1910824496 DEBUG: CDVDPlayerVideo::CalcDropRequirement - hurry: 1
13:04:51 T:1878759272 DEBUG: Previous line repeats 2 times.
13:04:51 T:1878759272 NOTICE: Thread FileCache start, auto delete: false
13:04:51 T:1878759272 INFO: CFileCache::Process - Hit eof.
13:04:51 T:1910824496 DEBUG: CDVDPlayerVideo::CalcDropRequirement - hurry: 1
13:04:51 T:1878759272 DEBUG: Previous line repeats 2 times.
13:04:51 T:1878759272 DEBUG: Thread FileCache 1878759272 terminating
13:04:51 T:1910824496 DEBUG: CDVDPlayerVideo::CalcDropRequirement - hurry: 1
13:04:52 T:1910824496 DEBUG: Previous line repeats 51 times.
13:04:52 T:1910824496 WARNING: CDVDMessageQueue(video)::Get - asked for new data packet, with nothing available
13:04:52 T:1910824496 DEBUG: CDVDPlayerVideo::CalcDropRequirement - hurry: 0
13:04:52 T:1910824496 DEBUG: CDVDPlayerVideo::CalcDropRequirement - hurry: 1
13:04:52 T:1910824496 DEBUG: CDVDPlayerVideo::CalcDropRequirement - dropped in decoder, Sleeptime: 0.015068, Bufferlevel: 1, Gain: 0.078772
13:04:52 T:1910824496 DEBUG: CDVDPlayerVideo::CalcDropRequirement - hurry: 1
13:04:53 T:1910824496 DEBUG: Previous line repeats 33 times.
13:04:53 T:1910824496 WARNING: CDVDMessageQueue(video)::Get - asked for new data packet, with nothing available
13:04:53 T:1910824496 DEBUG: CDVDPlayerVideo::CalcDropRequirement - hurry: 0
13:04:53 T:1910824496 DEBUG: Previous line repeats 1 times.
13:04:53 T:1910824496 DEBUG: CDVDPlayerVideo::CalcDropRequirement - dropped in decoder, Sleeptime: 0.031189, Bufferlevel: 0, Gain: 0.070555
13:04:53 T:1910824496 DEBUG: CDVDPlayerVideo::CalcDropRequirement - hurry: 1
13:04:53 T:1910824496 DEBUG: Previous line repeats 2 times.
13:04:53 T:1910824496 DEBUG: CDVDPlayerVideo::CalcDropRequirement - hurry: 0
13:04:53 T:1910824496 DEBUG: CDVDPlayerVideo::CalcDropRequirement - hurry: 1
13:04:54 T:1848293056 DEBUG: Previous line repeats 20 times.
13:04:54 T:1848293056 DEBUG: CFileCache::Open - opening using cache
13:04:54 T:1910824496 DEBUG: CDVDPlayerVideo::CalcDropRequirement - hurry: 1
13:04:54 T:1848293056 DEBUG: CurlFile::Open(0x6fecd490) http://192.168.0.135:8866/service?method=recording.recurring.list&sid=63c7f3d85ddd40f3a7072d0c8f5be74a
13:04:54 T:1910824496 DEBUG: CDVDPlayerVideo::CalcDropRequirement - hurry: 1
13:04:54 T:1911750048 NOTICE: Thread FileCache start, auto delete: false
13:04:54 T:1911750048 INFO: CFileCache::Process - Hit eof.
13:04:54 T:1911750048 DEBUG: Thread FileCache 1911750048 terminating
13:04:54 T:1910824496 DEBUG: CDVDPlayerVideo::CalcDropRequirement - hurry: 1
13:04:54 T:1848293056 DEBUG: Previous line repeats 1 times.
13:04:54 T:1848293056 DEBUG: CFileCache::Open - opening using cache
13:04:54 T:1848293056 DEBUG: CurlFile::Open(0x73e5e4f0) http://192.168.0.135:8866/service?method=recording.list&filter=pending&sid=63c7f3d85ddd40f3a7072d0c8f5be74a
13:04:54 T:1910824496 DEBUG: CDVDPlayerVideo::CalcDropRequirement - hurry: 1
13:04:54 T:1877792232 DEBUG: Previous line repeats 3 times.
13:04:54 T:1877792232 NOTICE: Thread FileCache start, auto delete: false
13:04:54 T:1910824496 DEBUG: CDVDPlayerVideo::CalcDropRequirement - hurry: 1
13:04:54 T:1877792232 INFO: CFileCache::Process - Hit eof.
13:04:54 T:1877792232 DEBUG: Thread FileCache 1877792232 terminating
13:04:54 T:1910824496 DEBUG: CDVDPlayerVideo::CalcDropRequirement - hurry: 1
13:04:54 T:1910824496 DEBUG: Previous line repeats 1 times.
13:04:54 T:1910824496 WARNING: CDVDMessageQueue(video)::Get - asked for new data packet, with nothing available
13:04:54 T:1848293056 DEBUG: CFileCache::Open - opening using cache
13:04:54 T:1848293056 DEBUG: CurlFile::Open(0x71e54040) http://192.168.0.135:8866/service?method=recording.list&filter=ready&sid=63c7f3d85ddd40f3a7072d0c8f5be74a
13:04:54 T:1910824496 DEBUG: CDVDPlayerVideo::CalcDropRequirement - hurry: 0
13:04:54 T:1910824496 DEBUG: Previous line repeats 1 times.
13:04:54 T:1910824496 DEBUG: CDVDPlayerVideo::CalcDropRequirement - hurry: 1
13:04:54 T:1908668840 NOTICE: Thread FileCache start, auto delete: false
13:04:54 T:1908668840 INFO: CFileCache::Process - Hit eof.
13:04:54 T:1910824496 DEBUG: CDVDPlayerVideo::CalcDropRequirement - hurry: 0
13:04:54 T:1910824496 DEBUG: CDVDPlayerVideo::CalcDropRequirement - hurry: 1
13:04:54 T:1908668840 DEBUG: Previous line repeats 1 times.
13:04:54 T:1908668840 DEBUG: Thread FileCache 1908668840 terminating
13:04:54 T:1910824496 DEBUG: CDVDPlayerVideo::CalcDropRequirement - hurry: 0
13:04:54 T:1910824496 DEBUG: Previous line repeats 1 times.
13:04:54 T:1910824496 DEBUG: CDVDPlayerVideo::CalcDropRequirement - dropped in decoder, Sleeptime: 0.031566, Bufferlevel: 0, Gain: 0.058401
13:04:54 T:1910824496 DEBUG: CDVDPlayerVideo::CalcDropRequirement - hurry: 1
13:04:54 T:1910824496 DEBUG: Previous line repeats 1 times.
13:04:54 T:1910824496 DEBUG: CDVDPlayerVideo::CalcDropRequirement - hurry: 0
13:04:54 T:1910824496 DEBUG: Previous line repeats 1 times.
13:04:54 T:1910824496 DEBUG: CDVDPlayerVideo::CalcDropRequirement - hurry: 1
13:04:55 T:1910824496 DEBUG: Previous line repeats 26 times.
13:04:55 T:1910824496 WARNING: CDVDMessageQueue(video)::Get - asked for new data packet, with nothing available
13:04:55 T:1910824496 DEBUG: CDVDPlayerVideo::CalcDropRequirement - hurry: 0
13:04:55 T:1910824496 DEBUG: Previous line repeats 1 times.
13:04:55 T:1910824496 DEBUG: CDVDPlayerVideo::CalcDropRequirement - dropped in decoder, Sleeptime: 0.029181, Bufferlevel: 0, Gain: 0.045557
13:04:55 T:1910824496 DEBUG: CDVDPlayerVideo::CalcDropRequirement - hurry: 0
13:04:55 T:1910824496 DEBUG: CDVDPlayerVideo::CalcDropRequirement - hurry: 1
13:04:55 T:1910824496 DEBUG: Previous line repeats 3 times.
13:04:55 T:1910824496 WARNING: CDVDMessageQueue(video)::Get - asked for new data packet, with nothing available
13:04:55 T:1910824496 DEBUG: CDVDPlayerVideo::CalcDropRequirement - hurry: 0
13:04:55 T:1910824496 DEBUG: Previous line repeats 1 times.
13:04:55 T:1910824496 DEBUG: CDVDPlayerVideo::CalcDropRequirement - hurry: 1
13:04:56 T:1910824496 DEBUG: Previous line repeats 28 times.
13:04:56 T:1910824496 WARNING: CDVDMessageQueue(video)::Get - asked for new data packet, with nothing available
13:04:56 T:1910824496 DEBUG: CDVDPlayerVideo::CalcDropRequirement - hurry: 0
13:04:56 T:1910824496 DEBUG: Previous line repeats 1 times.
13:04:56 T:1910824496 DEBUG: CDVDPlayerVideo::CalcDropRequirement - dropped in decoder, Sleeptime: 0.030849, Bufferlevel: 0, Gain: 0.099044
13:04:56 T:1910824496 DEBUG: CDVDPlayerVideo::CalcDropRequirement - hurry: 0
13:04:56 T:1910824496 DEBUG: CDVDPlayerVideo::CalcDropRequirement - hurry: 1
13:04:56 T:1910824496 DEBUG: CDVDPlayerVideo::CalcDropRequirement - dropped in decoder, Sleeptime: 0.025386, Bufferlevel: 1, Gain: 0.086990
13:04:56 T:1910824496 DEBUG: CDVDPlayerVideo::CalcDropRequirement - hurry: 1
13:04:56 T:1910824496 DEBUG: CDVDPlayerVideo::CalcDropRequirement - hurry: 0
13:04:56 T:1910824496 DEBUG: CDVDPlayerVideo::CalcDropRequirement - hurry: 1
13:04:57 T:1910824496 DEBUG: Previous line repeats 1 times.
13:04:57 T:1910824496 DEBUG: CDVDPlayerVideo::CalcDropRequirement - hurry: 0
13:04:57 T:1910824496 DEBUG: Previous line repeats 1 times.
13:04:57 T:1910824496 DEBUG: CDVDPlayerVideo::CalcDropRequirement - hurry: 1
13:04:57 T:1910824496 DEBUG: Previous line repeats 1 times.
13:04:57 T:1910824496 DEBUG: CDVDPlayerVideo::CalcDropRequirement - hurry: 0
13:04:57 T:1910824496 DEBUG: CDVDPlayerVideo::CalcDropRequirement - hurry: 1
13:04:57 T:1848293056 DEBUG: Previous line repeats 22 times.
13:04:57 T:1848293056 DEBUG: CFileCache::Open - opening using cache
13:04:57 T:1848293056 DEBUG: CurlFile::Open(0x71ceb088) http://192.168.0.135:8866/service?method=recording.recurring.list&sid=63c7f3d85ddd40f3a7072d0c8f5be74a
13:04:57 T:1910824496 DEBUG: CDVDPlayerVideo::CalcDropRequirement - hurry: 1
13:04:57 T:1910970208 DEBUG: Previous line repeats 2 times.
13:04:57 T:1910970208 NOTICE: Thread FileCache start, auto delete: false
13:04:57 T:1910970208 INFO: CFileCache::Process - Hit eof.
13:04:57 T:1910970208 DEBUG: Thread FileCache 1910970208 terminating
13:04:57 T:1910824496 DEBUG: CDVDPlayerVideo::CalcDropRequirement - hurry: 1
13:04:57 T:1848293056 DEBUG: Previous line repeats 1 times.
13:04:57 T:1848293056 DEBUG: CFileCache::Open - opening using cache
13:04:57 T:1848293056 DEBUG: CurlFile::Open(0x6fdbb4c0) http://192.168.0.135:8866/service?method=recording.list&filter=pending&sid=63c7f3d85ddd40f3a7072d0c8f5be74a
13:04:57 T:1910824496 DEBUG: CDVDPlayerVideo::CalcDropRequirement - hurry: 1
13:04:57 T:1877792232 DEBUG: Previous line repeats 3 times.
13:04:57 T:1877792232 NOTICE: Thread FileCache start, auto delete: false
13:04:57 T:1910824496 WARNING: CDVDMessageQueue(video)::Get - asked for new data packet, with nothing available
13:04:57 T:1877792232 INFO: CFileCache::Process - Hit eof.
13:04:57 T:1877792232 DEBUG: Thread FileCache 1877792232 terminating
13:04:58 T:1848293056 DEBUG: CFileCache::Open - opening using cache
13:04:58 T:1848293056 DEBUG: CurlFile::Open(0x71e5c5f0) http://192.168.0.135:8866/service?method=recording.list&filter=ready&sid=63c7f3d85ddd40f3a7072d0c8f5be74a
13:04:58 T:1910824496 DEBUG: CDVDPlayerVideo::CalcDropRequirement - hurry: 0
13:04:58 T:1901873064 NOTICE: Thread FileCache start, auto delete: false
13:04:58 T:1910824496 DEBUG: CDVDPlayerVideo::CalcDropRequirement - hurry: 1
13:04:58 T:1910824496 DEBUG: CDVDPlayerVideo::CalcDropRequirement - dropped in decoder, Sleeptime: 0.018592, Bufferlevel: 1, Gain: 0.124899
13:04:58 T:1901873064 INFO: CFileCache::Process - Hit eof.
13:04:58 T:1910824496 DEBUG: CDVDPlayerVideo::CalcDropRequirement - hurry: 1
13:04:58 T:1901873064 DEBUG: Thread FileCache 1901873064 terminating
13:04:58 T:1910824496 DEBUG: CDVDPlayerVideo::CalcDropRequirement - hurry: 1
13:04:58 T:1910824496 WARNING: CDVDMessageQueue(video)::Get - asked for new data packet, with nothing available
13:04:58 T:1910824496 DEBUG: CDVDPlayerVideo::CalcDropRequirement - hurry: 0
13:04:58 T:1910824496 DEBUG: Previous line repeats 2 times.
13:04:58 T:1910824496 DEBUG: CDVDPlayerVideo::CalcDropRequirement - hurry: 1
13:04:58 T:1910824496 DEBUG: Previous line repeats 31 times.
13:04:58 T:1910824496 WARNING: CDVDMessageQueue(video)::Get - asked for new data packet, with nothing available
13:04:59 T:1910824496 DEBUG: CDVDPlayerVideo::CalcDropRequirement - hurry: 0
13:04:59 T:1910824496 DEBUG: Previous line repeats 1 times.
13:04:59 T:1910824496 DEBUG: CDVDPlayerVideo::CalcDropRequirement - dropped in decoder, Sleeptime: 0.030657, Bufferlevel: 0, Gain: 0.048111
13:04:59 T:1910824496 DEBUG: CDVDPlayerVideo::CalcDropRequirement - hurry: 1
13:04:59 T:1910824496 DEBUG: Previous line repeats 37 times.
13:05:00 T:1910824496 WARNING: CDVDMessageQueue(video)::Get - asked for new data packet, with nothing available
13:05:00 T:1910824496 DEBUG: CDVDPlayerVideo::CalcDropRequirement - hurry: 0
13:05:00 T:1910824496 DEBUG: Previous line repeats 1 times.
13:05:00 T:1910824496 DEBUG: CDVDPlayerVideo::CalcDropRequirement - dropped in decoder, Sleeptime: 0.030973, Bufferlevel: 0, Gain: 0.060811
13:05:00 T:1910824496 DEBUG: CDVDPlayerVideo::CalcDropRequirement - hurry: 1
13:05:00 T:1910824496 DEBUG: Previous line repeats 1 times.
13:05:00 T:1910824496 DEBUG: CDVDPlayerVideo::CalcDropRequirement - hurry: 0
13:05:00 T:1910824496 DEBUG: CDVDPlayerVideo::CalcDropRequirement - hurry: 1
13:05:00 T:1910824496 DEBUG: Previous line repeats 3 times.
13:05:00 T:1910824496 WARNING: CDVDMessageQueue(video)::Get - asked for new data packet, with nothing available
13:05:00 T:1910824496 DEBUG: CDVDPlayerVideo::CalcDropRequirement - hurry: 0
13:05:00 T:1910824496 DEBUG: CDVDPlayerVideo::CalcDropRequirement - hurry: 1
13:05:00 T:1910824496 DEBUG: CDVDPlayerVideo::CalcDropRequirement - hurry: 0
13:05:00 T:1910824496 DEBUG: CDVDPlayerVideo::CalcDropRequirement - hurry: 1
13:05:00 T:1910824496 DEBUG: Previous line repeats 26 times.
13:05:00 T:1910824496 WARNING: CDVDMessageQueue(video)::Get - asked for new data packet, with nothing available
13:05:01 T:1848293056 DEBUG: CFileCache::Open - opening using cache
13:05:01 T:1848293056 DEBUG: CurlFile::Open(0x6fedee40) http://192.168.0.135:8866/service?method=recording.lastupdated&sid=63c7f3d85ddd40f3a7072d0c8f5be74a
13:05:01 T:1910824496 DEBUG: CDVDPlayerVideo::CalcDropRequirement - hurry: 0
13:05:01 T:1910824496 DEBUG: Previous line repeats 1 times.
13:05:01 T:1910824496 DEBUG: CDVDPlayerVideo::CalcDropRequirement - dropped in decoder, Sleeptime: 0.028047, Bufferlevel: 0, Gain: 0.125808
13:05:01 T:1910824496 DEBUG: CDVDPlayerVideo::CalcDropRequirement - hurry: 1
13:05:01 T:1908668840 DEBUG: Previous line repeats 2 times.
13:05:01 T:1908668840 NOTICE: Thread FileCache start, auto delete: false
13:05:01 T:1908668840 INFO: CFileCache::Process - Hit eof.
13:05:01 T:1908668840 DEBUG: Thread FileCache 1908668840 terminating
13:05:01 T:1848293056 DEBUG: CFileCache::Open - opening using cache
13:05:01 T:1848293056 DEBUG: CurlFile::Open(0x71ceb088) http://192.168.0.135:8866/service?method=recording.recurring.list&sid=63c7f3d85ddd40f3a7072d0c8f5be74a
13:05:01 T:1910824496 DEBUG: CDVDPlayerVideo::CalcDropRequirement - hurry: 1
13:05:01 T:1846288192 NOTICE: Thread FileCache start, auto delete: false
13:05:01 T:1910824496 DEBUG: CDVDPlayerVideo::CalcDropRequirement - hurry: 1
13:05:01 T:1846288192 DEBUG: Previous line repeats 2 times.
13:05:01 T:1846288192 INFO: CFileCache::Process - Hit eof.
13:05:01 T:1910824496 WARNING: CDVDMessageQueue(video)::Get - asked for new data packet, with nothing available
13:05:01 T:1846288192 DEBUG: Thread FileCache 1846288192 terminating
13:05:01 T:1910824496 DEBUG: CDVDPlayerVideo::CalcDropRequirement - hurry: 1
13:05:01 T:1848293056 DEBUG: CFileCache::Open - opening using cache
13:05:01 T:1848293056 DEBUG: CurlFile::Open(0x71ceb088) http://192.168.0.135:8866/service?method=recording.list&filter=pending&sid=63c7f3d85ddd40f3a7072d0c8f5be74a
13:05:01 T:1910824496 DEBUG: CDVDPlayerVideo::CalcDropRequirement - hurry: 1
13:05:01 T:1910869544 DEBUG: Previous line repeats 1 times.
13:05:01 T:1910869544 NOTICE: Thread FileCache start, auto delete: false
13:05:01 T:1910824496 DEBUG: CDVDPlayerVideo::CalcDropRequirement - hurry: 1
13:05:01 T:1910869544 DEBUG: Previous line repeats 3 times.
13:05:01 T:1910869544 INFO: CFileCache::Process - Hit eof.
13:05:01 T:1910824496 DEBUG: CDVDPlayerVideo::CalcDropRequirement - hurry: 1
13:05:01 T:1910869544 DEBUG: Previous line repeats 2 times.
13:05:01 T:1910869544 DEBUG: Thread FileCache 1910869544 terminating
13:05:01 T:1848293056 DEBUG: CFileCache::Open - opening using cache
13:05:01 T:1848293056 DEBUG: CurlFile::Open(0x6fecd490) http://192.168.0.135:8866/service?method=recording.list&filter=ready&sid=63c7f3d85ddd40f3a7072d0c8f5be74a
13:05:01 T:1910824496 DEBUG: CDVDPlayerVideo::CalcDropRequirement - hurry: 1
13:05:01 T:1849575184 DEBUG: Previous line repeats 2 times.
13:05:01 T:1849575184 NOTICE: Thread FileCache start, auto delete: false
13:05:01 T:1849575184 INFO: CFileCache::Process - Hit eof.
13:05:01 T:1910824496 DEBUG: CDVDPlayerVideo::CalcDropRequirement - hurry: 1
13:05:01 T:1849575184 DEBUG: Previous line repeats 2 times.
13:05:01 T:1849575184 DEBUG: Thread FileCache 1849575184 terminating
13:05:01 T:1910824496 DEBUG: CDVDPlayerVideo::CalcDropRequirement - hurry: 1
13:05:02 T:1910824496 DEBUG: Previous line repeats 11 times.
13:05:02 T:1910824496 WARNING: CDVDMessageQueue(video)::Get - asked for new data packet, with nothing available
13:05:02 T:1910824496 DEBUG: CDVDPlayerVideo::CalcDropRequirement - hurry: 0
13:05:02 T:1910824496 DEBUG: Previous line repeats 1 times.
13:05:02 T:1910824496 DEBUG: CDVDPlayerVideo::CalcDropRequirement - hurry: 1
13:05:02 T:1910824496 DEBUG: Previous line repeats 1 times.
13:05:02 T:1910824496 DEBUG: CDVDPlayerVideo::CalcDropRequirement - hurry: 0
13:05:02 T:1910824496 DEBUG: Previous line repeats 1 times.
13:05:02 T:1910824496 DEBUG: CDVDPlayerVideo::CalcDropRequirement - hurry: 1
13:05:02 T:1910940992 DEBUG: CDVDClock::Discontinuity - CDVDPlayerAudio::HandleSyncError2 - was:10739174710.887167, should be:10739158875.933466, error:-15834.953701
13:05:02 T:1910824496 DEBUG: CDVDPlayerVideo::CalcDropRequirement - hurry: 1
13:05:03 T:1910824496 DEBUG: Previous line repeats 28 times.
13:05:03 T:1910824496 WARNING: CDVDMessageQueue(video)::Get - asked for new data packet, with nothing available
13:05:03 T:1910824496 DEBUG: CDVDPlayerVideo::CalcDropRequirement - hurry: 0
13:05:03 T:1910824496 DEBUG: CDVDPlayerVideo::CalcDropRequirement - hurry: 1
13:05:03 T:1910824496 DEBUG: CDVDPlayerVideo::CalcDropRequirement - dropped in decoder, Sleeptime: 0.021142, Bufferlevel: 1, Gain: 0.082134
13:05:03 T:1910824496 DEBUG: CDVDPlayerVideo::CalcDropRequirement - hurry: 1
13:05:03 T:1910824496 DEBUG: Previous line repeats 3 times.
13:05:03 T:1910824496 WARNING: CDVDMessageQueue(video)::Get - asked for new data packet, with nothing available
13:05:03 T:1910824496 DEBUG: CDVDPlayerVideo::CalcDropRequirement - hurry: 1
13:05:04 T:1910824496 DEBUG: Previous line repeats 27 times.
13:05:04 T:1910824496 WARNING: CDVDMessageQueue(video)::Get - asked for new data packet, with nothing available
13:05:04 T:1910824496 DEBUG: CDVDPlayerVideo::CalcDropRequirement - hurry: 0
13:05:04 T:1910824496 DEBUG: CDVDPlayerVideo::CalcDropRequirement - hurry: 1
13:05:04 T:1910824496 DEBUG: Previous line repeats 3 times.
13:05:04 T:1910824496 DEBUG: CDVDPlayerVideo::CalcDropRequirement - hurry: 0
13:05:04 T:1910824496 DEBUG: Previous line repeats 1 times.
13:05:04 T:1910824496 DEBUG: CDVDPlayerVideo::CalcDropRequirement - hurry: 1
13:05:04 T:1848293056 DEBUG: Previous line repeats 21 times.
13:05:04 T:1848293056 DEBUG: CFileCache::Open - opening using cache
13:05:04 T:1848293056 DEBUG: CurlFile::Open(0x6fedee40) http://192.168.0.135:8866/service?method=recording.recurring.list&sid=63c7f3d85ddd40f3a7072d0c8f5be74a
13:05:04 T:1910824496 DEBUG: CDVDPlayerVideo::CalcDropRequirement - hurry: 1
13:05:04 T:1911750048 NOTICE: Thread FileCache start, auto delete: false
13:05:04 T:1911750048 INFO: CFileCache::Process - Hit eof.
13:05:04 T:1911750048 DEBUG: Thread FileCache 1911750048 terminating
13:05:04 T:1910824496 DEBUG: CDVDPlayerVideo::CalcDropRequirement - hurry: 1
13:05:04 T:1848293056 DEBUG: Previous line repeats 1 times.
13:05:04 T:1848293056 DEBUG: CFileCache::Open - opening using cache
13:05:04 T:1848293056 DEBUG: CurlFile::Open(0x71e8e4c8) http://192.168.0.135:8866/service?method=recording.list&filter=pending&sid=63c7f3d85ddd40f3a7072d0c8f5be74a
13:05:04 T:1910824496 DEBUG: CDVDPlayerVideo::CalcDropRequirement - hurry: 1
13:05:05 T:1877792232 DEBUG: Previous line repeats 3 times.
13:05:05 T:1877792232 NOTICE: Thread FileCache start, auto delete: false
13:05:05 T:1910824496 DEBUG: CDVDPlayerVideo::CalcDropRequirement - hurry: 1
13:05:05 T:1877792232 INFO: CFileCache::Process - Hit eof.
13:05:05 T:1910824496 DEBUG: CDVDPlayerVideo::CalcDropRequirement - hurry: 1
13:05:05 T:1877792232 DEBUG: Previous line repeats 2 times.
13:05:05 T:1877792232 DEBUG: Thread FileCache 1877792232 terminating
13:05:05 T:1910824496 DEBUG: CDVDPlayerVideo::CalcDropRequirement - hurry: 1
13:05:05 T:1848293056 DEBUG: Previous line repeats 2 times.
13:05:05 T:1848293056 DEBUG: CFileCache::Open - opening using cache
13:05:05 T:1848293056 DEBUG: CurlFile::Open(0x71cedff8) http://192.168.0.135:8866/service?method=recording.list&filter=ready&sid=63c7f3d85ddd40f3a7072d0c8f5be74a
13:05:05 T:1910824496 WARNING: CDVDMessageQueue(video)::Get - asked for new data packet, with nothing available
13:05:05 T:1910824496 DEBUG: CDVDPlayerVideo::CalcDropRequirement - hurry: 0
13:05:05 T:1910824496 DEBUG: CDVDPlayerVideo::CalcDropRequirement - hurry: 1
13:05:05 T:1910824496 DEBUG: CDVDPlayerVideo::CalcDropRequirement - hurry: 0
13:05:05 T:1910883208 NOTICE: Thread FileCache start, auto delete: false
13:05:05 T:1910883208 INFO: CFileCache::Process - Hit eof.
13:05:05 T:1910824496 DEBUG: CDVDPlayerVideo::CalcDropRequirement - hurry: 0
13:05:05 T:1910824496 DEBUG: Previous line repeats 1 times.
13:05:05 T:1910824496 DEBUG: CDVDPlayerVideo::CalcDropRequirement - hurry: 1
13:05:05 T:1910883208 DEBUG: Thread FileCache 1910883208 terminating
13:05:05 T:1910824496 DEBUG: CDVDPlayerVideo::CalcDropRequirement - hurry: 1
13:05:06 T:1910824496 DEBUG: Previous line repeats 33 times.
13:05:06 T:1910824496 WARNING: CDVDMessageQueue(video)::Get - asked for new data packet, with nothing available
13:05:06 T:1910824496 DEBUG: CDVDPlayerVideo::CalcDropRequirement - hurry: 0
13:05:06 T:1910824496 DEBUG: CDVDPlayerVideo::CalcDropRequirement - hurry: 1
13:05:06 T:1910824496 DEBUG: Previous line repeats 1 times.
13:05:06 T:1910824496 DEBUG: CDVDPlayerVideo::CalcDropRequirement - hurry: 0
13:05:06 T:1910824496 DEBUG: Previous line repeats 1 times.
13:05:06 T:1910824496 DEBUG: CDVDPlayerVideo::CalcDropRequirement - hurry: 1
13:05:07 T:1910824496 DEBUG: Previous line repeats 33 times.
13:05:07 T:1910824496 WARNING: CDVDMessageQueue(video)::Get - asked for new data packet, with nothing available
13:05:07 T:1910824496 DEBUG: CDVDPlayerVideo::CalcDropRequirement - hurry: 0
13:05:07 T:1910824496 DEBUG: Previous line repeats 1 times.
13:05:07 T:1910824496 DEBUG: CDVDPlayerVideo::CalcDropRequirement - hurry: 1
13:05:07 T:1910824496 DEBUG: Previous line repeats 4 times.
13:05:07 T:1910824496 DEBUG: CDVDPlayerVideo::CalcDropRequirement - hurry: 0
13:05:07 T:1910824496 DEBUG: Previous line repeats 1 times.
13:05:07 T:1910824496 DEBUG: CDVDPlayerVideo::CalcDropRequirement - hurry: 1
13:05:08 T:1910824496 DEBUG: Previous line repeats 30 times.
13:05:08 T:1910824496 WARNING: CDVDMessageQueue(video)::Get - asked for new data packet, with nothing available
13:05:08 T:1910824496 DEBUG: CDVDPlayerVideo::CalcDropRequirement - hurry: 0
13:05:08 T:1910824496 DEBUG: Previous line repeats 2 times.
13:05:08 T:1910824496 DEBUG: CDVDPlayerVideo::CalcDropRequirement - hurry: 1
13:05:08 T:1848293056 DEBUG: Previous line repeats 6 times.
13:05:08 T:1848293056 DEBUG: CFileCache::Open - opening using cache
13:05:08 T:1848293056 DEBUG: CurlFile::Open(0x71053ce8) http://192.168.0.135:8866/service?method=recording.recurring.list&sid=63c7f3d85ddd40f3a7072d0c8f5be74a
13:05:08 T:1910824496 DEBUG: CDVDPlayerVideo::CalcDropRequirement - hurry: 1
13:05:08 T:1908668840 DEBUG: Previous line repeats 2 times.
13:05:08 T:1908668840 NOTICE: Thread FileCache start, auto delete: false
13:05:08 T:1910824496 DEBUG: CDVDPlayerVideo::CalcDropRequirement - hurry: 1
13:05:08 T:1908668840 INFO: CFileCache::Process - Hit eof.
13:05:08 T:1910824496 DEBUG: CDVDPlayerVideo::CalcDropRequirement - hurry: 1
13:05:08 T:1908668840 DEBUG: Previous line repeats 2 times.
13:05:08 T:1908668840 DEBUG: Thread FileCache 1908668840 terminating
13:05:08 T:1910824496 DEBUG: CDVDPlayerVideo::CalcDropRequirement - hurry: 1
13:05:08 T:1848293056 DEBUG: Previous line repeats 1 times.
13:05:08 T:1848293056 DEBUG: CFileCache::Open - opening using cache
13:05:08 T:1848293056 DEBUG: CurlFile::Open(0x71e5c5f0) http://192.168.0.135:8866/service?method=recording.list&filter=pending&sid=63c7f3d85ddd40f3a7072d0c8f5be74a
13:05:08 T:1910824496 DEBUG: CDVDPlayerVideo::CalcDropRequirement - hurry: 1
13:05:08 T:1846288192 DEBUG: Previous line repeats 6 times.
13:05:08 T:1846288192 NOTICE: Thread FileCache start, auto delete: false
13:05:08 T:1910824496 DEBUG: CDVDPlayerVideo::CalcDropRequirement - hurry: 1
13:05:08 T:1846288192 INFO: CFileCache::Process - Hit eof.
13:05:08 T:1910824496 DEBUG: CDVDPlayerVideo::CalcDropRequirement - hurry: 1
13:05:08 T:1846288192 DEBUG: Previous line repeats 1 times.
13:05:08 T:1846288192 DEBUG: Thread FileCache 1846288192 terminating
13:05:08 T:1910824496 DEBUG: CDVDPlayerVideo::CalcDropRequirement - hurry: 1
13:05:08 T:1848293056 DEBUG: Previous line repeats 2 times.
13:05:08 T:1848293056 DEBUG: CFileCache::Open - opening using cache
13:05:08 T:1848293056 DEBUG: CurlFile::Open(0x673d91e8) http://192.168.0.135:8866/service?method=recording.list&filter=ready&sid=63c7f3d85ddd40f3a7072d0c8f5be74a
13:05:08 T:1910824496 DEBUG: CDVDPlayerVideo::CalcDropRequirement - hurry: 1
13:05:08 T:1936011960 DEBUG: Previous line repeats 1 times.
13:05:08 T:1936011960 NOTICE: Thread FileCache start, auto delete: false
13:05:08 T:1936011960 INFO: CFileCache::Process - Hit eof.
13:05:09 T:1910824496 DEBUG: CDVDPlayerVideo::CalcDropRequirement - hurry: 1
13:05:09 T:1936011960 DEBUG: Previous line repeats 1 times.
13:05:09 T:1936011960 DEBUG: Thread FileCache 1936011960 terminating
13:05:09 T:1910824496 DEBUG: CDVDPlayerVideo::CalcDropRequirement - hurry: 1
13:05:09 T:1910824496 DEBUG: Previous line repeats 3 times.
13:05:09 T:1910824496 WARNING: CDVDMessageQueue(video)::Get - asked for new data packet, with nothing available
13:05:09 T:1910824496 DEBUG: CDVDPlayerVideo::CalcDropRequirement - hurry: 0
13:05:09 T:1910824496 DEBUG: Previous line repeats 1 times.
13:05:09 T:1910824496 DEBUG: CDVDPlayerVideo::CalcDropRequirement - hurry: 1
13:05:09 T:1910824496 DEBUG: Previous line repeats 2 times.
13:05:09 T:1910824496 DEBUG: CDVDPlayerVideo::CalcDropRequirement - hurry: 0
13:05:09 T:1910824496 DEBUG: Previous line repeats 1 times.
13:05:09 T:1910824496 DEBUG: CDVDPlayerVideo::CalcDropRequirement - hurry: 1
13:05:09 T:1910824496 DEBUG: Previous line repeats 1 times.
13:05:09 T:1910824496 DEBUG: CDVDPlayerVideo::CalcDropRequirement - hurry: 0
13:05:09 T:1910824496 DEBUG: CDVDPlayerVideo::CalcDropRequirement - hurry: 1
13:05:10 T:1910824496 DEBUG: Previous line repeats 33 times.
13:05:10 T:1910824496 WARNING: CDVDMessageQueue(video)::Get - asked for new data packet, with nothing available
13:05:10 T:1910824496 DEBUG: CDVDPlayerVideo::CalcDropRequirement - hurry: 0
13:05:10 T:1910824496 DEBUG: Previous line repeats 1 times.
13:05:10 T:1910824496 DEBUG: CDVDPlayerVideo::CalcDropRequirement - hurry: 1
13:05:10 T:1910824496 DEBUG: Previous line repeats 1 times.
13:05:10 T:1910824496 DEBUG: CDVDPlayerVideo::CalcDropRequirement - hurry: 0
13:05:10 T:1910824496 DEBUG: Previous line repeats 1 times.
13:05:10 T:1910824496 DEBUG: CDVDPlayerVideo::CalcDropRequirement - hurry: 1
13:05:11 T:1910824496 DEBUG: Previous line repeats 29 times.
13:05:11 T:1910824496 WARNING: CDVDMessageQueue(video)::Get - asked for new data packet, with nothing available
13:05:11 T:1910824496 DEBUG: CDVDPlayerVideo::CalcDropRequirement - hurry: 0
13:05:11 T:1910824496 DEBUG: Previous line repeats 1 times.
13:05:11 T:1910824496 DEBUG: CDVDPlayerVideo::CalcDropRequirement - dropped in decoder, Sleeptime: 0.031974, Bufferlevel: 0, Gain: 0.052889
13:05:11 T:1910824496 DEBUG: CDVDPlayerVideo::CalcDropRequirement - hurry: 1
13:05:11 T:1910824496 DEBUG: Previous line repeats 29 times.
13:05:11 T:1910824496 WARNING: CDVDMessageQueue(video)::Get - asked for new data packet, with nothing available
13:05:12 T:1910824496 DEBUG: CDVDPlayerVideo::CalcDropRequirement - hurry: 0
13:05:12 T:1848293056 DEBUG: CFileCache::Open - opening using cache
13:05:12 T:1848293056 DEBUG: CurlFile::Open(0x73ec62d0) http://192.168.0.135:8866/service?method=recording.recurring.list&sid=63c7f3d85ddd40f3a7072d0c8f5be74a
13:05:12 T:1910824496 DEBUG: CDVDPlayerVideo::CalcDropRequirement - hurry: 1
13:05:12 T:1910824496 DEBUG: CDVDPlayerVideo::CalcDropRequirement - dropped in decoder, Sleeptime: 0.018224, Bufferlevel: 1, Gain: 0.119994
13:05:12 T:1910824496 DEBUG: CDVDPlayerVideo::CalcDropRequirement - hurry: 1
13:05:12 T:1901873064 NOTICE: Thread FileCache start, auto delete: false
13:05:12 T:1910824496 DEBUG: CDVDPlayerVideo::CalcDropRequirement - hurry: 1
13:05:12 T:1901873064 DEBUG: Previous line repeats 1 times.
13:05:12 T:1901873064 INFO: CFileCache::Process - Hit eof.
13:05:12 T:1901873064 DEBUG: Thread FileCache 1901873064 terminating
13:05:12 T:1848293056 DEBUG: CFileCache::Open - opening using cache
13:05:12 T:1848293056 DEBUG: CurlFile::Open(0x6fecd490) http://192.168.0.135:8866/service?method=recording.list&filter=pending&sid=63c7f3d85ddd40f3a7072d0c8f5be74a
13:05:12 T:1910824496 DEBUG: CDVDPlayerVideo::CalcDropRequirement - hurry: 1
13:05:12 T:1910970208 DEBUG: Previous line repeats 4 times.
13:05:12 T:1910970208 NOTICE: Thread FileCache start, auto delete: false
13:05:12 T:1910824496 DEBUG: CDVDPlayerVideo::CalcDropRequirement - hurry: 1
13:05:12 T:1910970208 INFO: CFileCache::Process - Hit eof.
13:05:12 T:1910824496 DEBUG: CDVDPlayerVideo::CalcDropRequirement - hurry: 1
13:05:12 T:1910970208 DEBUG: Thread FileCache 1910970208 terminating
13:05:12 T:1910824496 DEBUG: CDVDPlayerVideo::CalcDropRequirement - hurry: 1
13:05:12 T:1848293056 DEBUG: Previous line repeats 1 times.
13:05:12 T:1848293056 DEBUG: CFileCache::Open - opening using cache
13:05:12 T:1848293056 DEBUG: CurlFile::Open(0x6fdbb4c0) http://192.168.0.135:8866/service?method=recording.list&filter=ready&sid=63c7f3d85ddd40f3a7072d0c8f5be74a
13:05:12 T:1910940992 DEBUG: CDVDClock::Discontinuity - CDVDPlayerAudio::HandleSyncError2 - was:10749325739.933466, should be:10749308430.876825, error:-17309.056641
13:05:12 T:1910824496 DEBUG: CDVDPlayerVideo::CalcDropRequirement - hurry: 1
13:05:12 T:1911750048 DEBUG: Previous line repeats 1 times.
13:05:12 T:1911750048 NOTICE: Thread FileCache start, auto delete: false
13:05:12 T:1911750048 INFO: CFileCache::Process - Hit eof.
13:05:12 T:1910824496 DEBUG: CDVDPlayerVideo::CalcDropRequirement - hurry: 1
13:05:12 T:1911750048 DEBUG: Previous line repeats 2 times.
13:05:12 T:1911750048 DEBUG: Thread FileCache 1911750048 terminating
13:05:12 T:1910824496 DEBUG: CDVDPlayerVideo::CalcDropRequirement - hurry: 1
13:05:13 T:1910824496 DEBUG: Previous line repeats 15 times.
13:05:13 T:1910824496 WARNING: CDVDMessageQueue(video)::Get - asked for new data packet, with nothing available
