12:59:42 T:1848293056 DEBUG: CurlFile::Open(0x73ec62d0) http://192.168.0.135:8866/service?method=recording.recurring.list&sid=63c7f3d85ddd40f3a7072d0c8f5be74a
12:59:42 T:1910824496 DEBUG: CDVDPlayerVideo::CalcDropRequirement - hurry: 1
12:59:42 T:1944224920 DEBUG: Previous line repeats 1 times.
12:59:42 T:1944224920 NOTICE: Thread FileCache start, auto delete: false
12:59:42 T:1910824496 DEBUG: CDVDPlayerVideo::CalcDropRequirement - hurry: 1
12:59:42 T:1944224920 INFO: CFileCache::Process - Hit eof.
12:59:42 T:1944224920 DEBUG: Thread FileCache 1944224920 terminating
12:59:42 T:1910824496 DEBUG: CDVDPlayerVideo::CalcDropRequirement - hurry: 1
12:59:43 T:1848293056 DEBUG: CFileCache::Open - opening using cache
12:59:43 T:1848293056 DEBUG: CurlFile::Open(0x71edc400) http://192.168.0.135:8866/service?method=recording.list&filter=pending&sid=63c7f3d85ddd40f3a7072d0c8f5be74a
12:59:43 T:1910824496 DEBUG: CDVDPlayerVideo::CalcDropRequirement - hurry: 1
12:59:43 T:1944224920 DEBUG: Previous line repeats 5 times.
12:59:43 T:1944224920 NOTICE: Thread FileCache start, auto delete: false
12:59:43 T:1910824496 DEBUG: CDVDPlayerVideo::CalcDropRequirement - hurry: 1
12:59:43 T:1944224920 DEBUG: Previous line repeats 2 times.
12:59:43 T:1944224920 INFO: CFileCache::Process - Hit eof.
12:59:43 T:1944224920 DEBUG: Thread FileCache 1944224920 terminating
12:59:43 T:1910824496 DEBUG: CDVDPlayerVideo::CalcDropRequirement - hurry: 1
12:59:43 T:1848293056 DEBUG: Previous line repeats 2 times.
12:59:43 T:1848293056 DEBUG: CFileCache::Open - opening using cache
12:59:43 T:1848293056 DEBUG: CurlFile::Open(0x718e6628) http://192.168.0.135:8866/service?method=recording.list&filter=ready&sid=63c7f3d85ddd40f3a7072d0c8f5be74a
12:59:43 T:1910824496 DEBUG: CDVDPlayerVideo::CalcDropRequirement - hurry: 1
12:59:43 T:1944224920 DEBUG: Previous line repeats 1 times.
12:59:43 T:1944224920 NOTICE: Thread FileCache start, auto delete: false
12:59:43 T:1944224920 INFO: CFileCache::Process - Hit eof.
12:59:43 T:1944224920 DEBUG: Thread FileCache 1944224920 terminating
12:59:43 T:1910824496 DEBUG: CDVDPlayerVideo::CalcDropRequirement - hurry: 1
12:59:43 T:1910824496 DEBUG: Previous line repeats 13 times.
12:59:43 T:1910824496 WARNING: CDVDMessageQueue(video)::Get - asked for new data packet, with nothing available
12:59:43 T:1910824496 DEBUG: CDVDPlayerVideo::CalcDropRequirement - hurry: 0
12:59:43 T:1910824496 DEBUG: Previous line repeats 1 times.
12:59:43 T:1910824496 DEBUG: CDVDPlayerVideo::CalcDropRequirement - dropped in decoder, Sleeptime: 0.031200, Bufferlevel: 0, Gain: 0.071613
12:59:43 T:1910824496 DEBUG: CDVDPlayerVideo::CalcDropRequirement - hurry: 0
12:59:44 T:1910824496 DEBUG: Previous line repeats 1 times.
12:59:44 T:1910824496 DEBUG: CDVDPlayerVideo::CalcDropRequirement - hurry: 1
12:59:44 T:1910824496 DEBUG: Previous line repeats 5 times.
12:59:44 T:1910824496 WARNING: CDVDMessageQueue(video)::Get - asked for new data packet, with nothing available
12:59:44 T:1910824496 DEBUG: CDVDPlayerVideo::CalcDropRequirement - hurry: 0
12:59:44 T:1910824496 DEBUG: CDVDPlayerVideo::CalcDropRequirement - hurry: 1
12:59:46 T:1848293056 DEBUG: Previous line repeats 81 times.
12:59:46 T:1848293056 DEBUG: CFileCache::Open - opening using cache
12:59:46 T:1848293056 DEBUG: CurlFile::Open(0x6fdbb4c0) http://192.168.0.135:8866/service?method=recording.lastupdated&sid=63c7f3d85ddd40f3a7072d0c8f5be74a
12:59:46 T:1944224920 NOTICE: Thread FileCache start, auto delete: false
12:59:46 T:1944224920 INFO: CFileCache::Process - Hit eof.
12:59:46 T:1910824496 DEBUG: CDVDPlayerVideo::CalcDropRequirement - hurry: 1
12:59:46 T:1944224920 DEBUG: Thread FileCache 1944224920 terminating
12:59:46 T:1848293056 DEBUG: CFileCache::Open - opening using cache
12:59:46 T:1848293056 DEBUG: CurlFile::Open(0x73ec62d0) http://192.168.0.135:8866/service?method=recording.recurring.list&sid=63c7f3d85ddd40f3a7072d0c8f5be74a
12:59:46 T:1910824496 DEBUG: CDVDPlayerVideo::CalcDropRequirement - hurry: 1
12:59:46 T:1878747376 DEBUG: Previous line repeats 3 times.
12:59:46 T:1878747376 NOTICE: Thread FileCache start, auto delete: false
12:59:46 T:1910824496 DEBUG: CDVDPlayerVideo::CalcDropRequirement - hurry: 1
12:59:46 T:1878747376 DEBUG: Previous line repeats 1 times.
12:59:46 T:1878747376 INFO: CFileCache::Process - Hit eof.
12:59:46 T:1910824496 DEBUG: CDVDPlayerVideo::CalcDropRequirement - hurry: 1
12:59:46 T:1878747376 DEBUG: Thread FileCache 1878747376 terminating
12:59:46 T:1848293056 DEBUG: CFileCache::Open - opening using cache
12:59:46 T:1848293056 DEBUG: CurlFile::Open(0x71cedff8) http://192.168.0.135:8866/service?method=recording.list&filter=pending&sid=63c7f3d85ddd40f3a7072d0c8f5be74a
12:59:46 T:1910824496 DEBUG: CDVDPlayerVideo::CalcDropRequirement - hurry: 1
12:59:47 T:1944224920 DEBUG: Previous line repeats 5 times.
12:59:47 T:1944224920 NOTICE: Thread FileCache start, auto delete: false
12:59:47 T:1910824496 DEBUG: CDVDPlayerVideo::CalcDropRequirement - hurry: 1
12:59:47 T:1944224920 DEBUG: Previous line repeats 2 times.
12:59:47 T:1944224920 INFO: CFileCache::Process - Hit eof.
12:59:47 T:1910824496 DEBUG: CDVDPlayerVideo::CalcDropRequirement - hurry: 1
12:59:47 T:1944224920 DEBUG: Thread FileCache 1944224920 terminating
12:59:47 T:1910824496 DEBUG: CDVDPlayerVideo::CalcDropRequirement - hurry: 1
12:59:47 T:1848293056 DEBUG: Previous line repeats 1 times.
12:59:47 T:1848293056 DEBUG: CFileCache::Open - opening using cache
12:59:47 T:1848293056 DEBUG: CurlFile::Open(0x71ec75e0) http://192.168.0.135:8866/service?method=recording.list&filter=ready&sid=63c7f3d85ddd40f3a7072d0c8f5be74a
12:59:47 T:1910824496 DEBUG: CDVDPlayerVideo::CalcDropRequirement - hurry: 1
12:59:47 T:1878747376 DEBUG: Previous line repeats 1 times.
12:59:47 T:1878747376 NOTICE: Thread FileCache start, auto delete: false
12:59:47 T:1910824496 DEBUG: CDVDPlayerVideo::CalcDropRequirement - hurry: 1
12:59:47 T:1878747376 INFO: CFileCache::Process - Hit eof.
12:59:47 T:1910824496 DEBUG: CDVDPlayerVideo::CalcDropRequirement - hurry: 1
12:59:47 T:1878747376 DEBUG: Previous line repeats 1 times.
12:59:47 T:1878747376 DEBUG: Thread FileCache 1878747376 terminating
12:59:47 T:1910824496 DEBUG: CDVDPlayerVideo::CalcDropRequirement - hurry: 1
12:59:50 T:1848293056 DEBUG: Previous line repeats 127 times.
12:59:50 T:1848293056 DEBUG: CFileCache::Open - opening using cache
12:59:50 T:1848293056 DEBUG: CurlFile::Open(0x718e6628) http://192.168.0.135:8866/service?method=recording.recurring.list&sid=63c7f3d85ddd40f3a7072d0c8f5be74a
12:59:50 T:1944224920 NOTICE: Thread FileCache start, auto delete: false
12:59:50 T:1910824496 DEBUG: CDVDPlayerVideo::CalcDropRequirement - hurry: 1
12:59:50 T:1944224920 INFO: CFileCache::Process - Hit eof.
12:59:50 T:1944224920 DEBUG: Thread FileCache 1944224920 terminating
12:59:50 T:1848293056 DEBUG: CFileCache::Open - opening using cache
12:59:50 T:1848293056 DEBUG: CurlFile::Open(0x6fedee40) http://192.168.0.135:8866/service?method=recording.list&filter=pending&sid=63c7f3d85ddd40f3a7072d0c8f5be74a
12:59:50 T:1910824496 DEBUG: CDVDPlayerVideo::CalcDropRequirement - hurry: 1
12:59:50 T:1839317520 DEBUG: Previous line repeats 6 times.
12:59:50 T:1839317520 NOTICE: Thread FileCache start, auto delete: false
12:59:50 T:1910824496 DEBUG: CDVDPlayerVideo::CalcDropRequirement - hurry: 1
12:59:50 T:1839317520 DEBUG: Previous line repeats 1 times.
12:59:50 T:1839317520 INFO: CFileCache::Process - Hit eof.
12:59:50 T:1839317520 DEBUG: Thread FileCache 1839317520 terminating
12:59:50 T:1910824496 DEBUG: CDVDPlayerVideo::CalcDropRequirement - hurry: 1
12:59:50 T:1848293056 DEBUG: Previous line repeats 6 times.
12:59:50 T:1848293056 DEBUG: CFileCache::Open - opening using cache
12:59:50 T:1848293056 DEBUG: CurlFile::Open(0x73ec62d0) http://192.168.0.135:8866/service?method=recording.list&filter=ready&sid=63c7f3d85ddd40f3a7072d0c8f5be74a
12:59:50 T:1910824496 DEBUG: CDVDPlayerVideo::CalcDropRequirement - hurry: 1
12:59:50 T:1839317520 NOTICE: Thread FileCache start, auto delete: false
12:59:50 T:1910824496 DEBUG: CDVDPlayerVideo::CalcDropRequirement - hurry: 1
12:59:50 T:1839317520 INFO: CFileCache::Process - Hit eof.
12:59:50 T:1910824496 DEBUG: CDVDPlayerVideo::CalcDropRequirement - hurry: 1
12:59:51 T:1839317520 DEBUG: Previous line repeats 1 times.
12:59:51 T:1839317520 DEBUG: Thread FileCache 1839317520 terminating
12:59:51 T:1910824496 DEBUG: CDVDPlayerVideo::CalcDropRequirement - hurry: 1
12:59:52 T:1910824496 DEBUG: Previous line repeats 49 times.
12:59:52 T:1910824496 WARNING: CDVDMessageQueue(video)::Get - asked for new data packet, with nothing available
12:59:52 T:1910824496 DEBUG: CDVDPlayerVideo::CalcDropRequirement - hurry: 1
12:59:54 T:1848293056 DEBUG: Previous line repeats 77 times.
12:59:54 T:1848293056 DEBUG: CFileCache::Open - opening using cache
12:59:54 T:1848293056 DEBUG: CurlFile::Open(0x6fdbb4c0) http://192.168.0.135:8866/service?method=recording.recurring.list&sid=63c7f3d85ddd40f3a7072d0c8f5be74a
12:59:54 T:1910824496 DEBUG: CDVDPlayerVideo::CalcDropRequirement - hurry: 1
12:59:54 T:1944224920 NOTICE: Thread FileCache start, auto delete: false
12:59:54 T:1910824496 DEBUG: CDVDPlayerVideo::CalcDropRequirement - hurry: 1
12:59:54 T:1944224920 INFO: CFileCache::Process - Hit eof.
12:59:54 T:1944224920 DEBUG: Thread FileCache 1944224920 terminating
12:59:54 T:1910824496 DEBUG: CDVDPlayerVideo::CalcDropRequirement - hurry: 1
12:59:54 T:1848293056 DEBUG: Previous line repeats 1 times.
12:59:54 T:1848293056 DEBUG: CFileCache::Open - opening using cache
12:59:54 T:1848293056 DEBUG: CurlFile::Open(0x71ec75e0) http://192.168.0.135:8866/service?method=recording.list&filter=pending&sid=63c7f3d85ddd40f3a7072d0c8f5be74a
12:59:54 T:1910824496 DEBUG: CDVDPlayerVideo::CalcDropRequirement - hurry: 1
12:59:54 T:1910824496 WARNING: CDVDMessageQueue(video)::Get - asked for new data packet, with nothing available
12:59:54 T:1944224920 NOTICE: Thread FileCache start, auto delete: false
12:59:54 T:1944224920 INFO: CFileCache::Process - Hit eof.
12:59:54 T:1944224920 DEBUG: Thread FileCache 1944224920 terminating
12:59:54 T:1910824496 DEBUG: CDVDPlayerVideo::CalcDropRequirement - hurry: 0
12:59:54 T:1910824496 DEBUG: CDVDPlayerVideo::CalcDropRequirement - hurry: 1
12:59:54 T:1910824496 DEBUG: CDVDPlayerVideo::CalcDropRequirement - dropped in decoder, Sleeptime: 0.015817, Bufferlevel: 1, Gain: 0.078883
12:59:54 T:1910824496 DEBUG: CDVDPlayerVideo::CalcDropRequirement - hurry: 1
12:59:54 T:1848293056 DEBUG: CFileCache::Open - opening using cache
12:59:54 T:1848293056 DEBUG: CurlFile::Open(0x73ec62d0) http://192.168.0.135:8866/service?method=recording.list&filter=ready&sid=63c7f3d85ddd40f3a7072d0c8f5be74a
12:59:54 T:1910824496 DEBUG: CDVDPlayerVideo::CalcDropRequirement - hurry: 1
12:59:54 T:1839317520 NOTICE: Thread FileCache start, auto delete: false
12:59:54 T:1839317520 INFO: CFileCache::Process - Hit eof.
12:59:54 T:1910824496 DEBUG: CDVDPlayerVideo::CalcDropRequirement - hurry: 1
12:59:54 T:1839317520 DEBUG: Previous line repeats 1 times.
12:59:54 T:1839317520 DEBUG: Thread FileCache 1839317520 terminating
12:59:54 T:1910824496 DEBUG: CDVDPlayerVideo::CalcDropRequirement - hurry: 1
12:59:55 T:1910824496 DEBUG: Previous line repeats 37 times.
12:59:55 T:1910824496 WARNING: CDVDMessageQueue(video)::Get - asked for new data packet, with nothing available
12:59:55 T:1910824496 DEBUG: CDVDPlayerVideo::CalcDropRequirement - hurry: 1
12:59:55 T:1910940992 DEBUG: Previous line repeats 18 times.
12:59:55 T:1910940992 DEBUG: CDVDClock::Discontinuity - CDVDPlayerAudio::HandleSyncError2 - was:10432441023.812626, should be:10432430586.072718, error:-10437.739908
12:59:55 T:1910824496 DEBUG: CDVDPlayerVideo::CalcDropRequirement - hurry: 1
12:59:57 T:1848293056 DEBUG: Previous line repeats 65 times.
12:59:57 T:1848293056 DEBUG: CFileCache::Open - opening using cache
12:59:57 T:1848293056 DEBUG: CurlFile::Open(0x71ec75e0) http://192.168.0.135:8866/service?method=recording.recurring.list&sid=63c7f3d85ddd40f3a7072d0c8f5be74a
12:59:57 T:1878747376 NOTICE: Thread FileCache start, auto delete: false
12:59:57 T:1910824496 DEBUG: CDVDPlayerVideo::CalcDropRequirement - hurry: 1
12:59:57 T:1878747376 INFO: CFileCache::Process - Hit eof.
12:59:57 T:1878747376 DEBUG: Thread FileCache 1878747376 terminating
12:59:57 T:1910824496 DEBUG: CDVDPlayerVideo::CalcDropRequirement - hurry: 1
12:59:57 T:1848293056 DEBUG: Previous line repeats 1 times.
12:59:57 T:1848293056 DEBUG: CFileCache::Open - opening using cache
12:59:57 T:1848293056 DEBUG: CurlFile::Open(0x73ec62d0) http://192.168.0.135:8866/service?method=recording.list&filter=pending&sid=63c7f3d85ddd40f3a7072d0c8f5be74a
12:59:57 T:1910824496 DEBUG: CDVDPlayerVideo::CalcDropRequirement - hurry: 1
12:59:57 T:1910824496 DEBUG: Previous line repeats 3 times.
12:59:57 T:1910824496 WARNING: CDVDMessageQueue(video)::Get - asked for new data packet, with nothing available
12:59:57 T:1910824496 DEBUG: CDVDPlayerVideo::CalcDropRequirement - hurry: 1
12:59:57 T:1944224920 DEBUG: Previous line repeats 1 times.
12:59:57 T:1944224920 NOTICE: Thread FileCache start, auto delete: false
12:59:57 T:1910824496 DEBUG: CDVDPlayerVideo::CalcDropRequirement - hurry: 1
12:59:57 T:1944224920 DEBUG: Previous line repeats 4 times.
12:59:57 T:1944224920 INFO: CFileCache::Process - Hit eof.
12:59:57 T:1944224920 DEBUG: Thread FileCache 1944224920 terminating
12:59:57 T:1910824496 DEBUG: CDVDPlayerVideo::CalcDropRequirement - hurry: 1
12:59:57 T:1848293056 DEBUG: Previous line repeats 1 times.
12:59:57 T:1848293056 DEBUG: CFileCache::Open - opening using cache
12:59:57 T:1848293056 DEBUG: CurlFile::Open(0x6fedee40) http://192.168.0.135:8866/service?method=recording.list&filter=ready&sid=63c7f3d85ddd40f3a7072d0c8f5be74a
12:59:57 T:1910824496 DEBUG: CDVDPlayerVideo::CalcDropRequirement - hurry: 1
12:59:58 T:1878747376 DEBUG: Previous line repeats 3 times.
12:59:58 T:1878747376 NOTICE: Thread FileCache start, auto delete: false
12:59:58 T:1878747376 INFO: CFileCache::Process - Hit eof.
12:59:58 T:1910824496 DEBUG: CDVDPlayerVideo::CalcDropRequirement - hurry: 1
12:59:58 T:1878747376 DEBUG: Previous line repeats 1 times.
12:59:58 T:1878747376 DEBUG: Thread FileCache 1878747376 terminating
12:59:58 T:1910824496 DEBUG: CDVDPlayerVideo::CalcDropRequirement - hurry: 1
12:59:58 T:1910824496 DEBUG: Previous line repeats 32 times.
12:59:58 T:1910824496 WARNING: CDVDMessageQueue(video)::Get - asked for new data packet, with nothing available
12:59:58 T:1910824496 DEBUG: CDVDPlayerVideo::CalcDropRequirement - hurry: 0
12:59:58 T:1910824496 DEBUG: Previous line repeats 1 times.
12:59:58 T:1910824496 DEBUG: CDVDPlayerVideo::CalcDropRequirement - hurry: 1
12:59:59 T:1910824496 DEBUG: Previous line repeats 5 times.
12:59:59 T:1910824496 WARNING: CDVDMessageQueue(video)::Get - asked for new data packet, with nothing available
12:59:59 T:1910824496 DEBUG: CDVDPlayerVideo::CalcDropRequirement - hurry: 1
12:59:59 T:1910824496 DEBUG: CDVDPlayerVideo::CalcDropRequirement - hurry: 0
12:59:59 T:1910824496 DEBUG: CDVDPlayerVideo::CalcDropRequirement - hurry: 1
13:00:01 T:1848293056 DEBUG: Previous line repeats 79 times.
13:00:01 T:1848293056 DEBUG: CFileCache::Open - opening using cache
13:00:01 T:1848293056 DEBUG: CurlFile::Open(0x73ec62d0) http://192.168.0.135:8866/service?method=recording.recurring.list&sid=63c7f3d85ddd40f3a7072d0c8f5be74a
13:00:01 T:1910824496 DEBUG: CDVDPlayerVideo::CalcDropRequirement - hurry: 1
13:00:01 T:1839317520 NOTICE: Thread FileCache start, auto delete: false
13:00:01 T:1910824496 DEBUG: CDVDPlayerVideo::CalcDropRequirement - hurry: 1
13:00:01 T:1839317520 INFO: CFileCache::Process - Hit eof.
13:00:01 T:1910824496 DEBUG: CDVDPlayerVideo::CalcDropRequirement - hurry: 1
13:00:01 T:1839317520 DEBUG: Thread FileCache 1839317520 terminating
13:00:01 T:1910824496 DEBUG: CDVDPlayerVideo::CalcDropRequirement - hurry: 1
13:00:01 T:1848293056 DEBUG: CFileCache::Open - opening using cache
13:00:01 T:1848293056 DEBUG: CurlFile::Open(0x6fedee40) http://192.168.0.135:8866/service?method=recording.list&filter=pending&sid=63c7f3d85ddd40f3a7072d0c8f5be74a
13:00:01 T:1910824496 DEBUG: CDVDPlayerVideo::CalcDropRequirement - hurry: 1
13:00:01 T:1839317520 DEBUG: Previous line repeats 4 times.
13:00:01 T:1839317520 NOTICE: Thread FileCache start, auto delete: false
13:00:01 T:1910824496 DEBUG: CDVDPlayerVideo::CalcDropRequirement - hurry: 1
13:00:01 T:1839317520 INFO: CFileCache::Process - Hit eof.
13:00:01 T:1839317520 DEBUG: Thread FileCache 1839317520 terminating
13:00:01 T:1910824496 DEBUG: CDVDPlayerVideo::CalcDropRequirement - hurry: 1
13:00:01 T:1848293056 DEBUG: CFileCache::Open - opening using cache
13:00:01 T:1910824496 DEBUG: CDVDPlayerVideo::CalcDropRequirement - hurry: 1
13:00:01 T:1848293056 DEBUG: CurlFile::Open(0x6fedee40) http://192.168.0.135:8866/service?method=recording.list&filter=ready&sid=63c7f3d85ddd40f3a7072d0c8f5be74a
13:00:01 T:1910824496 DEBUG: CDVDPlayerVideo::CalcDropRequirement - hurry: 1
13:00:01 T:1878747376 DEBUG: Previous line repeats 1 times.
13:00:01 T:1878747376 NOTICE: Thread FileCache start, auto delete: false
13:00:01 T:1878747376 INFO: CFileCache::Process - Hit eof.
13:00:01 T:1878747376 DEBUG: Thread FileCache 1878747376 terminating
13:00:01 T:1910824496 DEBUG: CDVDPlayerVideo::CalcDropRequirement - hurry: 1
13:00:01 T:1908748384 DEBUG: Previous line repeats 9 times.
13:00:01 T:1908748384 DEBUG: ffmpeg[71C53060]: [mpegts] PES packet size mismatch
13:00:01 T:1910824496 DEBUG: CDVDPlayerVideo::CalcDropRequirement - hurry: 1
13:00:03 T:1910940992 DEBUG: Previous line repeats 48 times.
13:00:03 T:1910940992 ERROR: ffmpeg[71E6A540]: [ac3] frame sync error
13:00:03 T:1910940992 ERROR: CDVDPlayerAudio::DecodeFrame - Decode Error. Skipping audio packet (-1094995529)
13:00:03 T:1910940992 DEBUG: CDVDPlayerAudio::Process - Decode Error
13:00:03 T:1910824496 DEBUG: CDVDPlayerVideo::CalcDropRequirement - hurry: 1
13:00:04 T:1910940992 DEBUG: Previous line repeats 28 times.
13:00:04 T:1910940992 DEBUG: CDVDClock::Discontinuity - CDVDPlayerAudio::HandleSyncError2 - was:10440578745.072718, should be:10440591639.685108, error:12894.612391
13:00:04 T:1910824496 DEBUG: CDVDPlayerVideo::CalcDropRequirement - hurry: 1
13:00:04 T:1848293056 DEBUG: Previous line repeats 13 times.
13:00:04 T:1848293056 DEBUG: CFileCache::Open - opening using cache
13:00:04 T:1848293056 DEBUG: CurlFile::Open(0x71ec75e0) http://192.168.0.135:8866/service?method=recording.recurring.list&sid=63c7f3d85ddd40f3a7072d0c8f5be74a
13:00:04 T:1910824496 DEBUG: CDVDPlayerVideo::CalcDropRequirement - hurry: 1
13:00:04 T:1944224920 NOTICE: Thread FileCache start, auto delete: false
13:00:04 T:1910824496 DEBUG: CDVDPlayerVideo::CalcDropRequirement - hurry: 1
13:00:04 T:1944224920 DEBUG: Previous line repeats 1 times.
13:00:04 T:1944224920 INFO: CFileCache::Process - Hit eof.
13:00:04 T:1910824496 DEBUG: CDVDPlayerVideo::CalcDropRequirement - hurry: 1
13:00:04 T:1944224920 DEBUG: Previous line repeats 1 times.
13:00:04 T:1944224920 DEBUG: Thread FileCache 1944224920 terminating
13:00:04 T:1848293056 DEBUG: CFileCache::Open - opening using cache
13:00:04 T:1910824496 DEBUG: CDVDPlayerVideo::CalcDropRequirement - hurry: 1
13:00:04 T:1848293056 DEBUG: CurlFile::Open(0x73ec62d0) http://192.168.0.135:8866/service?method=recording.list&filter=pending&sid=63c7f3d85ddd40f3a7072d0c8f5be74a
13:00:04 T:1910824496 DEBUG: CDVDPlayerVideo::CalcDropRequirement - hurry: 1
13:00:05 T:1878747376 DEBUG: Previous line repeats 4 times.
13:00:05 T:1878747376 NOTICE: Thread FileCache start, auto delete: false
13:00:05 T:1910824496 DEBUG: CDVDPlayerVideo::CalcDropRequirement - hurry: 1
13:00:05 T:1878747376 INFO: CFileCache::Process - Hit eof.
13:00:05 T:1878747376 DEBUG: Thread FileCache 1878747376 terminating
13:00:05 T:1910824496 DEBUG: CDVDPlayerVideo::CalcDropRequirement - hurry: 1
13:00:05 T:1848293056 DEBUG: Previous line repeats 2 times.
13:00:05 T:1848293056 DEBUG: CFileCache::Open - opening using cache
13:00:05 T:1910824496 DEBUG: CDVDPlayerVideo::CalcDropRequirement - hurry: 1
13:00:05 T:1848293056 DEBUG: CurlFile::Open(0x6fdbb4c0) http://192.168.0.135:8866/service?method=recording.list&filter=ready&sid=63c7f3d85ddd40f3a7072d0c8f5be74a
13:00:05 T:1910824496 DEBUG: CDVDPlayerVideo::CalcDropRequirement - hurry: 1
13:00:05 T:1839317520 DEBUG: Previous line repeats 1 times.
13:00:05 T:1839317520 NOTICE: Thread FileCache start, auto delete: false
13:00:05 T:1910824496 DEBUG: CDVDPlayerVideo::CalcDropRequirement - hurry: 1
13:00:05 T:1839317520 INFO: CFileCache::Process - Hit eof.
13:00:05 T:1910824496 DEBUG: CDVDPlayerVideo::CalcDropRequirement - hurry: 1
13:00:05 T:1839317520 DEBUG: Thread FileCache 1839317520 terminating
13:00:05 T:1910824496 DEBUG: CDVDPlayerVideo::CalcDropRequirement - hurry: 1
13:00:06 T:1910940992 DEBUG: Previous line repeats 25 times.
13:00:06 T:1910940992 DEBUG: CDVDClock::Discontinuity - CDVDPlayerAudio::HandleSyncError2 - was:10442626985.685108, should be:10442650263.558777, error:23277.873669
13:00:06 T:1910824496 DEBUG: CDVDPlayerVideo::CalcDropRequirement - hurry: 1
13:00:08 T:1848293056 DEBUG: Previous line repeats 78 times.
13:00:08 T:1848293056 DEBUG: CFileCache::Open - opening using cache
13:00:08 T:1848293056 DEBUG: CurlFile::Open(0x6fdbb4c0) http://192.168.0.135:8866/service?method=recording.recurring.list&sid=63c7f3d85ddd40f3a7072d0c8f5be74a
13:00:08 T:1944224920 NOTICE: Thread FileCache start, auto delete: false
13:00:08 T:1944224920 INFO: CFileCache::Process - Hit eof.
13:00:08 T:1944224920 DEBUG: Thread FileCache 1944224920 terminating
13:00:08 T:1910824496 DEBUG: CDVDPlayerVideo::CalcDropRequirement - hurry: 1
13:00:08 T:1848293056 DEBUG: Previous line repeats 2 times.
13:00:08 T:1848293056 DEBUG: CFileCache::Open - opening using cache
13:00:08 T:1848293056 DEBUG: CurlFile::Open(0x73ec62d0) http://192.168.0.135:8866/service?method=recording.list&filter=pending&sid=63c7f3d85ddd40f3a7072d0c8f5be74a
13:00:08 T:1910824496 DEBUG: CDVDPlayerVideo::CalcDropRequirement - hurry: 1
13:00:08 T:1839317520 DEBUG: Previous line repeats 4 times.
13:00:08 T:1839317520 NOTICE: Thread FileCache start, auto delete: false
13:00:08 T:1910824496 DEBUG: CDVDPlayerVideo::CalcDropRequirement - hurry: 1
13:00:08 T:1839317520 INFO: CFileCache::Process - Hit eof.
13:00:08 T:1839317520 DEBUG: Thread FileCache 1839317520 terminating
13:00:08 T:1910824496 DEBUG: CDVDPlayerVideo::CalcDropRequirement - hurry: 1
13:00:08 T:1848293056 DEBUG: Previous line repeats 1 times.
13:00:08 T:1848293056 DEBUG: CFileCache::Open - opening using cache
13:00:08 T:1910824496 DEBUG: CDVDPlayerVideo::CalcDropRequirement - hurry: 1
13:00:08 T:1848293056 DEBUG: CurlFile::Open(0x73ec62d0) http://192.168.0.135:8866/service?method=recording.list&filter=ready&sid=63c7f3d85ddd40f3a7072d0c8f5be74a
13:00:08 T:1910824496 DEBUG: CDVDPlayerVideo::CalcDropRequirement - hurry: 1
13:00:08 T:1839317520 DEBUG: Previous line repeats 1 times.
13:00:08 T:1839317520 NOTICE: Thread FileCache start, auto delete: false
13:00:08 T:1839317520 INFO: CFileCache::Process - Hit eof.
13:00:08 T:1910824496 DEBUG: CDVDPlayerVideo::CalcDropRequirement - hurry: 1
13:00:08 T:1839317520 DEBUG: Previous line repeats 1 times.
13:00:08 T:1839317520 DEBUG: Thread FileCache 1839317520 terminating
13:00:08 T:1910824496 DEBUG: CDVDPlayerVideo::CalcDropRequirement - hurry: 1
13:00:11 T:1848293056 DEBUG: Previous line repeats 120 times.
13:00:11 T:1848293056 DEBUG: CFileCache::Open - opening using cache
13:00:11 T:1848293056 DEBUG: CurlFile::Open(0x71ec75e0) http://192.168.0.135:8866/service?method=recording.recurring.list&sid=63c7f3d85ddd40f3a7072d0c8f5be74a
13:00:12 T:1910824496 DEBUG: CDVDPlayerVideo::CalcDropRequirement - hurry: 1
13:00:12 T:1944224920 DEBUG: Previous line repeats 1 times.
13:00:12 T:1944224920 NOTICE: Thread FileCache start, auto delete: false
13:00:12 T:1910824496 DEBUG: CDVDPlayerVideo::CalcDropRequirement - hurry: 1
13:00:12 T:1944224920 INFO: CFileCache::Process - Hit eof.
13:00:12 T:1910824496 DEBUG: CDVDPlayerVideo::CalcDropRequirement - hurry: 1
13:00:12 T:1944224920 DEBUG: Thread FileCache 1944224920 terminating
13:00:12 T:1910824496 DEBUG: CDVDPlayerVideo::CalcDropRequirement - hurry: 1
13:00:12 T:1848293056 DEBUG: CFileCache::Open - opening using cache
13:00:12 T:1910824496 DEBUG: CDVDPlayerVideo::CalcDropRequirement - hurry: 1
13:00:12 T:1848293056 DEBUG: CurlFile::Open(0x73ec62d0) http://192.168.0.135:8866/service?method=recording.list&filter=pending&sid=63c7f3d85ddd40f3a7072d0c8f5be74a
13:00:12 T:1910824496 DEBUG: CDVDPlayerVideo::CalcDropRequirement - hurry: 1
13:00:12 T:1839317520 DEBUG: Previous line repeats 4 times.
13:00:12 T:1839317520 NOTICE: Thread FileCache start, auto delete: false
13:00:12 T:1910824496 DEBUG: CDVDPlayerVideo::CalcDropRequirement - hurry: 1
13:00:12 T:1839317520 DEBUG: Previous line repeats 1 times.
13:00:12 T:1839317520 INFO: CFileCache::Process - Hit eof.
13:00:12 T:1839317520 DEBUG: Thread FileCache 1839317520 terminating
13:00:12 T:1910824496 DEBUG: CDVDPlayerVideo::CalcDropRequirement - hurry: 1
13:00:12 T:1848293056 DEBUG: CFileCache::Open - opening using cache
13:00:12 T:1848293056 DEBUG: CurlFile::Open(0x6fedee40) http://192.168.0.135:8866/service?method=recording.list&filter=ready&sid=63c7f3d85ddd40f3a7072d0c8f5be74a
13:00:12 T:1910824496 DEBUG: CDVDPlayerVideo::CalcDropRequirement - hurry: 1
13:00:12 T:1878747376 DEBUG: Previous line repeats 2 times.
13:00:12 T:1878747376 NOTICE: Thread FileCache start, auto delete: false
13:00:12 T:1878747376 INFO: CFileCache::Process - Hit eof.
13:00:12 T:1878747376 DEBUG: Thread FileCache 1878747376 terminating
13:00:12 T:1910824496 DEBUG: CDVDPlayerVideo::CalcDropRequirement - hurry: 1
13:00:14 T:1910824496 DEBUG: Previous line repeats 73 times.
13:00:14 T:1910824496 WARNING: CDVDMessageQueue(video)::Get - asked for new data packet, with nothing available
13:00:14 T:1910824496 DEBUG: CDVDPlayerVideo::CalcDropRequirement - hurry: 0
13:00:14 T:1910824496 DEBUG: Previous line repeats 1 times.
13:00:14 T:1910824496 DEBUG: CDVDPlayerVideo::CalcDropRequirement - dropped in decoder, Sleeptime: 0.032072, Bufferlevel: 0, Gain: 0.051677
13:00:14 T:1910824496 DEBUG: CDVDPlayerVideo::CalcDropRequirement - hurry: 0
13:00:15 T:1910824496 DEBUG: Previous line repeats 11 times.
13:00:15 T:1910824496 DEBUG: CDVDPlayerVideo::CalcDropRequirement - dropped in decoder, Sleeptime: 0.031990, Bufferlevel: 0, Gain: 0.061010
13:00:15 T:1910824496 DEBUG: CDVDPlayerVideo::CalcDropRequirement - hurry: 0
13:00:15 T:1910824496 DEBUG: Previous line repeats 2 times.
13:00:15 T:1910824496 DEBUG: CDVDPlayerVideo::CalcDropRequirement - dropped in decoder, Sleeptime: 0.029827, Bufferlevel: 0, Gain: 0.078677
13:00:15 T:1910824496 DEBUG: CDVDPlayerVideo::CalcDropRequirement - hurry: 0
13:00:15 T:1848293056 DEBUG: CFileCache::Open - opening using cache
13:00:15 T:1848293056 DEBUG: CurlFile::Open(0x7179ace0) http://192.168.0.135:8866/service?method=recording.recurring.list&sid=63c7f3d85ddd40f3a7072d0c8f5be74a
13:00:15 T:1910824496 DEBUG: CDVDPlayerVideo::CalcDropRequirement - hurry: 0
13:00:15 T:1839317520 DEBUG: Previous line repeats 2 times.
13:00:15 T:1839317520 NOTICE: Thread FileCache start, auto delete: false
13:00:15 T:1910824496 DEBUG: CDVDPlayerVideo::CalcDropRequirement - hurry: 0
13:00:15 T:1910824496 DEBUG: Previous line repeats 1 times.
13:00:15 T:1910824496 DEBUG: CDVDPlayerVideo::CalcDropRequirement - hurry: 1
13:00:15 T:1910824496 DEBUG: CDVDPlayerVideo::CalcDropRequirement - hurry: 0
13:00:15 T:1910824496 DEBUG: Previous line repeats 1 times.
13:00:15 T:1910824496 DEBUG: CDVDPlayerVideo::CalcDropRequirement - hurry: 1
13:00:15 T:1910824496 DEBUG: CDVDPlayerVideo::CalcDropRequirement - hurry: 0
13:00:15 T:1839317520 INFO: CFileCache::Process - Hit eof.
13:00:15 T:1910824496 DEBUG: CDVDPlayerVideo::CalcDropRequirement - hurry: 0
13:00:15 T:1910824496 DEBUG: CDVDPlayerVideo::CalcDropRequirement - hurry: 1
13:00:15 T:1839317520 DEBUG: Thread FileCache 1839317520 terminating
13:00:15 T:1848293056 DEBUG: CFileCache::Open - opening using cache
13:00:15 T:1848293056 DEBUG: CurlFile::Open(0x71cedff8) http://192.168.0.135:8866/service?method=recording.list&filter=pending&sid=63c7f3d85ddd40f3a7072d0c8f5be74a
13:00:15 T:1910824496 DEBUG: CDVDPlayerVideo::CalcDropRequirement - hurry: 0
13:00:15 T:1910824496 DEBUG: Previous line repeats 1 times.
13:00:15 T:1910824496 DEBUG: CDVDPlayerVideo::CalcDropRequirement - hurry: 1
13:00:15 T:1910824496 DEBUG: Previous line repeats 1 times.
13:00:15 T:1910824496 WARNING: CDVDMessageQueue(video)::Get - asked for new data packet, with nothing available
13:00:15 T:1910824496 DEBUG: CDVDPlayerVideo::CalcDropRequirement - hurry: 1
13:00:15 T:1878747376 NOTICE: Thread FileCache start, auto delete: false
13:00:15 T:1910824496 DEBUG: CDVDPlayerVideo::CalcDropRequirement - hurry: 1
13:00:16 T:1878747376 DEBUG: Previous line repeats 1 times.
13:00:16 T:1878747376 INFO: CFileCache::Process - Hit eof.
13:00:16 T:1910824496 DEBUG: CDVDPlayerVideo::CalcDropRequirement - hurry: 1
13:00:16 T:1878747376 DEBUG: Thread FileCache 1878747376 terminating
13:00:16 T:1910824496 DEBUG: CDVDPlayerVideo::CalcDropRequirement - hurry: 1
13:00:16 T:1848293056 DEBUG: Previous line repeats 8 times.
13:00:16 T:1848293056 DEBUG: CFileCache::Open - opening using cache
13:00:16 T:1910824496 DEBUG: CDVDPlayerVideo::CalcDropRequirement - hurry: 1
13:00:16 T:1848293056 DEBUG: Previous line repeats 1 times.
13:00:16 T:1848293056 DEBUG: CurlFile::Open(0x71e81ed8) http://192.168.0.135:8866/service?method=recording.list&filter=ready&sid=63c7f3d85ddd40f3a7072d0c8f5be74a
13:00:16 T:1910824496 DEBUG: CDVDPlayerVideo::CalcDropRequirement - hurry: 1
13:00:16 T:1944224920 DEBUG: Previous line repeats 4 times.
13:00:16 T:1944224920 NOTICE: Thread FileCache start, auto delete: false
13:00:16 T:1910824496 DEBUG: CDVDPlayerVideo::CalcDropRequirement - hurry: 1
13:00:16 T:1944224920 INFO: CFileCache::Process - Hit eof.
13:00:16 T:1910824496 DEBUG: CDVDPlayerVideo::CalcDropRequirement - hurry: 1
13:00:16 T:1944224920 DEBUG: Previous line repeats 2 times.
13:00:16 T:1944224920 DEBUG: Thread FileCache 1944224920 terminating
13:00:16 T:1910824496 DEBUG: CDVDPlayerVideo::CalcDropRequirement - hurry: 1
13:00:17 T:1910824496 DEBUG: Previous line repeats 23 times.
13:00:17 T:1910824496 DEBUG: CDVDPlayerVideo::CalcDropRequirement - hurry: 0
13:00:17 T:1910824496 DEBUG: CDVDPlayerVideo::CalcDropRequirement - hurry: 1
13:00:19 T:1910824496 DEBUG: Previous line repeats 94 times.
13:00:19 T:1910824496 WARNING: CDVDMessageQueue(video)::Get - asked for new data packet, with nothing available
13:00:19 T:1910824496 DEBUG: CDVDPlayerVideo::CalcDropRequirement - hurry: 1
13:00:19 T:1848293056 DEBUG: Previous line repeats 10 times.
13:00:19 T:1848293056 DEBUG: CFileCache::Open - opening using cache
13:00:19 T:1848293056 DEBUG: CurlFile::Open(0x73ec62d0) http://192.168.0.135:8866/service?method=recording.recurring.list&sid=63c7f3d85ddd40f3a7072d0c8f5be74a
13:00:19 T:1910824496 DEBUG: CDVDPlayerVideo::CalcDropRequirement - hurry: 1
13:00:19 T:1839317520 DEBUG: Previous line repeats 1 times.
13:00:19 T:1839317520 NOTICE: Thread FileCache start, auto delete: false
13:00:19 T:1910824496 DEBUG: CDVDPlayerVideo::CalcDropRequirement - hurry: 1
13:00:19 T:1839317520 INFO: CFileCache::Process - Hit eof.
13:00:19 T:1839317520 DEBUG: Thread FileCache 1839317520 terminating
13:00:19 T:1910824496 DEBUG: CDVDPlayerVideo::CalcDropRequirement - hurry: 1
13:00:19 T:1848293056 DEBUG: CFileCache::Open - opening using cache
13:00:19 T:1910824496 DEBUG: CDVDPlayerVideo::CalcDropRequirement - hurry: 1
13:00:19 T:1848293056 DEBUG: CurlFile::Open(0x6fedee40) http://192.168.0.135:8866/service?method=recording.list&filter=pending&sid=63c7f3d85ddd40f3a7072d0c8f5be74a
13:00:19 T:1910824496 DEBUG: CDVDPlayerVideo::CalcDropRequirement - hurry: 1
13:00:19 T:1944224920 DEBUG: Previous line repeats 5 times.
13:00:19 T:1944224920 NOTICE: Thread FileCache start, auto delete: false
13:00:19 T:1910824496 DEBUG: CDVDPlayerVideo::CalcDropRequirement - hurry: 1
13:00:19 T:1944224920 INFO: CFileCache::Process - Hit eof.
13:00:19 T:1910824496 DEBUG: CDVDPlayerVideo::CalcDropRequirement - hurry: 1
13:00:19 T:1944224920 DEBUG: Previous line repeats 3 times.
13:00:19 T:1944224920 DEBUG: Thread FileCache 1944224920 terminating
13:00:19 T:1910824496 DEBUG: CDVDPlayerVideo::CalcDropRequirement - hurry: 1
13:00:19 T:1848293056 DEBUG: Previous line repeats 1 times.
13:00:19 T:1848293056 DEBUG: CFileCache::Open - opening using cache
13:00:19 T:1848293056 DEBUG: CurlFile::Open(0x73ec62d0) http://192.168.0.135:8866/service?method=recording.list&filter=ready&sid=63c7f3d85ddd40f3a7072d0c8f5be74a
13:00:19 T:1910824496 DEBUG: CDVDPlayerVideo::CalcDropRequirement - hurry: 1
13:00:19 T:1878747376 NOTICE: Thread FileCache start, auto delete: false
13:00:19 T:1878747376 INFO: CFileCache::Process - Hit eof.
13:00:20 T:1910824496 DEBUG: CDVDPlayerVideo::CalcDropRequirement - hurry: 1
13:00:20 T:1878747376 DEBUG: Thread FileCache 1878747376 terminating
13:00:20 T:1910824496 DEBUG: CDVDPlayerVideo::CalcDropRequirement - hurry: 1
13:00:22 T:1910824496 DEBUG: Previous line repeats 102 times.
13:00:22 T:1910824496 WARNING: CDVDMessageQueue(video)::Get - asked for new data packet, with nothing available
13:00:22 T:1910824496 DEBUG: CDVDPlayerVideo::CalcDropRequirement - hurry: 0
13:00:22 T:1910824496 DEBUG: Previous line repeats 1 times.
13:00:22 T:1910824496 DEBUG: CDVDPlayerVideo::CalcDropRequirement - hurry: 1
13:00:23 T:1848293056 DEBUG: Previous line repeats 8 times.
13:00:23 T:1848293056 DEBUG: CFileCache::Open - opening using cache
13:00:23 T:1848293056 DEBUG: CurlFile::Open(0x73ec62d0) http://192.168.0.135:8866/service?method=recording.recurring.list&sid=63c7f3d85ddd40f3a7072d0c8f5be74a
13:00:23 T:1910824496 DEBUG: CDVDPlayerVideo::CalcDropRequirement - hurry: 1
13:00:23 T:1944224920 NOTICE: Thread FileCache start, auto delete: false
13:00:23 T:1910824496 DEBUG: CDVDPlayerVideo::CalcDropRequirement - hurry: 1
13:00:23 T:1944224920 DEBUG: Previous line repeats 2 times.
13:00:23 T:1944224920 INFO: CFileCache::Process - Hit eof.
13:00:23 T:1944224920 DEBUG: Thread FileCache 1944224920 terminating
13:00:23 T:1910824496 DEBUG: CDVDPlayerVideo::CalcDropRequirement - hurry: 1
13:00:23 T:1848293056 DEBUG: CFileCache::Open - opening using cache
13:00:23 T:1848293056 DEBUG: CurlFile::Open(0x6fedee40) http://192.168.0.135:8866/service?method=recording.list&filter=pending&sid=63c7f3d85ddd40f3a7072d0c8f5be74a
13:00:23 T:1910824496 DEBUG: CDVDPlayerVideo::CalcDropRequirement - hurry: 1
13:00:23 T:1944224920 DEBUG: Previous line repeats 3 times.
13:00:23 T:1944224920 NOTICE: Thread FileCache start, auto delete: false
13:00:23 T:1910824496 DEBUG: CDVDPlayerVideo::CalcDropRequirement - hurry: 1
13:00:23 T:1944224920 DEBUG: Previous line repeats 1 times.
13:00:23 T:1944224920 INFO: CFileCache::Process - Hit eof.
13:00:23 T:1910824496 DEBUG: CDVDPlayerVideo::CalcDropRequirement - hurry: 1
13:00:23 T:1944224920 DEBUG: Previous line repeats 1 times.
13:00:23 T:1944224920 DEBUG: Thread FileCache 1944224920 terminating
13:00:23 T:1910824496 DEBUG: CDVDPlayerVideo::CalcDropRequirement - hurry: 1
13:00:23 T:1848293056 DEBUG: Previous line repeats 1 times.
13:00:23 T:1848293056 DEBUG: CFileCache::Open - opening using cache
13:00:23 T:1848293056 DEBUG: CurlFile::Open(0x71ec75e0) http://192.168.0.135:8866/service?method=recording.list&filter=ready&sid=63c7f3d85ddd40f3a7072d0c8f5be74a
13:00:23 T:1910824496 DEBUG: CDVDPlayerVideo::CalcDropRequirement - hurry: 1
13:00:23 T:1878747376 DEBUG: Previous line repeats 2 times.
13:00:23 T:1878747376 NOTICE: Thread FileCache start, auto delete: false
13:00:23 T:1878747376 INFO: CFileCache::Process - Hit eof.
13:00:23 T:1878747376 DEBUG: Thread FileCache 1878747376 terminating
13:00:23 T:1910824496 DEBUG: CDVDPlayerVideo::CalcDropRequirement - hurry: 1
13:00:26 T:1910824496 DEBUG: Previous line repeats 109 times.
13:00:26 T:1910824496 WARNING: CDVDMessageQueue(video)::Get - asked for new data packet, with nothing available
13:00:26 T:1910824496 DEBUG: CDVDPlayerVideo::CalcDropRequirement - hurry: 0
13:00:26 T:1910824496 DEBUG: CDVDPlayerVideo::CalcDropRequirement - hurry: 1
13:00:26 T:1910824496 DEBUG: CDVDPlayerVideo::CalcDropRequirement - dropped in decoder, Sleeptime: 0.018270, Bufferlevel: 1, Gain: 0.133279
13:00:26 T:1910824496 DEBUG: CDVDPlayerVideo::CalcDropRequirement - hurry: 1
13:00:26 T:1848293056 DEBUG: Previous line repeats 5 times.
13:00:26 T:1848293056 DEBUG: CFileCache::Open - opening using cache
13:00:26 T:1848293056 DEBUG: CurlFile::Open(0x73ec62d0) http://192.168.0.135:8866/service?method=recording.recurring.list&sid=63c7f3d85ddd40f3a7072d0c8f5be74a
13:00:26 T:1910824496 DEBUG: CDVDPlayerVideo::CalcDropRequirement - hurry: 1
13:00:26 T:1944224920 DEBUG: Previous line repeats 2 times.
13:00:26 T:1944224920 NOTICE: Thread FileCache start, auto delete: false
13:00:26 T:1910824496 DEBUG: CDVDPlayerVideo::CalcDropRequirement - hurry: 1
13:00:26 T:1944224920 DEBUG: Previous line repeats 2 times.
13:00:26 T:1944224920 INFO: CFileCache::Process - Hit eof.
13:00:26 T:1910824496 DEBUG: CDVDPlayerVideo::CalcDropRequirement - hurry: 1
13:00:26 T:1944224920 DEBUG: Thread FileCache 1944224920 terminating
13:00:26 T:1910824496 DEBUG: CDVDPlayerVideo::CalcDropRequirement - hurry: 1
13:00:26 T:1848293056 DEBUG: CFileCache::Open - opening using cache
13:00:26 T:1848293056 DEBUG: CurlFile::Open(0x71ec75e0) http://192.168.0.135:8866/service?method=recording.list&filter=pending&sid=63c7f3d85ddd40f3a7072d0c8f5be74a
13:00:26 T:1910824496 DEBUG: CDVDPlayerVideo::CalcDropRequirement - hurry: 1
13:00:26 T:1839317520 DEBUG: Previous line repeats 5 times.
13:00:26 T:1839317520 NOTICE: Thread FileCache start, auto delete: false
13:00:26 T:1910824496 DEBUG: CDVDPlayerVideo::CalcDropRequirement - hurry: 1
13:00:26 T:1839317520 INFO: CFileCache::Process - Hit eof.
13:00:26 T:1910824496 DEBUG: CDVDPlayerVideo::CalcDropRequirement - hurry: 1
13:00:26 T:1839317520 DEBUG: Thread FileCache 1839317520 terminating
13:00:26 T:1910824496 DEBUG: CDVDPlayerVideo::CalcDropRequirement - hurry: 1
13:00:27 T:1848293056 DEBUG: Previous line repeats 2 times.
13:00:27 T:1848293056 DEBUG: CFileCache::Open - opening using cache
13:00:27 T:1848293056 DEBUG: CurlFile::Open(0x73ec62d0) http://192.168.0.135:8866/service?method=recording.list&filter=ready&sid=63c7f3d85ddd40f3a7072d0c8f5be74a
13:00:27 T:1910824496 DEBUG: CDVDPlayerVideo::CalcDropRequirement - hurry: 1
13:00:27 T:1944224920 NOTICE: Thread FileCache start, auto delete: false
13:00:27 T:1944224920 INFO: CFileCache::Process - Hit eof.
13:00:27 T:1910824496 DEBUG: CDVDPlayerVideo::CalcDropRequirement - hurry: 1
13:00:27 T:1944224920 DEBUG: Previous line repeats 2 times.
13:00:27 T:1944224920 DEBUG: Thread FileCache 1944224920 terminating
13:00:27 T:1910824496 DEBUG: CDVDPlayerVideo::CalcDropRequirement - hurry: 1
13:00:27 T:1910824496 DEBUG: Previous line repeats 7 times.
13:00:27 T:1910824496 WARNING: CDVDMessageQueue(video)::Get - asked for new data packet, with nothing available
13:00:27 T:1910824496 DEBUG: CDVDPlayerVideo::CalcDropRequirement - hurry: 1
13:00:30 T:1848293056 DEBUG: Previous line repeats 118 times.
13:00:30 T:1848293056 DEBUG: CFileCache::Open - opening using cache
13:00:30 T:1848293056 DEBUG: CurlFile::Open(0x71cedff8) http://192.168.0.135:8866/service?method=recording.recurring.list&sid=63c7f3d85ddd40f3a7072d0c8f5be74a
13:00:30 T:1910824496 DEBUG: CDVDPlayerVideo::CalcDropRequirement - hurry: 1
13:00:30 T:1839317520 DEBUG: Previous line repeats 2 times.
13:00:30 T:1839317520 NOTICE: Thread FileCache start, auto delete: false
13:00:30 T:1910824496 DEBUG: CDVDPlayerVideo::CalcDropRequirement - hurry: 1
13:00:30 T:1839317520 INFO: CFileCache::Process - Hit eof.
13:00:30 T:1910824496 DEBUG: CDVDPlayerVideo::CalcDropRequirement - hurry: 1
13:00:30 T:1839317520 DEBUG: Previous line repeats 1 times.
13:00:30 T:1839317520 DEBUG: Thread FileCache 1839317520 terminating
13:00:30 T:1910824496 DEBUG: CDVDPlayerVideo::CalcDropRequirement - hurry: 1
13:00:30 T:1848293056 DEBUG: CFileCache::Open - opening using cache
13:00:30 T:1848293056 DEBUG: CurlFile::Open(0x73ec62d0) http://192.168.0.135:8866/service?method=recording.list&filter=pending&sid=63c7f3d85ddd40f3a7072d0c8f5be74a
13:00:30 T:1910824496 DEBUG: CDVDPlayerVideo::CalcDropRequirement - hurry: 1
13:00:30 T:1839317520 DEBUG: Previous line repeats 5 times.
13:00:30 T:1839317520 NOTICE: Thread FileCache start, auto delete: false
13:00:30 T:1910824496 DEBUG: CDVDPlayerVideo::CalcDropRequirement - hurry: 1
13:00:30 T:1839317520 DEBUG: Previous line repeats 1 times.
13:00:30 T:1839317520 INFO: CFileCache::Process - Hit eof.
13:00:30 T:1910824496 DEBUG: CDVDPlayerVideo::CalcDropRequirement - hurry: 1
13:00:30 T:1839317520 DEBUG: Thread FileCache 1839317520 terminating
13:00:30 T:1910824496 DEBUG: CDVDPlayerVideo::CalcDropRequirement - hurry: 1
13:00:30 T:1848293056 DEBUG: Previous line repeats 1 times.
13:00:30 T:1848293056 DEBUG: CFileCache::Open - opening using cache
13:00:30 T:1848293056 DEBUG: CurlFile::Open(0x6fedee40) http://192.168.0.135:8866/service?method=recording.list&filter=ready&sid=63c7f3d85ddd40f3a7072d0c8f5be74a
13:00:30 T:1910824496 DEBUG: CDVDPlayerVideo::CalcDropRequirement - hurry: 1
13:00:30 T:1944224920 DEBUG: Previous line repeats 2 times.
13:00:30 T:1944224920 NOTICE: Thread FileCache start, auto delete: false
13:00:30 T:1944224920 INFO: CFileCache::Process - Hit eof.
13:00:30 T:1910824496 DEBUG: CDVDPlayerVideo::CalcDropRequirement - hurry: 1
13:00:30 T:1944224920 DEBUG: Previous line repeats 2 times.
13:00:30 T:1944224920 DEBUG: Thread FileCache 1944224920 terminating
13:00:30 T:1910824496 DEBUG: CDVDPlayerVideo::CalcDropRequirement - hurry: 1
13:00:30 T:1910824496 DEBUG: Previous line repeats 6 times.
13:00:30 T:1910824496 WARNING: CDVDMessageQueue(video)::Get - asked for new data packet, with nothing available
13:00:30 T:1910824496 DEBUG: CDVDPlayerVideo::CalcDropRequirement - hurry: 0
13:00:30 T:1910824496 DEBUG: Previous line repeats 1 times.
13:00:30 T:1910824496 DEBUG: CDVDPlayerVideo::CalcDropRequirement - hurry: 1
13:00:31 T:1910824496 DEBUG: CDVDPlayerVideo::CalcDropRequirement - hurry: 0
13:00:31 T:1910824496 DEBUG: CDVDPlayerVideo::CalcDropRequirement - hurry: 1
13:00:31 T:1910824496 DEBUG: CDVDPlayerVideo::CalcDropRequirement - hurry: 0
13:00:31 T:1910824496 DEBUG: CDVDPlayerVideo::CalcDropRequirement - hurry: 1
13:00:31 T:1910824496 DEBUG: Previous line repeats 1 times.
13:00:31 T:1910824496 DEBUG: CDVDPlayerVideo::CalcDropRequirement - hurry: 0
13:00:31 T:1910824496 DEBUG: Previous line repeats 1 times.
13:00:31 T:1910824496 DEBUG: CDVDPlayerVideo::CalcDropRequirement - dropped in decoder, Sleeptime: 0.031703, Bufferlevel: 0, Gain: 0.051416
13:00:31 T:1910824496 DEBUG: CDVDPlayerVideo::CalcDropRequirement - hurry: 1
13:00:32 T:1910824496 DEBUG: Previous line repeats 40 times.
13:00:32 T:1910824496 WARNING: CDVDMessageQueue(video)::Get - asked for new data packet, with nothing available
13:00:32 T:1910824496 DEBUG: CDVDPlayerVideo::CalcDropRequirement - hurry: 1
13:00:33 T:1848293056 DEBUG: Previous line repeats 60 times.
13:00:33 T:1848293056 DEBUG: CFileCache::Open - opening using cache
13:00:33 T:1848293056 DEBUG: CurlFile::Open(0x718e6628) http://192.168.0.135:8866/service?method=recording.recurring.list&sid=63c7f3d85ddd40f3a7072d0c8f5be74a
13:00:33 T:1910824496 DEBUG: CDVDPlayerVideo::CalcDropRequirement - hurry: 1
13:00:33 T:1878747376 NOTICE: Thread FileCache start, auto delete: false
13:00:33 T:1910824496 DEBUG: CDVDPlayerVideo::CalcDropRequirement - hurry: 1
13:00:33 T:1878747376 INFO: CFileCache::Process - Hit eof.
13:00:33 T:1878747376 DEBUG: Thread FileCache 1878747376 terminating
13:00:33 T:1910824496 DEBUG: CDVDPlayerVideo::CalcDropRequirement - hurry: 1
13:00:33 T:1848293056 DEBUG: Previous line repeats 1 times.
13:00:33 T:1848293056 DEBUG: CFileCache::Open - opening using cache
13:00:33 T:1848293056 DEBUG: CurlFile::Open(0x71cedff8) http://192.168.0.135:8866/service?method=recording.list&filter=pending&sid=63c7f3d85ddd40f3a7072d0c8f5be74a
13:00:33 T:1910824496 DEBUG: CDVDPlayerVideo::CalcDropRequirement - hurry: 1
13:00:33 T:1839317520 DEBUG: Previous line repeats 3 times.
13:00:33 T:1839317520 NOTICE: Thread FileCache start, auto delete: false
13:00:33 T:1910824496 DEBUG: CDVDPlayerVideo::CalcDropRequirement - hurry: 1
13:00:33 T:1839317520 DEBUG: Previous line repeats 1 times.
13:00:33 T:1839317520 INFO: CFileCache::Process - Hit eof.
13:00:33 T:1839317520 DEBUG: Thread FileCache 1839317520 terminating
13:00:33 T:1910824496 DEBUG: CDVDPlayerVideo::CalcDropRequirement - hurry: 1
13:00:34 T:1910824496 WARNING: CDVDMessageQueue(video)::Get - asked for new data packet, with nothing available
13:00:34 T:1848293056 DEBUG: CFileCache::Open - opening using cache
13:00:34 T:1848293056 DEBUG: CurlFile::Open(0x718e6628) http://192.168.0.135:8866/service?method=recording.list&filter=ready&sid=63c7f3d85ddd40f3a7072d0c8f5be74a
13:00:34 T:1910824496 DEBUG: CDVDPlayerVideo::CalcDropRequirement - hurry: 0
13:00:34 T:1910824496 DEBUG: Previous line repeats 1 times.
13:00:34 T:1910824496 DEBUG: CDVDPlayerVideo::CalcDropRequirement - hurry: 1
13:00:34 T:1910824496 DEBUG: CDVDPlayerVideo::CalcDropRequirement - hurry: 0
13:00:34 T:1910824496 DEBUG: Previous line repeats 1 times.
13:00:34 T:1910824496 DEBUG: CDVDPlayerVideo::CalcDropRequirement - hurry: 1
13:00:34 T:1910824496 DEBUG: CDVDPlayerVideo::CalcDropRequirement - hurry: 0
13:00:34 T:1878747376 NOTICE: Thread FileCache start, auto delete: false
13:00:34 T:1910824496 DEBUG: CDVDPlayerVideo::CalcDropRequirement - hurry: 0
13:00:34 T:1910824496 DEBUG: CDVDPlayerVideo::CalcDropRequirement - hurry: 1
13:00:34 T:1878747376 INFO: CFileCache::Process - Hit eof.
13:00:34 T:1910824496 DEBUG: CDVDPlayerVideo::CalcDropRequirement - hurry: 1
13:00:34 T:1878747376 DEBUG: Previous line repeats 1 times.
13:00:34 T:1878747376 DEBUG: Thread FileCache 1878747376 terminating
13:00:34 T:1910824496 DEBUG: CDVDPlayerVideo::CalcDropRequirement - hurry: 1
13:00:37 T:1848293056 DEBUG: Previous line repeats 121 times.
13:00:37 T:1848293056 DEBUG: CFileCache::Open - opening using cache
13:00:37 T:1848293056 DEBUG: CurlFile::Open(0x71ec75e0) http://192.168.0.135:8866/service?method=recording.recurring.list&sid=63c7f3d85ddd40f3a7072d0c8f5be74a
13:00:37 T:1910824496 DEBUG: CDVDPlayerVideo::CalcDropRequirement - hurry: 1
13:00:37 T:1944224920 NOTICE: Thread FileCache start, auto delete: false
13:00:37 T:1944224920 INFO: CFileCache::Process - Hit eof.
13:00:37 T:1910824496 DEBUG: CDVDPlayerVideo::CalcDropRequirement - hurry: 1
13:00:37 T:1944224920 DEBUG: Thread FileCache 1944224920 terminating
13:00:37 T:1910824496 DEBUG: CDVDPlayerVideo::CalcDropRequirement - hurry: 1
13:00:37 T:1848293056 DEBUG: CFileCache::Open - opening using cache
13:00:37 T:1848293056 DEBUG: CurlFile::Open(0x6fdbb4c0) http://192.168.0.135:8866/service?method=recording.list&filter=pending&sid=63c7f3d85ddd40f3a7072d0c8f5be74a
13:00:37 T:1910824496 DEBUG: CDVDPlayerVideo::CalcDropRequirement - hurry: 1
13:00:37 T:1878747376 DEBUG: Previous line repeats 4 times.
13:00:37 T:1878747376 NOTICE: Thread FileCache start, auto delete: false
13:00:37 T:1910824496 DEBUG: CDVDPlayerVideo::CalcDropRequirement - hurry: 1
13:00:37 T:1878747376 INFO: CFileCache::Process - Hit eof.
13:00:37 T:1910824496 DEBUG: CDVDPlayerVideo::CalcDropRequirement - hurry: 1
13:00:37 T:1878747376 DEBUG: Thread FileCache 1878747376 terminating
13:00:37 T:1910824496 DEBUG: CDVDPlayerVideo::CalcDropRequirement - hurry: 1
13:00:37 T:1848293056 DEBUG: Previous line repeats 2 times.
13:00:37 T:1848293056 DEBUG: CFileCache::Open - opening using cache
13:00:37 T:1848293056 DEBUG: CurlFile::Open(0x71ec75e0) http://192.168.0.135:8866/service?method=recording.list&filter=ready&sid=63c7f3d85ddd40f3a7072d0c8f5be74a
13:00:37 T:1910824496 DEBUG: CDVDPlayerVideo::CalcDropRequirement - hurry: 1
13:00:37 T:1944224920 DEBUG: Previous line repeats 2 times.
13:00:37 T:1944224920 NOTICE: Thread FileCache start, auto delete: false
13:00:37 T:1944224920 INFO: CFileCache::Process - Hit eof.
13:00:37 T:1944224920 DEBUG: Thread FileCache 1944224920 terminating
13:00:37 T:1910824496 DEBUG: CDVDPlayerVideo::CalcDropRequirement - hurry: 1
13:00:39 T:1910824496 DEBUG: Previous line repeats 71 times.
13:00:39 T:1910824496 WARNING: CDVDMessageQueue(video)::Get - asked for new data packet, with nothing available
13:00:39 T:1910824496 DEBUG: CDVDPlayerVideo::CalcDropRequirement - hurry: 1
13:00:40 T:1848293056 DEBUG: Previous line repeats 51 times.
13:00:40 T:1848293056 DEBUG: CFileCache::Open - opening using cache
13:00:40 T:1848293056 DEBUG: CurlFile::Open(0x73ec62d0) http://192.168.0.135:8866/service?method=recording.recurring.list&sid=63c7f3d85ddd40f3a7072d0c8f5be74a
13:00:40 T:1910824496 DEBUG: CDVDPlayerVideo::CalcDropRequirement - hurry: 1
13:00:40 T:1839317520 NOTICE: Thread FileCache start, auto delete: false
13:00:40 T:1910824496 DEBUG: CDVDPlayerVideo::CalcDropRequirement - hurry: 1
13:00:40 T:1839317520 DEBUG: Previous line repeats 2 times.
13:00:40 T:1839317520 INFO: CFileCache::Process - Hit eof.
13:00:40 T:1910824496 DEBUG: CDVDPlayerVideo::CalcDropRequirement - hurry: 1
13:00:40 T:1839317520 DEBUG: Previous line repeats 2 times.
13:00:40 T:1839317520 DEBUG: Thread FileCache 1839317520 terminating
13:00:40 T:1910824496 DEBUG: CDVDPlayerVideo::CalcDropRequirement - hurry: 1
13:00:40 T:1848293056 DEBUG: Previous line repeats 1 times.
13:00:40 T:1848293056 DEBUG: CFileCache::Open - opening using cache
13:00:41 T:1848293056 DEBUG: CurlFile::Open(0x6fdbb4c0) http://192.168.0.135:8866/service?method=recording.list&filter=pending&sid=63c7f3d85ddd40f3a7072d0c8f5be74a
