12:56:31 T:1843651272 DEBUG: static std::string CTextureCacheJob::GetImageHash(const string&) - unable to stat url /service?method=channel.show.artwork&sid=ec908615694a41b2bdb61dd237ad6116&event_id=4825115
12:56:32 T:1788655912 DEBUG: Keyboard: scancode: 0x13, sym: 0x0111, unicode: 0x0000, modifier: 0x0
12:56:32 T:1788655912 DEBUG: bool CInputManager::OnKey(const CKey&): up (0xf080) pressed, action is Up
12:56:32 T:1843651272 DEBUG: static std::string CTextureCacheJob::GetImageHash(const string&) - unable to stat url /service?method=channel.show.artwork&sid=ec908615694a41b2bdb61dd237ad6116&event_id=4825050
12:56:32 T:1788655912 DEBUG: Keyboard: scancode: 0x13, sym: 0x0111, unicode: 0x0000, modifier: 0x0
12:56:32 T:1788655912 DEBUG: bool CInputManager::OnKey(const CKey&): up (0xf080) pressed, action is Up
12:56:32 T:1843651272 DEBUG: static std::string CTextureCacheJob::GetImageHash(const string&) - unable to stat url /service?method=channel.show.artwork&sid=ec908615694a41b2bdb61dd237ad6116&event_id=4825036
12:56:33 T:1788655912 DEBUG: Keyboard: scancode: 0x13, sym: 0x0111, unicode: 0x0000, modifier: 0x0
12:56:33 T:1788655912 DEBUG: bool CInputManager::OnKey(const CKey&): up (0xf080) pressed, action is Up
12:56:33 T:1878747376 DEBUG: static std::string CTextureCacheJob::GetImageHash(const string&) - unable to stat url /service?method=channel.show.artwork&sid=ec908615694a41b2bdb61dd237ad6116&event_id=4825022
12:56:33 T:1788655912 DEBUG: Keyboard: scancode: 0x13, sym: 0x0111, unicode: 0x0000, modifier: 0x0
12:56:33 T:1788655912 DEBUG: bool CInputManager::OnKey(const CKey&): up (0xf080) pressed, action is Up
12:56:33 T:1788655912 DEBUG: Keyboard: scancode: 0x13, sym: 0x0111, unicode: 0x0000, modifier: 0x0
12:56:33 T:1788655912 DEBUG: bool CInputManager::OnKey(const CKey&): up (0xf080) pressed, action is Up
12:56:33 T:1839317520 DEBUG: static std::string CTextureCacheJob::GetImageHash(const string&) - unable to stat url /service?method=channel.show.artwork&sid=ec908615694a41b2bdb61dd237ad6116&event_id=4824994
12:56:33 T:1848293056 DEBUG: CFileCache::Open - opening using cache
12:56:33 T:1848293056 DEBUG: CurlFile::Open(0x73e8e6f0) http://192.168.0.135:8866/service?method=recording.recurring.list&sid=63c7f3d85ddd40f3a7072d0c8f5be74a
12:56:33 T:1944877784 NOTICE: Thread FileCache start, auto delete: false
12:56:33 T:1944877784 INFO: CFileCache::Process - Hit eof.
12:56:33 T:1944877784 DEBUG: Thread FileCache 1944877784 terminating
12:56:33 T:1848293056 DEBUG: CFileCache::Open - opening using cache
12:56:33 T:1848293056 DEBUG: CurlFile::Open(0x73e8e238) http://192.168.0.135:8866/service?method=recording.list&filter=pending&sid=63c7f3d85ddd40f3a7072d0c8f5be74a
12:56:33 T:1788655912 DEBUG: Keyboard: scancode: 0x13, sym: 0x0111, unicode: 0x0000, modifier: 0x0
12:56:33 T:1788655912 DEBUG: bool CInputManager::OnKey(const CKey&): up (0xf080) pressed, action is Up
12:56:33 T:1843651272 DEBUG: static std::string CTextureCacheJob::GetImageHash(const string&) - unable to stat url /service?method=channel.show.artwork&sid=ec908615694a41b2bdb61dd237ad6116&event_id=4824980
12:56:33 T:1944829640 NOTICE: Thread FileCache start, auto delete: false
12:56:33 T:1944829640 INFO: CFileCache::Process - Hit eof.
12:56:33 T:1944829640 DEBUG: Thread FileCache 1944829640 terminating
12:56:33 T:1788655912 DEBUG: Keyboard: scancode: 0x13, sym: 0x0111, unicode: 0x0000, modifier: 0x0
12:56:33 T:1788655912 DEBUG: bool CInputManager::OnKey(const CKey&): up (0xf080) pressed, action is Up
12:56:33 T:1843651272 DEBUG: static std::string CTextureCacheJob::GetImageHash(const string&) - unable to stat url /service?method=channel.show.artwork&sid=ec908615694a41b2bdb61dd237ad6116&event_id=4824966
12:56:33 T:1848293056 DEBUG: CFileCache::Open - opening using cache
12:56:33 T:1848293056 DEBUG: CurlFile::Open(0x73f6a748) http://192.168.0.135:8866/service?method=recording.list&filter=ready&sid=63c7f3d85ddd40f3a7072d0c8f5be74a
12:56:33 T:1788655912 DEBUG: Keyboard: scancode: 0x13, sym: 0x0111, unicode: 0x0000, modifier: 0x0
12:56:33 T:1788655912 DEBUG: bool CInputManager::OnKey(const CKey&): up (0xf080) pressed, action is Up
12:56:33 T:1878747376 DEBUG: static std::string CTextureCacheJob::GetImageHash(const string&) - unable to stat url /service?method=channel.show.artwork&sid=ec908615694a41b2bdb61dd237ad6116&event_id=4824952
12:56:33 T:1945555184 NOTICE: Thread FileCache start, auto delete: false
12:56:33 T:1945555184 INFO: CFileCache::Process - Hit eof.
12:56:33 T:1945555184 DEBUG: Thread FileCache 1945555184 terminating
12:56:33 T:1788655912 DEBUG: Keyboard: scancode: 0x13, sym: 0x0111, unicode: 0x0000, modifier: 0x0
12:56:33 T:1788655912 DEBUG: bool CInputManager::OnKey(const CKey&): up (0xf080) pressed, action is Up
12:56:33 T:1839317520 DEBUG: static std::string CTextureCacheJob::GetImageHash(const string&) - unable to stat url /service?method=channel.show.artwork&sid=ec908615694a41b2bdb61dd237ad6116&event_id=4824461
12:56:33 T:1788655912 DEBUG: Keyboard: scancode: 0x13, sym: 0x0111, unicode: 0x0000, modifier: 0x0
12:56:33 T:1788655912 DEBUG: bool CInputManager::OnKey(const CKey&): up (0xf080) pressed, action is Up
12:56:33 T:1843651272 DEBUG: static std::string CTextureCacheJob::GetImageHash(const string&) - unable to stat url /service?method=channel.show.artwork&sid=ec908615694a41b2bdb61dd237ad6116&event_id=4823990
12:56:33 T:1788655912 DEBUG: Keyboard: scancode: 0x13, sym: 0x0111, unicode: 0x0000, modifier: 0x0
12:56:33 T:1788655912 DEBUG: bool CInputManager::OnKey(const CKey&): up (0xf080) pressed, action is Up
12:56:33 T:1839317520 DEBUG: static std::string CTextureCacheJob::GetImageHash(const string&) - unable to stat url /service?method=channel.show.artwork&sid=ec908615694a41b2bdb61dd237ad6116&event_id=4823427
12:56:34 T:1788655912 DEBUG: Keyboard: scancode: 0x13, sym: 0x0111, unicode: 0x0000, modifier: 0x0
12:56:34 T:1788655912 DEBUG: bool CInputManager::OnKey(const CKey&): up (0xf080) pressed, action is Up
12:56:34 T:1878747376 DEBUG: static std::string CTextureCacheJob::GetImageHash(const string&) - unable to stat url /service?method=channel.show.artwork&sid=ec908615694a41b2bdb61dd237ad6116&event_id=4823326
12:56:35 T:1788655912 DEBUG: Keyboard: scancode: 0x14, sym: 0x0112, unicode: 0x0000, modifier: 0x0
12:56:35 T:1788655912 DEBUG: bool CInputManager::OnKey(const CKey&): down (0xf081) pressed, action is Down
12:56:35 T:1839317520 DEBUG: static std::string CTextureCacheJob::GetImageHash(const string&) - unable to stat url /service?method=channel.show.artwork&sid=ec908615694a41b2bdb61dd237ad6116&event_id=4823427
12:56:35 T:1788655912 DEBUG: Keyboard: scancode: 0x14, sym: 0x0112, unicode: 0x0000, modifier: 0x0
12:56:35 T:1788655912 DEBUG: bool CInputManager::OnKey(const CKey&): down (0xf081) pressed, action is Down
12:56:35 T:1878747376 DEBUG: static std::string CTextureCacheJob::GetImageHash(const string&) - unable to stat url /service?method=channel.show.artwork&sid=ec908615694a41b2bdb61dd237ad6116&event_id=4823990
12:56:36 T:1788655912 DEBUG: Keyboard: scancode: 0x16, sym: 0x0113, unicode: 0x0000, modifier: 0x0
12:56:36 T:1788655912 DEBUG: bool CInputManager::OnKey(const CKey&): right (0xf083) pressed, action is Right
12:56:36 T:1843651272 DEBUG: static std::string CTextureCacheJob::GetImageHash(const string&) - unable to stat url /service?method=channel.show.artwork&sid=ec908615694a41b2bdb61dd237ad6116&event_id=4823991
12:56:36 T:1848293056 DEBUG: CFileCache::Open - opening using cache
12:56:36 T:1848293056 DEBUG: CurlFile::Open(0x73f6b7b8) http://192.168.0.135:8866/service?method=recording.recurring.list&sid=63c7f3d85ddd40f3a7072d0c8f5be74a
12:56:36 T:1944416536 NOTICE: Thread FileCache start, auto delete: false
12:56:36 T:1944416536 INFO: CFileCache::Process - Hit eof.
12:56:36 T:1944416536 DEBUG: Thread FileCache 1944416536 terminating
12:56:36 T:1848293056 DEBUG: CFileCache::Open - opening using cache
12:56:36 T:1848293056 DEBUG: CurlFile::Open(0x73e8e080) http://192.168.0.135:8866/service?method=recording.list&filter=pending&sid=63c7f3d85ddd40f3a7072d0c8f5be74a
12:56:36 T:1944884088 NOTICE: Thread FileCache start, auto delete: false
12:56:36 T:1944884088 INFO: CFileCache::Process - Hit eof.
12:56:36 T:1944884088 DEBUG: Thread FileCache 1944884088 terminating
12:56:36 T:1788655912 DEBUG: Keyboard: scancode: 0x16, sym: 0x0113, unicode: 0x0000, modifier: 0x0
12:56:36 T:1788655912 DEBUG: bool CInputManager::OnKey(const CKey&): right (0xf083) pressed, action is Right
12:56:36 T:1878747376 DEBUG: static std::string CTextureCacheJob::GetImageHash(const string&) - unable to stat url /service?method=channel.show.artwork&sid=ec908615694a41b2bdb61dd237ad6116&event_id=4823992
12:56:36 T:1848293056 DEBUG: CFileCache::Open - opening using cache
12:56:36 T:1848293056 DEBUG: CurlFile::Open(0x73fb8f78) http://192.168.0.135:8866/service?method=recording.list&filter=ready&sid=63c7f3d85ddd40f3a7072d0c8f5be74a
12:56:36 T:1945867672 NOTICE: Thread FileCache start, auto delete: false
12:56:36 T:1945867672 INFO: CFileCache::Process - Hit eof.
12:56:36 T:1945867672 DEBUG: Thread FileCache 1945867672 terminating
12:56:37 T:1788655912 DEBUG: Keyboard: scancode: 0x16, sym: 0x0113, unicode: 0x0000, modifier: 0x0
12:56:37 T:1788655912 DEBUG: bool CInputManager::OnKey(const CKey&): right (0xf083) pressed, action is Right
12:56:37 T:1839317520 DEBUG: static std::string CTextureCacheJob::GetImageHash(const string&) - unable to stat url /service?method=channel.show.artwork&sid=ec908615694a41b2bdb61dd237ad6116&event_id=4823993
12:56:39 T:1788655912 DEBUG: Keyboard: scancode: 0x16, sym: 0x0113, unicode: 0x0000, modifier: 0x0
12:56:39 T:1788655912 DEBUG: bool CInputManager::OnKey(const CKey&): right (0xf083) pressed, action is Right
12:56:39 T:1843651272 DEBUG: static std::string CTextureCacheJob::GetImageHash(const string&) - unable to stat url /service?method=channel.show.artwork&sid=ec908615694a41b2bdb61dd237ad6116&event_id=4823994
12:56:39 T:1848293056 DEBUG: CFileCache::Open - opening using cache
12:56:39 T:1848293056 DEBUG: CurlFile::Open(0x71687490) http://192.168.0.135:8866/service?method=recording.lastupdated&sid=63c7f3d85ddd40f3a7072d0c8f5be74a
12:56:39 T:1945546472 NOTICE: Thread FileCache start, auto delete: false
12:56:39 T:1945546472 INFO: CFileCache::Process - Hit eof.
12:56:40 T:1945546472 DEBUG: Thread FileCache 1945546472 terminating
12:56:40 T:1848293056 DEBUG: CFileCache::Open - opening using cache
12:56:40 T:1848293056 DEBUG: CurlFile::Open(0x716873f0) http://192.168.0.135:8866/service?method=recording.recurring.list&sid=63c7f3d85ddd40f3a7072d0c8f5be74a
12:56:40 T:1945547176 NOTICE: Thread FileCache start, auto delete: false
12:56:40 T:1945547176 INFO: CFileCache::Process - Hit eof.
12:56:40 T:1945547176 DEBUG: Thread FileCache 1945547176 terminating
12:56:40 T:1848293056 DEBUG: CFileCache::Open - opening using cache
12:56:40 T:1848293056 DEBUG: CurlFile::Open(0x7402a740) http://192.168.0.135:8866/service?method=recording.list&filter=pending&sid=63c7f3d85ddd40f3a7072d0c8f5be74a
12:56:40 T:1788655912 DEBUG: Keyboard: scancode: 0x16, sym: 0x0113, unicode: 0x0000, modifier: 0x0
12:56:40 T:1788655912 DEBUG: bool CInputManager::OnKey(const CKey&): right (0xf083) pressed, action is Right
12:56:40 T:1903558592 NOTICE: Thread FileCache start, auto delete: false
12:56:40 T:1903558592 INFO: CFileCache::Process - Hit eof.
12:56:40 T:1903558592 DEBUG: Thread FileCache 1903558592 terminating
12:56:40 T:1848293056 DEBUG: CFileCache::Open - opening using cache
12:56:40 T:1848293056 DEBUG: CurlFile::Open(0x73f31d40) http://192.168.0.135:8866/service?method=recording.list&filter=ready&sid=63c7f3d85ddd40f3a7072d0c8f5be74a
12:56:40 T:1903558592 NOTICE: Thread FileCache start, auto delete: false
12:56:40 T:1903558592 INFO: CFileCache::Process - Hit eof.
12:56:40 T:1903558592 DEBUG: Thread FileCache 1903558592 terminating
12:56:40 T:1788655912 DEBUG: Keyboard: scancode: 0x16, sym: 0x0113, unicode: 0x0000, modifier: 0x0
12:56:40 T:1788655912 DEBUG: bool CInputManager::OnKey(const CKey&): right (0xf083) pressed, action is Right
12:56:40 T:1839317520 DEBUG: static std::string CTextureCacheJob::GetImageHash(const string&) - unable to stat url /service?method=channel.show.artwork&sid=ec908615694a41b2bdb61dd237ad6116&event_id=4823995
12:56:41 T:1788655912 DEBUG: Keyboard: scancode: 0x16, sym: 0x0113, unicode: 0x0000, modifier: 0x0
12:56:41 T:1788655912 DEBUG: bool CInputManager::OnKey(const CKey&): right (0xf083) pressed, action is Right
12:56:42 T:1788655912 DEBUG: Keyboard: scancode: 0x15, sym: 0x0114, unicode: 0x0000, modifier: 0x0
12:56:42 T:1788655912 DEBUG: bool CInputManager::OnKey(const CKey&): left (0xf082) pressed, action is Left
12:56:42 T:1843651272 DEBUG: static std::string CTextureCacheJob::GetImageHash(const string&) - unable to stat url /service?method=channel.show.artwork&sid=ec908615694a41b2bdb61dd237ad6116&event_id=4823994
12:56:42 T:1788655912 DEBUG: Keyboard: scancode: 0x15, sym: 0x0114, unicode: 0x0000, modifier: 0x0
12:56:42 T:1788655912 DEBUG: bool CInputManager::OnKey(const CKey&): left (0xf082) pressed, action is Left
12:56:42 T:1878747376 DEBUG: static std::string CTextureCacheJob::GetImageHash(const string&) - unable to stat url /service?method=channel.show.artwork&sid=ec908615694a41b2bdb61dd237ad6116&event_id=4823993
12:56:43 T:1788655912 DEBUG: Keyboard: scancode: 0x15, sym: 0x0114, unicode: 0x0000, modifier: 0x0
12:56:43 T:1788655912 DEBUG: bool CInputManager::OnKey(const CKey&): left (0xf082) pressed, action is Left
12:56:43 T:1848293056 DEBUG: CFileCache::Open - opening using cache
12:56:43 T:1848293056 DEBUG: CurlFile::Open(0x73c9e4e8) http://192.168.0.135:8866/service?method=recording.recurring.list&sid=63c7f3d85ddd40f3a7072d0c8f5be74a
12:56:43 T:1913060632 NOTICE: Thread FileCache start, auto delete: false
12:56:43 T:1913060632 INFO: CFileCache::Process - Hit eof.
12:56:43 T:1913060632 DEBUG: Thread FileCache 1913060632 terminating
12:56:43 T:1848293056 DEBUG: CFileCache::Open - opening using cache
12:56:43 T:1848293056 DEBUG: CurlFile::Open(0x73eceaa0) http://192.168.0.135:8866/service?method=recording.list&filter=pending&sid=63c7f3d85ddd40f3a7072d0c8f5be74a
12:56:43 T:1936108544 NOTICE: Thread FileCache start, auto delete: false
12:56:43 T:1936108544 INFO: CFileCache::Process - Hit eof.
12:56:43 T:1936108544 DEBUG: Thread FileCache 1936108544 terminating
12:56:43 T:1848293056 DEBUG: CFileCache::Open - opening using cache
12:56:43 T:1848293056 DEBUG: CurlFile::Open(0x73fac1a0) http://192.168.0.135:8866/service?method=recording.list&filter=ready&sid=63c7f3d85ddd40f3a7072d0c8f5be74a
12:56:43 T:1945664208 NOTICE: Thread FileCache start, auto delete: false
12:56:43 T:1945664208 INFO: CFileCache::Process - Hit eof.
12:56:43 T:1945664208 DEBUG: Thread FileCache 1945664208 terminating
12:56:44 T:1788655912 DEBUG: Keyboard: scancode: 0x15, sym: 0x0114, unicode: 0x0000, modifier: 0x0
12:56:44 T:1788655912 DEBUG: bool CInputManager::OnKey(const CKey&): left (0xf082) pressed, action is Left
12:56:44 T:1843651272 DEBUG: static std::string CTextureCacheJob::GetImageHash(const string&) - unable to stat url /service?method=channel.show.artwork&sid=ec908615694a41b2bdb61dd237ad6116&event_id=4823992
12:56:44 T:1788655912 DEBUG: Keyboard: scancode: 0x15, sym: 0x0114, unicode: 0x0000, modifier: 0x0
12:56:44 T:1788655912 DEBUG: bool CInputManager::OnKey(const CKey&): left (0xf082) pressed, action is Left
12:56:44 T:1839317520 DEBUG: static std::string CTextureCacheJob::GetImageHash(const string&) - unable to stat url /service?method=channel.show.artwork&sid=ec908615694a41b2bdb61dd237ad6116&event_id=4823991
12:56:45 T:1788655912 DEBUG: Keyboard: scancode: 0x15, sym: 0x0114, unicode: 0x0000, modifier: 0x0
12:56:45 T:1788655912 DEBUG: bool CInputManager::OnKey(const CKey&): left (0xf082) pressed, action is Left
12:56:45 T:1788655912 DEBUG: Keyboard: scancode: 0x15, sym: 0x0114, unicode: 0x0000, modifier: 0x0
12:56:45 T:1788655912 DEBUG: bool CInputManager::OnKey(const CKey&): left (0xf082) pressed, action is Left
12:56:45 T:1839317520 DEBUG: static std::string CTextureCacheJob::GetImageHash(const string&) - unable to stat url /service?method=channel.show.artwork&sid=ec908615694a41b2bdb61dd237ad6116&event_id=4823990
12:56:46 T:1848293056 DEBUG: CFileCache::Open - opening using cache
12:56:46 T:1848293056 DEBUG: CurlFile::Open(0x73eceaa0) http://192.168.0.135:8866/service?method=recording.recurring.list&sid=63c7f3d85ddd40f3a7072d0c8f5be74a
12:56:46 T:1945697152 NOTICE: Thread FileCache start, auto delete: false
12:56:46 T:1945697152 INFO: CFileCache::Process - Hit eof.
12:56:46 T:1945697152 DEBUG: Thread FileCache 1945697152 terminating
12:56:46 T:1848293056 DEBUG: CFileCache::Open - opening using cache
12:56:46 T:1848293056 DEBUG: CurlFile::Open(0x73eceaa0) http://192.168.0.135:8866/service?method=recording.list&filter=pending&sid=63c7f3d85ddd40f3a7072d0c8f5be74a
12:56:47 T:1945691536 NOTICE: Thread FileCache start, auto delete: false
12:56:47 T:1945691536 INFO: CFileCache::Process - Hit eof.
12:56:47 T:1945691536 DEBUG: Thread FileCache 1945691536 terminating
12:56:47 T:1848293056 DEBUG: CFileCache::Open - opening using cache
12:56:47 T:1848293056 DEBUG: CurlFile::Open(0x73eceaa0) http://192.168.0.135:8866/service?method=recording.list&filter=ready&sid=63c7f3d85ddd40f3a7072d0c8f5be74a
12:56:47 T:1945746936 NOTICE: Thread FileCache start, auto delete: false
12:56:47 T:1945746936 INFO: CFileCache::Process - Hit eof.
12:56:47 T:1945746936 DEBUG: Thread FileCache 1945746936 terminating
12:56:49 T:1788655912 DEBUG: Keyboard: scancode: 0x15, sym: 0x0114, unicode: 0x0000, modifier: 0x0
12:56:49 T:1788655912 DEBUG: bool CInputManager::OnKey(const CKey&): left (0xf082) pressed, action is Left
12:56:49 T:1843651272 DEBUG: static std::string CTextureCacheJob::GetImageHash(const string&) - unable to stat url /service?method=channel.show.artwork&sid=ec908615694a41b2bdb61dd237ad6116&event_id=4823989
12:56:50 T:1848293056 DEBUG: CFileCache::Open - opening using cache
12:56:50 T:1848293056 DEBUG: CurlFile::Open(0x6fc9d5e8) http://192.168.0.135:8866/service?method=recording.recurring.list&sid=63c7f3d85ddd40f3a7072d0c8f5be74a
12:56:50 T:1945698520 NOTICE: Thread FileCache start, auto delete: false
12:56:50 T:1945698520 INFO: CFileCache::Process - Hit eof.
12:56:50 T:1945698520 DEBUG: Thread FileCache 1945698520 terminating
12:56:50 T:1848293056 DEBUG: CFileCache::Open - opening using cache
12:56:50 T:1848293056 DEBUG: CurlFile::Open(0x6fc9d5e8) http://192.168.0.135:8866/service?method=recording.list&filter=pending&sid=63c7f3d85ddd40f3a7072d0c8f5be74a
12:56:50 T:1945698520 NOTICE: Thread FileCache start, auto delete: false
12:56:50 T:1945698520 INFO: CFileCache::Process - Hit eof.
12:56:50 T:1945698520 DEBUG: Thread FileCache 1945698520 terminating
12:56:50 T:1788655912 DEBUG: Keyboard: scancode: 0x15, sym: 0x0114, unicode: 0x0000, modifier: 0x0
12:56:50 T:1788655912 DEBUG: bool CInputManager::OnKey(const CKey&): left (0xf082) pressed, action is Left
12:56:50 T:1848293056 DEBUG: CFileCache::Open - opening using cache
12:56:50 T:1848293056 DEBUG: CurlFile::Open(0x6fc9d5e8) http://192.168.0.135:8866/service?method=recording.list&filter=ready&sid=63c7f3d85ddd40f3a7072d0c8f5be74a
12:56:50 T:1945811600 NOTICE: Thread FileCache start, auto delete: false
12:56:50 T:1945811600 INFO: CFileCache::Process - Hit eof.
12:56:50 T:1945811600 DEBUG: Thread FileCache 1945811600 terminating
12:56:53 T:1848293056 DEBUG: CFileCache::Open - opening using cache
12:56:53 T:1848293056 DEBUG: CurlFile::Open(0x6fc9d5e8) http://192.168.0.135:8866/service?method=recording.recurring.list&sid=63c7f3d85ddd40f3a7072d0c8f5be74a
12:56:53 T:1936027904 NOTICE: Thread FileCache start, auto delete: false
12:56:53 T:1936027904 INFO: CFileCache::Process - Hit eof.
12:56:53 T:1936027904 DEBUG: Thread FileCache 1936027904 terminating
12:56:53 T:1848293056 DEBUG: CFileCache::Open - opening using cache
12:56:53 T:1848293056 DEBUG: CurlFile::Open(0x73eceaa0) http://192.168.0.135:8866/service?method=recording.list&filter=pending&sid=63c7f3d85ddd40f3a7072d0c8f5be74a
12:56:53 T:1936027904 NOTICE: Thread FileCache start, auto delete: false
12:56:53 T:1936027904 INFO: CFileCache::Process - Hit eof.
12:56:53 T:1936027904 DEBUG: Thread FileCache 1936027904 terminating
12:56:53 T:1848293056 DEBUG: CFileCache::Open - opening using cache
12:56:53 T:1848293056 DEBUG: CurlFile::Open(0x6fc9d5e8) http://192.168.0.135:8866/service?method=recording.list&filter=ready&sid=63c7f3d85ddd40f3a7072d0c8f5be74a
12:56:53 T:1936027904 NOTICE: Thread FileCache start, auto delete: false
12:56:53 T:1936027904 INFO: CFileCache::Process - Hit eof.
12:56:54 T:1936027904 DEBUG: Thread FileCache 1936027904 terminating
12:56:57 T:1848293056 DEBUG: CFileCache::Open - opening using cache
12:56:57 T:1848293056 DEBUG: CurlFile::Open(0x6fc9d5e8) http://192.168.0.135:8866/service?method=recording.recurring.list&sid=63c7f3d85ddd40f3a7072d0c8f5be74a
12:56:57 T:1936027904 NOTICE: Thread FileCache start, auto delete: false
12:56:57 T:1936027904 INFO: CFileCache::Process - Hit eof.
12:56:57 T:1936027904 DEBUG: Thread FileCache 1936027904 terminating
12:56:57 T:1848293056 DEBUG: CFileCache::Open - opening using cache
12:56:57 T:1848293056 DEBUG: CurlFile::Open(0x6fc9d5e8) http://192.168.0.135:8866/service?method=recording.list&filter=pending&sid=63c7f3d85ddd40f3a7072d0c8f5be74a
12:56:57 T:1945834784 NOTICE: Thread FileCache start, auto delete: false
12:56:57 T:1945834784 INFO: CFileCache::Process - Hit eof.
12:56:57 T:1945834784 DEBUG: Thread FileCache 1945834784 terminating
12:56:57 T:1848293056 DEBUG: CFileCache::Open - opening using cache
12:56:57 T:1848293056 DEBUG: CurlFile::Open(0x6fc9d5e8) http://192.168.0.135:8866/service?method=recording.list&filter=ready&sid=63c7f3d85ddd40f3a7072d0c8f5be74a
12:56:57 T:1936027904 NOTICE: Thread FileCache start, auto delete: false
12:56:57 T:1936027904 INFO: CFileCache::Process - Hit eof.
12:56:57 T:1936027904 DEBUG: Thread FileCache 1936027904 terminating
12:57:00 T:1848293056 DEBUG: CFileCache::Open - opening using cache
12:57:00 T:1848293056 DEBUG: CurlFile::Open(0x6fc9d5e8) http://192.168.0.135:8866/service?method=recording.recurring.list&sid=63c7f3d85ddd40f3a7072d0c8f5be74a
12:57:00 T:1903863456 NOTICE: Thread FileCache start, auto delete: false
12:57:00 T:1903863456 INFO: CFileCache::Process - Hit eof.
12:57:00 T:1903863456 DEBUG: Thread FileCache 1903863456 terminating
12:57:00 T:1848293056 DEBUG: CFileCache::Open - opening using cache
12:57:00 T:1848293056 DEBUG: CurlFile::Open(0x6fc9d5e8) http://192.168.0.135:8866/service?method=recording.list&filter=pending&sid=63c7f3d85ddd40f3a7072d0c8f5be74a
12:57:00 T:1936027904 NOTICE: Thread FileCache start, auto delete: false
12:57:00 T:1936027904 INFO: CFileCache::Process - Hit eof.
12:57:00 T:1936027904 DEBUG: Thread FileCache 1936027904 terminating
12:57:00 T:1848293056 DEBUG: CFileCache::Open - opening using cache
12:57:00 T:1848293056 DEBUG: CurlFile::Open(0x6fe14a20) http://192.168.0.135:8866/service?method=recording.list&filter=ready&sid=63c7f3d85ddd40f3a7072d0c8f5be74a
12:57:00 T:1946047136 NOTICE: Thread FileCache start, auto delete: false
12:57:00 T:1946047136 INFO: CFileCache::Process - Hit eof.
12:57:00 T:1946047136 DEBUG: Thread FileCache 1946047136 terminating
12:57:02 T:1788655912 DEBUG: Keyboard: scancode: 0x16, sym: 0x0113, unicode: 0x0000, modifier: 0x0
12:57:02 T:1788655912 DEBUG: bool CInputManager::OnKey(const CKey&): right (0xf083) pressed, action is Right
12:57:02 T:1839317520 DEBUG: static std::string CTextureCacheJob::GetImageHash(const string&) - unable to stat url /service?method=channel.show.artwork&sid=ec908615694a41b2bdb61dd237ad6116&event_id=4823990
12:57:03 T:1788655912 DEBUG: Keyboard: scancode: 0x15, sym: 0x0114, unicode: 0x0000, modifier: 0x0
12:57:03 T:1788655912 DEBUG: bool CInputManager::OnKey(const CKey&): left (0xf082) pressed, action is Left
12:57:03 T:1878747376 DEBUG: static std::string CTextureCacheJob::GetImageHash(const string&) - unable to stat url /service?method=channel.show.artwork&sid=ec908615694a41b2bdb61dd237ad6116&event_id=4823989
12:57:03 T:1788655912 DEBUG: Keyboard: scancode: 0x15, sym: 0x0114, unicode: 0x0000, modifier: 0x0
12:57:03 T:1788655912 DEBUG: bool CInputManager::OnKey(const CKey&): left (0xf082) pressed, action is Left
12:57:03 T:1878747376 DEBUG: static std::string CTextureCacheJob::GetImageHash(const string&) - unable to stat url /service?method=channel.show.artwork&sid=ec908615694a41b2bdb61dd237ad6116&event_id=4823988
12:57:03 T:1788655912 DEBUG: Keyboard: scancode: 0x15, sym: 0x0114, unicode: 0x0000, modifier: 0x0
12:57:03 T:1788655912 DEBUG: bool CInputManager::OnKey(const CKey&): left (0xf082) pressed, action is Left
12:57:03 T:1875460552 DEBUG: EPG - bool EPG::CEpg::UpdateFromScraper(time_t, time_t) - updating EPG for channel 'SIS' from client '777'
12:57:03 T:1875460552 DEBUG: CFileCache::Open - opening using cache
12:57:03 T:1875460552 DEBUG: CurlFile::Open(0x73eceaa0) http://192.168.0.135:8866/service?method=channel.listings&channel_id=7151&start=1452538623&end=1452884223&sid=63c7f3d85ddd40f3a7072d0c8f5be74a
12:57:03 T:1945412856 NOTICE: Thread FileCache start, auto delete: false
12:57:03 T:1945412856 INFO: CFileCache::Process - Hit eof.
12:57:03 T:1945412856 DEBUG: Thread FileCache 1945412856 terminating
12:57:03 T:1875460552 DEBUG: EPG - bool EPG::CEpg::UpdateFromScraper(time_t, time_t) - updating EPG for channel '91.7 FM' from client '777'
12:57:03 T:1848293056 DEBUG: CFileCache::Open - opening using cache
12:57:03 T:1848293056 DEBUG: CurlFile::Open(0x6fc9d5e8) http://192.168.0.135:8866/service?method=recording.recurring.list&sid=63c7f3d85ddd40f3a7072d0c8f5be74a
12:57:03 T:1945412856 NOTICE: Thread FileCache start, auto delete: false
12:57:03 T:1945412856 INFO: CFileCache::Process - Hit eof.
12:57:03 T:1945412856 DEBUG: Thread FileCache 1945412856 terminating
12:57:03 T:1875460552 DEBUG: CFileCache::Open - opening using cache
12:57:03 T:1875460552 DEBUG: CurlFile::Open(0x73ffb310) http://192.168.0.135:8866/service?method=channel.listings&channel_id=7152&start=1452538623&end=1452884223&sid=63c7f3d85ddd40f3a7072d0c8f5be74a
12:57:04 T:1946137672 NOTICE: Thread FileCache start, auto delete: false
12:57:04 T:1946137672 INFO: CFileCache::Process - Hit eof.
12:57:04 T:1946137672 DEBUG: Thread FileCache 1946137672 terminating
12:57:04 T:1848293056 DEBUG: CFileCache::Open - opening using cache
12:57:04 T:1848293056 DEBUG: CurlFile::Open(0x6fc9d5e8) http://192.168.0.135:8866/service?method=recording.list&filter=pending&sid=63c7f3d85ddd40f3a7072d0c8f5be74a
12:57:04 T:1875460552 DEBUG: EPG - bool EPG::CEpg::UpdateFromScraper(time_t, time_t) - updating EPG for channel 'KVQT-LD' from client '777'
12:57:04 T:1788655912 DEBUG: Keyboard: scancode: 0x15, sym: 0x0114, unicode: 0x0000, modifier: 0x0
12:57:04 T:1788655912 DEBUG: bool CInputManager::OnKey(const CKey&): left (0xf082) pressed, action is Left
12:57:04 T:1945412856 NOTICE: Thread FileCache start, auto delete: false
12:57:04 T:1843651272 DEBUG: static std::string CTextureCacheJob::GetImageHash(const string&) - unable to stat url /service?method=channel.show.artwork&sid=ec908615694a41b2bdb61dd237ad6116&event_id=4823987
12:57:04 T:1945412856 INFO: CFileCache::Process - Hit eof.
12:57:04 T:1945412856 DEBUG: Thread FileCache 1945412856 terminating
12:57:04 T:1875460552 DEBUG: CFileCache::Open - opening using cache
12:57:04 T:1875460552 DEBUG: CurlFile::Open(0x6fc9d5e8) http://192.168.0.135:8866/service?method=channel.listings&channel_id=7175&start=1452538623&end=1452884223&sid=63c7f3d85ddd40f3a7072d0c8f5be74a
12:57:04 T:1945761872 NOTICE: Thread FileCache start, auto delete: false
12:57:04 T:1945761872 INFO: CFileCache::Process - Hit eof.
12:57:04 T:1945761872 DEBUG: Thread FileCache 1945761872 terminating
12:57:04 T:1875460552 DEBUG: EPG - bool EPG::CEpg::UpdateFromScraper(time_t, time_t) - updating EPG for channel 'KVQT-LD' from client '777'
12:57:04 T:1875460552 DEBUG: CFileCache::Open - opening using cache
12:57:04 T:1875460552 DEBUG: CurlFile::Open(0x6fc9d5e8) http://192.168.0.135:8866/service?method=channel.listings&channel_id=7176&start=1452538623&end=1452884223&sid=63c7f3d85ddd40f3a7072d0c8f5be74a
12:57:04 T:1945412856 NOTICE: Thread FileCache start, auto delete: false
12:57:04 T:1945412856 INFO: CFileCache::Process - Hit eof.
12:57:04 T:1875460552 DEBUG: EPG - bool EPG::CEpg::UpdateFromScraper(time_t, time_t) - updating EPG for channel 'KVQT-LD' from client '777'
12:57:04 T:1848293056 DEBUG: CFileCache::Open - opening using cache
12:57:04 T:1848293056 DEBUG: CurlFile::Open(0x6fc9d5e8) http://192.168.0.135:8866/service?method=recording.list&filter=ready&sid=63c7f3d85ddd40f3a7072d0c8f5be74a
12:57:04 T:1945412856 DEBUG: Thread FileCache 1945412856 terminating
12:57:04 T:1945412856 NOTICE: Thread FileCache start, auto delete: false
12:57:04 T:1945412856 INFO: CFileCache::Process - Hit eof.
12:57:04 T:1945412856 DEBUG: Thread FileCache 1945412856 terminating
12:57:04 T:1875460552 DEBUG: CFileCache::Open - opening using cache
12:57:04 T:1875460552 DEBUG: CurlFile::Open(0x6fc9d5e8) http://192.168.0.135:8866/service?method=channel.listings&channel_id=7177&start=1452538623&end=1452884223&sid=63c7f3d85ddd40f3a7072d0c8f5be74a
12:57:04 T:1945412856 NOTICE: Thread FileCache start, auto delete: false
12:57:04 T:1945412856 INFO: CFileCache::Process - Hit eof.
12:57:04 T:1875460552 DEBUG: EPG - bool EPG::CEpg::UpdateFromScraper(time_t, time_t) - updating EPG for channel 'KVQT-LD' from client '777'
12:57:04 T:1945412856 DEBUG: Thread FileCache 1945412856 terminating
12:57:04 T:1875460552 DEBUG: CFileCache::Open - opening using cache
12:57:04 T:1875460552 DEBUG: CurlFile::Open(0x6fc9d5e8) http://192.168.0.135:8866/service?method=channel.listings&channel_id=7178&start=1452538623&end=1452884223&sid=63c7f3d85ddd40f3a7072d0c8f5be74a
12:57:04 T:1788655912 DEBUG: Keyboard: scancode: 0x15, sym: 0x0114, unicode: 0x0000, modifier: 0x0
12:57:04 T:1788655912 DEBUG: bool CInputManager::OnKey(const CKey&): left (0xf082) pressed, action is Left
12:57:04 T:1839317520 DEBUG: static std::string CTextureCacheJob::GetImageHash(const string&) - unable to stat url /service?method=channel.show.artwork&sid=ec908615694a41b2bdb61dd237ad6116&event_id=4823986
12:57:04 T:1945412856 NOTICE: Thread FileCache start, auto delete: false
12:57:04 T:1945412856 INFO: CFileCache::Process - Hit eof.
12:57:04 T:1875460552 DEBUG: EPG - bool EPG::CEpg::UpdateFromScraper(time_t, time_t) - updating EPG for channel 'KVQT-LD' from client '777'
12:57:04 T:1875460552 DEBUG: CFileCache::Open - opening using cache
12:57:04 T:1945412856 DEBUG: Thread FileCache 1945412856 terminating
12:57:04 T:1875460552 DEBUG: CurlFile::Open(0x6fc9d5e8) http://192.168.0.135:8866/service?method=channel.listings&channel_id=7179&start=1452538623&end=1452884223&sid=63c7f3d85ddd40f3a7072d0c8f5be74a
12:57:04 T:1945412856 NOTICE: Thread FileCache start, auto delete: false
12:57:04 T:1945412856 INFO: CFileCache::Process - Hit eof.
12:57:04 T:1945412856 DEBUG: Thread FileCache 1945412856 terminating
12:57:04 T:1875460552 DEBUG: EPG - bool EPG::CEpg::UpdateFromScraper(time_t, time_t) - updating EPG for channel 'V Life' from client '777'
12:57:04 T:1875460552 DEBUG: CFileCache::Open - opening using cache
12:57:04 T:1875460552 DEBUG: CurlFile::Open(0x6fc9d5e8) http://192.168.0.135:8866/service?method=channel.listings&channel_id=7193&start=1452538623&end=1452884223&sid=63c7f3d85ddd40f3a7072d0c8f5be74a
12:57:04 T:1945412856 NOTICE: Thread FileCache start, auto delete: false
12:57:04 T:1945412856 INFO: CFileCache::Process - Hit eof.
12:57:04 T:1788655912 DEBUG: Keyboard: scancode: 0x15, sym: 0x0114, unicode: 0x0000, modifier: 0x0
12:57:04 T:1788655912 DEBUG: bool CInputManager::OnKey(const CKey&): left (0xf082) pressed, action is Left
12:57:04 T:1945412856 DEBUG: Thread FileCache 1945412856 terminating
12:57:04 T:1875460552 DEBUG: EPG - bool EPG::CEpg::UpdateFromScraper(time_t, time_t) - updating EPG for channel '28.9' from client '777'
12:57:04 T:1875460552 DEBUG: CFileCache::Open - opening using cache
12:57:04 T:1875460552 DEBUG: CurlFile::Open(0x6fc9d5e8) http://192.168.0.135:8866/service?method=channel.listings&channel_id=7195&start=1452538623&end=1452884223&sid=63c7f3d85ddd40f3a7072d0c8f5be74a
12:57:04 T:1945412856 NOTICE: Thread FileCache start, auto delete: false
12:57:04 T:1945412856 INFO: CFileCache::Process - Hit eof.
12:57:05 T:1945412856 DEBUG: Thread FileCache 1945412856 terminating
12:57:05 T:1875460552 DEBUG: EPG - bool EPG::CEpg::UpdateFromScraper(time_t, time_t) - updating EPG for channel '28.10' from client '777'
12:57:05 T:1875460552 DEBUG: CFileCache::Open - opening using cache
12:57:05 T:1875460552 DEBUG: CurlFile::Open(0x6fc9d5e8) http://192.168.0.135:8866/service?method=channel.listings&channel_id=7196&start=1452538623&end=1452884223&sid=63c7f3d85ddd40f3a7072d0c8f5be74a
12:57:05 T:1945412856 NOTICE: Thread FileCache start, auto delete: false
12:57:05 T:1945412856 INFO: CFileCache::Process - Hit eof.
12:57:05 T:1788655912 DEBUG: Keyboard: scancode: 0x15, sym: 0x0114, unicode: 0x0000, modifier: 0x0
12:57:05 T:1788655912 DEBUG: bool CInputManager::OnKey(const CKey&): left (0xf082) pressed, action is Left
12:57:05 T:1878747376 DEBUG: static std::string CTextureCacheJob::GetImageHash(const string&) - unable to stat url /service?method=channel.show.artwork&sid=ec908615694a41b2bdb61dd237ad6116&event_id=4823985
12:57:05 T:1945412856 DEBUG: Thread FileCache 1945412856 terminating
12:57:05 T:1875460552 DEBUG: EPG - bool EPG::CEpg::UpdateFromScraper(time_t, time_t) - updating EPG for channel '28.11' from client '777'
12:57:05 T:1875460552 DEBUG: CFileCache::Open - opening using cache
12:57:05 T:1875460552 DEBUG: CurlFile::Open(0x6fe14b90) http://192.168.0.135:8866/service?method=channel.listings&channel_id=7197&start=1452538623&end=1452884223&sid=63c7f3d85ddd40f3a7072d0c8f5be74a
12:57:05 T:1945412856 NOTICE: Thread FileCache start, auto delete: false
12:57:05 T:1945412856 INFO: CFileCache::Process - Hit eof.
12:57:05 T:1788655912 DEBUG: Keyboard: scancode: 0x15, sym: 0x0114, unicode: 0x0000, modifier: 0x0
12:57:05 T:1788655912 DEBUG: bool CInputManager::OnKey(const CKey&): left (0xf082) pressed, action is Left
12:57:05 T:1875460552 DEBUG: EPG - bool EPG::CEpg::UpdateFromScraper(time_t, time_t) - updating EPG for channel '28.12' from client '777'
12:57:05 T:1945412856 DEBUG: Thread FileCache 1945412856 terminating
12:57:05 T:1875460552 DEBUG: CFileCache::Open - opening using cache
12:57:05 T:1875460552 DEBUG: CurlFile::Open(0x6fe14b90) http://192.168.0.135:8866/service?method=channel.listings&channel_id=7198&start=1452538623&end=1452884223&sid=63c7f3d85ddd40f3a7072d0c8f5be74a
12:57:05 T:1945412856 NOTICE: Thread FileCache start, auto delete: false
12:57:05 T:1945412856 INFO: CFileCache::Process - Hit eof.
12:57:05 T:1945412856 DEBUG: Thread FileCache 1945412856 terminating
12:57:05 T:1875460552 DEBUG: EPG - bool EPG::CEpg::UpdateFromScraper(time_t, time_t) - updating EPG for channel 'KZHO-LD' from client '777'
12:57:05 T:1875460552 DEBUG: CFileCache::Open - opening using cache
12:57:05 T:1875460552 DEBUG: CurlFile::Open(0x73fa1b60) http://192.168.0.135:8866/service?method=channel.listings&channel_id=7229&start=1452538623&end=1452884223&sid=63c7f3d85ddd40f3a7072d0c8f5be74a
12:57:05 T:1945312936 NOTICE: Thread FileCache start, auto delete: false
12:57:05 T:1945312936 INFO: CFileCache::Process - Hit eof.
12:57:05 T:1875460552 DEBUG: EPG - bool EPG::CEpg::UpdateFromScraper(time_t, time_t) - updating EPG for channel 'KZHO-LD' from client '777'
12:57:05 T:1875460552 DEBUG: CFileCache::Open - opening using cache
12:57:05 T:1875460552 DEBUG: CurlFile::Open(0x6fe14b90) http://192.168.0.135:8866/service?method=channel.listings&channel_id=7230&start=1452538623&end=1452884223&sid=63c7f3d85ddd40f3a7072d0c8f5be74a
12:57:05 T:1945312936 DEBUG: Thread FileCache 1945312936 terminating
12:57:05 T:1945312936 NOTICE: Thread FileCache start, auto delete: false
12:57:05 T:1945312936 INFO: CFileCache::Process - Hit eof.
12:57:05 T:1945312936 DEBUG: Thread FileCache 1945312936 terminating
12:57:05 T:1875460552 DEBUG: EPG - bool EPG::CEpg::UpdateFromScraper(time_t, time_t) - updating EPG for channel 'KZHO-LD' from client '777'
12:57:05 T:1875460552 DEBUG: CFileCache::Open - opening using cache
12:57:05 T:1875460552 DEBUG: CurlFile::Open(0x73648140) http://192.168.0.135:8866/service?method=channel.listings&channel_id=7231&start=1452538623&end=1452884223&sid=63c7f3d85ddd40f3a7072d0c8f5be74a
12:57:05 T:1945695072 NOTICE: Thread FileCache start, auto delete: false
12:57:05 T:1945695072 INFO: CFileCache::Process - Hit eof.
12:57:05 T:1945695072 DEBUG: Thread FileCache 1945695072 terminating
12:57:05 T:1875460552 DEBUG: EPG - bool EPG::CEpg::UpdateFromScraper(time_t, time_t) - updating EPG for channel 'CNN' from client '777'
12:57:05 T:1875460552 DEBUG: CFileCache::Open - opening using cache
12:57:05 T:1875460552 DEBUG: CurlFile::Open(0x73648140) http://192.168.0.135:8866/service?method=channel.listings&channel_id=7266&start=1452538623&end=1452884223&sid=63c7f3d85ddd40f3a7072d0c8f5be74a
12:57:05 T:1945312936 NOTICE: Thread FileCache start, auto delete: false
12:57:05 T:1945312936 INFO: CFileCache::Process - Hit eof.
12:57:05 T:1945312936 DEBUG: Thread FileCache 1945312936 terminating
12:57:05 T:1875460552 DEBUG: EPG - bool EPG::CEpg::UpdateFromScraper(time_t, time_t) - updating EPG for channel 'BBC1 HD' from client '777'
12:57:05 T:1875460552 DEBUG: CFileCache::Open - opening using cache
12:57:05 T:1875460552 DEBUG: CurlFile::Open(0x73648140) http://192.168.0.135:8866/service?method=channel.listings&channel_id=7267&start=1452538623&end=1452884223&sid=63c7f3d85ddd40f3a7072d0c8f5be74a
12:57:05 T:1945312936 NOTICE: Thread FileCache start, auto delete: false
12:57:05 T:1945312936 INFO: CFileCache::Process - Hit eof.
12:57:05 T:1945312936 DEBUG: Thread FileCache 1945312936 terminating
12:57:05 T:1875460552 DEBUG: EPG - bool EPG::CEpg::UpdateFromScraper(time_t, time_t) - updating EPG for channel 'Rev N' from client '777'
12:57:05 T:1875460552 DEBUG: CFileCache::Open - opening using cache
12:57:05 T:1875460552 DEBUG: CurlFile::Open(0x73648140) http://192.168.0.135:8866/service?method=channel.listings&channel_id=7277&start=1452538623&end=1452884223&sid=63c7f3d85ddd40f3a7072d0c8f5be74a
12:57:05 T:1945312936 NOTICE: Thread FileCache start, auto delete: false
12:57:05 T:1945312936 INFO: CFileCache::Process - Hit eof.
12:57:05 T:1788655912 DEBUG: Keyboard: scancode: 0x15, sym: 0x0114, unicode: 0x0000, modifier: 0x0
12:57:05 T:1788655912 DEBUG: bool CInputManager::OnKey(const CKey&): left (0xf082) pressed, action is Left
12:57:05 T:1839317520 DEBUG: static std::string CTextureCacheJob::GetImageHash(const string&) - unable to stat url /service?method=channel.show.artwork&sid=ec908615694a41b2bdb61dd237ad6116&event_id=4823984
12:57:05 T:1945312936 DEBUG: Thread FileCache 1945312936 terminating
12:57:05 T:1840986920 DEBUG: CPVRTimers - bool PVR::CPVRTimers::Update() - updating timers
12:57:05 T:1840986920 DEBUG: CFileCache::Open - opening using cache
12:57:05 T:1840986920 DEBUG: CurlFile::Open(0x73648140) http://192.168.0.135:8866/service?method=recording.recurring.list&filter=pending&sid=63c7f3d85ddd40f3a7072d0c8f5be74a
12:57:05 T:1945312936 NOTICE: Thread FileCache start, auto delete: false
12:57:05 T:1945312936 INFO: CFileCache::Process - Hit eof.
12:57:05 T:1945312936 DEBUG: Thread FileCache 1945312936 terminating
12:57:05 T:1840986920 ERROR: PVR - static void ADDON::CAddonCallbacksPVR::PVRTransferTimerEntry(void*, ADDON_HANDLE, const PVR_TIMER*) - cannot find channel 8101 on client 777
12:57:05 T:1840986920 ERROR: Previous line repeats 72 times.
12:57:05 T:1840986920 DEBUG: CFileCache::Open - opening using cache
12:57:05 T:1840986920 DEBUG: CurlFile::Open(0x73d4fed8) http://192.168.0.135:8866/service?method=recording.list&filter=pending&sid=63c7f3d85ddd40f3a7072d0c8f5be74a
12:57:06 T:1846380824 NOTICE: Thread FileCache start, auto delete: false
12:57:06 T:1846380824 INFO: CFileCache::Process - Hit eof.
12:57:06 T:1846380824 DEBUG: Thread FileCache 1846380824 terminating
12:57:08 T:1788655912 DEBUG: CGUIEPGGridContainer - void EPG::CGUIEPGGridContainer::SetStartEnd(CDateTime, CDateTime) - start=01/11/2016 6:30:00 PM end=01/15/2016 6:00:00 PM
12:57:09 T:1840986920 DEBUG: PVRTimers - bool PVR::CPVRTimers::UpdateEntries(const PVR::CPVRTimers&) - updated timer 11576 on client 777
12:57:09 T:1840986920 DEBUG: PVRTimers - bool PVR::CPVRTimers::UpdateEntries(const PVR::CPVRTimers&) - updated timer 11444 on client 777
12:57:09 T:1840986920 DEBUG: PVRTimers - bool PVR::CPVRTimers::UpdateEntries(const PVR::CPVRTimers&) - updated timer 11445 on client 777
12:57:09 T:1840986920 DEBUG: PVRTimers - bool PVR::CPVRTimers::UpdateEntries(const PVR::CPVRTimers&) - updated timer 11446 on client 777
12:57:09 T:1840986920 DEBUG: PVRTimers - bool PVR::CPVRTimers::UpdateEntries(const PVR::CPVRTimers&) - updated timer 11447 on client 777
12:57:09 T:1840986920 DEBUG: PVRTimers - bool PVR::CPVRTimers::UpdateEntries(const PVR::CPVRTimers&) - updated timer 11412 on client 777
12:57:09 T:1840986920 DEBUG: PVRTimers - bool PVR::CPVRTimers::UpdateEntries(const PVR::CPVRTimers&) - updated timer 11562 on client 777
12:57:09 T:1840986920 DEBUG: PVRTimers - bool PVR::CPVRTimers::UpdateEntries(const PVR::CPVRTimers&) - updated timer 11574 on client 777
12:57:09 T:1840986920 DEBUG: PVRTimers - bool PVR::CPVRTimers::UpdateEntries(const PVR::CPVRTimers&) - updated timer 11575 on client 777
12:57:09 T:1840986920 DEBUG: PVRTimers - bool PVR::CPVRTimers::UpdateEntries(const PVR::CPVRTimers&) - updated timer 11508 on client 777
12:57:09 T:1840986920 DEBUG: PVRTimers - bool PVR::CPVRTimers::UpdateEntries(const PVR::CPVRTimers&) - updated timer 11406 on client 777
12:57:09 T:1840986920 DEBUG: PVRTimers - bool PVR::CPVRTimers::UpdateEntries(const PVR::CPVRTimers&) - updated timer 11408 on client 777
12:57:09 T:1840986920 DEBUG: PVRTimers - bool PVR::CPVRTimers::UpdateEntries(const PVR::CPVRTimers&) - updated timer 11409 on client 777
12:57:09 T:1840986920 DEBUG: PVRTimers - bool PVR::CPVRTimers::UpdateEntries(const PVR::CPVRTimers&) - updated timer 11410 on client 777
12:57:09 T:1840986920 DEBUG: PVRTimers - bool PVR::CPVRTimers::UpdateEntries(const PVR::CPVRTimers&) - updated timer 11420 on client 777
12:57:09 T:1840986920 DEBUG: PVRTimers - bool PVR::CPVRTimers::UpdateEntries(const PVR::CPVRTimers&) - updated timer 11525 on client 777
12:57:09 T:1840986920 DEBUG: PVRTimers - bool PVR::CPVRTimers::UpdateEntries(const PVR::CPVRTimers&) - updated timer 11419 on client 777
12:57:09 T:1840986920 DEBUG: PVRTimers - bool PVR::CPVRTimers::UpdateEntries(const PVR::CPVRTimers&) - updated timer 11411 on client 777
12:57:09 T:1840986920 DEBUG: PVRTimers - bool PVR::CPVRTimers::UpdateEntries(const PVR::CPVRTimers&) - updated timer 11407 on client 777
12:57:09 T:1840986920 DEBUG: PVRTimers - bool PVR::CPVRTimers::UpdateEntries(const PVR::CPVRTimers&) - updated timer 11578 on client 777
12:57:09 T:1840986920 DEBUG: PVRTimers - bool PVR::CPVRTimers::UpdateEntries(const PVR::CPVRTimers&) - updated timer 11579 on client 777
12:57:09 T:1840986920 DEBUG: PVRTimers - bool PVR::CPVRTimers::UpdateEntries(const PVR::CPVRTimers&) - updated timer 11543 on client 777
12:57:09 T:1840986920 DEBUG: PVRTimers - bool PVR::CPVRTimers::UpdateEntries(const PVR::CPVRTimers&) - updated timer 11488 on client 777
12:57:09 T:1840986920 DEBUG: PVRTimers - bool PVR::CPVRTimers::UpdateEntries(const PVR::CPVRTimers&) - updated timer 11557 on client 777
12:57:09 T:1840986920 DEBUG: PVRTimers - bool PVR::CPVRTimers::UpdateEntries(const PVR::CPVRTimers&) - updated timer 11497 on client 777
12:57:09 T:1840986920 DEBUG: PVRTimers - bool PVR::CPVRTimers::UpdateEntries(const PVR::CPVRTimers&) - updated timer 11547 on client 777
12:57:09 T:1840986920 DEBUG: PVRTimers - bool PVR::CPVRTimers::UpdateEntries(const PVR::CPVRTimers&) - updated timer 11577 on client 777
12:57:09 T:1840986920 DEBUG: PVRTimers - bool PVR::CPVRTimers::UpdateEntries(const PVR::CPVRTimers&) - updated timer 11448 on client 777
12:57:09 T:1840986920 DEBUG: PVRTimers - bool PVR::CPVRTimers::UpdateEntries(const PVR::CPVRTimers&) - updated timer 11449 on client 777
12:57:09 T:1840986920 DEBUG: PVRTimers - bool PVR::CPVRTimers::UpdateEntries(const PVR::CPVRTimers&) - updated timer 11450 on client 777
12:57:09 T:1840986920 DEBUG: PVRTimers - bool PVR::CPVRTimers::UpdateEntries(const PVR::CPVRTimers&) - updated timer 11451 on client 777
12:57:09 T:1840986920 DEBUG: PVRTimers - bool PVR::CPVRTimers::UpdateEntries(const PVR::CPVRTimers&) - updated timer 11538 on client 777
12:57:09 T:1840986920 DEBUG: PVRTimers - bool PVR::CPVRTimers::UpdateEntries(const PVR::CPVRTimers&) - updated timer 11570 on client 777
12:57:09 T:1840986920 DEBUG: PVRTimers - bool PVR::CPVRTimers::UpdateEntries(const PVR::CPVRTimers&) - updated timer 11515 on client 777
12:57:09 T:1840986920 DEBUG: PVRTimers - bool PVR::CPVRTimers::UpdateEntries(const PVR::CPVRTimers&) - updated timer 11568 on client 777
12:57:09 T:1840986920 DEBUG: PVRTimers - bool PVR::CPVRTimers::UpdateEntries(const PVR::CPVRTimers&) - updated timer 11431 on client 777
12:57:09 T:1840986920 DEBUG: PVRTimers - bool PVR::CPVRTimers::UpdateEntries(const PVR::CPVRTimers&) - updated timer 11513 on client 777
12:57:09 T:1840986920 DEBUG: PVRTimers - bool PVR::CPVRTimers::UpdateEntries(const PVR::CPVRTimers&) - updated timer 11452 on client 777
12:57:09 T:1840986920 DEBUG: PVRTimers - bool PVR::CPVRTimers::UpdateEntries(const PVR::CPVRTimers&) - updated timer 11453 on client 777
12:57:09 T:1840986920 DEBUG: PVRTimers - bool PVR::CPVRTimers::UpdateEntries(const PVR::CPVRTimers&) - updated timer 11454 on client 777
12:57:09 T:1840986920 DEBUG: PVRTimers - bool PVR::CPVRTimers::UpdateEntries(const PVR::CPVRTimers&) - updated timer 11455 on client 777
12:57:09 T:1840986920 DEBUG: PVRTimers - bool PVR::CPVRTimers::UpdateEntries(const PVR::CPVRTimers&) - updated timer 11504 on client 777
12:57:09 T:1840986920 DEBUG: PVRTimers - bool PVR::CPVRTimers::UpdateEntries(const PVR::CPVRTimers&) - updated timer 11517 on client 777
12:57:09 T:1840986920 DEBUG: PVRTimers - bool PVR::CPVRTimers::UpdateEntries(const PVR::CPVRTimers&) - updated timer 11500 on client 777
12:57:09 T:1840986920 DEBUG: PVRTimers - bool PVR::CPVRTimers::UpdateEntries(const PVR::CPVRTimers&) - updated timer 11520 on client 777
12:57:09 T:1840986920 DEBUG: PVRTimers - bool PVR::CPVRTimers::UpdateEntries(const PVR::CPVRTimers&) - updated timer 11560 on client 777
12:57:09 T:1840986920 DEBUG: PVRTimers - bool PVR::CPVRTimers::UpdateEntries(const PVR::CPVRTimers&) - updated timer 11493 on client 777
12:57:09 T:1840986920 DEBUG: PVRTimers - bool PVR::CPVRTimers::UpdateEntries(const PVR::CPVRTimers&) - updated timer 11456 on client 777
12:57:09 T:1840986920 DEBUG: PVRTimers - bool PVR::CPVRTimers::UpdateEntries(const PVR::CPVRTimers&) - updated timer 11457 on client 777
12:57:09 T:1840986920 DEBUG: PVRTimers - bool PVR::CPVRTimers::UpdateEntries(const PVR::CPVRTimers&) - updated timer 11458 on client 777
12:57:09 T:1840986920 DEBUG: PVRTimers - bool PVR::CPVRTimers::UpdateEntries(const PVR::CPVRTimers&) - updated timer 11459 on client 777
12:57:09 T:1840986920 DEBUG: PVRTimers - bool PVR::CPVRTimers::UpdateEntries(const PVR::CPVRTimers&) - updated timer 11529 on client 777
12:57:09 T:1840986920 DEBUG: PVRTimers - bool PVR::CPVRTimers::UpdateEntries(const PVR::CPVRTimers&) - updated timer 11551 on client 777
12:57:09 T:1840986920 DEBUG: PVRTimers - bool PVR::CPVRTimers::UpdateEntries(const PVR::CPVRTimers&) - updated timer 11528 on client 777
12:57:09 T:1840986920 DEBUG: PVRTimers - bool PVR::CPVRTimers::UpdateEntries(const PVR::CPVRTimers&) - updated timer 11511 on client 777
12:57:09 T:1840986920 DEBUG: PVRTimers - bool PVR::CPVRTimers::UpdateEntries(const PVR::CPVRTimers&) - updated timer 11460 on client 777
12:57:09 T:1840986920 DEBUG: PVRTimers - bool PVR::CPVRTimers::UpdateEntries(const PVR::CPVRTimers&) - updated timer 11461 on client 777
12:57:09 T:1840986920 DEBUG: PVRTimers - bool PVR::CPVRTimers::UpdateEntries(const PVR::CPVRTimers&) - updated timer 11462 on client 777
12:57:09 T:1840986920 DEBUG: PVRTimers - bool PVR::CPVRTimers::UpdateEntries(const PVR::CPVRTimers&) - updated timer 11463 on client 777
12:57:09 T:1840986920 DEBUG: PVRTimers - bool PVR::CPVRTimers::UpdateEntries(const PVR::CPVRTimers&) - updated timer 11522 on client 777
12:57:09 T:1840986920 DEBUG: PVRTimers - bool PVR::CPVRTimers::UpdateEntries(const PVR::CPVRTimers&) - updated timer 11541 on client 777
12:57:09 T:1840986920 DEBUG: PVRTimers - bool PVR::CPVRTimers::UpdateEntries(const PVR::CPVRTimers&) - updated timer 11531 on client 777
12:57:09 T:1840986920 DEBUG: PVRTimers - bool PVR::CPVRTimers::UpdateEntries(const PVR::CPVRTimers&) - updated timer 11553 on client 777
12:57:09 T:1840986920 DEBUG: PVRTimers - bool PVR::CPVRTimers::UpdateEntries(const PVR::CPVRTimers&) - updated timer 11535 on client 777
12:57:09 T:1840986920 DEBUG: PVRTimers - bool PVR::CPVRTimers::UpdateEntries(const PVR::CPVRTimers&) - updated timer 11564 on client 777
12:57:09 T:1840986920 DEBUG: PVRTimers - bool PVR::CPVRTimers::UpdateEntries(const PVR::CPVRTimers&) - updated timer 11496 on client 777
12:57:09 T:1840986920 DEBUG: PVRTimers - bool PVR::CPVRTimers::UpdateEntries(const PVR::CPVRTimers&) - updated timer 11503 on client 777
12:57:09 T:1840986920 DEBUG: PVRTimers - bool PVR::CPVRTimers::UpdateEntries(const PVR::CPVRTimers&) - updated timer 11533 on client 777
12:57:09 T:1840986920 DEBUG: PVRTimers - bool PVR::CPVRTimers::UpdateEntries(const PVR::CPVRTimers&) - updated timer 11556 on client 777
