12:52:22 T:1848293056 DEBUG: CurlFile::Open(0x73662950) http://192.168.0.135:8866/service?method=recording.list&filter=ready&sid=63c7f3d85ddd40f3a7072d0c8f5be74a
12:52:22 T:1788655912 DEBUG: Keyboard: scancode: 0x14, sym: 0x0112, unicode: 0x0000, modifier: 0x0
12:52:22 T:1788655912 DEBUG: bool CInputManager::OnKey(const CKey&): down (0xf081) pressed, action is Down
12:52:22 T:1839317520 DEBUG: static std::string CTextureCacheJob::GetImageHash(const string&) - unable to stat url /service?method=channel.show.artwork&sid=ec908615694a41b2bdb61dd237ad6116&event_id=4814076
12:52:22 T:1846380824 NOTICE: Thread FileCache start, auto delete: false
12:52:22 T:1846380824 INFO: CFileCache::Process - Hit eof.
12:52:22 T:1846380824 DEBUG: Thread FileCache 1846380824 terminating
12:52:23 T:1788655912 DEBUG: Keyboard: scancode: 0x14, sym: 0x0112, unicode: 0x0000, modifier: 0x0
12:52:23 T:1788655912 DEBUG: bool CInputManager::OnKey(const CKey&): down (0xf081) pressed, action is Down
12:52:23 T:1878747376 DEBUG: static std::string CTextureCacheJob::GetImageHash(const string&) - unable to stat url /service?method=channel.show.artwork&sid=ec908615694a41b2bdb61dd237ad6116&event_id=4814618
12:52:23 T:1788655912 DEBUG: Keyboard: scancode: 0x14, sym: 0x0112, unicode: 0x0000, modifier: 0x0
12:52:23 T:1788655912 DEBUG: bool CInputManager::OnKey(const CKey&): down (0xf081) pressed, action is Down
12:52:23 T:1843651272 DEBUG: static std::string CTextureCacheJob::GetImageHash(const string&) - unable to stat url /service?method=channel.show.artwork&sid=ec908615694a41b2bdb61dd237ad6116&event_id=4814632
12:52:23 T:1788655912 DEBUG: Keyboard: scancode: 0x14, sym: 0x0112, unicode: 0x0000, modifier: 0x0
12:52:23 T:1788655912 DEBUG: bool CInputManager::OnKey(const CKey&): down (0xf081) pressed, action is Down
12:52:23 T:1839317520 DEBUG: static std::string CTextureCacheJob::GetImageHash(const string&) - unable to stat url /service?method=channel.show.artwork&sid=ec908615694a41b2bdb61dd237ad6116&event_id=4814646
12:52:24 T:1788655912 DEBUG: Keyboard: scancode: 0x14, sym: 0x0112, unicode: 0x0000, modifier: 0x0
12:52:24 T:1788655912 DEBUG: bool CInputManager::OnKey(const CKey&): down (0xf081) pressed, action is Down
12:52:24 T:1878747376 DEBUG: static std::string CTextureCacheJob::GetImageHash(const string&) - unable to stat url /service?method=channel.show.artwork&sid=ec908615694a41b2bdb61dd237ad6116&event_id=4814660
12:52:24 T:1788655912 DEBUG: Keyboard: scancode: 0x14, sym: 0x0112, unicode: 0x0000, modifier: 0x0
12:52:24 T:1788655912 DEBUG: bool CInputManager::OnKey(const CKey&): down (0xf081) pressed, action is Down
12:52:24 T:1843651272 DEBUG: static std::string CTextureCacheJob::GetImageHash(const string&) - unable to stat url /service?method=channel.show.artwork&sid=ec908615694a41b2bdb61dd237ad6116&event_id=4814725
12:52:25 T:1788655912 DEBUG: Keyboard: scancode: 0x14, sym: 0x0112, unicode: 0x0000, modifier: 0x0
12:52:25 T:1788655912 DEBUG: bool CInputManager::OnKey(const CKey&): down (0xf081) pressed, action is Down
12:52:25 T:1839317520 DEBUG: static std::string CTextureCacheJob::GetImageHash(const string&) - unable to stat url /service?method=channel.show.artwork&sid=ec908615694a41b2bdb61dd237ad6116&event_id=4815136
12:52:25 T:1788655912 DEBUG: Keyboard: scancode: 0x14, sym: 0x0112, unicode: 0x0000, modifier: 0x0
12:52:25 T:1788655912 DEBUG: bool CInputManager::OnKey(const CKey&): down (0xf081) pressed, action is Down
12:52:25 T:1878747376 DEBUG: static std::string CTextureCacheJob::GetImageHash(const string&) - unable to stat url /service?method=channel.show.artwork&sid=ec908615694a41b2bdb61dd237ad6116&event_id=4815483
12:52:25 T:1848293056 DEBUG: CFileCache::Open - opening using cache
12:52:25 T:1848293056 DEBUG: CurlFile::Open(0x715cff00) http://192.168.0.135:8866/service?method=recording.recurring.list&sid=63c7f3d85ddd40f3a7072d0c8f5be74a
12:52:25 T:1903779736 NOTICE: Thread FileCache start, auto delete: false
12:52:25 T:1903779736 INFO: CFileCache::Process - Hit eof.
12:52:25 T:1903779736 DEBUG: Thread FileCache 1903779736 terminating
12:52:25 T:1848293056 DEBUG: CFileCache::Open - opening using cache
12:52:25 T:1848293056 DEBUG: CurlFile::Open(0x716a5bf8) http://192.168.0.135:8866/service?method=recording.list&filter=pending&sid=63c7f3d85ddd40f3a7072d0c8f5be74a
12:52:26 T:1903779736 NOTICE: Thread FileCache start, auto delete: false
12:52:26 T:1903779736 INFO: CFileCache::Process - Hit eof.
12:52:26 T:1903779736 DEBUG: Thread FileCache 1903779736 terminating
12:52:26 T:1848293056 DEBUG: CFileCache::Open - opening using cache
12:52:26 T:1848293056 DEBUG: CurlFile::Open(0x716a5bf8) http://192.168.0.135:8866/service?method=recording.list&filter=ready&sid=63c7f3d85ddd40f3a7072d0c8f5be74a
12:52:26 T:1877167312 NOTICE: Thread FileCache start, auto delete: false
12:52:26 T:1877167312 INFO: CFileCache::Process - Hit eof.
12:52:26 T:1877167312 DEBUG: Thread FileCache 1877167312 terminating
12:52:26 T:1788655912 DEBUG: Keyboard: scancode: 0x13, sym: 0x0111, unicode: 0x0000, modifier: 0x0
12:52:26 T:1788655912 DEBUG: bool CInputManager::OnKey(const CKey&): up (0xf080) pressed, action is Up
12:52:26 T:1843651272 DEBUG: static std::string CTextureCacheJob::GetImageHash(const string&) - unable to stat url /service?method=channel.show.artwork&sid=ec908615694a41b2bdb61dd237ad6116&event_id=4815136
12:52:26 T:1788655912 DEBUG: Keyboard: scancode: 0x13, sym: 0x0111, unicode: 0x0000, modifier: 0x0
12:52:26 T:1788655912 DEBUG: bool CInputManager::OnKey(const CKey&): up (0xf080) pressed, action is Up
12:52:26 T:1839317520 DEBUG: static std::string CTextureCacheJob::GetImageHash(const string&) - unable to stat url /service?method=channel.show.artwork&sid=ec908615694a41b2bdb61dd237ad6116&event_id=4814725
12:52:27 T:1788655912 DEBUG: Keyboard: scancode: 0x16, sym: 0x0113, unicode: 0x0000, modifier: 0x0
12:52:27 T:1788655912 DEBUG: bool CInputManager::OnKey(const CKey&): right (0xf083) pressed, action is Right
12:52:27 T:1878747376 DEBUG: static std::string CTextureCacheJob::GetImageHash(const string&) - unable to stat url /service?method=channel.show.artwork&sid=ec908615694a41b2bdb61dd237ad6116&event_id=4814726
12:52:29 T:1848293056 DEBUG: CFileCache::Open - opening using cache
12:52:29 T:1848293056 DEBUG: CurlFile::Open(0x757aa2c0) http://192.168.0.135:8866/service?method=recording.lastupdated&sid=63c7f3d85ddd40f3a7072d0c8f5be74a
12:52:29 T:1943255192 NOTICE: Thread FileCache start, auto delete: false
12:52:29 T:1943255192 INFO: CFileCache::Process - Hit eof.
12:52:29 T:1848293056 DEBUG: CFileCache::Open - opening using cache
12:52:29 T:1943255192 DEBUG: Thread FileCache 1943255192 terminating
12:52:29 T:1848293056 DEBUG: CurlFile::Open(0x73d3bae0) http://192.168.0.135:8866/service?method=recording.recurring.list&sid=63c7f3d85ddd40f3a7072d0c8f5be74a
12:52:29 T:1943255192 NOTICE: Thread FileCache start, auto delete: false
12:52:29 T:1943255192 INFO: CFileCache::Process - Hit eof.
12:52:29 T:1943255192 DEBUG: Thread FileCache 1943255192 terminating
12:52:29 T:1848293056 DEBUG: CFileCache::Open - opening using cache
12:52:29 T:1848293056 DEBUG: CurlFile::Open(0x757aa2c0) http://192.168.0.135:8866/service?method=recording.list&filter=pending&sid=63c7f3d85ddd40f3a7072d0c8f5be74a
12:52:29 T:1943588624 NOTICE: Thread FileCache start, auto delete: false
12:52:29 T:1943588624 INFO: CFileCache::Process - Hit eof.
12:52:29 T:1943588624 DEBUG: Thread FileCache 1943588624 terminating
12:52:29 T:1848293056 DEBUG: CFileCache::Open - opening using cache
12:52:29 T:1848293056 DEBUG: CurlFile::Open(0x757aa2c0) http://192.168.0.135:8866/service?method=recording.list&filter=ready&sid=63c7f3d85ddd40f3a7072d0c8f5be74a
12:52:29 T:1865845552 NOTICE: Thread FileCache start, auto delete: false
12:52:29 T:1865845552 INFO: CFileCache::Process - Hit eof.
12:52:29 T:1865845552 DEBUG: Thread FileCache 1865845552 terminating
12:52:30 T:1788655912 DEBUG: SECTION:UnloadDelayed(DLL: libImageLib-arm.so)
12:52:30 T:1788655912 DEBUG: Unloading: /libImageLib-arm.so
12:52:30 T:1788655912 INFO: void XCURL::DllLibCurlGlobal::CheckIdle() - Closing session to http://mirrors.kodi.tv (easy=0x6e1e3008, multi=0x6e1c2fc0)
12:52:32 T:1848293056 DEBUG: CFileCache::Open - opening using cache
12:52:32 T:1848293056 DEBUG: CurlFile::Open(0x757aa2c0) http://192.168.0.135:8866/service?method=recording.recurring.list&sid=63c7f3d85ddd40f3a7072d0c8f5be74a
12:52:32 T:1943505832 NOTICE: Thread FileCache start, auto delete: false
12:52:32 T:1943505832 INFO: CFileCache::Process - Hit eof.
12:52:32 T:1943505832 DEBUG: Thread FileCache 1943505832 terminating
12:52:32 T:1848293056 DEBUG: CFileCache::Open - opening using cache
12:52:32 T:1848293056 DEBUG: CurlFile::Open(0x757aa2c0) http://192.168.0.135:8866/service?method=recording.list&filter=pending&sid=63c7f3d85ddd40f3a7072d0c8f5be74a
12:52:32 T:1943505832 NOTICE: Thread FileCache start, auto delete: false
12:52:32 T:1943505832 INFO: CFileCache::Process - Hit eof.
12:52:32 T:1943505832 DEBUG: Thread FileCache 1943505832 terminating
12:52:33 T:1848293056 DEBUG: CFileCache::Open - opening using cache
12:52:33 T:1848293056 DEBUG: CurlFile::Open(0x757aa2c0) http://192.168.0.135:8866/service?method=recording.list&filter=ready&sid=63c7f3d85ddd40f3a7072d0c8f5be74a
12:52:33 T:1943840392 NOTICE: Thread FileCache start, auto delete: false
12:52:33 T:1943840392 INFO: CFileCache::Process - Hit eof.
12:52:33 T:1943840392 DEBUG: Thread FileCache 1943840392 terminating
12:52:35 T:1788655912 DEBUG: Keyboard: scancode: 0x16, sym: 0x0113, unicode: 0x0000, modifier: 0x0
12:52:35 T:1788655912 DEBUG: bool CInputManager::OnKey(const CKey&): right (0xf083) pressed, action is Right
12:52:35 T:1843651272 DEBUG: static std::string CTextureCacheJob::GetImageHash(const string&) - unable to stat url /service?method=channel.show.artwork&sid=ec908615694a41b2bdb61dd237ad6116&event_id=4814727
12:52:36 T:1848293056 DEBUG: CFileCache::Open - opening using cache
12:52:36 T:1848293056 DEBUG: CurlFile::Open(0x73d3a718) http://192.168.0.135:8866/service?method=recording.recurring.list&sid=63c7f3d85ddd40f3a7072d0c8f5be74a
12:52:36 T:1943480984 NOTICE: Thread FileCache start, auto delete: false
12:52:36 T:1943480984 INFO: CFileCache::Process - Hit eof.
12:52:36 T:1943480984 DEBUG: Thread FileCache 1943480984 terminating
12:52:36 T:1848293056 DEBUG: CFileCache::Open - opening using cache
12:52:36 T:1848293056 DEBUG: CurlFile::Open(0x73d3a718) http://192.168.0.135:8866/service?method=recording.list&filter=pending&sid=63c7f3d85ddd40f3a7072d0c8f5be74a
12:52:36 T:1943498368 NOTICE: Thread FileCache start, auto delete: false
12:52:36 T:1943498368 INFO: CFileCache::Process - Hit eof.
12:52:36 T:1788655912 DEBUG: Keyboard: scancode: 0x16, sym: 0x0113, unicode: 0x0000, modifier: 0x0
12:52:36 T:1943498368 DEBUG: Thread FileCache 1943498368 terminating
12:52:36 T:1788655912 DEBUG: bool CInputManager::OnKey(const CKey&): right (0xf083) pressed, action is Right
12:52:36 T:1878747376 DEBUG: static std::string CTextureCacheJob::GetImageHash(const string&) - unable to stat url /service?method=channel.show.artwork&sid=ec908615694a41b2bdb61dd237ad6116&event_id=4814728
12:52:36 T:1848293056 DEBUG: CFileCache::Open - opening using cache
12:52:36 T:1848293056 DEBUG: CurlFile::Open(0x73d3a718) http://192.168.0.135:8866/service?method=recording.list&filter=ready&sid=63c7f3d85ddd40f3a7072d0c8f5be74a
12:52:36 T:1942495312 NOTICE: Thread FileCache start, auto delete: false
12:52:36 T:1942495312 INFO: CFileCache::Process - Hit eof.
12:52:36 T:1942495312 DEBUG: Thread FileCache 1942495312 terminating
12:52:37 T:1788655912 DEBUG: Keyboard: scancode: 0x15, sym: 0x0114, unicode: 0x0000, modifier: 0x0
12:52:37 T:1788655912 DEBUG: bool CInputManager::OnKey(const CKey&): left (0xf082) pressed, action is Left
12:52:37 T:1843651272 DEBUG: static std::string CTextureCacheJob::GetImageHash(const string&) - unable to stat url /service?method=channel.show.artwork&sid=ec908615694a41b2bdb61dd237ad6116&event_id=4814727
12:52:37 T:1788655912 DEBUG: Keyboard: scancode: 0x15, sym: 0x0114, unicode: 0x0000, modifier: 0x0
12:52:37 T:1788655912 DEBUG: bool CInputManager::OnKey(const CKey&): left (0xf082) pressed, action is Left
12:52:37 T:1839317520 DEBUG: static std::string CTextureCacheJob::GetImageHash(const string&) - unable to stat url /service?method=channel.show.artwork&sid=ec908615694a41b2bdb61dd237ad6116&event_id=4814726
12:52:38 T:1788655912 DEBUG: Keyboard: scancode: 0x15, sym: 0x0114, unicode: 0x0000, modifier: 0x0
12:52:38 T:1788655912 DEBUG: bool CInputManager::OnKey(const CKey&): left (0xf082) pressed, action is Left
12:52:38 T:1843651272 DEBUG: static std::string CTextureCacheJob::GetImageHash(const string&) - unable to stat url /service?method=channel.show.artwork&sid=ec908615694a41b2bdb61dd237ad6116&event_id=4814725
12:52:39 T:1788655912 DEBUG: Keyboard: scancode: 0x15, sym: 0x0114, unicode: 0x0000, modifier: 0x0
12:52:39 T:1788655912 DEBUG: bool CInputManager::OnKey(const CKey&): left (0xf082) pressed, action is Left
12:52:39 T:1878747376 DEBUG: static std::string CTextureCacheJob::GetImageHash(const string&) - unable to stat url /service?method=channel.show.artwork&sid=ec908615694a41b2bdb61dd237ad6116&event_id=4814724
12:52:39 T:1848293056 DEBUG: CFileCache::Open - opening using cache
12:52:39 T:1848293056 DEBUG: CurlFile::Open(0x6fd98f88) http://192.168.0.135:8866/service?method=recording.recurring.list&sid=63c7f3d85ddd40f3a7072d0c8f5be74a
12:52:39 T:1943480984 NOTICE: Thread FileCache start, auto delete: false
12:52:39 T:1943480984 INFO: CFileCache::Process - Hit eof.
12:52:39 T:1943480984 DEBUG: Thread FileCache 1943480984 terminating
12:52:39 T:1848293056 DEBUG: CFileCache::Open - opening using cache
12:52:39 T:1848293056 DEBUG: CurlFile::Open(0x73d3a718) http://192.168.0.135:8866/service?method=recording.list&filter=pending&sid=63c7f3d85ddd40f3a7072d0c8f5be74a
12:52:39 T:1878147640 NOTICE: Thread FileCache start, auto delete: false
12:52:39 T:1878147640 INFO: CFileCache::Process - Hit eof.
12:52:39 T:1878147640 DEBUG: Thread FileCache 1878147640 terminating
12:52:39 T:1848293056 DEBUG: CFileCache::Open - opening using cache
12:52:39 T:1848293056 DEBUG: CurlFile::Open(0x6fd98f88) http://192.168.0.135:8866/service?method=recording.list&filter=ready&sid=63c7f3d85ddd40f3a7072d0c8f5be74a
12:52:39 T:1943480984 NOTICE: Thread FileCache start, auto delete: false
12:52:40 T:1943480984 INFO: CFileCache::Process - Hit eof.
12:52:40 T:1943480984 DEBUG: Thread FileCache 1943480984 terminating
12:52:40 T:1788655912 DEBUG: Keyboard: scancode: 0x16, sym: 0x0113, unicode: 0x0000, modifier: 0x0
12:52:40 T:1788655912 DEBUG: bool CInputManager::OnKey(const CKey&): right (0xf083) pressed, action is Right
12:52:40 T:1839317520 DEBUG: static std::string CTextureCacheJob::GetImageHash(const string&) - unable to stat url /service?method=channel.show.artwork&sid=ec908615694a41b2bdb61dd237ad6116&event_id=4814725
12:52:43 T:1848293056 DEBUG: CFileCache::Open - opening using cache
12:52:43 T:1848293056 DEBUG: CurlFile::Open(0x73d3a718) http://192.168.0.135:8866/service?method=recording.recurring.list&sid=63c7f3d85ddd40f3a7072d0c8f5be74a
12:52:43 T:1943480984 NOTICE: Thread FileCache start, auto delete: false
12:52:43 T:1943480984 INFO: CFileCache::Process - Hit eof.
12:52:43 T:1943480984 DEBUG: Thread FileCache 1943480984 terminating
12:52:43 T:1848293056 DEBUG: CFileCache::Open - opening using cache
12:52:43 T:1848293056 DEBUG: CurlFile::Open(0x73d3a718) http://192.168.0.135:8866/service?method=recording.list&filter=pending&sid=63c7f3d85ddd40f3a7072d0c8f5be74a
12:52:43 T:1943480984 NOTICE: Thread FileCache start, auto delete: false
12:52:43 T:1943480984 INFO: CFileCache::Process - Hit eof.
12:52:43 T:1943480984 DEBUG: Thread FileCache 1943480984 terminating
12:52:43 T:1848293056 DEBUG: CFileCache::Open - opening using cache
12:52:43 T:1848293056 DEBUG: CurlFile::Open(0x73d3a718) http://192.168.0.135:8866/service?method=recording.list&filter=ready&sid=63c7f3d85ddd40f3a7072d0c8f5be74a
12:52:43 T:1943480984 NOTICE: Thread FileCache start, auto delete: false
12:52:43 T:1943480984 INFO: CFileCache::Process - Hit eof.
12:52:43 T:1943480984 DEBUG: Thread FileCache 1943480984 terminating
12:52:46 T:1848293056 DEBUG: CFileCache::Open - opening using cache
12:52:46 T:1848293056 DEBUG: CurlFile::Open(0x719178d8) http://192.168.0.135:8866/service?method=recording.recurring.list&sid=63c7f3d85ddd40f3a7072d0c8f5be74a
12:52:46 T:1943498368 NOTICE: Thread FileCache start, auto delete: false
12:52:46 T:1943498368 INFO: CFileCache::Process - Hit eof.
12:52:46 T:1943498368 DEBUG: Thread FileCache 1943498368 terminating
12:52:46 T:1848293056 DEBUG: CFileCache::Open - opening using cache
12:52:46 T:1848293056 DEBUG: CurlFile::Open(0x6e1e3810) http://192.168.0.135:8866/service?method=recording.list&filter=pending&sid=63c7f3d85ddd40f3a7072d0c8f5be74a
12:52:46 T:1788655912 DEBUG: Keyboard: scancode: 0x17, sym: 0x000d, unicode: 0x0000, modifier: 0x0
12:52:46 T:1788655912 DEBUG: bool CInputManager::OnKey(const CKey&): return (0xf00d) pressed, action is Select
12:52:46 T:1788655912 DEBUG: ------ Window Init (DialogPVRGuideInfo.xml) ------
12:52:46 T:1788655912 INFO: Loading skin file: DialogPVRGuideInfo.xml, load type: LOAD_EVERY_TIME
12:52:46 T:1971040792 NOTICE: Thread FileCache start, auto delete: false
12:52:47 T:1971040792 INFO: CFileCache::Process - Hit eof.
12:52:47 T:1971040792 DEBUG: Thread FileCache 1971040792 terminating
12:52:47 T:1848293056 DEBUG: CFileCache::Open - opening using cache
12:52:47 T:1848293056 DEBUG: CurlFile::Open(0x6e1e3810) http://192.168.0.135:8866/service?method=recording.list&filter=ready&sid=63c7f3d85ddd40f3a7072d0c8f5be74a
12:52:47 T:1971040792 NOTICE: Thread FileCache start, auto delete: false
12:52:47 T:1971040792 INFO: CFileCache::Process - Hit eof.
12:52:47 T:1971040792 DEBUG: Thread FileCache 1971040792 terminating
12:52:47 T:1843651272 DEBUG: static std::string CTextureCacheJob::GetImageHash(const string&) - unable to stat url /service?method=channel.show.artwork&sid=ec908615694a41b2bdb61dd237ad6116&event_id=4814725
12:52:49 T:1788655912 DEBUG: Keyboard: scancode: 0x15, sym: 0x0114, unicode: 0x0000, modifier: 0x0
12:52:49 T:1788655912 DEBUG: bool CInputManager::OnKey(const CKey&): left (0xf082) pressed, action is Left
12:52:49 T:1788655912 DEBUG: Keyboard: scancode: 0x16, sym: 0x0113, unicode: 0x0000, modifier: 0x0
12:52:49 T:1788655912 DEBUG: bool CInputManager::OnKey(const CKey&): right (0xf083) pressed, action is Right
12:52:50 T:1848293056 DEBUG: CFileCache::Open - opening using cache
12:52:50 T:1848293056 DEBUG: CurlFile::Open(0x73d9dc20) http://192.168.0.135:8866/service?method=recording.recurring.list&sid=63c7f3d85ddd40f3a7072d0c8f5be74a
12:52:50 T:1943608976 NOTICE: Thread FileCache start, auto delete: false
12:52:50 T:1943608976 INFO: CFileCache::Process - Hit eof.
12:52:50 T:1943608976 DEBUG: Thread FileCache 1943608976 terminating
12:52:50 T:1848293056 DEBUG: CFileCache::Open - opening using cache
12:52:50 T:1848293056 DEBUG: CurlFile::Open(0x73d9dc20) http://192.168.0.135:8866/service?method=recording.list&filter=pending&sid=63c7f3d85ddd40f3a7072d0c8f5be74a
12:52:50 T:1788655912 DEBUG: Keyboard: scancode: 0x17, sym: 0x000d, unicode: 0x0000, modifier: 0x0
12:52:50 T:1788655912 DEBUG: bool CInputManager::OnKey(const CKey&): return (0xf00d) pressed, action is Select
12:52:50 T:1943522488 NOTICE: Thread FileCache start, auto delete: false
12:52:50 T:1943522488 INFO: CFileCache::Process - Hit eof.
12:52:50 T:1943522488 DEBUG: Thread FileCache 1943522488 terminating
12:52:50 T:1848293056 DEBUG: CFileCache::Open - opening using cache
12:52:50 T:1848293056 DEBUG: CurlFile::Open(0x6ffcc3b0) http://192.168.0.135:8866/service?method=recording.list&filter=ready&sid=63c7f3d85ddd40f3a7072d0c8f5be74a
12:52:50 T:1971007408 NOTICE: Thread FileCache start, auto delete: false
12:52:50 T:1971007408 INFO: CFileCache::Process - Hit eof.
12:52:50 T:1971007408 DEBUG: Thread FileCache 1971007408 terminating
12:52:50 T:1788655912 DEBUG: ------ Window Deinit (DialogPVRGuideInfo.xml) ------
12:52:51 T:1788655912 DEBUG: Keyboard: scancode: 0x15, sym: 0x0114, unicode: 0x0000, modifier: 0x0
12:52:51 T:1788655912 DEBUG: bool CInputManager::OnKey(const CKey&): left (0xf082) pressed, action is Left
12:52:51 T:1843651272 DEBUG: static std::string CTextureCacheJob::GetImageHash(const string&) - unable to stat url /service?method=channel.show.artwork&sid=ec908615694a41b2bdb61dd237ad6116&event_id=4814724
12:52:51 T:1788655912 DEBUG: Keyboard: scancode: 0x17, sym: 0x000d, unicode: 0x0000, modifier: 0x0
12:52:51 T:1788655912 DEBUG: bool CInputManager::OnKey(const CKey&): return (0xf00d) pressed, action is Select
12:52:51 T:1788655912 DEBUG: ------ Window Init (DialogPVRGuideInfo.xml) ------
12:52:51 T:1788655912 INFO: Loading skin file: DialogPVRGuideInfo.xml, load type: LOAD_EVERY_TIME
12:52:51 T:1788655912 DEBUG: Using already stored xml root node for /data/data/org.xbmc.kodi/cache/apk/assets/addons/skin.confluence/720p/DialogPVRGuideInfo.xml
12:52:52 T:1843651272 DEBUG: static std::string CTextureCacheJob::GetImageHash(const string&) - unable to stat url /service?method=channel.show.artwork&sid=ec908615694a41b2bdb61dd237ad6116&event_id=4814724
12:52:53 T:1788655912 DEBUG: Keyboard: scancode: 0x15, sym: 0x0114, unicode: 0x0000, modifier: 0x0
12:52:53 T:1788655912 DEBUG: bool CInputManager::OnKey(const CKey&): left (0xf082) pressed, action is Left
12:52:53 T:1848293056 DEBUG: CFileCache::Open - opening using cache
12:52:53 T:1848293056 DEBUG: CurlFile::Open(0x6ffcc3b0) http://192.168.0.135:8866/service?method=recording.recurring.list&sid=63c7f3d85ddd40f3a7072d0c8f5be74a
12:52:53 T:1943556968 NOTICE: Thread FileCache start, auto delete: false
12:52:53 T:1943556968 INFO: CFileCache::Process - Hit eof.
12:52:53 T:1943556968 DEBUG: Thread FileCache 1943556968 terminating
12:52:53 T:1848293056 DEBUG: CFileCache::Open - opening using cache
12:52:53 T:1848293056 DEBUG: CurlFile::Open(0x757b52e8) http://192.168.0.135:8866/service?method=recording.list&filter=pending&sid=63c7f3d85ddd40f3a7072d0c8f5be74a
12:52:53 T:1788655912 DEBUG: Keyboard: scancode: 0x15, sym: 0x0114, unicode: 0x0000, modifier: 0x0
12:52:53 T:1788655912 DEBUG: bool CInputManager::OnKey(const CKey&): left (0xf082) pressed, action is Left
12:52:53 T:1943556968 NOTICE: Thread FileCache start, auto delete: false
12:52:53 T:1943556968 INFO: CFileCache::Process - Hit eof.
12:52:54 T:1943556968 DEBUG: Thread FileCache 1943556968 terminating
12:52:54 T:1848293056 DEBUG: CFileCache::Open - opening using cache
12:52:54 T:1848293056 DEBUG: CurlFile::Open(0x6ffcc3b0) http://192.168.0.135:8866/service?method=recording.list&filter=ready&sid=63c7f3d85ddd40f3a7072d0c8f5be74a
12:52:54 T:1943556968 NOTICE: Thread FileCache start, auto delete: false
12:52:54 T:1943556968 INFO: CFileCache::Process - Hit eof.
12:52:54 T:1943556968 DEBUG: Thread FileCache 1943556968 terminating
12:52:54 T:1788655912 DEBUG: Keyboard: scancode: 0x16, sym: 0x0113, unicode: 0x0000, modifier: 0x0
12:52:54 T:1788655912 DEBUG: bool CInputManager::OnKey(const CKey&): right (0xf083) pressed, action is Right
12:52:54 T:1788655912 DEBUG: Keyboard: scancode: 0x16, sym: 0x0113, unicode: 0x0000, modifier: 0x0
12:52:54 T:1788655912 DEBUG: bool CInputManager::OnKey(const CKey&): right (0xf083) pressed, action is Right
12:52:55 T:1788655912 DEBUG: Keyboard: scancode: 0x17, sym: 0x000d, unicode: 0x0000, modifier: 0x0
12:52:55 T:1788655912 DEBUG: bool CInputManager::OnKey(const CKey&): return (0xf00d) pressed, action is Select
12:52:55 T:1788655912 DEBUG: ------ Window Deinit (DialogPVRGuideInfo.xml) ------
12:52:56 T:1788655912 DEBUG: Keyboard: scancode: 0x16, sym: 0x0113, unicode: 0x0000, modifier: 0x0
12:52:56 T:1788655912 DEBUG: bool CInputManager::OnKey(const CKey&): right (0xf083) pressed, action is Right
12:52:56 T:1839317520 DEBUG: static std::string CTextureCacheJob::GetImageHash(const string&) - unable to stat url /service?method=channel.show.artwork&sid=ec908615694a41b2bdb61dd237ad6116&event_id=4814725
12:52:56 T:1788655912 DEBUG: Keyboard: scancode: 0x17, sym: 0x000d, unicode: 0x0000, modifier: 0x0
12:52:56 T:1788655912 DEBUG: bool CInputManager::OnKey(const CKey&): return (0xf00d) pressed, action is Select
12:52:56 T:1788655912 DEBUG: ------ Window Init (DialogPVRGuideInfo.xml) ------
12:52:56 T:1788655912 INFO: Loading skin file: DialogPVRGuideInfo.xml, load type: LOAD_EVERY_TIME
12:52:56 T:1788655912 DEBUG: Using already stored xml root node for /data/data/org.xbmc.kodi/cache/apk/assets/addons/skin.confluence/720p/DialogPVRGuideInfo.xml
12:52:56 T:1843651272 DEBUG: static std::string CTextureCacheJob::GetImageHash(const string&) - unable to stat url /service?method=channel.show.artwork&sid=ec908615694a41b2bdb61dd237ad6116&event_id=4814725
12:52:57 T:1848293056 DEBUG: CFileCache::Open - opening using cache
12:52:57 T:1848293056 DEBUG: CurlFile::Open(0x73d8fe58) http://192.168.0.135:8866/service?method=recording.recurring.list&sid=63c7f3d85ddd40f3a7072d0c8f5be74a
12:52:57 T:1878159960 NOTICE: Thread FileCache start, auto delete: false
12:52:57 T:1878159960 INFO: CFileCache::Process - Hit eof.
12:52:57 T:1878159960 DEBUG: Thread FileCache 1878159960 terminating
12:52:57 T:1848293056 DEBUG: CFileCache::Open - opening using cache
12:52:57 T:1848293056 DEBUG: CurlFile::Open(0x718d5bb0) http://192.168.0.135:8866/service?method=recording.list&filter=pending&sid=63c7f3d85ddd40f3a7072d0c8f5be74a
12:52:57 T:1878159960 NOTICE: Thread FileCache start, auto delete: false
12:52:57 T:1878159960 INFO: CFileCache::Process - Hit eof.
12:52:57 T:1878159960 DEBUG: Thread FileCache 1878159960 terminating
12:52:57 T:1848293056 DEBUG: CFileCache::Open - opening using cache
12:52:57 T:1848293056 DEBUG: CurlFile::Open(0x757b52e8) http://192.168.0.135:8866/service?method=recording.list&filter=ready&sid=63c7f3d85ddd40f3a7072d0c8f5be74a
12:52:57 T:1878159960 NOTICE: Thread FileCache start, auto delete: false
12:52:57 T:1878159960 INFO: CFileCache::Process - Hit eof.
12:52:57 T:1878159960 DEBUG: Thread FileCache 1878159960 terminating
12:52:57 T:1788655912 DEBUG: Keyboard: scancode: 0x15, sym: 0x0114, unicode: 0x0000, modifier: 0x0
12:52:57 T:1788655912 DEBUG: bool CInputManager::OnKey(const CKey&): left (0xf082) pressed, action is Left
12:52:57 T:1788655912 DEBUG: Keyboard: scancode: 0x15, sym: 0x0114, unicode: 0x0000, modifier: 0x0
12:52:57 T:1788655912 DEBUG: bool CInputManager::OnKey(const CKey&): left (0xf082) pressed, action is Left
12:52:58 T:1788655912 DEBUG: Keyboard: scancode: 0x16, sym: 0x0113, unicode: 0x0000, modifier: 0x0
12:52:58 T:1788655912 DEBUG: bool CInputManager::OnKey(const CKey&): right (0xf083) pressed, action is Right
12:52:59 T:1788655912 DEBUG: Keyboard: scancode: 0x16, sym: 0x0113, unicode: 0x0000, modifier: 0x0
12:52:59 T:1788655912 DEBUG: bool CInputManager::OnKey(const CKey&): right (0xf083) pressed, action is Right
12:53:00 T:1788655912 DEBUG: Keyboard: scancode: 0x04, sym: 0x0008, unicode: 0x0000, modifier: 0x0
12:53:00 T:1788655912 DEBUG: bool CInputManager::OnKey(const CKey&): backspace (0xf008) pressed, action is Back
12:53:00 T:1788655912 DEBUG: ------ Window Deinit (DialogPVRGuideInfo.xml) ------
12:53:00 T:1848293056 DEBUG: CFileCache::Open - opening using cache
12:53:00 T:1848293056 DEBUG: CurlFile::Open(0x718d5bb0) http://192.168.0.135:8866/service?method=recording.recurring.list&sid=63c7f3d85ddd40f3a7072d0c8f5be74a
12:53:00 T:1905251352 NOTICE: Thread FileCache start, auto delete: false
12:53:00 T:1905251352 INFO: CFileCache::Process - Hit eof.
12:53:00 T:1905251352 DEBUG: Thread FileCache 1905251352 terminating
12:53:00 T:1848293056 DEBUG: CFileCache::Open - opening using cache
12:53:00 T:1848293056 DEBUG: CurlFile::Open(0x73d8fe58) http://192.168.0.135:8866/service?method=recording.list&filter=pending&sid=63c7f3d85ddd40f3a7072d0c8f5be74a
12:53:00 T:1971044512 NOTICE: Thread FileCache start, auto delete: false
12:53:00 T:1971044512 INFO: CFileCache::Process - Hit eof.
12:53:00 T:1971044512 DEBUG: Thread FileCache 1971044512 terminating
12:53:01 T:1848293056 DEBUG: CFileCache::Open - opening using cache
12:53:01 T:1848293056 DEBUG: CurlFile::Open(0x718d5bb0) http://192.168.0.135:8866/service?method=recording.list&filter=ready&sid=63c7f3d85ddd40f3a7072d0c8f5be74a
12:53:01 T:1971050232 NOTICE: Thread FileCache start, auto delete: false
12:53:01 T:1971050232 INFO: CFileCache::Process - Hit eof.
12:53:01 T:1971050232 DEBUG: Thread FileCache 1971050232 terminating
12:53:01 T:1788655912 DEBUG: Keyboard: scancode: 0x16, sym: 0x0113, unicode: 0x0000, modifier: 0x0
12:53:01 T:1788655912 DEBUG: bool CInputManager::OnKey(const CKey&): right (0xf083) pressed, action is Right
12:53:01 T:1878747376 DEBUG: static std::string CTextureCacheJob::GetImageHash(const string&) - unable to stat url /service?method=channel.show.artwork&sid=ec908615694a41b2bdb61dd237ad6116&event_id=4814726
12:53:02 T:1788655912 DEBUG: Keyboard: scancode: 0x14, sym: 0x0112, unicode: 0x0000, modifier: 0x0
12:53:02 T:1788655912 DEBUG: bool CInputManager::OnKey(const CKey&): down (0xf081) pressed, action is Down
12:53:02 T:1843651272 DEBUG: static std::string CTextureCacheJob::GetImageHash(const string&) - unable to stat url /service?method=channel.show.artwork&sid=ec908615694a41b2bdb61dd237ad6116&event_id=4815136
12:53:02 T:1788655912 DEBUG: Keyboard: scancode: 0x14, sym: 0x0112, unicode: 0x0000, modifier: 0x0
12:53:02 T:1788655912 DEBUG: bool CInputManager::OnKey(const CKey&): down (0xf081) pressed, action is Down
12:53:02 T:1843651272 DEBUG: static std::string CTextureCacheJob::GetImageHash(const string&) - unable to stat url /service?method=channel.show.artwork&sid=ec908615694a41b2bdb61dd237ad6116&event_id=4815483
12:53:02 T:1788655912 DEBUG: Keyboard: scancode: 0x14, sym: 0x0112, unicode: 0x0000, modifier: 0x0
12:53:02 T:1788655912 DEBUG: bool CInputManager::OnKey(const CKey&): down (0xf081) pressed, action is Down
12:53:02 T:1843651272 DEBUG: static std::string CTextureCacheJob::GetImageHash(const string&) - unable to stat url /service?method=channel.show.artwork&sid=ec908615694a41b2bdb61dd237ad6116&event_id=4815915
12:53:04 T:1788655912 DEBUG: Keyboard: scancode: 0x16, sym: 0x0113, unicode: 0x0000, modifier: 0x0
12:53:04 T:1788655912 DEBUG: bool CInputManager::OnKey(const CKey&): right (0xf083) pressed, action is Right
12:53:04 T:1843651272 DEBUG: static std::string CTextureCacheJob::GetImageHash(const string&) - unable to stat url /service?method=channel.show.artwork&sid=ec908615694a41b2bdb61dd237ad6116&event_id=4815916
12:53:04 T:1848293056 DEBUG: CFileCache::Open - opening using cache
12:53:04 T:1848293056 DEBUG: CurlFile::Open(0x73d8fe58) http://192.168.0.135:8866/service?method=recording.recurring.list&sid=63c7f3d85ddd40f3a7072d0c8f5be74a
12:53:04 T:1912989584 NOTICE: Thread FileCache start, auto delete: false
12:53:04 T:1912989584 INFO: CFileCache::Process - Hit eof.
12:53:04 T:1912989584 DEBUG: Thread FileCache 1912989584 terminating
12:53:04 T:1848293056 DEBUG: CFileCache::Open - opening using cache
12:53:04 T:1848293056 DEBUG: CurlFile::Open(0x757b52e8) http://192.168.0.135:8866/service?method=recording.list&filter=pending&sid=63c7f3d85ddd40f3a7072d0c8f5be74a
12:53:04 T:1901515704 NOTICE: Thread FileCache start, auto delete: false
12:53:04 T:1901515704 INFO: CFileCache::Process - Hit eof.
12:53:04 T:1901515704 DEBUG: Thread FileCache 1901515704 terminating
12:53:04 T:1848293056 DEBUG: CFileCache::Open - opening using cache
12:53:04 T:1848293056 DEBUG: CurlFile::Open(0x757be1d0) http://192.168.0.135:8866/service?method=recording.list&filter=ready&sid=63c7f3d85ddd40f3a7072d0c8f5be74a
12:53:04 T:1912989584 NOTICE: Thread FileCache start, auto delete: false
12:53:04 T:1912989584 INFO: CFileCache::Process - Hit eof.
12:53:04 T:1912989584 DEBUG: Thread FileCache 1912989584 terminating
12:53:05 T:1788655912 DEBUG: Keyboard: scancode: 0x15, sym: 0x0114, unicode: 0x0000, modifier: 0x0
12:53:05 T:1788655912 DEBUG: bool CInputManager::OnKey(const CKey&): left (0xf082) pressed, action is Left
12:53:05 T:1843651272 DEBUG: static std::string CTextureCacheJob::GetImageHash(const string&) - unable to stat url /service?method=channel.show.artwork&sid=ec908615694a41b2bdb61dd237ad6116&event_id=4815915
12:53:05 T:1788655912 DEBUG: Keyboard: scancode: 0x16, sym: 0x0113, unicode: 0x0000, modifier: 0x0
12:53:05 T:1788655912 DEBUG: bool CInputManager::OnKey(const CKey&): right (0xf083) pressed, action is Right
12:53:05 T:1839317520 DEBUG: static std::string CTextureCacheJob::GetImageHash(const string&) - unable to stat url /service?method=channel.show.artwork&sid=ec908615694a41b2bdb61dd237ad6116&event_id=4815916
12:53:06 T:1788655912 DEBUG: Keyboard: scancode: 0x13, sym: 0x0111, unicode: 0x0000, modifier: 0x0
12:53:06 T:1788655912 DEBUG: bool CInputManager::OnKey(const CKey&): up (0xf080) pressed, action is Up
12:53:06 T:1878747376 DEBUG: static std::string CTextureCacheJob::GetImageHash(const string&) - unable to stat url /service?method=channel.show.artwork&sid=ec908615694a41b2bdb61dd237ad6116&event_id=4815484
12:53:06 T:1788655912 DEBUG: Keyboard: scancode: 0x13, sym: 0x0111, unicode: 0x0000, modifier: 0x0
12:53:06 T:1788655912 DEBUG: bool CInputManager::OnKey(const CKey&): up (0xf080) pressed, action is Up
12:53:06 T:1843651272 DEBUG: static std::string CTextureCacheJob::GetImageHash(const string&) - unable to stat url /service?method=channel.show.artwork&sid=ec908615694a41b2bdb61dd237ad6116&event_id=4815136
12:53:06 T:1788655912 DEBUG: Keyboard: scancode: 0x13, sym: 0x0111, unicode: 0x0000, modifier: 0x0
12:53:06 T:1788655912 DEBUG: bool CInputManager::OnKey(const CKey&): up (0xf080) pressed, action is Up
12:53:06 T:1839317520 DEBUG: static std::string CTextureCacheJob::GetImageHash(const string&) - unable to stat url /service?method=channel.show.artwork&sid=ec908615694a41b2bdb61dd237ad6116&event_id=4814725
12:53:07 T:1788655912 DEBUG: Keyboard: scancode: 0x16, sym: 0x0113, unicode: 0x0000, modifier: 0x0
12:53:07 T:1788655912 DEBUG: bool CInputManager::OnKey(const CKey&): right (0xf083) pressed, action is Right
12:53:07 T:1843651272 DEBUG: static std::string CTextureCacheJob::GetImageHash(const string&) - unable to stat url /service?method=channel.show.artwork&sid=ec908615694a41b2bdb61dd237ad6116&event_id=4814726
12:53:07 T:1848293056 DEBUG: CFileCache::Open - opening using cache
12:53:07 T:1848293056 DEBUG: CurlFile::Open(0x73d8fe58) http://192.168.0.135:8866/service?method=recording.recurring.list&sid=63c7f3d85ddd40f3a7072d0c8f5be74a
12:53:07 T:1943543312 NOTICE: Thread FileCache start, auto delete: false
12:53:07 T:1943543312 INFO: CFileCache::Process - Hit eof.
12:53:07 T:1943543312 DEBUG: Thread FileCache 1943543312 terminating
12:53:07 T:1848293056 DEBUG: CFileCache::Open - opening using cache
12:53:07 T:1848293056 DEBUG: CurlFile::Open(0x6ffcc3b0) http://192.168.0.135:8866/service?method=recording.list&filter=pending&sid=63c7f3d85ddd40f3a7072d0c8f5be74a
12:53:07 T:1943744544 NOTICE: Thread FileCache start, auto delete: false
12:53:07 T:1943744544 INFO: CFileCache::Process - Hit eof.
12:53:07 T:1943744544 DEBUG: Thread FileCache 1943744544 terminating
12:53:07 T:1848293056 DEBUG: CFileCache::Open - opening using cache
12:53:07 T:1848293056 DEBUG: CurlFile::Open(0x757be1d0) http://192.168.0.135:8866/service?method=recording.list&filter=ready&sid=63c7f3d85ddd40f3a7072d0c8f5be74a
12:53:07 T:1943543312 NOTICE: Thread FileCache start, auto delete: false
12:53:07 T:1943543312 INFO: CFileCache::Process - Hit eof.
12:53:07 T:1943543312 DEBUG: Thread FileCache 1943543312 terminating
12:53:10 T:1848293056 DEBUG: CFileCache::Open - opening using cache
12:53:10 T:1848293056 DEBUG: CurlFile::Open(0x757b52e8) http://192.168.0.135:8866/service?method=recording.recurring.list&sid=63c7f3d85ddd40f3a7072d0c8f5be74a
12:53:10 T:1943744544 NOTICE: Thread FileCache start, auto delete: false
12:53:10 T:1943744544 INFO: CFileCache::Process - Hit eof.
12:53:10 T:1943744544 DEBUG: Thread FileCache 1943744544 terminating
12:53:10 T:1848293056 DEBUG: CFileCache::Open - opening using cache
12:53:10 T:1848293056 DEBUG: CurlFile::Open(0x757be1d0) http://192.168.0.135:8866/service?method=recording.list&filter=pending&sid=63c7f3d85ddd40f3a7072d0c8f5be74a
12:53:11 T:1943744544 NOTICE: Thread FileCache start, auto delete: false
12:53:11 T:1943744544 INFO: CFileCache::Process - Hit eof.
12:53:11 T:1943744544 DEBUG: Thread FileCache 1943744544 terminating
12:53:11 T:1848293056 DEBUG: CFileCache::Open - opening using cache
12:53:11 T:1848293056 DEBUG: CurlFile::Open(0x73d8fe58) http://192.168.0.135:8866/service?method=recording.list&filter=ready&sid=63c7f3d85ddd40f3a7072d0c8f5be74a
12:53:11 T:1943744544 NOTICE: Thread FileCache start, auto delete: false
12:53:11 T:1943744544 INFO: CFileCache::Process - Hit eof.
12:53:11 T:1943744544 DEBUG: Thread FileCache 1943744544 terminating
12:53:14 T:1848293056 DEBUG: CFileCache::Open - opening using cache
12:53:14 T:1848293056 DEBUG: CurlFile::Open(0x718d5bb0) http://192.168.0.135:8866/service?method=recording.recurring.list&sid=63c7f3d85ddd40f3a7072d0c8f5be74a
12:53:14 T:1943744544 NOTICE: Thread FileCache start, auto delete: false
12:53:14 T:1943744544 INFO: CFileCache::Process - Hit eof.
12:53:14 T:1943744544 DEBUG: Thread FileCache 1943744544 terminating
12:53:14 T:1848293056 DEBUG: CFileCache::Open - opening using cache
12:53:14 T:1848293056 DEBUG: CurlFile::Open(0x757be1d0) http://192.168.0.135:8866/service?method=recording.list&filter=pending&sid=63c7f3d85ddd40f3a7072d0c8f5be74a
12:53:14 T:1943543312 NOTICE: Thread FileCache start, auto delete: false
12:53:14 T:1943543312 INFO: CFileCache::Process - Hit eof.
12:53:14 T:1943543312 DEBUG: Thread FileCache 1943543312 terminating
12:53:14 T:1848293056 DEBUG: CFileCache::Open - opening using cache
12:53:14 T:1848293056 DEBUG: CurlFile::Open(0x757b52e8) http://192.168.0.135:8866/service?method=recording.list&filter=ready&sid=63c7f3d85ddd40f3a7072d0c8f5be74a
12:53:14 T:1943744544 NOTICE: Thread FileCache start, auto delete: false
12:53:14 T:1943744544 INFO: CFileCache::Process - Hit eof.
12:53:14 T:1943744544 DEBUG: Thread FileCache 1943744544 terminating
12:53:14 T:1788655912 DEBUG: Keyboard: scancode: 0x16, sym: 0x0113, unicode: 0x0000, modifier: 0x0
12:53:14 T:1788655912 DEBUG: bool CInputManager::OnKey(const CKey&): right (0xf083) pressed, action is Right
12:53:14 T:1878747376 DEBUG: static std::string CTextureCacheJob::GetImageHash(const string&) - unable to stat url /service?method=channel.show.artwork&sid=ec908615694a41b2bdb61dd237ad6116&event_id=4814727
12:53:15 T:1788655912 DEBUG: Keyboard: scancode: 0x16, sym: 0x0113, unicode: 0x0000, modifier: 0x0
12:53:15 T:1788655912 DEBUG: bool CInputManager::OnKey(const CKey&): right (0xf083) pressed, action is Right
12:53:15 T:1839317520 DEBUG: static std::string CTextureCacheJob::GetImageHash(const string&) - unable to stat url /service?method=channel.show.artwork&sid=ec908615694a41b2bdb61dd237ad6116&event_id=4814728
12:53:15 T:1788655912 DEBUG: Keyboard: scancode: 0x16, sym: 0x0113, unicode: 0x0000, modifier: 0x0
12:53:15 T:1788655912 DEBUG: bool CInputManager::OnKey(const CKey&): right (0xf083) pressed, action is Right
12:53:16 T:1788655912 DEBUG: Keyboard: scancode: 0x16, sym: 0x0113, unicode: 0x0000, modifier: 0x0
12:53:16 T:1788655912 DEBUG: bool CInputManager::OnKey(const CKey&): right (0xf083) pressed, action is Right
12:53:16 T:1843651272 DEBUG: static std::string CTextureCacheJob::GetImageHash(const string&) - unable to stat url /service?method=channel.show.artwork&sid=ec908615694a41b2bdb61dd237ad6116&event_id=4814729
12:53:16 T:1788655912 DEBUG: Keyboard: scancode: 0x16, sym: 0x0113, unicode: 0x0000, modifier: 0x0
12:53:16 T:1788655912 DEBUG: bool CInputManager::OnKey(const CKey&): right (0xf083) pressed, action is Right
12:53:17 T:1848293056 DEBUG: CFileCache::Open - opening using cache
12:53:17 T:1848293056 DEBUG: CurlFile::Open(0x6ffcc3b0) http://192.168.0.135:8866/service?method=recording.recurring.list&sid=63c7f3d85ddd40f3a7072d0c8f5be74a
12:53:17 T:1912988888 NOTICE: Thread FileCache start, auto delete: false
12:53:17 T:1912988888 INFO: CFileCache::Process - Hit eof.
12:53:17 T:1912988888 DEBUG: Thread FileCache 1912988888 terminating
12:53:17 T:1848293056 DEBUG: CFileCache::Open - opening using cache
12:53:17 T:1848293056 DEBUG: CurlFile::Open(0x718d5bb0) http://192.168.0.135:8866/service?method=recording.list&filter=pending&sid=63c7f3d85ddd40f3a7072d0c8f5be74a
12:53:17 T:1847476240 NOTICE: Thread FileCache start, auto delete: false
12:53:17 T:1847476240 INFO: CFileCache::Process - Hit eof.
12:53:17 T:1847476240 DEBUG: Thread FileCache 1847476240 terminating
12:53:17 T:1848293056 DEBUG: CFileCache::Open - opening using cache
12:53:17 T:1848293056 DEBUG: CurlFile::Open(0x718d5bb0) http://192.168.0.135:8866/service?method=recording.list&filter=ready&sid=63c7f3d85ddd40f3a7072d0c8f5be74a
12:53:17 T:1876901576 NOTICE: Thread FileCache start, auto delete: false
12:53:18 T:1876901576 INFO: CFileCache::Process - Hit eof.
12:53:18 T:1876901576 DEBUG: Thread FileCache 1876901576 terminating
12:53:19 T:1788655912 DEBUG: Keyboard: scancode: 0x16, sym: 0x0113, unicode: 0x0000, modifier: 0x0
12:53:19 T:1788655912 DEBUG: bool CInputManager::OnKey(const CKey&): right (0xf083) pressed, action is Right
12:53:19 T:1878747376 DEBUG: static std::string CTextureCacheJob::GetImageHash(const string&) - unable to stat url /service?method=channel.show.artwork&sid=ec908615694a41b2bdb61dd237ad6116&event_id=4814730
12:53:19 T:1788655912 DEBUG: Keyboard: scancode: 0x16, sym: 0x0113, unicode: 0x0000, modifier: 0x0
12:53:19 T:1788655912 DEBUG: bool CInputManager::OnKey(const CKey&): right (0xf083) pressed, action is Right
12:53:20 T:1839317520 DEBUG: static std::string CTextureCacheJob::GetImageHash(const string&) - unable to stat url /service?method=channel.show.artwork&sid=ec908615694a41b2bdb61dd237ad6116&event_id=4814731
12:53:20 T:1788655912 DEBUG: Keyboard: scancode: 0x16, sym: 0x0113, unicode: 0x0000, modifier: 0x0
12:53:20 T:1788655912 DEBUG: bool CInputManager::OnKey(const CKey&): right (0xf083) pressed, action is Right
12:53:21 T:1848293056 DEBUG: CFileCache::Open - opening using cache
12:53:21 T:1848293056 DEBUG: CurlFile::Open(0x73da6088) http://192.168.0.135:8866/service?method=recording.recurring.list&sid=63c7f3d85ddd40f3a7072d0c8f5be74a
12:53:21 T:1878114592 NOTICE: Thread FileCache start, auto delete: false
12:53:21 T:1878114592 INFO: CFileCache::Process - Hit eof.
12:53:21 T:1878114592 DEBUG: Thread FileCache 1878114592 terminating
12:53:21 T:1848293056 DEBUG: CFileCache::Open - opening using cache
12:53:21 T:1848293056 DEBUG: CurlFile::Open(0x73da6088) http://192.168.0.135:8866/service?method=recording.list&filter=pending&sid=63c7f3d85ddd40f3a7072d0c8f5be74a
12:53:21 T:1943841616 NOTICE: Thread FileCache start, auto delete: false
12:53:21 T:1943841616 INFO: CFileCache::Process - Hit eof.
12:53:21 T:1943841616 DEBUG: Thread FileCache 1943841616 terminating
12:53:21 T:1848293056 DEBUG: CFileCache::Open - opening using cache
12:53:21 T:1848293056 DEBUG: CurlFile::Open(0x757be1d0) http://192.168.0.135:8866/service?method=recording.list&filter=ready&sid=63c7f3d85ddd40f3a7072d0c8f5be74a
12:53:21 T:1943542248 NOTICE: Thread FileCache start, auto delete: false
12:53:21 T:1943542248 INFO: CFileCache::Process - Hit eof.
12:53:21 T:1788655912 DEBUG: Keyboard: scancode: 0x16, sym: 0x0113, unicode: 0x0000, modifier: 0x0
12:53:21 T:1943542248 DEBUG: Thread FileCache 1943542248 terminating
12:53:21 T:1788655912 DEBUG: bool CInputManager::OnKey(const CKey&): right (0xf083) pressed, action is Right
12:53:21 T:1843651272 DEBUG: static std::string CTextureCacheJob::GetImageHash(const string&) - unable to stat url /service?method=channel.show.artwork&sid=ec908615694a41b2bdb61dd237ad6116&event_id=4814732
12:53:21 T:1788655912 DEBUG: Keyboard: scancode: 0x16, sym: 0x0113, unicode: 0x0000, modifier: 0x0
12:53:21 T:1788655912 DEBUG: bool CInputManager::OnKey(const CKey&): right (0xf083) pressed, action is Right
12:53:21 T:1878747376 DEBUG: static std::string CTextureCacheJob::GetImageHash(const string&) - unable to stat url /service?method=channel.show.artwork&sid=ec908615694a41b2bdb61dd237ad6116&event_id=4814733
12:53:22 T:1788655912 DEBUG: Keyboard: scancode: 0x16, sym: 0x0113, unicode: 0x0000, modifier: 0x0
12:53:22 T:1788655912 DEBUG: bool CInputManager::OnKey(const CKey&): right (0xf083) pressed, action is Right
12:53:23 T:1788655912 DEBUG: Keyboard: scancode: 0x16, sym: 0x0113, unicode: 0x0000, modifier: 0x0
12:53:23 T:1788655912 DEBUG: bool CInputManager::OnKey(const CKey&): right (0xf083) pressed, action is Right
12:53:23 T:1839317520 DEBUG: static std::string CTextureCacheJob::GetImageHash(const string&) - unable to stat url /service?method=channel.show.artwork&sid=ec908615694a41b2bdb61dd237ad6116&event_id=4814734
12:53:23 T:1788655912 DEBUG: Keyboard: scancode: 0x16, sym: 0x0113, unicode: 0x0000, modifier: 0x0
12:53:23 T:1788655912 DEBUG: bool CInputManager::OnKey(const CKey&): right (0xf083) pressed, action is Right
12:53:23 T:1788655912 DEBUG: Keyboard: scancode: 0x16, sym: 0x0113, unicode: 0x0000, modifier: 0x0
12:53:23 T:1788655912 DEBUG: bool CInputManager::OnKey(const CKey&): right (0xf083) pressed, action is Right
12:53:23 T:1843651272 DEBUG: static std::string CTextureCacheJob::GetImageHash(const string&) - unable to stat url /service?method=channel.show.artwork&sid=ec908615694a41b2bdb61dd237ad6116&event_id=4814735
12:53:24 T:1848293056 DEBUG: CFileCache::Open - opening using cache
12:53:24 T:1848293056 DEBUG: CurlFile::Open(0x756ff4b0) http://192.168.0.135:8866/service?method=recording.recurring.list&sid=63c7f3d85ddd40f3a7072d0c8f5be74a
12:53:24 T:1943665984 NOTICE: Thread FileCache start, auto delete: false
12:53:24 T:1943665984 INFO: CFileCache::Process - Hit eof.
12:53:24 T:1943665984 DEBUG: Thread FileCache 1943665984 terminating
12:53:24 T:1848293056 DEBUG: CFileCache::Open - opening using cache
12:53:24 T:1848293056 DEBUG: CurlFile::Open(0x6ff1c3e0) http://192.168.0.135:8866/service?method=recording.list&filter=pending&sid=63c7f3d85ddd40f3a7072d0c8f5be74a
12:53:24 T:1788655912 DEBUG: Keyboard: scancode: 0x16, sym: 0x0113, unicode: 0x0000, modifier: 0x0
12:53:24 T:1788655912 DEBUG: bool CInputManager::OnKey(const CKey&): right (0xf083) pressed, action is Right
12:53:24 T:1943665984 NOTICE: Thread FileCache start, auto delete: false
12:53:24 T:1943665984 INFO: CFileCache::Process - Hit eof.
12:53:24 T:1943665984 DEBUG: Thread FileCache 1943665984 terminating
12:53:24 T:1848293056 DEBUG: CFileCache::Open - opening using cache
12:53:24 T:1848293056 DEBUG: CurlFile::Open(0x756ff4b0) http://192.168.0.135:8866/service?method=recording.list&filter=ready&sid=63c7f3d85ddd40f3a7072d0c8f5be74a
12:53:24 T:1902385328 NOTICE: Thread FileCache start, auto delete: false
12:53:24 T:1902385328 INFO: CFileCache::Process - Hit eof.
12:53:24 T:1902385328 DEBUG: Thread FileCache 1902385328 terminating
12:53:27 T:1848293056 DEBUG: CFileCache::Open - opening using cache
12:53:27 T:1848293056 DEBUG: CurlFile::Open(0x756ff4b0) http://192.168.0.135:8866/service?method=recording.recurring.list&sid=63c7f3d85ddd40f3a7072d0c8f5be74a
12:53:27 T:1971044512 NOTICE: Thread FileCache start, auto delete: false
12:53:27 T:1971044512 INFO: CFileCache::Process - Hit eof.
12:53:27 T:1971044512 DEBUG: Thread FileCache 1971044512 terminating
12:53:27 T:1848293056 DEBUG: CFileCache::Open - opening using cache
12:53:27 T:1848293056 DEBUG: CurlFile::Open(0x756ff4b0) http://192.168.0.135:8866/service?method=recording.list&filter=pending&sid=63c7f3d85ddd40f3a7072d0c8f5be74a
12:53:28 T:1971044512 NOTICE: Thread FileCache start, auto delete: false
12:53:28 T:1971044512 INFO: CFileCache::Process - Hit eof.
12:53:28 T:1971044512 DEBUG: Thread FileCache 1971044512 terminating
12:53:28 T:1788655912 DEBUG: Keyboard: scancode: 0x16, sym: 0x0113, unicode: 0x0000, modifier: 0x0
12:53:28 T:1788655912 DEBUG: bool CInputManager::OnKey(const CKey&): right (0xf083) pressed, action is Right
12:53:28 T:1839317520 DEBUG: static std::string CTextureCacheJob::GetImageHash(const string&) - unable to stat url /service?method=channel.show.artwork&sid=ec908615694a41b2bdb61dd237ad6116&event_id=4814736
12:53:28 T:1848293056 DEBUG: CFileCache::Open - opening using cache
12:53:28 T:1848293056 DEBUG: CurlFile::Open(0x716c3a70) http://192.168.0.135:8866/service?method=recording.list&filter=ready&sid=63c7f3d85ddd40f3a7072d0c8f5be74a
12:53:28 T:1943665984 NOTICE: Thread FileCache start, auto delete: false
12:53:28 T:1943665984 INFO: CFileCache::Process - Hit eof.
12:53:28 T:1943665984 DEBUG: Thread FileCache 1943665984 terminating
12:53:28 T:1788655912 DEBUG: Keyboard: scancode: 0x16, sym: 0x0113, unicode: 0x0000, modifier: 0x0
12:53:28 T:1788655912 DEBUG: bool CInputManager::OnKey(const CKey&): right (0xf083) pressed, action is Right
12:53:29 T:1788655912 DEBUG: Keyboard: scancode: 0x15, sym: 0x0114, unicode: 0x0000, modifier: 0x0
12:53:29 T:1788655912 DEBUG: bool CInputManager::OnKey(const CKey&): left (0xf082) pressed, action is Left
12:53:29 T:1878747376 DEBUG: static std::string CTextureCacheJob::GetImageHash(const string&) - unable to stat url /service?method=channel.show.artwork&sid=ec908615694a41b2bdb61dd237ad6116&event_id=4814735
12:53:31 T:1848293056 DEBUG: CFileCache::Open - opening using cache
12:53:31 T:1848293056 DEBUG: CurlFile::Open(0x73dc6980) http://192.168.0.135:8866/service?method=recording.lastupdated&sid=63c7f3d85ddd40f3a7072d0c8f5be74a
12:53:31 T:1970268160 NOTICE: Thread FileCache start, auto delete: false
12:53:31 T:1970268160 INFO: CFileCache::Process - Hit eof.
12:53:31 T:1970268160 DEBUG: Thread FileCache 1970268160 terminating
12:53:31 T:1848293056 DEBUG: CFileCache::Open - opening using cache
