13:00:41 T:1910824496 DEBUG: CDVDPlayerVideo::CalcDropRequirement - hurry: 1
13:00:41 T:1878747376 DEBUG: Previous line repeats 5 times.
13:00:41 T:1878747376 NOTICE: Thread FileCache start, auto delete: false
13:00:41 T:1910824496 DEBUG: CDVDPlayerVideo::CalcDropRequirement - hurry: 1
13:00:41 T:1878747376 INFO: CFileCache::Process - Hit eof.
13:00:41 T:1878747376 DEBUG: Thread FileCache 1878747376 terminating
13:00:41 T:1910824496 DEBUG: CDVDPlayerVideo::CalcDropRequirement - hurry: 1
13:00:41 T:1848293056 DEBUG: Previous line repeats 1 times.
13:00:41 T:1848293056 DEBUG: CFileCache::Open - opening using cache
13:00:41 T:1848293056 DEBUG: CurlFile::Open(0x71cedff8) http://192.168.0.135:8866/service?method=recording.list&filter=ready&sid=63c7f3d85ddd40f3a7072d0c8f5be74a
13:00:41 T:1910824496 DEBUG: CDVDPlayerVideo::CalcDropRequirement - hurry: 1
13:00:41 T:1839317520 DEBUG: Previous line repeats 2 times.
13:00:41 T:1839317520 NOTICE: Thread FileCache start, auto delete: false
13:00:41 T:1839317520 INFO: CFileCache::Process - Hit eof.
13:00:41 T:1910824496 DEBUG: CDVDPlayerVideo::CalcDropRequirement - hurry: 1
13:00:41 T:1839317520 DEBUG: Previous line repeats 2 times.
13:00:41 T:1839317520 DEBUG: Thread FileCache 1839317520 terminating
13:00:41 T:1910824496 DEBUG: CDVDPlayerVideo::CalcDropRequirement - hurry: 1
13:00:42 T:1910824496 DEBUG: Previous line repeats 48 times.
13:00:42 T:1910824496 WARNING: CDVDMessageQueue(video)::Get - asked for new data packet, with nothing available
13:00:42 T:1910824496 DEBUG: CDVDPlayerVideo::CalcDropRequirement - hurry: 0
13:00:42 T:1910824496 DEBUG: Previous line repeats 1 times.
13:00:42 T:1910824496 DEBUG: CDVDPlayerVideo::CalcDropRequirement - dropped in decoder, Sleeptime: 0.031820, Bufferlevel: 0, Gain: 0.064649
13:00:42 T:1910824496 DEBUG: CDVDPlayerVideo::CalcDropRequirement - hurry: 0
13:00:42 T:1910824496 DEBUG: Previous line repeats 2 times.
13:00:42 T:1910824496 DEBUG: CDVDPlayerVideo::CalcDropRequirement - hurry: 1
13:00:43 T:1910824496 DEBUG: Previous line repeats 39 times.
13:00:43 T:1910824496 WARNING: CDVDMessageQueue(video)::Get - asked for new data packet, with nothing available
13:00:43 T:1910824496 DEBUG: CDVDPlayerVideo::CalcDropRequirement - hurry: 0
13:00:43 T:1910824496 DEBUG: Previous line repeats 1 times.
13:00:43 T:1910824496 DEBUG: CDVDPlayerVideo::CalcDropRequirement - hurry: 1
13:00:44 T:1848293056 DEBUG: Previous line repeats 17 times.
13:00:44 T:1848293056 DEBUG: CFileCache::Open - opening using cache
13:00:44 T:1910824496 DEBUG: CDVDPlayerVideo::CalcDropRequirement - hurry: 1
13:00:44 T:1910824496 DEBUG: CDVDPlayerVideo::CalcDropRequirement - hurry: 0
13:00:44 T:1848293056 DEBUG: CurlFile::Open(0x6fedee40) http://192.168.0.135:8866/service?method=recording.recurring.list&sid=63c7f3d85ddd40f3a7072d0c8f5be74a
13:00:44 T:1910824496 DEBUG: CDVDPlayerVideo::CalcDropRequirement - hurry: 1
13:00:44 T:1944224920 DEBUG: Previous line repeats 1 times.
13:00:44 T:1944224920 NOTICE: Thread FileCache start, auto delete: false
13:00:44 T:1910824496 DEBUG: CDVDPlayerVideo::CalcDropRequirement - hurry: 1
13:00:44 T:1944224920 INFO: CFileCache::Process - Hit eof.
13:00:44 T:1944224920 DEBUG: Thread FileCache 1944224920 terminating
13:00:44 T:1848293056 DEBUG: CFileCache::Open - opening using cache
13:00:44 T:1848293056 DEBUG: CurlFile::Open(0x6fdbb4c0) http://192.168.0.135:8866/service?method=recording.list&filter=pending&sid=63c7f3d85ddd40f3a7072d0c8f5be74a
13:00:44 T:1910824496 DEBUG: CDVDPlayerVideo::CalcDropRequirement - hurry: 1
13:00:44 T:1839317520 DEBUG: Previous line repeats 3 times.
13:00:44 T:1839317520 NOTICE: Thread FileCache start, auto delete: false
13:00:44 T:1910824496 DEBUG: CDVDPlayerVideo::CalcDropRequirement - hurry: 1
13:00:44 T:1839317520 INFO: CFileCache::Process - Hit eof.
13:00:44 T:1910824496 DEBUG: CDVDPlayerVideo::CalcDropRequirement - hurry: 1
13:00:44 T:1839317520 DEBUG: Previous line repeats 1 times.
13:00:44 T:1839317520 DEBUG: Thread FileCache 1839317520 terminating
13:00:44 T:1910824496 DEBUG: CDVDPlayerVideo::CalcDropRequirement - hurry: 1
13:00:44 T:1848293056 DEBUG: Previous line repeats 1 times.
13:00:44 T:1848293056 DEBUG: CFileCache::Open - opening using cache
13:00:44 T:1848293056 DEBUG: CurlFile::Open(0x73ec62d0) http://192.168.0.135:8866/service?method=recording.list&filter=ready&sid=63c7f3d85ddd40f3a7072d0c8f5be74a
13:00:44 T:1910824496 DEBUG: CDVDPlayerVideo::CalcDropRequirement - hurry: 1
13:00:44 T:1944224920 DEBUG: Previous line repeats 2 times.
13:00:44 T:1944224920 NOTICE: Thread FileCache start, auto delete: false
13:00:44 T:1910824496 DEBUG: CDVDPlayerVideo::CalcDropRequirement - hurry: 1
13:00:44 T:1944224920 INFO: CFileCache::Process - Hit eof.
13:00:44 T:1910824496 DEBUG: CDVDPlayerVideo::CalcDropRequirement - hurry: 1
13:00:44 T:1944224920 DEBUG: Previous line repeats 1 times.
13:00:44 T:1944224920 DEBUG: Thread FileCache 1944224920 terminating
13:00:44 T:1910824496 DEBUG: CDVDPlayerVideo::CalcDropRequirement - hurry: 1
13:00:45 T:1910824496 DEBUG: Previous line repeats 48 times.
13:00:45 T:1910824496 WARNING: CDVDMessageQueue(video)::Get - asked for new data packet, with nothing available
13:00:45 T:1910824496 DEBUG: CDVDPlayerVideo::CalcDropRequirement - hurry: 1
13:00:45 T:1910824496 DEBUG: Previous line repeats 1 times.
13:00:46 T:1910824496 WARNING: CDVDMessageQueue(video)::Get - asked for new data packet, with nothing available
13:00:46 T:1910824496 DEBUG: CDVDPlayerVideo::CalcDropRequirement - hurry: 1
13:00:47 T:1848293056 DEBUG: Previous line repeats 77 times.
13:00:47 T:1848293056 DEBUG: CFileCache::Open - opening using cache
13:00:47 T:1848293056 DEBUG: CurlFile::Open(0x71ec75e0) http://192.168.0.135:8866/service?method=recording.lastupdated&sid=63c7f3d85ddd40f3a7072d0c8f5be74a
13:00:47 T:1910824496 DEBUG: CDVDPlayerVideo::CalcDropRequirement - hurry: 1
13:00:47 T:1839317520 NOTICE: Thread FileCache start, auto delete: false
13:00:47 T:1910824496 DEBUG: CDVDPlayerVideo::CalcDropRequirement - hurry: 1
13:00:47 T:1839317520 INFO: CFileCache::Process - Hit eof.
13:00:47 T:1910824496 DEBUG: CDVDPlayerVideo::CalcDropRequirement - hurry: 1
13:00:47 T:1839317520 DEBUG: Previous line repeats 1 times.
13:00:47 T:1839317520 DEBUG: Thread FileCache 1839317520 terminating
13:00:47 T:1848293056 DEBUG: CFileCache::Open - opening using cache
13:00:47 T:1848293056 DEBUG: CurlFile::Open(0x71cedff8) http://192.168.0.135:8866/service?method=recording.recurring.list&sid=63c7f3d85ddd40f3a7072d0c8f5be74a
13:00:47 T:1910824496 DEBUG: CDVDPlayerVideo::CalcDropRequirement - hurry: 1
13:00:48 T:1944224920 DEBUG: Previous line repeats 3 times.
13:00:48 T:1944224920 NOTICE: Thread FileCache start, auto delete: false
13:00:48 T:1910824496 DEBUG: CDVDPlayerVideo::CalcDropRequirement - hurry: 1
13:00:48 T:1944224920 INFO: CFileCache::Process - Hit eof.
13:00:48 T:1910824496 DEBUG: CDVDPlayerVideo::CalcDropRequirement - hurry: 1
13:00:48 T:1944224920 DEBUG: Previous line repeats 1 times.
13:00:48 T:1944224920 DEBUG: Thread FileCache 1944224920 terminating
13:00:48 T:1910824496 DEBUG: CDVDPlayerVideo::CalcDropRequirement - hurry: 1
13:00:48 T:1848293056 DEBUG: CFileCache::Open - opening using cache
13:00:48 T:1848293056 DEBUG: CurlFile::Open(0x6fedee40) http://192.168.0.135:8866/service?method=recording.list&filter=pending&sid=63c7f3d85ddd40f3a7072d0c8f5be74a
13:00:48 T:1910824496 DEBUG: CDVDPlayerVideo::CalcDropRequirement - hurry: 1
13:00:48 T:1944224920 DEBUG: Previous line repeats 4 times.
13:00:48 T:1944224920 NOTICE: Thread FileCache start, auto delete: false
13:00:48 T:1910824496 DEBUG: CDVDPlayerVideo::CalcDropRequirement - hurry: 1
13:00:48 T:1944224920 DEBUG: Previous line repeats 3 times.
13:00:48 T:1944224920 INFO: CFileCache::Process - Hit eof.
13:00:48 T:1910824496 DEBUG: CDVDPlayerVideo::CalcDropRequirement - hurry: 1
13:00:48 T:1944224920 DEBUG: Previous line repeats 1 times.
13:00:48 T:1944224920 DEBUG: Thread FileCache 1944224920 terminating
13:00:48 T:1910824496 DEBUG: CDVDPlayerVideo::CalcDropRequirement - hurry: 1
13:00:48 T:1910824496 DEBUG: CDVDPlayerVideo::CalcDropRequirement - hurry: 0
13:00:48 T:1910824496 DEBUG: CDVDPlayerVideo::CalcDropRequirement - hurry: 1
13:00:48 T:1848293056 DEBUG: Previous line repeats 2 times.
13:00:48 T:1848293056 DEBUG: CFileCache::Open - opening using cache
13:00:48 T:1848293056 DEBUG: CurlFile::Open(0x71ec75e0) http://192.168.0.135:8866/service?method=recording.list&filter=ready&sid=63c7f3d85ddd40f3a7072d0c8f5be74a
13:00:48 T:1910824496 DEBUG: CDVDPlayerVideo::CalcDropRequirement - hurry: 1
13:00:48 T:1878747376 DEBUG: Previous line repeats 2 times.
13:00:48 T:1878747376 NOTICE: Thread FileCache start, auto delete: false
13:00:48 T:1878747376 INFO: CFileCache::Process - Hit eof.
13:00:48 T:1910824496 DEBUG: CDVDPlayerVideo::CalcDropRequirement - hurry: 1
13:00:48 T:1910824496 DEBUG: CDVDPlayerVideo::CalcDropRequirement - hurry: 0
13:00:48 T:1910824496 DEBUG: CDVDPlayerVideo::CalcDropRequirement - hurry: 1
13:00:48 T:1910824496 DEBUG: CDVDPlayerVideo::CalcDropRequirement - dropped in decoder, Sleeptime: 0.018256, Bufferlevel: 1, Gain: 0.043670
13:00:48 T:1910824496 DEBUG: CDVDPlayerVideo::CalcDropRequirement - hurry: 1
13:00:48 T:1910824496 DEBUG: CDVDPlayerVideo::CalcDropRequirement - hurry: 0
13:00:48 T:1878747376 DEBUG: Thread FileCache 1878747376 terminating
13:00:48 T:1910824496 DEBUG: CDVDPlayerVideo::CalcDropRequirement - hurry: 1
13:00:49 T:1910824496 DEBUG: Previous line repeats 35 times.
13:00:49 T:1910824496 WARNING: CDVDMessageQueue(video)::Get - asked for new data packet, with nothing available
13:00:49 T:1910824496 DEBUG: CDVDPlayerVideo::CalcDropRequirement - hurry: 0
13:00:49 T:1910824496 DEBUG: CDVDPlayerVideo::CalcDropRequirement - hurry: 1
13:00:50 T:1910824496 DEBUG: Previous line repeats 45 times.
13:00:50 T:1910824496 WARNING: CDVDMessageQueue(video)::Get - asked for new data packet, with nothing available
13:00:50 T:1910824496 DEBUG: CDVDPlayerVideo::CalcDropRequirement - hurry: 0
13:00:50 T:1910824496 DEBUG: Previous line repeats 1 times.
13:00:50 T:1910824496 DEBUG: CDVDPlayerVideo::CalcDropRequirement - dropped in decoder, Sleeptime: 0.031587, Bufferlevel: 0, Gain: 0.049007
13:00:50 T:1910824496 DEBUG: CDVDPlayerVideo::CalcDropRequirement - hurry: 0
13:00:51 T:1910824496 DEBUG: Previous line repeats 1 times.
13:00:51 T:1910824496 DEBUG: CDVDPlayerVideo::CalcDropRequirement - hurry: 1
13:00:51 T:1910824496 DEBUG: CDVDPlayerVideo::CalcDropRequirement - hurry: 0
13:00:51 T:1910824496 DEBUG: Previous line repeats 1 times.
13:00:51 T:1910824496 DEBUG: CDVDPlayerVideo::CalcDropRequirement - hurry: 1
13:00:51 T:1910824496 DEBUG: CDVDPlayerVideo::CalcDropRequirement - hurry: 0
13:00:51 T:1910824496 DEBUG: Previous line repeats 1 times.
13:00:51 T:1910824496 DEBUG: CDVDPlayerVideo::CalcDropRequirement - hurry: 1
13:00:51 T:1910824496 DEBUG: CDVDPlayerVideo::CalcDropRequirement - hurry: 0
13:00:51 T:1910824496 DEBUG: Previous line repeats 1 times.
13:00:51 T:1910824496 DEBUG: CDVDPlayerVideo::CalcDropRequirement - dropped in decoder, Sleeptime: 0.027664, Bufferlevel: 0, Gain: 0.055496
13:00:51 T:1910824496 DEBUG: CDVDPlayerVideo::CalcDropRequirement - hurry: 1
13:00:51 T:1910824496 DEBUG: CDVDPlayerVideo::CalcDropRequirement - hurry: 0
13:00:51 T:1910824496 DEBUG: Previous line repeats 1 times.
13:00:51 T:1910824496 DEBUG: CDVDPlayerVideo::CalcDropRequirement - hurry: 1
13:00:51 T:1910824496 DEBUG: Previous line repeats 1 times.
13:00:51 T:1910824496 DEBUG: CDVDPlayerVideo::CalcDropRequirement - hurry: 0
13:00:51 T:1910824496 DEBUG: CDVDPlayerVideo::CalcDropRequirement - hurry: 1
13:00:51 T:1910824496 DEBUG: Previous line repeats 2 times.
13:00:51 T:1910824496 WARNING: CDVDMessageQueue(video)::Get - asked for new data packet, with nothing available
13:00:51 T:1910824496 DEBUG: CDVDPlayerVideo::CalcDropRequirement - hurry: 1
13:00:51 T:1910824496 DEBUG: CDVDPlayerVideo::CalcDropRequirement - hurry: 0
13:00:51 T:1910824496 DEBUG: CDVDPlayerVideo::CalcDropRequirement - hurry: 1
13:00:51 T:1910824496 DEBUG: CDVDPlayerVideo::CalcDropRequirement - hurry: 0
13:00:51 T:1910824496 DEBUG: CDVDPlayerVideo::CalcDropRequirement - hurry: 1
13:00:51 T:1910824496 DEBUG: CDVDPlayerVideo::CalcDropRequirement - hurry: 0
13:00:51 T:1910824496 DEBUG: Previous line repeats 1 times.
13:00:51 T:1910824496 DEBUG: CDVDPlayerVideo::CalcDropRequirement - dropped in decoder, Sleeptime: 0.030620, Bufferlevel: 0, Gain: 0.171218
13:00:51 T:1910824496 DEBUG: CDVDPlayerVideo::CalcDropRequirement - hurry: 0
13:00:51 T:1848293056 DEBUG: CFileCache::Open - opening using cache
13:00:51 T:1848293056 DEBUG: CurlFile::Open(0x718e6628) http://192.168.0.135:8866/service?method=recording.recurring.list&sid=63c7f3d85ddd40f3a7072d0c8f5be74a
13:00:51 T:1910824496 DEBUG: CDVDPlayerVideo::CalcDropRequirement - hurry: 0
13:00:51 T:1910824496 DEBUG: Previous line repeats 1 times.
13:00:51 T:1910824496 DEBUG: CDVDPlayerVideo::CalcDropRequirement - hurry: 1
13:00:52 T:1910824496 DEBUG: CDVDPlayerVideo::CalcDropRequirement - hurry: 0
13:00:52 T:1910824496 DEBUG: Previous line repeats 1 times.
13:00:52 T:1910824496 DEBUG: CDVDPlayerVideo::CalcDropRequirement - hurry: 1
13:00:52 T:1839317520 NOTICE: Thread FileCache start, auto delete: false
13:00:52 T:1910824496 DEBUG: CDVDPlayerVideo::CalcDropRequirement - hurry: 0
13:00:52 T:1839317520 DEBUG: Previous line repeats 2 times.
13:00:52 T:1839317520 INFO: CFileCache::Process - Hit eof.
13:00:52 T:1839317520 DEBUG: Thread FileCache 1839317520 terminating
13:00:52 T:1848293056 DEBUG: CFileCache::Open - opening using cache
13:00:52 T:1848293056 DEBUG: CurlFile::Open(0x71cedff8) http://192.168.0.135:8866/service?method=recording.list&filter=pending&sid=63c7f3d85ddd40f3a7072d0c8f5be74a
13:00:52 T:1910824496 DEBUG: CDVDPlayerVideo::CalcDropRequirement - hurry: 0
13:00:52 T:1944224920 DEBUG: Previous line repeats 3 times.
13:00:52 T:1944224920 NOTICE: Thread FileCache start, auto delete: false
13:00:52 T:1910824496 DEBUG: CDVDPlayerVideo::CalcDropRequirement - hurry: 0
13:00:52 T:1910824496 DEBUG: Previous line repeats 3 times.
13:00:52 T:1910824496 DEBUG: CDVDPlayerVideo::CalcDropRequirement - hurry: 1
13:00:52 T:1910824496 DEBUG: CDVDPlayerVideo::CalcDropRequirement - hurry: 0
13:00:52 T:1944224920 DEBUG: Previous line repeats 2 times.
13:00:52 T:1944224920 INFO: CFileCache::Process - Hit eof.
13:00:52 T:1910824496 DEBUG: CDVDPlayerVideo::CalcDropRequirement - hurry: 0
13:00:52 T:1944224920 DEBUG: Thread FileCache 1944224920 terminating
13:00:52 T:1910824496 DEBUG: CDVDPlayerVideo::CalcDropRequirement - hurry: 0
13:00:52 T:1910824496 DEBUG: CDVDPlayerVideo::CalcDropRequirement - dropped in decoder, Sleeptime: 0.031144, Bufferlevel: 0, Gain: 0.127037
13:00:52 T:1910824496 DEBUG: CDVDPlayerVideo::CalcDropRequirement - hurry: 0
13:00:52 T:1910824496 DEBUG: Previous line repeats 2 times.
13:00:52 T:1910824496 DEBUG: CDVDPlayerVideo::CalcDropRequirement - hurry: 1
13:00:52 T:1910824496 DEBUG: CDVDPlayerVideo::CalcDropRequirement - hurry: 0
13:00:53 T:1910824496 DEBUG: Previous line repeats 1 times.
13:00:53 T:1910824496 DEBUG: CDVDPlayerVideo::CalcDropRequirement - hurry: 1
13:00:53 T:1848293056 DEBUG: CFileCache::Open - opening using cache
13:00:53 T:1910824496 DEBUG: CDVDPlayerVideo::CalcDropRequirement - hurry: 1
13:00:53 T:1848293056 DEBUG: CurlFile::Open(0x73ec62d0) http://192.168.0.135:8866/service?method=recording.list&filter=ready&sid=63c7f3d85ddd40f3a7072d0c8f5be74a
13:00:53 T:1910824496 DEBUG: CDVDPlayerVideo::CalcDropRequirement - hurry: 1
13:00:53 T:1839317520 DEBUG: Previous line repeats 2 times.
13:00:53 T:1839317520 NOTICE: Thread FileCache start, auto delete: false
13:00:53 T:1910824496 DEBUG: CDVDPlayerVideo::CalcDropRequirement - hurry: 1
13:00:53 T:1839317520 INFO: CFileCache::Process - Hit eof.
13:00:53 T:1910824496 DEBUG: CDVDPlayerVideo::CalcDropRequirement - hurry: 0
13:00:53 T:1910824496 DEBUG: CDVDPlayerVideo::CalcDropRequirement - hurry: 1
13:00:53 T:1839317520 DEBUG: Thread FileCache 1839317520 terminating
13:00:53 T:1910824496 DEBUG: CDVDPlayerVideo::CalcDropRequirement - hurry: 1
13:00:53 T:1910824496 DEBUG: Previous line repeats 1 times.
13:00:53 T:1910824496 DEBUG: CDVDPlayerVideo::CalcDropRequirement - hurry: 0
13:00:53 T:1910824496 DEBUG: CDVDPlayerVideo::CalcDropRequirement - hurry: 1
13:00:56 T:1848293056 DEBUG: Previous line repeats 124 times.
13:00:56 T:1848293056 DEBUG: CFileCache::Open - opening using cache
13:00:56 T:1910824496 DEBUG: CDVDPlayerVideo::CalcDropRequirement - hurry: 1
13:00:56 T:1848293056 DEBUG: CurlFile::Open(0x71ec75e0) http://192.168.0.135:8866/service?method=recording.recurring.list&sid=63c7f3d85ddd40f3a7072d0c8f5be74a
13:00:56 T:1910824496 DEBUG: CDVDPlayerVideo::CalcDropRequirement - hurry: 0
13:00:56 T:1910824496 DEBUG: CDVDPlayerVideo::CalcDropRequirement - hurry: 1
13:00:56 T:1878747376 NOTICE: Thread FileCache start, auto delete: false
13:00:56 T:1910824496 DEBUG: CDVDPlayerVideo::CalcDropRequirement - hurry: 1
13:00:56 T:1878747376 INFO: CFileCache::Process - Hit eof.
13:00:56 T:1878747376 DEBUG: Thread FileCache 1878747376 terminating
13:00:56 T:1910824496 DEBUG: CDVDPlayerVideo::CalcDropRequirement - hurry: 1
13:00:56 T:1848293056 DEBUG: CFileCache::Open - opening using cache
13:00:56 T:1848293056 DEBUG: CurlFile::Open(0x6fdbb4c0) http://192.168.0.135:8866/service?method=recording.list&filter=pending&sid=63c7f3d85ddd40f3a7072d0c8f5be74a
13:00:56 T:1910824496 DEBUG: CDVDPlayerVideo::CalcDropRequirement - hurry: 1
13:00:56 T:1839317520 DEBUG: Previous line repeats 7 times.
13:00:56 T:1839317520 NOTICE: Thread FileCache start, auto delete: false
13:00:56 T:1910824496 DEBUG: CDVDPlayerVideo::CalcDropRequirement - hurry: 1
13:00:56 T:1839317520 DEBUG: Previous line repeats 11 times.
13:00:56 T:1839317520 INFO: CFileCache::Process - Hit eof.
13:00:56 T:1839317520 DEBUG: Thread FileCache 1839317520 terminating
13:00:56 T:1910824496 DEBUG: CDVDPlayerVideo::CalcDropRequirement - hurry: 1
13:00:56 T:1910824496 WARNING: CDVDMessageQueue(video)::Get - asked for new data packet, with nothing available
13:00:56 T:1910824496 DEBUG: CDVDPlayerVideo::CalcDropRequirement - hurry: 1
13:00:56 T:1848293056 DEBUG: CFileCache::Open - opening using cache
13:00:56 T:1848293056 DEBUG: CurlFile::Open(0x71cedff8) http://192.168.0.135:8866/service?method=recording.list&filter=ready&sid=63c7f3d85ddd40f3a7072d0c8f5be74a
13:00:57 T:1910824496 DEBUG: CDVDPlayerVideo::CalcDropRequirement - hurry: 1
13:00:57 T:1944224920 DEBUG: Previous line repeats 3 times.
13:00:57 T:1944224920 NOTICE: Thread FileCache start, auto delete: false
13:00:57 T:1910824496 DEBUG: CDVDPlayerVideo::CalcDropRequirement - hurry: 1
13:00:57 T:1944224920 DEBUG: Previous line repeats 3 times.
13:00:57 T:1944224920 INFO: CFileCache::Process - Hit eof.
13:00:57 T:1910824496 DEBUG: CDVDPlayerVideo::CalcDropRequirement - hurry: 1
13:00:57 T:1944224920 DEBUG: Previous line repeats 1 times.
13:00:57 T:1944224920 DEBUG: Thread FileCache 1944224920 terminating
13:00:57 T:1910824496 DEBUG: CDVDPlayerVideo::CalcDropRequirement - hurry: 1
13:01:00 T:1848293056 DEBUG: Previous line repeats 128 times.
13:01:00 T:1848293056 DEBUG: CFileCache::Open - opening using cache
13:01:00 T:1848293056 DEBUG: CurlFile::Open(0x71ec75e0) http://192.168.0.135:8866/service?method=recording.recurring.list&sid=63c7f3d85ddd40f3a7072d0c8f5be74a
13:01:00 T:1910824496 DEBUG: CDVDPlayerVideo::CalcDropRequirement - hurry: 1
13:01:00 T:1878747376 DEBUG: Previous line repeats 2 times.
13:01:00 T:1878747376 NOTICE: Thread FileCache start, auto delete: false
13:01:00 T:1910824496 DEBUG: CDVDPlayerVideo::CalcDropRequirement - hurry: 1
13:01:00 T:1878747376 INFO: CFileCache::Process - Hit eof.
13:01:00 T:1910824496 DEBUG: CDVDPlayerVideo::CalcDropRequirement - hurry: 1
13:01:00 T:1878747376 DEBUG: Thread FileCache 1878747376 terminating
13:01:00 T:1910824496 DEBUG: CDVDPlayerVideo::CalcDropRequirement - hurry: 1
13:01:00 T:1848293056 DEBUG: CFileCache::Open - opening using cache
13:01:00 T:1848293056 DEBUG: CurlFile::Open(0x6fedee40) http://192.168.0.135:8866/service?method=recording.list&filter=pending&sid=63c7f3d85ddd40f3a7072d0c8f5be74a
13:01:00 T:1910824496 DEBUG: CDVDPlayerVideo::CalcDropRequirement - hurry: 1
13:01:00 T:1878747376 DEBUG: Previous line repeats 4 times.
13:01:00 T:1878747376 NOTICE: Thread FileCache start, auto delete: false
13:01:00 T:1910824496 DEBUG: CDVDPlayerVideo::CalcDropRequirement - hurry: 1
13:01:00 T:1878747376 DEBUG: Previous line repeats 1 times.
13:01:00 T:1878747376 INFO: CFileCache::Process - Hit eof.
13:01:00 T:1910824496 DEBUG: CDVDPlayerVideo::CalcDropRequirement - hurry: 1
13:01:00 T:1878747376 DEBUG: Previous line repeats 1 times.
13:01:00 T:1878747376 DEBUG: Thread FileCache 1878747376 terminating
13:01:00 T:1910824496 DEBUG: CDVDPlayerVideo::CalcDropRequirement - hurry: 1
13:01:00 T:1848293056 DEBUG: Previous line repeats 1 times.
13:01:00 T:1848293056 DEBUG: CFileCache::Open - opening using cache
13:01:00 T:1910824496 DEBUG: CDVDPlayerVideo::CalcDropRequirement - hurry: 1
13:01:00 T:1848293056 DEBUG: CurlFile::Open(0x6fdbb4c0) http://192.168.0.135:8866/service?method=recording.list&filter=ready&sid=63c7f3d85ddd40f3a7072d0c8f5be74a
13:01:00 T:1944224920 NOTICE: Thread FileCache start, auto delete: false
13:01:00 T:1944224920 INFO: CFileCache::Process - Hit eof.
13:01:00 T:1910824496 DEBUG: CDVDPlayerVideo::CalcDropRequirement - hurry: 1
13:01:00 T:1944224920 DEBUG: Previous line repeats 2 times.
13:01:00 T:1944224920 DEBUG: Thread FileCache 1944224920 terminating
13:01:00 T:1910824496 DEBUG: CDVDPlayerVideo::CalcDropRequirement - hurry: 1
13:01:01 T:1910824496 DEBUG: Previous line repeats 50 times.
13:01:01 T:1910824496 WARNING: CDVDMessageQueue(video)::Get - asked for new data packet, with nothing available
13:01:01 T:1910824496 DEBUG: CDVDPlayerVideo::CalcDropRequirement - hurry: 1
13:01:03 T:1848293056 DEBUG: Previous line repeats 72 times.
13:01:03 T:1848293056 DEBUG: CFileCache::Open - opening using cache
13:01:03 T:1848293056 DEBUG: CurlFile::Open(0x71cedff8) http://192.168.0.135:8866/service?method=recording.recurring.list&sid=63c7f3d85ddd40f3a7072d0c8f5be74a
13:01:03 T:1910824496 DEBUG: CDVDPlayerVideo::CalcDropRequirement - hurry: 1
13:01:04 T:1839317520 DEBUG: Previous line repeats 17 times.
13:01:04 T:1839317520 NOTICE: Thread FileCache start, auto delete: false
13:01:04 T:1910824496 WARNING: CDVDMessageQueue(video)::Get - asked for new data packet, with nothing available
13:01:04 T:1910824496 DEBUG: CDVDPlayerVideo::CalcDropRequirement - hurry: 1
13:01:04 T:1839317520 DEBUG: Previous line repeats 2 times.
13:01:04 T:1839317520 INFO: CFileCache::Process - Hit eof.
13:01:04 T:1839317520 DEBUG: Thread FileCache 1839317520 terminating
13:01:04 T:1910824496 DEBUG: CDVDPlayerVideo::CalcDropRequirement - hurry: 1
13:01:04 T:1848293056 DEBUG: Previous line repeats 1 times.
13:01:04 T:1848293056 DEBUG: CFileCache::Open - opening using cache
13:01:04 T:1848293056 DEBUG: CurlFile::Open(0x718e6628) http://192.168.0.135:8866/service?method=recording.list&filter=pending&sid=63c7f3d85ddd40f3a7072d0c8f5be74a
13:01:04 T:1910824496 DEBUG: CDVDPlayerVideo::CalcDropRequirement - hurry: 1
13:01:04 T:1843651272 DEBUG: Previous line repeats 4 times.
13:01:04 T:1843651272 NOTICE: Thread FileCache start, auto delete: false
13:01:04 T:1910824496 DEBUG: CDVDPlayerVideo::CalcDropRequirement - hurry: 1
13:01:04 T:1843651272 DEBUG: Previous line repeats 2 times.
13:01:04 T:1843651272 INFO: CFileCache::Process - Hit eof.
13:01:04 T:1843651272 DEBUG: Thread FileCache 1843651272 terminating
13:01:04 T:1910824496 DEBUG: CDVDPlayerVideo::CalcDropRequirement - hurry: 1
13:01:04 T:1848293056 DEBUG: Previous line repeats 2 times.
13:01:04 T:1848293056 DEBUG: CFileCache::Open - opening using cache
13:01:04 T:1848293056 DEBUG: CurlFile::Open(0x71cedff8) http://192.168.0.135:8866/service?method=recording.list&filter=ready&sid=63c7f3d85ddd40f3a7072d0c8f5be74a
13:01:04 T:1910824496 DEBUG: CDVDPlayerVideo::CalcDropRequirement - hurry: 1
13:01:04 T:1878747376 DEBUG: Previous line repeats 3 times.
13:01:04 T:1878747376 NOTICE: Thread FileCache start, auto delete: false
13:01:04 T:1910824496 DEBUG: CDVDPlayerVideo::CalcDropRequirement - hurry: 1
13:01:04 T:1878747376 INFO: CFileCache::Process - Hit eof.
13:01:04 T:1910824496 DEBUG: CDVDPlayerVideo::CalcDropRequirement - hurry: 1
13:01:04 T:1878747376 DEBUG: Thread FileCache 1878747376 terminating
13:01:04 T:1910824496 DEBUG: CDVDPlayerVideo::CalcDropRequirement - hurry: 1
13:01:07 T:1848293056 DEBUG: Previous line repeats 127 times.
13:01:07 T:1848293056 DEBUG: CFileCache::Open - opening using cache
13:01:07 T:1848293056 DEBUG: CurlFile::Open(0x6fedee40) http://192.168.0.135:8866/service?method=recording.recurring.list&sid=63c7f3d85ddd40f3a7072d0c8f5be74a
13:01:07 T:1910824496 DEBUG: CDVDPlayerVideo::CalcDropRequirement - hurry: 1
13:01:07 T:1944224920 NOTICE: Thread FileCache start, auto delete: false
13:01:07 T:1910824496 DEBUG: CDVDPlayerVideo::CalcDropRequirement - hurry: 1
13:01:07 T:1944224920 INFO: CFileCache::Process - Hit eof.
13:01:07 T:1944224920 DEBUG: Thread FileCache 1944224920 terminating
13:01:07 T:1910824496 DEBUG: CDVDPlayerVideo::CalcDropRequirement - hurry: 1
13:01:07 T:1848293056 DEBUG: Previous line repeats 1 times.
13:01:07 T:1848293056 DEBUG: CFileCache::Open - opening using cache
13:01:07 T:1848293056 DEBUG: CurlFile::Open(0x71ec75e0) http://192.168.0.135:8866/service?method=recording.list&filter=pending&sid=63c7f3d85ddd40f3a7072d0c8f5be74a
13:01:07 T:1910824496 DEBUG: CDVDPlayerVideo::CalcDropRequirement - hurry: 1
13:01:08 T:1903855952 DEBUG: Previous line repeats 4 times.
13:01:08 T:1903855952 NOTICE: Thread FileCache start, auto delete: false
13:01:08 T:1910824496 DEBUG: CDVDPlayerVideo::CalcDropRequirement - hurry: 1
13:01:08 T:1903855952 DEBUG: Previous line repeats 1 times.
13:01:08 T:1903855952 INFO: CFileCache::Process - Hit eof.
13:01:08 T:1903855952 DEBUG: Thread FileCache 1903855952 terminating
13:01:08 T:1910824496 DEBUG: CDVDPlayerVideo::CalcDropRequirement - hurry: 1
13:01:08 T:1848293056 DEBUG: Previous line repeats 2 times.
13:01:08 T:1848293056 DEBUG: CFileCache::Open - opening using cache
13:01:08 T:1848293056 DEBUG: CurlFile::Open(0x718e6628) http://192.168.0.135:8866/service?method=recording.list&filter=ready&sid=63c7f3d85ddd40f3a7072d0c8f5be74a
13:01:08 T:1910824496 DEBUG: CDVDPlayerVideo::CalcDropRequirement - hurry: 1
13:01:08 T:1878747376 DEBUG: Previous line repeats 4 times.
13:01:08 T:1878747376 NOTICE: Thread FileCache start, auto delete: false
13:01:08 T:1878747376 INFO: CFileCache::Process - Hit eof.
13:01:08 T:1910824496 DEBUG: CDVDPlayerVideo::CalcDropRequirement - hurry: 1
13:01:08 T:1878747376 DEBUG: Previous line repeats 1 times.
13:01:08 T:1878747376 DEBUG: Thread FileCache 1878747376 terminating
13:01:08 T:1910824496 DEBUG: CDVDPlayerVideo::CalcDropRequirement - hurry: 1
13:01:10 T:1788655912 DEBUG: Previous line repeats 95 times.
13:01:10 T:1788655912 DEBUG: Keyboard: scancode: 0x17, sym: 0x000d, unicode: 0x0000, modifier: 0x0
13:01:10 T:1788655912 DEBUG: bool CInputManager::OnKey(const CKey&): return (0xf00d) pressed, action is OSD
13:01:10 T:1788655912 DEBUG: ------ Window Init (VideoOSD.xml) ------
13:01:10 T:1788655912 INFO: Loading skin file: VideoOSD.xml, load type: KEEP_IN_MEMORY
13:01:10 T:1910824496 DEBUG: CDVDPlayerVideo::CalcDropRequirement - hurry: 1
13:01:10 T:1910824496 DEBUG: CDVDPlayerVideo::CalcDropRequirement - dropped in decoder, Sleeptime: -0.086525, Bufferlevel: 2, Gain: 0.070493
13:01:10 T:1910824496 DEBUG: CDVDPlayerVideo::CalcDropRequirement - hurry: 1
13:01:11 T:1848293056 DEBUG: Previous line repeats 19 times.
13:01:11 T:1848293056 DEBUG: CFileCache::Open - opening using cache
13:01:11 T:1848293056 DEBUG: CurlFile::Open(0x6fdbb4c0) http://192.168.0.135:8866/service?method=recording.recurring.list&sid=63c7f3d85ddd40f3a7072d0c8f5be74a
13:01:11 T:1910824496 DEBUG: CDVDPlayerVideo::CalcDropRequirement - hurry: 1
13:01:11 T:1936061952 DEBUG: Previous line repeats 2 times.
13:01:11 T:1936061952 NOTICE: Thread FileCache start, auto delete: false
13:01:11 T:1936061952 INFO: CFileCache::Process - Hit eof.
13:01:11 T:1910824496 DEBUG: CDVDPlayerVideo::CalcDropRequirement - hurry: 1
13:01:11 T:1936061952 DEBUG: Previous line repeats 1 times.
13:01:11 T:1936061952 DEBUG: Thread FileCache 1936061952 terminating
13:01:11 T:1848293056 DEBUG: CFileCache::Open - opening using cache
13:01:11 T:1848293056 DEBUG: CurlFile::Open(0x718e6628) http://192.168.0.135:8866/service?method=recording.list&filter=pending&sid=63c7f3d85ddd40f3a7072d0c8f5be74a
13:01:11 T:1910824496 DEBUG: CDVDPlayerVideo::CalcDropRequirement - hurry: 1
13:01:11 T:1936061952 DEBUG: Previous line repeats 1 times.
13:01:11 T:1936061952 NOTICE: Thread FileCache start, auto delete: false
13:01:11 T:1910824496 DEBUG: CDVDPlayerVideo::CalcDropRequirement - hurry: 1
13:01:11 T:1936061952 DEBUG: Previous line repeats 1 times.
13:01:11 T:1936061952 INFO: CFileCache::Process - Hit eof.
13:01:11 T:1936061952 DEBUG: Thread FileCache 1936061952 terminating
13:01:11 T:1910824496 DEBUG: CDVDPlayerVideo::CalcDropRequirement - hurry: 1
13:01:11 T:1848293056 DEBUG: CFileCache::Open - opening using cache
13:01:11 T:1848293056 DEBUG: CurlFile::Open(0x71cedff8) http://192.168.0.135:8866/service?method=recording.list&filter=ready&sid=63c7f3d85ddd40f3a7072d0c8f5be74a
13:01:11 T:1910824496 DEBUG: CDVDPlayerVideo::CalcDropRequirement - hurry: 1
13:01:11 T:1936061952 DEBUG: Previous line repeats 1 times.
13:01:11 T:1936061952 NOTICE: Thread FileCache start, auto delete: false
13:01:11 T:1910824496 DEBUG: CDVDPlayerVideo::CalcDropRequirement - hurry: 1
13:01:11 T:1936061952 INFO: CFileCache::Process - Hit eof.
13:01:11 T:1936061952 DEBUG: Thread FileCache 1936061952 terminating
13:01:11 T:1910824496 DEBUG: CDVDPlayerVideo::CalcDropRequirement - hurry: 1
13:01:13 T:1788655912 DEBUG: Previous line repeats 57 times.
13:01:13 T:1788655912 DEBUG: Keyboard: scancode: 0x16, sym: 0x0113, unicode: 0x0000, modifier: 0x0
13:01:13 T:1788655912 DEBUG: bool CInputManager::OnKey(const CKey&): right (0xf083) pressed, action is Right
13:01:13 T:1910824496 DEBUG: CDVDPlayerVideo::CalcDropRequirement - hurry: 1
13:01:13 T:1788655912 DEBUG: Previous line repeats 11 times.
13:01:13 T:1788655912 DEBUG: Keyboard: scancode: 0x16, sym: 0x0113, unicode: 0x0000, modifier: 0x0
13:01:13 T:1788655912 DEBUG: bool CInputManager::OnKey(const CKey&): right (0xf083) pressed, action is Right
13:01:13 T:1910824496 DEBUG: CDVDPlayerVideo::CalcDropRequirement - hurry: 1
13:01:14 T:1788655912 DEBUG: Previous line repeats 12 times.
13:01:14 T:1788655912 DEBUG: Keyboard: scancode: 0x16, sym: 0x0113, unicode: 0x0000, modifier: 0x0
13:01:14 T:1788655912 DEBUG: bool CInputManager::OnKey(const CKey&): right (0xf083) pressed, action is Right
13:01:14 T:1910824496 DEBUG: CDVDPlayerVideo::CalcDropRequirement - hurry: 1
13:01:14 T:1788655912 DEBUG: Previous line repeats 3 times.
13:01:14 T:1788655912 DEBUG: Keyboard: scancode: 0x16, sym: 0x0113, unicode: 0x0000, modifier: 0x0
13:01:14 T:1788655912 DEBUG: bool CInputManager::OnKey(const CKey&): right (0xf083) pressed, action is Right
13:01:14 T:1910824496 DEBUG: CDVDPlayerVideo::CalcDropRequirement - hurry: 1
13:01:14 T:1848293056 DEBUG: Previous line repeats 13 times.
13:01:14 T:1848293056 DEBUG: CFileCache::Open - opening using cache
13:01:14 T:1848293056 DEBUG: CurlFile::Open(0x71cedff8) http://192.168.0.135:8866/service?method=recording.recurring.list&sid=63c7f3d85ddd40f3a7072d0c8f5be74a
13:01:14 T:1910824496 DEBUG: CDVDPlayerVideo::CalcDropRequirement - hurry: 1
13:01:14 T:1936061952 NOTICE: Thread FileCache start, auto delete: false
13:01:14 T:1936061952 INFO: CFileCache::Process - Hit eof.
13:01:14 T:1936061952 DEBUG: Thread FileCache 1936061952 terminating
13:01:14 T:1788655912 DEBUG: Keyboard: scancode: 0x16, sym: 0x0113, unicode: 0x0000, modifier: 0x0
13:01:14 T:1788655912 DEBUG: bool CInputManager::OnKey(const CKey&): right (0xf083) pressed, action is Right
13:01:14 T:1848293056 DEBUG: CFileCache::Open - opening using cache
13:01:14 T:1848293056 DEBUG: CurlFile::Open(0x718e6628) http://192.168.0.135:8866/service?method=recording.list&filter=pending&sid=63c7f3d85ddd40f3a7072d0c8f5be74a
13:01:14 T:1910824496 DEBUG: CDVDPlayerVideo::CalcDropRequirement - hurry: 1
13:01:15 T:1903799224 DEBUG: Previous line repeats 3 times.
13:01:15 T:1903799224 NOTICE: Thread FileCache start, auto delete: false
13:01:15 T:1910824496 DEBUG: CDVDPlayerVideo::CalcDropRequirement - hurry: 1
13:01:15 T:1788655912 DEBUG: Previous line repeats 2 times.
13:01:15 T:1788655912 DEBUG: Keyboard: scancode: 0x16, sym: 0x0113, unicode: 0x0000, modifier: 0x0
13:01:15 T:1788655912 DEBUG: bool CInputManager::OnKey(const CKey&): right (0xf083) pressed, action is Right
13:01:15 T:1910824496 DEBUG: CDVDPlayerVideo::CalcDropRequirement - hurry: 1
13:01:15 T:1903799224 INFO: CFileCache::Process - Hit eof.
13:01:15 T:1903799224 DEBUG: Thread FileCache 1903799224 terminating
13:01:15 T:1910824496 DEBUG: CDVDPlayerVideo::CalcDropRequirement - hurry: 1
13:01:15 T:1848293056 DEBUG: CFileCache::Open - opening using cache
13:01:15 T:1848293056 DEBUG: CurlFile::Open(0x6fdbb4c0) http://192.168.0.135:8866/service?method=recording.list&filter=ready&sid=63c7f3d85ddd40f3a7072d0c8f5be74a
13:01:15 T:1910824496 DEBUG: CDVDPlayerVideo::CalcDropRequirement - hurry: 1
13:01:15 T:1894466480 DEBUG: Previous line repeats 2 times.
13:01:15 T:1894466480 NOTICE: Thread FileCache start, auto delete: false
13:01:15 T:1788655912 DEBUG: Keyboard: scancode: 0x16, sym: 0x0113, unicode: 0x0000, modifier: 0x0
13:01:15 T:1788655912 DEBUG: bool CInputManager::OnKey(const CKey&): right (0xf083) pressed, action is Right
13:01:15 T:1894466480 INFO: CFileCache::Process - Hit eof.
13:01:15 T:1894466480 DEBUG: Thread FileCache 1894466480 terminating
13:01:15 T:1910824496 DEBUG: CDVDPlayerVideo::CalcDropRequirement - hurry: 1
13:01:15 T:1788655912 DEBUG: Previous line repeats 6 times.
13:01:15 T:1788655912 DEBUG: Keyboard: scancode: 0x16, sym: 0x0113, unicode: 0x0000, modifier: 0x0
13:01:15 T:1788655912 DEBUG: bool CInputManager::OnKey(const CKey&): right (0xf083) pressed, action is Right
13:01:15 T:1910824496 DEBUG: CDVDPlayerVideo::CalcDropRequirement - hurry: 1
13:01:16 T:1788655912 DEBUG: Previous line repeats 14 times.
13:01:16 T:1788655912 DEBUG: Keyboard: scancode: 0x16, sym: 0x0113, unicode: 0x0000, modifier: 0x0
13:01:16 T:1788655912 DEBUG: bool CInputManager::OnKey(const CKey&): right (0xf083) pressed, action is Right
13:01:16 T:1910824496 DEBUG: CDVDPlayerVideo::CalcDropRequirement - hurry: 1
13:01:16 T:1788655912 DEBUG: Previous line repeats 11 times.
13:01:16 T:1788655912 DEBUG: Keyboard: scancode: 0x16, sym: 0x0113, unicode: 0x0000, modifier: 0x0
13:01:16 T:1788655912 DEBUG: bool CInputManager::OnKey(const CKey&): right (0xf083) pressed, action is Right
13:01:16 T:1910824496 WARNING: CDVDMessageQueue(video)::Get - asked for new data packet, with nothing available
13:01:16 T:1910824496 DEBUG: CDVDPlayerVideo::CalcDropRequirement - hurry: 1
13:01:16 T:1910824496 DEBUG: CDVDPlayerVideo::CalcDropRequirement - hurry: 0
13:01:16 T:1910824496 DEBUG: CDVDPlayerVideo::CalcDropRequirement - hurry: 1
13:01:16 T:1910824496 DEBUG: Previous line repeats 1 times.
13:01:16 T:1910824496 DEBUG: CDVDPlayerVideo::CalcDropRequirement - hurry: 0
13:01:16 T:1910824496 DEBUG: Previous line repeats 1 times.
13:01:16 T:1910824496 DEBUG: CDVDPlayerVideo::CalcDropRequirement - hurry: 1
13:01:16 T:1910824496 DEBUG: Previous line repeats 1 times.
13:01:16 T:1910824496 DEBUG: CDVDPlayerVideo::CalcDropRequirement - hurry: 0
13:01:17 T:1910824496 DEBUG: Previous line repeats 1 times.
13:01:17 T:1910824496 DEBUG: CDVDPlayerVideo::CalcDropRequirement - hurry: 1
13:01:17 T:1910824496 DEBUG: Previous line repeats 2 times.
13:01:17 T:1910824496 DEBUG: CDVDPlayerVideo::CalcDropRequirement - hurry: 0
13:01:17 T:1910824496 DEBUG: Previous line repeats 1 times.
13:01:17 T:1910824496 DEBUG: CDVDPlayerVideo::CalcDropRequirement - hurry: 1
13:01:17 T:1910824496 DEBUG: CDVDPlayerVideo::CalcDropRequirement - hurry: 0
13:01:17 T:1910824496 DEBUG: Previous line repeats 1 times.
13:01:17 T:1910824496 DEBUG: CDVDPlayerVideo::CalcDropRequirement - hurry: 1
13:01:17 T:1910824496 DEBUG: Previous line repeats 1 times.
13:01:17 T:1910824496 DEBUG: CDVDPlayerVideo::CalcDropRequirement - hurry: 0
13:01:17 T:1788655912 DEBUG: Keyboard: scancode: 0x16, sym: 0x0113, unicode: 0x0000, modifier: 0x0
13:01:17 T:1788655912 DEBUG: bool CInputManager::OnKey(const CKey&): right (0xf083) pressed, action is Right
13:01:17 T:1910824496 DEBUG: CDVDPlayerVideo::CalcDropRequirement - hurry: 0
13:01:17 T:1910824496 DEBUG: CDVDPlayerVideo::CalcDropRequirement - dropped in decoder, Sleeptime: 0.028025, Bufferlevel: 0, Gain: 0.073362
13:01:17 T:1910824496 DEBUG: CDVDPlayerVideo::CalcDropRequirement - hurry: 1
13:01:17 T:1910824496 DEBUG: CDVDPlayerVideo::CalcDropRequirement - hurry: 0
13:01:17 T:1910824496 DEBUG: Previous line repeats 4 times.
13:01:17 T:1910824496 DEBUG: CDVDPlayerVideo::CalcDropRequirement - hurry: 1
13:01:17 T:1910824496 DEBUG: CDVDPlayerVideo::CalcDropRequirement - hurry: 0
13:01:17 T:1910824496 DEBUG: Previous line repeats 1 times.
13:01:17 T:1910824496 DEBUG: CDVDPlayerVideo::CalcDropRequirement - hurry: 1
13:01:17 T:1910824496 DEBUG: Previous line repeats 2 times.
13:01:17 T:1910824496 DEBUG: CDVDPlayerVideo::CalcDropRequirement - hurry: 0
13:01:17 T:1910824496 DEBUG: Previous line repeats 1 times.
13:01:17 T:1910824496 DEBUG: CDVDPlayerVideo::CalcDropRequirement - dropped in decoder, Sleeptime: 0.029525, Bufferlevel: 0, Gain: 0.079460
13:01:17 T:1910824496 DEBUG: CDVDPlayerVideo::CalcDropRequirement - hurry: 1
13:01:17 T:1910824496 DEBUG: CDVDPlayerVideo::CalcDropRequirement - hurry: 0
13:01:17 T:1788655912 DEBUG: Keyboard: scancode: 0x16, sym: 0x0113, unicode: 0x0000, modifier: 0x0
13:01:17 T:1788655912 DEBUG: bool CInputManager::OnKey(const CKey&): right (0xf083) pressed, action is Right
13:01:17 T:1910824496 DEBUG: CDVDPlayerVideo::CalcDropRequirement - hurry: 0
13:01:17 T:1910824496 DEBUG: CDVDPlayerVideo::CalcDropRequirement - dropped in decoder, Sleeptime: 0.022499, Bufferlevel: 0, Gain: 0.047003
13:01:17 T:1910824496 DEBUG: CDVDPlayerVideo::CalcDropRequirement - hurry: 1
13:01:18 T:1910824496 DEBUG: Previous line repeats 2 times.
13:01:18 T:1910824496 DEBUG: CDVDPlayerVideo::CalcDropRequirement - hurry: 0
13:01:18 T:1910824496 DEBUG: CDVDPlayerVideo::CalcDropRequirement - hurry: 1
13:01:18 T:1848293056 DEBUG: Previous line repeats 16 times.
13:01:18 T:1848293056 DEBUG: CFileCache::Open - opening using cache
13:01:18 T:1848293056 DEBUG: CurlFile::Open(0x73ec62d0) http://192.168.0.135:8866/service?method=recording.recurring.list&sid=63c7f3d85ddd40f3a7072d0c8f5be74a
13:01:18 T:1936061952 NOTICE: Thread FileCache start, auto delete: false
13:01:18 T:1910824496 DEBUG: CDVDPlayerVideo::CalcDropRequirement - hurry: 1
13:01:18 T:1936061952 DEBUG: Previous line repeats 3 times.
13:01:18 T:1936061952 INFO: CFileCache::Process - Hit eof.
13:01:18 T:1936061952 DEBUG: Thread FileCache 1936061952 terminating
13:01:18 T:1910824496 DEBUG: CDVDPlayerVideo::CalcDropRequirement - hurry: 1
13:01:18 T:1848293056 DEBUG: CFileCache::Open - opening using cache
13:01:18 T:1848293056 DEBUG: CurlFile::Open(0x718e6628) http://192.168.0.135:8866/service?method=recording.list&filter=pending&sid=63c7f3d85ddd40f3a7072d0c8f5be74a
13:01:18 T:1910824496 DEBUG: CDVDPlayerVideo::CalcDropRequirement - hurry: 1
13:01:18 T:1846367504 DEBUG: Previous line repeats 2 times.
13:01:18 T:1846367504 NOTICE: Thread FileCache start, auto delete: false
13:01:18 T:1910824496 DEBUG: CDVDPlayerVideo::CalcDropRequirement - hurry: 1
13:01:18 T:1846367504 INFO: CFileCache::Process - Hit eof.
13:01:18 T:1910824496 DEBUG: CDVDPlayerVideo::CalcDropRequirement - hurry: 1
13:01:19 T:1846367504 DEBUG: Previous line repeats 2 times.
13:01:19 T:1846367504 DEBUG: Thread FileCache 1846367504 terminating
13:01:19 T:1910824496 DEBUG: CDVDPlayerVideo::CalcDropRequirement - hurry: 1
13:01:19 T:1848293056 DEBUG: Previous line repeats 1 times.
13:01:19 T:1848293056 DEBUG: CFileCache::Open - opening using cache
13:01:19 T:1848293056 DEBUG: CurlFile::Open(0x71cedff8) http://192.168.0.135:8866/service?method=recording.list&filter=ready&sid=63c7f3d85ddd40f3a7072d0c8f5be74a
13:01:19 T:1910824496 DEBUG: CDVDPlayerVideo::CalcDropRequirement - hurry: 1
13:01:19 T:1909506992 DEBUG: Previous line repeats 1 times.
13:01:19 T:1909506992 NOTICE: Thread FileCache start, auto delete: false
13:01:19 T:1910824496 DEBUG: CDVDPlayerVideo::CalcDropRequirement - hurry: 1
13:01:19 T:1909506992 INFO: CFileCache::Process - Hit eof.
13:01:19 T:1910824496 DEBUG: CDVDPlayerVideo::CalcDropRequirement - hurry: 1
13:01:19 T:1909506992 DEBUG: Previous line repeats 1 times.
13:01:19 T:1909506992 DEBUG: Thread FileCache 1909506992 terminating
13:01:19 T:1910824496 DEBUG: CDVDPlayerVideo::CalcDropRequirement - hurry: 1
13:01:19 T:1910824496 DEBUG: Previous line repeats 11 times.
13:01:19 T:1910824496 DEBUG: CDVDPlayerVideo::CalcDropRequirement - hurry: 0
13:01:19 T:1910824496 DEBUG: CDVDPlayerVideo::CalcDropRequirement - hurry: 1
13:01:20 T:1788655912 DEBUG: Previous line repeats 13 times.
13:01:20 T:1788655912 DEBUG: Keyboard: scancode: 0x17, sym: 0x000d, unicode: 0x0000, modifier: 0x0
13:01:20 T:1788655912 DEBUG: bool CInputManager::OnKey(const CKey&): return (0xf00d) pressed, action is Select
13:01:20 T:1910824496 DEBUG: CDVDPlayerVideo::CalcDropRequirement - hurry: 1
13:01:20 T:1910824496 DEBUG: Previous line repeats 15 times.
13:01:20 T:1910824496 WARNING: CDVDMessageQueue(video)::Get - asked for new data packet, with nothing available
13:01:20 T:1910824496 DEBUG: CDVDPlayerVideo::CalcDropRequirement - hurry: 0
13:01:20 T:1908748384 DEBUG: CFileCache::Open - opening using cache
13:01:20 T:1908748384 DEBUG: CurlFile::Open(0x718e6628) http://192.168.0.135:8866/service?method=recording.save&name=The%20Talk&channel=7153&time_t=0&duration=1452632480&sid=63c7f3d85ddd40f3a7072d0c8f5be74a
13:01:20 T:1846367504 NOTICE: Thread FileCache start, auto delete: false
13:01:20 T:1846367504 INFO: CFileCache::Process - Hit eof.
13:01:20 T:1846367504 DEBUG: Thread FileCache 1846367504 terminating
13:01:20 T:1840986920 DEBUG: CPVRTimers - bool PVR::CPVRTimers::Update() - updating timers
13:01:20 T:1840986920 DEBUG: CFileCache::Open - opening using cache
13:01:20 T:1840986920 DEBUG: CurlFile::Open(0x73ec62d0) http://192.168.0.135:8866/service?method=recording.recurring.list&filter=pending&sid=63c7f3d85ddd40f3a7072d0c8f5be74a
13:01:20 T:1910824496 DEBUG: CDVDPlayerVideo::CalcDropRequirement - hurry: 0
13:01:20 T:1910824496 DEBUG: CDVDPlayerVideo::CalcDropRequirement - hurry: 1
13:01:20 T:1910824496 DEBUG: CDVDPlayerVideo::CalcDropRequirement - dropped in decoder, Sleeptime: 0.023554, Bufferlevel: 1, Gain: 0.320436
13:01:20 T:1846367504 NOTICE: Thread FileCache start, auto delete: false
13:01:21 T:1910824496 DEBUG: CDVDPlayerVideo::CalcDropRequirement - hurry: 1
13:01:21 T:1910824496 DEBUG: CDVDPlayerVideo::CalcDropRequirement - hurry: 0
13:01:21 T:1846367504 INFO: CFileCache::Process - Hit eof.
13:01:21 T:1846367504 DEBUG: Thread FileCache 1846367504 terminating
13:01:21 T:1910824496 DEBUG: CDVDPlayerVideo::CalcDropRequirement - hurry: 0
13:01:21 T:1840986920 ERROR: PVR - static void ADDON::CAddonCallbacksPVR::PVRTransferTimerEntry(void*, ADDON_HANDLE, const PVR_TIMER*) - cannot find channel 8101 on client 777
13:01:21 T:1910824496 ERROR: Previous line repeats 72 times.
13:01:21 T:1910824496 DEBUG: CDVDPlayerVideo::CalcDropRequirement - hurry: 1
13:01:21 T:1840986920 DEBUG: CFileCache::Open - opening using cache
13:01:21 T:1840986920 DEBUG: CurlFile::Open(0x71cedff8) http://192.168.0.135:8866/service?method=recording.list&filter=pending&sid=63c7f3d85ddd40f3a7072d0c8f5be74a
13:01:21 T:1910824496 DEBUG: CDVDPlayerVideo::CalcDropRequirement - hurry: 1
13:01:21 T:1910824496 DEBUG: Previous line repeats 2 times.
13:01:21 T:1910824496 DEBUG: CDVDPlayerVideo::CalcDropRequirement - hurry: 0
13:01:21 T:1910824496 DEBUG: CDVDPlayerVideo::CalcDropRequirement - hurry: 1
13:01:21 T:1910824496 DEBUG: Previous line repeats 1 times.
13:01:21 T:1910824496 DEBUG: CDVDPlayerVideo::CalcDropRequirement - hurry: 0
13:01:21 T:1910824496 DEBUG: Previous line repeats 1 times.
13:01:21 T:1910824496 DEBUG: CDVDPlayerVideo::CalcDropRequirement - hurry: 1
13:01:21 T:1911750048 DEBUG: Previous line repeats 1 times.
13:01:21 T:1911750048 NOTICE: Thread FileCache start, auto delete: false
13:01:21 T:1910824496 DEBUG: CDVDPlayerVideo::CalcDropRequirement - hurry: 1
13:01:21 T:1911750048 DEBUG: Previous line repeats 2 times.
13:01:21 T:1911750048 INFO: CFileCache::Process - Hit eof.
13:01:21 T:1910824496 DEBUG: CDVDPlayerVideo::CalcDropRequirement - hurry: 1
13:01:21 T:1911750048 DEBUG: Thread FileCache 1911750048 terminating
13:01:21 T:1910824496 DEBUG: CDVDPlayerVideo::CalcDropRequirement - hurry: 1
13:01:21 T:1840986920 DEBUG: Previous line repeats 16 times.
13:01:21 T:1840986920 DEBUG: PVRTimers - bool PVR::CPVRTimers::UpdateEntries(const PVR::CPVRTimers&) - added timer 11580 on client 777
13:01:21 T:1840986920 DEBUG: PVRTimers - bool PVR::CPVRTimers::UpdateEntries(const PVR::CPVRTimers&) - updated timer 11576 on client 777
13:01:21 T:1840986920 DEBUG: PVRTimers - bool PVR::CPVRTimers::UpdateEntries(const PVR::CPVRTimers&) - updated timer 11444 on client 777
13:01:21 T:1840986920 DEBUG: PVRTimers - bool PVR::CPVRTimers::UpdateEntries(const PVR::CPVRTimers&) - updated timer 11445 on client 777
13:01:21 T:1840986920 DEBUG: PVRTimers - bool PVR::CPVRTimers::UpdateEntries(const PVR::CPVRTimers&) - updated timer 11446 on client 777
13:01:21 T:1840986920 DEBUG: PVRTimers - bool PVR::CPVRTimers::UpdateEntries(const PVR::CPVRTimers&) - updated timer 11447 on client 777
13:01:21 T:1840986920 DEBUG: PVRTimers - bool PVR::CPVRTimers::UpdateEntries(const PVR::CPVRTimers&) - updated timer 11412 on client 777
13:01:21 T:1840986920 DEBUG: PVRTimers - bool PVR::CPVRTimers::UpdateEntries(const PVR::CPVRTimers&) - updated timer 11562 on client 777
13:01:21 T:1840986920 DEBUG: PVRTimers - bool PVR::CPVRTimers::UpdateEntries(const PVR::CPVRTimers&) - updated timer 11574 on client 777
13:01:21 T:1840986920 DEBUG: PVRTimers - bool PVR::CPVRTimers::UpdateEntries(const PVR::CPVRTimers&) - updated timer 11575 on client 777
13:01:21 T:1840986920 DEBUG: PVRTimers - bool PVR::CPVRTimers::UpdateEntries(const PVR::CPVRTimers&) - updated timer 11508 on client 777
13:01:21 T:1840986920 DEBUG: PVRTimers - bool PVR::CPVRTimers::UpdateEntries(const PVR::CPVRTimers&) - updated timer 11406 on client 777
13:01:21 T:1840986920 DEBUG: PVRTimers - bool PVR::CPVRTimers::UpdateEntries(const PVR::CPVRTimers&) - updated timer 11408 on client 777
13:01:21 T:1840986920 DEBUG: PVRTimers - bool PVR::CPVRTimers::UpdateEntries(const PVR::CPVRTimers&) - updated timer 11409 on client 777
13:01:21 T:1840986920 DEBUG: PVRTimers - bool PVR::CPVRTimers::UpdateEntries(const PVR::CPVRTimers&) - updated timer 11410 on client 777
13:01:21 T:1840986920 DEBUG: PVRTimers - bool PVR::CPVRTimers::UpdateEntries(const PVR::CPVRTimers&) - updated timer 11420 on client 777
13:01:21 T:1840986920 DEBUG: PVRTimers - bool PVR::CPVRTimers::UpdateEntries(const PVR::CPVRTimers&) - updated timer 11525 on client 777
13:01:21 T:1910824496 DEBUG: CDVDPlayerVideo::CalcDropRequirement - hurry: 1
13:01:21 T:1840986920 DEBUG: PVRTimers - bool PVR::CPVRTimers::UpdateEntries(const PVR::CPVRTimers&) - updated timer 11419 on client 777
13:01:21 T:1840986920 DEBUG: PVRTimers - bool PVR::CPVRTimers::UpdateEntries(const PVR::CPVRTimers&) - updated timer 11411 on client 777
13:01:21 T:1840986920 DEBUG: PVRTimers - bool PVR::CPVRTimers::UpdateEntries(const PVR::CPVRTimers&) - updated timer 11407 on client 777
13:01:21 T:1840986920 DEBUG: PVRTimers - bool PVR::CPVRTimers::UpdateEntries(const PVR::CPVRTimers&) - updated timer 11578 on client 777
13:01:21 T:1840986920 DEBUG: PVRTimers - bool PVR::CPVRTimers::UpdateEntries(const PVR::CPVRTimers&) - updated timer 11579 on client 777
13:01:21 T:1840986920 DEBUG: PVRTimers - bool PVR::CPVRTimers::UpdateEntries(const PVR::CPVRTimers&) - updated timer 11543 on client 777
13:01:21 T:1840986920 DEBUG: PVRTimers - bool PVR::CPVRTimers::UpdateEntries(const PVR::CPVRTimers&) - updated timer 11488 on client 777
13:01:21 T:1840986920 DEBUG: PVRTimers - bool PVR::CPVRTimers::UpdateEntries(const PVR::CPVRTimers&) - updated timer 11557 on client 777
13:01:21 T:1840986920 DEBUG: PVRTimers - bool PVR::CPVRTimers::UpdateEntries(const PVR::CPVRTimers&) - updated timer 11497 on client 777
13:01:21 T:1840986920 DEBUG: PVRTimers - bool PVR::CPVRTimers::UpdateEntries(const PVR::CPVRTimers&) - updated timer 11547 on client 777
13:01:21 T:1840986920 DEBUG: PVRTimers - bool PVR::CPVRTimers::UpdateEntries(const PVR::CPVRTimers&) - updated timer 11577 on client 777
13:01:21 T:1840986920 DEBUG: PVRTimers - bool PVR::CPVRTimers::UpdateEntries(const PVR::CPVRTimers&) - updated timer 11448 on client 777
13:01:21 T:1840986920 DEBUG: PVRTimers - bool PVR::CPVRTimers::UpdateEntries(const PVR::CPVRTimers&) - updated timer 11449 on client 777
13:01:21 T:1840986920 DEBUG: PVRTimers - bool PVR::CPVRTimers::UpdateEntries(const PVR::CPVRTimers&) - updated timer 11450 on client 777
13:01:21 T:1840986920 DEBUG: PVRTimers - bool PVR::CPVRTimers::UpdateEntries(const PVR::CPVRTimers&) - updated timer 11451 on client 777
13:01:21 T:1840986920 DEBUG: PVRTimers - bool PVR::CPVRTimers::UpdateEntries(const PVR::CPVRTimers&) - updated timer 11538 on client 777
13:01:21 T:1840986920 DEBUG: PVRTimers - bool PVR::CPVRTimers::UpdateEntries(const PVR::CPVRTimers&) - updated timer 11570 on client 777
