13:03:06 T:1910940992 DEBUG: CDVDPlayerAudio - CDVDMsg::GENERAL_RESYNC(10623282111.111111, 1)
13:03:06 T:1910824496 DEBUG: CDVDPlayerVideo::CalcDropRequirement - hurry: 0
13:03:06 T:1910824496 DEBUG: CDVDPlayerVideo::CalcDropRequirement - hurry: 1
13:03:06 T:1910940992 NOTICE: CDVDPlayerAudio::OutputPacket skipping a packets of duration 32
13:03:06 T:1910824496 NOTICE: Previous line repeats 1 times.
13:03:06 T:1910824496 DEBUG: CDVDPlayerVideo::CalcDropRequirement - hurry: 1
13:03:06 T:1910940992 DEBUG: Previous line repeats 2 times.
13:03:06 T:1910940992 DEBUG: CDVDPlayerAudio::HandleSyncError - average error 6189.913071 below threshold of 50000.000000
13:03:06 T:1910824496 DEBUG: CDVDPlayerVideo::CalcDropRequirement - hurry: 1
13:03:06 T:1788655912 DEBUG: Previous line repeats 1 times.
13:03:06 T:1788655912 DEBUG: ------ Window Deinit (DialogSeekBar.xml) ------
13:03:06 T:1910824496 DEBUG: CDVDPlayerVideo::CalcDropRequirement - hurry: 1
13:03:07 T:1910824496 DEBUG: Previous line repeats 25 times.
13:03:07 T:1910824496 WARNING: CDVDMessageQueue(video)::Get - asked for new data packet, with nothing available
13:03:07 T:1910824496 DEBUG: CDVDPlayerVideo::CalcDropRequirement - hurry: 0
13:03:07 T:1910824496 DEBUG: Previous line repeats 1 times.
13:03:07 T:1910824496 DEBUG: CDVDPlayerVideo::CalcDropRequirement - dropped in decoder, Sleeptime: 0.031568, Bufferlevel: 0, Gain: 0.069634
13:03:07 T:1910824496 DEBUG: CDVDPlayerVideo::CalcDropRequirement - hurry: 1
13:03:07 T:1910824496 DEBUG: Previous line repeats 1 times.
13:03:07 T:1910824496 DEBUG: CDVDPlayerVideo::CalcDropRequirement - hurry: 0
13:03:07 T:1910824496 DEBUG: Previous line repeats 1 times.
13:03:07 T:1910824496 DEBUG: CDVDPlayerVideo::CalcDropRequirement - hurry: 1
13:03:07 T:1910824496 DEBUG: Previous line repeats 5 times.
13:03:07 T:1910824496 DEBUG: CDVDPlayerVideo::CalcDropRequirement - hurry: 0
13:03:07 T:1910824496 DEBUG: Previous line repeats 1 times.
13:03:07 T:1910824496 DEBUG: CDVDPlayerVideo::CalcDropRequirement - hurry: 1
13:03:07 T:1848293056 DEBUG: Previous line repeats 3 times.
13:03:07 T:1848293056 DEBUG: CFileCache::Open - opening using cache
13:03:07 T:1910824496 DEBUG: CDVDPlayerVideo::CalcDropRequirement - hurry: 1
13:03:07 T:1848293056 DEBUG: CurlFile::Open(0x71cedff8) http://192.168.0.135:8866/service?method=recording.recurring.list&sid=63c7f3d85ddd40f3a7072d0c8f5be74a
13:03:07 T:1849575184 NOTICE: Thread FileCache start, auto delete: false
13:03:07 T:1910824496 DEBUG: CDVDPlayerVideo::CalcDropRequirement - hurry: 1
13:03:07 T:1849575184 INFO: CFileCache::Process - Hit eof.
13:03:07 T:1849575184 DEBUG: Thread FileCache 1849575184 terminating
13:03:07 T:1910824496 DEBUG: CDVDPlayerVideo::CalcDropRequirement - hurry: 1
13:03:07 T:1848293056 DEBUG: CFileCache::Open - opening using cache
13:03:07 T:1848293056 DEBUG: CurlFile::Open(0x6fecd490) http://192.168.0.135:8866/service?method=recording.list&filter=pending&sid=63c7f3d85ddd40f3a7072d0c8f5be74a
13:03:07 T:1910824496 DEBUG: CDVDPlayerVideo::CalcDropRequirement - hurry: 1
13:03:07 T:1910824496 DEBUG: Previous line repeats 1 times.
13:03:07 T:1910824496 WARNING: CDVDMessageQueue(video)::Get - asked for new data packet, with nothing available
13:03:07 T:1936011960 NOTICE: Thread FileCache start, auto delete: false
13:03:07 T:1936011960 INFO: CFileCache::Process - Hit eof.
13:03:07 T:1936011960 DEBUG: Thread FileCache 1936011960 terminating
13:03:07 T:1848293056 DEBUG: CFileCache::Open - opening using cache
13:03:07 T:1848293056 DEBUG: CurlFile::Open(0x71053ce8) http://192.168.0.135:8866/service?method=recording.list&filter=ready&sid=63c7f3d85ddd40f3a7072d0c8f5be74a
13:03:08 T:1910970208 NOTICE: Thread FileCache start, auto delete: false
13:03:08 T:1910970208 INFO: CFileCache::Process - Hit eof.
13:03:08 T:1910970208 DEBUG: Thread FileCache 1910970208 terminating
13:03:08 T:1910824496 DEBUG: CDVDPlayerVideo::CalcDropRequirement - hurry: 0
13:03:08 T:1910824496 DEBUG: Previous line repeats 1 times.
13:03:08 T:1910824496 DEBUG: CDVDPlayerVideo::CalcDropRequirement - dropped in decoder, Sleeptime: 0.031376, Bufferlevel: 0, Gain: 0.272378
13:03:08 T:1910824496 DEBUG: CDVDPlayerVideo::CalcDropRequirement - hurry: 1
13:03:08 T:1910824496 DEBUG: Previous line repeats 4 times.
13:03:08 T:1910824496 DEBUG: CDVDPlayerVideo::CalcDropRequirement - hurry: 0
13:03:08 T:1910824496 DEBUG: Previous line repeats 1 times.
13:03:08 T:1910824496 DEBUG: CDVDPlayerVideo::CalcDropRequirement - hurry: 1
13:03:08 T:1910824496 DEBUG: Previous line repeats 19 times.
13:03:08 T:1910824496 WARNING: CDVDMessageQueue(video)::Get - asked for new data packet, with nothing available
13:03:09 T:1910824496 DEBUG: CDVDPlayerVideo::CalcDropRequirement - hurry: 0
13:03:09 T:1910824496 DEBUG: CDVDPlayerVideo::CalcDropRequirement - hurry: 1
13:03:09 T:1910824496 DEBUG: CDVDPlayerVideo::CalcDropRequirement - dropped in decoder, Sleeptime: 0.017571, Bufferlevel: 1, Gain: 0.360541
13:03:09 T:1910824496 DEBUG: CDVDPlayerVideo::CalcDropRequirement - hurry: 1
13:03:09 T:1910824496 DEBUG: Previous line repeats 4 times.
13:03:09 T:1910824496 DEBUG: CDVDPlayerVideo::CalcDropRequirement - hurry: 0
13:03:09 T:1910824496 DEBUG: Previous line repeats 2 times.
13:03:09 T:1910824496 DEBUG: CDVDPlayerVideo::CalcDropRequirement - hurry: 1
13:03:09 T:1910824496 DEBUG: Previous line repeats 18 times.
13:03:09 T:1910824496 WARNING: CDVDMessageQueue(video)::Get - asked for new data packet, with nothing available
13:03:10 T:1910824496 DEBUG: CDVDPlayerVideo::CalcDropRequirement - hurry: 0
13:03:10 T:1910824496 DEBUG: Previous line repeats 1 times.
13:03:10 T:1910824496 DEBUG: CDVDPlayerVideo::CalcDropRequirement - dropped in decoder, Sleeptime: 0.023846, Bufferlevel: 0, Gain: 0.346553
13:03:10 T:1910824496 DEBUG: CDVDPlayerVideo::CalcDropRequirement - hurry: 1
13:03:10 T:1910824496 DEBUG: Previous line repeats 1 times.
13:03:10 T:1910824496 DEBUG: CDVDPlayerVideo::CalcDropRequirement - hurry: 0
13:03:10 T:1910824496 DEBUG: Previous line repeats 1 times.
13:03:10 T:1910824496 DEBUG: CDVDPlayerVideo::CalcDropRequirement - hurry: 1
13:03:10 T:1910824496 DEBUG: Previous line repeats 1 times.
13:03:10 T:1910824496 DEBUG: CDVDPlayerVideo::CalcDropRequirement - hurry: 0
13:03:10 T:1910824496 DEBUG: CDVDPlayerVideo::CalcDropRequirement - hurry: 1
13:03:10 T:1910824496 DEBUG: Previous line repeats 2 times.
13:03:10 T:1910824496 DEBUG: CDVDPlayerVideo::CalcDropRequirement - hurry: 0
13:03:10 T:1910824496 DEBUG: CDVDPlayerVideo::CalcDropRequirement - hurry: 1
13:03:10 T:1910824496 DEBUG: Previous line repeats 12 times.
13:03:10 T:1910824496 WARNING: CDVDMessageQueue(video)::Get - asked for new data packet, with nothing available
13:03:11 T:1848293056 DEBUG: CFileCache::Open - opening using cache
13:03:11 T:1848293056 DEBUG: CurlFile::Open(0x673d91e8) http://192.168.0.135:8866/service?method=recording.recurring.list&sid=63c7f3d85ddd40f3a7072d0c8f5be74a
13:03:11 T:1910869544 NOTICE: Thread FileCache start, auto delete: false
13:03:11 T:1910869544 INFO: CFileCache::Process - Hit eof.
13:03:11 T:1910869544 DEBUG: Thread FileCache 1910869544 terminating
13:03:11 T:1848293056 DEBUG: CFileCache::Open - opening using cache
13:03:11 T:1848293056 DEBUG: CurlFile::Open(0x6fecd490) http://192.168.0.135:8866/service?method=recording.list&filter=pending&sid=63c7f3d85ddd40f3a7072d0c8f5be74a
13:03:11 T:1910824496 DEBUG: CDVDPlayerVideo::CalcDropRequirement - hurry: 0
13:03:11 T:1910824496 DEBUG: Previous line repeats 1 times.
13:03:11 T:1910824496 DEBUG: CDVDPlayerVideo::CalcDropRequirement - dropped in decoder, Sleeptime: 0.030939, Bufferlevel: 0, Gain: 0.287203
13:03:11 T:1910824496 DEBUG: CDVDPlayerVideo::CalcDropRequirement - hurry: 1
13:03:11 T:1910824496 DEBUG: Previous line repeats 2 times.
13:03:11 T:1910824496 DEBUG: CDVDPlayerVideo::CalcDropRequirement - hurry: 0
13:03:11 T:1908668840 DEBUG: Previous line repeats 1 times.
13:03:11 T:1908668840 NOTICE: Thread FileCache start, auto delete: false
13:03:11 T:1910824496 DEBUG: CDVDPlayerVideo::CalcDropRequirement - hurry: 0
13:03:11 T:1910824496 DEBUG: Previous line repeats 1 times.
13:03:11 T:1910824496 DEBUG: CDVDPlayerVideo::CalcDropRequirement - hurry: 1
13:03:11 T:1908668840 DEBUG: Previous line repeats 2 times.
13:03:11 T:1908668840 INFO: CFileCache::Process - Hit eof.
13:03:11 T:1910824496 DEBUG: CDVDPlayerVideo::CalcDropRequirement - hurry: 0
13:03:11 T:1910824496 DEBUG: Previous line repeats 1 times.
13:03:11 T:1910824496 DEBUG: CDVDPlayerVideo::CalcDropRequirement - hurry: 1
13:03:11 T:1908668840 DEBUG: Thread FileCache 1908668840 terminating
13:03:11 T:1910824496 DEBUG: CDVDPlayerVideo::CalcDropRequirement - hurry: 1
13:03:11 T:1910824496 DEBUG: CDVDPlayerVideo::CalcDropRequirement - hurry: 0
13:03:11 T:1910824496 DEBUG: Previous line repeats 1 times.
13:03:11 T:1910824496 DEBUG: CDVDPlayerVideo::CalcDropRequirement - hurry: 1
13:03:11 T:1848293056 DEBUG: CFileCache::Open - opening using cache
13:03:11 T:1848293056 DEBUG: CurlFile::Open(0x73ec62d0) http://192.168.0.135:8866/service?method=recording.list&filter=ready&sid=63c7f3d85ddd40f3a7072d0c8f5be74a
13:03:11 T:1910824496 DEBUG: CDVDPlayerVideo::CalcDropRequirement - hurry: 0
13:03:11 T:1910824496 DEBUG: Previous line repeats 1 times.
13:03:11 T:1910824496 DEBUG: CDVDPlayerVideo::CalcDropRequirement - hurry: 1
13:03:11 T:1878759272 NOTICE: Thread FileCache start, auto delete: false
13:03:11 T:1878759272 INFO: CFileCache::Process - Hit eof.
13:03:11 T:1910824496 DEBUG: CDVDPlayerVideo::CalcDropRequirement - hurry: 1
13:03:11 T:1878759272 DEBUG: Previous line repeats 1 times.
13:03:11 T:1878759272 DEBUG: Thread FileCache 1878759272 terminating
13:03:11 T:1910824496 DEBUG: CDVDPlayerVideo::CalcDropRequirement - hurry: 1
13:03:12 T:1910824496 DEBUG: Previous line repeats 9 times.
13:03:12 T:1910824496 WARNING: CDVDMessageQueue(video)::Get - asked for new data packet, with nothing available
13:03:12 T:1910824496 DEBUG: CDVDPlayerVideo::CalcDropRequirement - hurry: 0
13:03:12 T:1910824496 DEBUG: Previous line repeats 1 times.
13:03:12 T:1910824496 DEBUG: CDVDPlayerVideo::CalcDropRequirement - dropped in decoder, Sleeptime: 0.027227, Bufferlevel: 0, Gain: 0.336695
13:03:12 T:1910824496 DEBUG: CDVDPlayerVideo::CalcDropRequirement - hurry: 1
13:03:12 T:1910824496 DEBUG: Previous line repeats 4 times.
13:03:12 T:1910824496 DEBUG: CDVDPlayerVideo::CalcDropRequirement - hurry: 0
13:03:12 T:1910824496 DEBUG: Previous line repeats 1 times.
13:03:12 T:1910824496 DEBUG: CDVDPlayerVideo::CalcDropRequirement - hurry: 1
13:03:12 T:1910824496 DEBUG: Previous line repeats 1 times.
13:03:12 T:1910824496 DEBUG: CDVDPlayerVideo::CalcDropRequirement - hurry: 0
13:03:12 T:1910824496 DEBUG: CDVDPlayerVideo::CalcDropRequirement - hurry: 1
13:03:12 T:1910824496 DEBUG: Previous line repeats 13 times.
13:03:12 T:1910824496 WARNING: CDVDMessageQueue(video)::Get - asked for new data packet, with nothing available
13:03:13 T:1910824496 DEBUG: CDVDPlayerVideo::CalcDropRequirement - hurry: 0
13:03:13 T:1910824496 DEBUG: Previous line repeats 1 times.
13:03:13 T:1910824496 DEBUG: CDVDPlayerVideo::CalcDropRequirement - dropped in decoder, Sleeptime: 0.030296, Bufferlevel: 0, Gain: 0.349302
13:03:13 T:1910824496 DEBUG: CDVDPlayerVideo::CalcDropRequirement - hurry: 1
13:03:13 T:1910940992 DEBUG: Previous line repeats 1 times.
13:03:13 T:1910940992 DEBUG: CDVDClock::Discontinuity - CDVDPlayerAudio::HandleSyncError2 - was:10630511633.111111, should be:10630497974.333475, error:-13658.777636
13:03:13 T:1910824496 DEBUG: CDVDPlayerVideo::CalcDropRequirement - hurry: 1
13:03:13 T:1910824496 DEBUG: Previous line repeats 1 times.
13:03:13 T:1910824496 WARNING: CDVDMessageQueue(video)::Get - asked for new data packet, with nothing available
13:03:13 T:1910824496 DEBUG: CDVDPlayerVideo::CalcDropRequirement - hurry: 0
13:03:13 T:1910824496 DEBUG: Previous line repeats 1 times.
13:03:13 T:1910824496 DEBUG: CDVDPlayerVideo::CalcDropRequirement - hurry: 1
13:03:14 T:1910824496 DEBUG: Previous line repeats 19 times.
13:03:14 T:1910824496 WARNING: CDVDMessageQueue(video)::Get - asked for new data packet, with nothing available
13:03:14 T:1910824496 DEBUG: CDVDPlayerVideo::CalcDropRequirement - hurry: 0
13:03:14 T:1910824496 DEBUG: Previous line repeats 1 times.
13:03:14 T:1910824496 DEBUG: CDVDPlayerVideo::CalcDropRequirement - dropped in decoder, Sleeptime: 0.021861, Bufferlevel: 0, Gain: 0.279518
13:03:14 T:1910824496 DEBUG: CDVDPlayerVideo::CalcDropRequirement - hurry: 1
13:03:14 T:1910824496 DEBUG: Previous line repeats 7 times.
13:03:14 T:1910824496 DEBUG: CDVDPlayerVideo::CalcDropRequirement - hurry: 0
13:03:14 T:1910824496 DEBUG: Previous line repeats 1 times.
13:03:14 T:1910824496 DEBUG: CDVDPlayerVideo::CalcDropRequirement - hurry: 1
13:03:14 T:1848293056 DEBUG: Previous line repeats 2 times.
13:03:14 T:1848293056 DEBUG: CFileCache::Open - opening using cache
13:03:14 T:1848293056 DEBUG: CurlFile::Open(0x71dff3d0) http://192.168.0.135:8866/service?method=recording.recurring.list&sid=63c7f3d85ddd40f3a7072d0c8f5be74a
13:03:14 T:1910824496 DEBUG: CDVDPlayerVideo::CalcDropRequirement - hurry: 1
13:03:14 T:1877792232 DEBUG: Previous line repeats 2 times.
13:03:14 T:1877792232 NOTICE: Thread FileCache start, auto delete: false
13:03:14 T:1910824496 DEBUG: CDVDPlayerVideo::CalcDropRequirement - hurry: 1
13:03:14 T:1877792232 DEBUG: Previous line repeats 1 times.
13:03:14 T:1877792232 INFO: CFileCache::Process - Hit eof.
13:03:14 T:1877792232 DEBUG: Thread FileCache 1877792232 terminating
13:03:14 T:1848293056 DEBUG: CFileCache::Open - opening using cache
13:03:14 T:1848293056 DEBUG: CurlFile::Open(0x71e5c5f0) http://192.168.0.135:8866/service?method=recording.list&filter=pending&sid=63c7f3d85ddd40f3a7072d0c8f5be74a
13:03:14 T:1910824496 DEBUG: CDVDPlayerVideo::CalcDropRequirement - hurry: 1
13:03:14 T:1942201448 DEBUG: Previous line repeats 2 times.
13:03:14 T:1942201448 NOTICE: Thread FileCache start, auto delete: false
13:03:14 T:1942201448 INFO: CFileCache::Process - Hit eof.
13:03:14 T:1942201448 DEBUG: Thread FileCache 1942201448 terminating
13:03:14 T:1910824496 DEBUG: CDVDPlayerVideo::CalcDropRequirement - hurry: 1
13:03:15 T:1848293056 DEBUG: Previous line repeats 1 times.
13:03:15 T:1848293056 DEBUG: CFileCache::Open - opening using cache
13:03:15 T:1848293056 DEBUG: CurlFile::Open(0x7363fb10) http://192.168.0.135:8866/service?method=recording.list&filter=ready&sid=63c7f3d85ddd40f3a7072d0c8f5be74a
13:03:15 T:1910824496 WARNING: CDVDMessageQueue(video)::Get - asked for new data packet, with nothing available
13:03:15 T:1911750048 NOTICE: Thread FileCache start, auto delete: false
13:03:15 T:1911750048 INFO: CFileCache::Process - Hit eof.
13:03:15 T:1911750048 DEBUG: Thread FileCache 1911750048 terminating
13:03:15 T:1910824496 DEBUG: CDVDPlayerVideo::CalcDropRequirement - hurry: 0
13:03:15 T:1910824496 DEBUG: Previous line repeats 1 times.
13:03:15 T:1910824496 DEBUG: CDVDPlayerVideo::CalcDropRequirement - dropped in decoder, Sleeptime: 0.022381, Bufferlevel: 0, Gain: 0.327818
13:03:15 T:1910824496 DEBUG: CDVDPlayerVideo::CalcDropRequirement - hurry: 1
13:03:15 T:1910824496 WARNING: CDVDMessageQueue(video)::Get - asked for new data packet, with nothing available
13:03:15 T:1910824496 DEBUG: CDVDPlayerVideo::CalcDropRequirement - hurry: 1
13:03:15 T:1910940992 DEBUG: CDVDClock::Discontinuity - CDVDPlayerAudio::HandleSyncError2 - was:10632499951.333475, should be:10632448860.834818, error:-51090.498657
13:03:15 T:1910824496 DEBUG: CDVDPlayerVideo::CalcDropRequirement - hurry: 1
13:03:15 T:1910824496 DEBUG: Previous line repeats 1 times.
13:03:15 T:1910824496 DEBUG: CDVDPlayerVideo::CalcDropRequirement - hurry: 0
13:03:15 T:1910824496 DEBUG: Previous line repeats 1 times.
13:03:15 T:1910824496 DEBUG: CDVDPlayerVideo::CalcDropRequirement - hurry: 1
13:03:16 T:1910824496 DEBUG: Previous line repeats 15 times.
13:03:16 T:1910824496 WARNING: CDVDMessageQueue(video)::Get - asked for new data packet, with nothing available
13:03:16 T:1910824496 DEBUG: CDVDPlayerVideo::CalcDropRequirement - hurry: 0
13:03:16 T:1910824496 DEBUG: Previous line repeats 1 times.
13:03:16 T:1910824496 DEBUG: CDVDPlayerVideo::CalcDropRequirement - dropped in decoder, Sleeptime: 0.029025, Bufferlevel: 0, Gain: 0.354236
13:03:16 T:1910824496 DEBUG: CDVDPlayerVideo::CalcDropRequirement - hurry: 1
13:03:16 T:1910824496 DEBUG: Previous line repeats 1 times.
13:03:16 T:1910824496 WARNING: CDVDMessageQueue(video)::Get - asked for new data packet, with nothing available
13:03:16 T:1910824496 DEBUG: CDVDPlayerVideo::CalcDropRequirement - hurry: 1
13:03:16 T:1910824496 DEBUG: Previous line repeats 4 times.
13:03:16 T:1910824496 DEBUG: CDVDPlayerVideo::CalcDropRequirement - hurry: 0
13:03:16 T:1910824496 DEBUG: Previous line repeats 1 times.
13:03:16 T:1910824496 DEBUG: CDVDPlayerVideo::CalcDropRequirement - hurry: 1
13:03:16 T:1910824496 DEBUG: Previous line repeats 15 times.
13:03:16 T:1910824496 WARNING: CDVDMessageQueue(video)::Get - asked for new data packet, with nothing available
13:03:17 T:1910824496 DEBUG: CDVDPlayerVideo::CalcDropRequirement - hurry: 0
13:03:17 T:1910824496 DEBUG: Previous line repeats 1 times.
13:03:17 T:1910824496 DEBUG: CDVDPlayerVideo::CalcDropRequirement - dropped in decoder, Sleeptime: 0.027080, Bufferlevel: 0, Gain: 0.338812
13:03:17 T:1910824496 DEBUG: CDVDPlayerVideo::CalcDropRequirement - hurry: 1
13:03:17 T:1910824496 DEBUG: Previous line repeats 4 times.
13:03:17 T:1910824496 WARNING: CDVDMessageQueue(video)::Get - asked for new data packet, with nothing available
13:03:17 T:1910824496 DEBUG: CDVDPlayerVideo::CalcDropRequirement - hurry: 0
13:03:17 T:1910824496 DEBUG: Previous line repeats 1 times.
13:03:17 T:1910824496 DEBUG: CDVDPlayerVideo::CalcDropRequirement - hurry: 1
13:03:17 T:1910824496 DEBUG: Previous line repeats 12 times.
13:03:17 T:1910824496 WARNING: CDVDMessageQueue(video)::Get - asked for new data packet, with nothing available
13:03:18 T:1848293056 DEBUG: CFileCache::Open - opening using cache
13:03:18 T:1848293056 DEBUG: CurlFile::Open(0x71dff3d0) http://192.168.0.135:8866/service?method=recording.recurring.list&sid=63c7f3d85ddd40f3a7072d0c8f5be74a
13:03:18 T:1849575184 NOTICE: Thread FileCache start, auto delete: false
13:03:18 T:1849575184 INFO: CFileCache::Process - Hit eof.
13:03:18 T:1849575184 DEBUG: Thread FileCache 1849575184 terminating
13:03:18 T:1848293056 DEBUG: CFileCache::Open - opening using cache
13:03:18 T:1848293056 DEBUG: CurlFile::Open(0x71053ce8) http://192.168.0.135:8866/service?method=recording.list&filter=pending&sid=63c7f3d85ddd40f3a7072d0c8f5be74a
13:03:18 T:1910824496 DEBUG: CDVDPlayerVideo::CalcDropRequirement - hurry: 0
13:03:18 T:1910824496 DEBUG: Previous line repeats 1 times.
13:03:18 T:1910824496 DEBUG: CDVDPlayerVideo::CalcDropRequirement - dropped in decoder, Sleeptime: 0.031852, Bufferlevel: 0, Gain: 0.331209
13:03:18 T:1910824496 DEBUG: CDVDPlayerVideo::CalcDropRequirement - hurry: 1
13:03:18 T:1910824496 DEBUG: CDVDPlayerVideo::CalcDropRequirement - hurry: 0
13:03:18 T:1936011960 DEBUG: Previous line repeats 1 times.
13:03:18 T:1936011960 NOTICE: Thread FileCache start, auto delete: false
13:03:18 T:1910824496 DEBUG: CDVDPlayerVideo::CalcDropRequirement - hurry: 0
13:03:18 T:1910824496 DEBUG: CDVDPlayerVideo::CalcDropRequirement - hurry: 1
13:03:18 T:1936011960 DEBUG: Previous line repeats 1 times.
13:03:18 T:1936011960 INFO: CFileCache::Process - Hit eof.
13:03:18 T:1910824496 DEBUG: CDVDPlayerVideo::CalcDropRequirement - hurry: 1
13:03:18 T:1910824496 DEBUG: CDVDPlayerVideo::CalcDropRequirement - hurry: 0
13:03:18 T:1910824496 DEBUG: CDVDPlayerVideo::CalcDropRequirement - hurry: 1
13:03:18 T:1936011960 DEBUG: Thread FileCache 1936011960 terminating
13:03:18 T:1910824496 DEBUG: CDVDPlayerVideo::CalcDropRequirement - hurry: 1
13:03:18 T:1910824496 DEBUG: Previous line repeats 1 times.
13:03:18 T:1910824496 WARNING: CDVDMessageQueue(video)::Get - asked for new data packet, with nothing available
13:03:18 T:1910824496 DEBUG: CDVDPlayerVideo::CalcDropRequirement - hurry: 0
13:03:18 T:1910824496 DEBUG: Previous line repeats 1 times.
13:03:18 T:1910824496 DEBUG: CDVDPlayerVideo::CalcDropRequirement - hurry: 1
13:03:18 T:1848293056 DEBUG: CFileCache::Open - opening using cache
13:03:18 T:1848293056 DEBUG: CurlFile::Open(0x7363fb10) http://192.168.0.135:8866/service?method=recording.list&filter=ready&sid=63c7f3d85ddd40f3a7072d0c8f5be74a
13:03:18 T:1910824496 DEBUG: CDVDPlayerVideo::CalcDropRequirement - hurry: 1
13:03:18 T:1910869544 DEBUG: Previous line repeats 1 times.
13:03:18 T:1910869544 NOTICE: Thread FileCache start, auto delete: false
13:03:18 T:1910824496 DEBUG: CDVDPlayerVideo::CalcDropRequirement - hurry: 1
13:03:18 T:1910869544 INFO: CFileCache::Process - Hit eof.
13:03:18 T:1910824496 DEBUG: CDVDPlayerVideo::CalcDropRequirement - hurry: 1
13:03:18 T:1910869544 DEBUG: Previous line repeats 3 times.
13:03:18 T:1910869544 DEBUG: Thread FileCache 1910869544 terminating
13:03:18 T:1910824496 DEBUG: CDVDPlayerVideo::CalcDropRequirement - hurry: 1
13:03:19 T:1910824496 DEBUG: Previous line repeats 8 times.
13:03:19 T:1910824496 WARNING: CDVDMessageQueue(video)::Get - asked for new data packet, with nothing available
13:03:19 T:1910824496 INFO: CDVDPlayerVideo - Stillframe detected, switching to forced 25.000000 fps
13:03:19 T:1908748384 DEBUG: video stream stalled. start buffering
13:03:19 T:1908748384 DEBUG: CDVDPlayer::SetCaching - caching state 2
13:03:19 T:1788655912 DEBUG: ------ Window Init (DialogSeekBar.xml) ------
13:03:19 T:1910824496 DEBUG: CAMLCodec::SetSpeed, speed(0)
13:03:19 T:1910940992 DEBUG: CDVDPlayerAudio - CDVDMsg::GENERAL_SYNCHRONIZE
13:03:19 T:1910824496 DEBUG: CDVDPlayerVideo - CDVDMsg::GENERAL_SYNCHRONIZE
13:03:19 T:1908748384 DEBUG: CDVDPlayer::HandleMessages - player started 2
13:03:19 T:1908748384 DEBUG: CDVDPlayer::HandleMessages - player started 1
13:03:19 T:1910824496 DEBUG: CAMLCodec::SetSpeed, speed(0)
13:03:20 T:1908748384 DEBUG: Previous line repeats 107 times.
13:03:20 T:1908748384 DEBUG: set caching from pvr to done. audio (1) = 14. video (1) = 16
13:03:20 T:1908748384 DEBUG: CDVDPlayer::SetCaching - caching state 0
13:03:20 T:1910940992 DEBUG: CDVDPlayerAudio - CDVDMsg::GENERAL_RESYNC(10637682111.111111, 1)
13:03:20 T:1910824496 DEBUG: CAMLCodec::SetSpeed, speed(1000)
13:03:20 T:1910824496 DEBUG: CDVDPlayerVideo - CDVDMsg::GENERAL_RESYNC(10637873066.666668, 1)
13:03:20 T:1910824496 INFO: CDVDPlayerVideo - Stillframe left, switching to normal playback
13:03:20 T:1910824496 DEBUG: CDVDPlayerVideo::CalcDropRequirement - hurry: 0
13:03:20 T:1910824496 DEBUG: CDVDPlayerVideo::CalcDropRequirement - hurry: 1
13:03:20 T:1910940992 NOTICE: CDVDPlayerAudio::OutputPacket skipping a packets of duration 32
13:03:20 T:1910824496 NOTICE: Previous line repeats 7 times.
13:03:20 T:1910824496 DEBUG: CDVDPlayerVideo::CalcDropRequirement - hurry: 1
13:03:20 T:1910940992 DEBUG: Previous line repeats 3 times.
13:03:20 T:1910940992 DEBUG: CDVDPlayerAudio::HandleSyncError - average error 10085.480729 below threshold of 50000.000000
13:03:20 T:1910940992 DEBUG: CDVDClock::Discontinuity - CDVDPlayerAudio::HandleSyncError2 - was:10637977282.666668, should be:10637987371.147396, error:10088.480728
13:03:20 T:1910824496 DEBUG: CDVDPlayerVideo::CalcDropRequirement - hurry: 1
13:03:20 T:1788655912 DEBUG: Previous line repeats 1 times.
13:03:20 T:1788655912 DEBUG: ------ Window Deinit (DialogSeekBar.xml) ------
13:03:20 T:1910824496 DEBUG: CDVDPlayerVideo::CalcDropRequirement - hurry: 1
13:03:21 T:1910940992 DEBUG: Previous line repeats 41 times.
13:03:21 T:1910940992 DEBUG: CDVDClock::Discontinuity - CDVDPlayerAudio::HandleSyncError2 - was:10639004406.147396, should be:10638982370.861017, error:-22035.286379
13:03:21 T:1910824496 DEBUG: CDVDPlayerVideo::CalcDropRequirement - hurry: 1
13:03:21 T:1848293056 DEBUG: CFileCache::Open - opening using cache
13:03:21 T:1910824496 DEBUG: CDVDPlayerVideo::CalcDropRequirement - hurry: 1
13:03:21 T:1848293056 DEBUG: CurlFile::Open(0x73e5e4f0) http://192.168.0.135:8866/service?method=recording.recurring.list&sid=63c7f3d85ddd40f3a7072d0c8f5be74a
13:03:21 T:1910824496 DEBUG: CDVDPlayerVideo::CalcDropRequirement - hurry: 1
13:03:21 T:1901873064 DEBUG: Previous line repeats 1 times.
13:03:21 T:1901873064 NOTICE: Thread FileCache start, auto delete: false
13:03:21 T:1910824496 DEBUG: CDVDPlayerVideo::CalcDropRequirement - hurry: 1
13:03:21 T:1901873064 INFO: CFileCache::Process - Hit eof.
13:03:21 T:1910824496 DEBUG: CDVDPlayerVideo::CalcDropRequirement - hurry: 1
13:03:22 T:1901873064 DEBUG: Previous line repeats 2 times.
13:03:22 T:1901873064 DEBUG: Thread FileCache 1901873064 terminating
13:03:22 T:1910824496 DEBUG: CDVDPlayerVideo::CalcDropRequirement - hurry: 1
13:03:22 T:1848293056 DEBUG: CFileCache::Open - opening using cache
13:03:22 T:1848293056 DEBUG: CurlFile::Open(0x6fdbb4c0) http://192.168.0.135:8866/service?method=recording.list&filter=pending&sid=63c7f3d85ddd40f3a7072d0c8f5be74a
13:03:22 T:1910824496 DEBUG: CDVDPlayerVideo::CalcDropRequirement - hurry: 1
13:03:22 T:1846288192 DEBUG: Previous line repeats 3 times.
13:03:22 T:1846288192 NOTICE: Thread FileCache start, auto delete: false
13:03:22 T:1910824496 WARNING: CDVDMessageQueue(video)::Get - asked for new data packet, with nothing available
13:03:22 T:1846288192 INFO: CFileCache::Process - Hit eof.
13:03:22 T:1846288192 DEBUG: Thread FileCache 1846288192 terminating
13:03:22 T:1848293056 DEBUG: CFileCache::Open - opening using cache
13:03:22 T:1848293056 DEBUG: CurlFile::Open(0x71e5c5f0) http://192.168.0.135:8866/service?method=recording.list&filter=ready&sid=63c7f3d85ddd40f3a7072d0c8f5be74a
13:03:22 T:1936011960 NOTICE: Thread FileCache start, auto delete: false
13:03:22 T:1936011960 INFO: CFileCache::Process - Hit eof.
13:03:22 T:1936011960 DEBUG: Thread FileCache 1936011960 terminating
13:03:22 T:1910824496 DEBUG: CDVDPlayerVideo::CalcDropRequirement - hurry: 0
13:03:22 T:1910824496 DEBUG: Previous line repeats 1 times.
13:03:22 T:1910824496 DEBUG: CDVDPlayerVideo::CalcDropRequirement - dropped in decoder, Sleeptime: 0.031503, Bufferlevel: 0, Gain: 0.265121
13:03:22 T:1910824496 DEBUG: CDVDPlayerVideo::CalcDropRequirement - hurry: 1
13:03:22 T:1910824496 DEBUG: Previous line repeats 5 times.
13:03:22 T:1910824496 DEBUG: CDVDPlayerVideo::CalcDropRequirement - hurry: 0
13:03:22 T:1910824496 DEBUG: Previous line repeats 1 times.
13:03:22 T:1910824496 DEBUG: CDVDPlayerVideo::CalcDropRequirement - hurry: 1
13:03:23 T:1910824496 DEBUG: Previous line repeats 5 times.
13:03:23 T:1910824496 INFO: CDVDPlayerVideo - Stillframe detected, switching to forced 25.000000 fps
13:03:23 T:1908748384 DEBUG: video stream stalled. start buffering
13:03:23 T:1908748384 DEBUG: CDVDPlayer::SetCaching - caching state 2
13:03:23 T:1788655912 DEBUG: ------ Window Init (DialogSeekBar.xml) ------
13:03:23 T:1910824496 DEBUG: CAMLCodec::SetSpeed, speed(0)
13:03:23 T:1908748384 DEBUG: CDVDPlayer::HandleMessages - player started 2
13:03:23 T:1908748384 DEBUG: CDVDPlayer::HandleMessages - player started 1
13:03:23 T:1910940992 DEBUG: CDVDPlayerAudio - CDVDMsg::GENERAL_SYNCHRONIZE
13:03:23 T:1910824496 DEBUG: CDVDPlayerVideo - CDVDMsg::GENERAL_SYNCHRONIZE
13:03:23 T:1910824496 DEBUG: CAMLCodec::SetSpeed, speed(0)
13:03:24 T:1908748384 DEBUG: Previous line repeats 112 times.
13:03:24 T:1908748384 DEBUG: set caching from pvr to done. audio (1) = 16. video (1) = 16
13:03:24 T:1908748384 DEBUG: CDVDPlayer::SetCaching - caching state 0
13:03:24 T:1910940992 DEBUG: CDVDPlayerAudio - CDVDMsg::GENERAL_RESYNC(10641522111.111111, 1)
13:03:24 T:1910824496 DEBUG: CAMLCodec::SetSpeed, speed(1000)
13:03:24 T:1910824496 DEBUG: CDVDPlayerVideo - CDVDMsg::GENERAL_RESYNC(10641877066.666666, 1)
13:03:24 T:1910824496 INFO: CDVDPlayerVideo - Stillframe left, switching to normal playback
13:03:24 T:1910824496 DEBUG: CDVDPlayerVideo::CalcDropRequirement - hurry: 0
13:03:24 T:1910940992 NOTICE: CDVDPlayerAudio::OutputPacket skipping a packets of duration 32
13:03:24 T:1910824496 DEBUG: CDVDPlayerVideo::CalcDropRequirement - hurry: 1
13:03:24 T:1910940992 NOTICE: CDVDPlayerAudio::OutputPacket skipping a packets of duration 32
13:03:24 T:1910824496 NOTICE: Previous line repeats 12 times.
13:03:24 T:1910824496 DEBUG: CDVDPlayerVideo::CalcDropRequirement - hurry: 1
13:03:24 T:1910940992 DEBUG: Previous line repeats 3 times.
13:03:24 T:1910940992 DEBUG: CDVDPlayerAudio::HandleSyncError - average error 8087.479953 below threshold of 50000.000000
13:03:24 T:1910824496 DEBUG: CDVDPlayerVideo::CalcDropRequirement - hurry: 1
13:03:24 T:1788655912 DEBUG: ------ Window Deinit (DialogSeekBar.xml) ------
13:03:24 T:1910824496 DEBUG: CDVDPlayerVideo::CalcDropRequirement - hurry: 0
13:03:24 T:1910824496 DEBUG: CDVDPlayerVideo::CalcDropRequirement - hurry: 1
13:03:25 T:1848293056 DEBUG: Previous line repeats 20 times.
13:03:25 T:1848293056 DEBUG: CFileCache::Open - opening using cache
13:03:25 T:1848293056 DEBUG: CurlFile::Open(0x6fedee40) http://192.168.0.135:8866/service?method=recording.recurring.list&sid=63c7f3d85ddd40f3a7072d0c8f5be74a
13:03:25 T:1910824496 DEBUG: CDVDPlayerVideo::CalcDropRequirement - hurry: 1
13:03:25 T:1910883208 DEBUG: Previous line repeats 2 times.
13:03:25 T:1910883208 NOTICE: Thread FileCache start, auto delete: false
13:03:25 T:1910824496 DEBUG: CDVDPlayerVideo::CalcDropRequirement - hurry: 1
13:03:25 T:1910883208 DEBUG: Previous line repeats 2 times.
13:03:25 T:1910883208 INFO: CFileCache::Process - Hit eof.
13:03:25 T:1910824496 DEBUG: CDVDPlayerVideo::CalcDropRequirement - hurry: 1
13:03:25 T:1910883208 DEBUG: Thread FileCache 1910883208 terminating
13:03:25 T:1848293056 DEBUG: CFileCache::Open - opening using cache
13:03:25 T:1848293056 DEBUG: CurlFile::Open(0x71053ce8) http://192.168.0.135:8866/service?method=recording.list&filter=pending&sid=63c7f3d85ddd40f3a7072d0c8f5be74a
13:03:25 T:1910824496 DEBUG: CDVDPlayerVideo::CalcDropRequirement - hurry: 1
13:03:25 T:1911750048 DEBUG: Previous line repeats 2 times.
13:03:25 T:1911750048 NOTICE: Thread FileCache start, auto delete: false
13:03:25 T:1910824496 DEBUG: CDVDPlayerVideo::CalcDropRequirement - hurry: 1
13:03:25 T:1910940992 DEBUG: CDVDClock::Discontinuity - CDVDPlayerAudio::HandleSyncError2 - was:10643000837.666666, should be:10642984379.060881, error:-16458.605785
13:03:25 T:1910824496 DEBUG: CDVDPlayerVideo::CalcDropRequirement - hurry: 1
13:03:25 T:1911750048 INFO: CFileCache::Process - Hit eof.
13:03:25 T:1910824496 DEBUG: CDVDPlayerVideo::CalcDropRequirement - hurry: 1
13:03:25 T:1911750048 DEBUG: Previous line repeats 1 times.
13:03:25 T:1911750048 DEBUG: Thread FileCache 1911750048 terminating
13:03:25 T:1910824496 DEBUG: CDVDPlayerVideo::CalcDropRequirement - hurry: 1
13:03:25 T:1910824496 DEBUG: Previous line repeats 4 times.
13:03:25 T:1910824496 DEBUG: CDVDPlayerVideo::CalcDropRequirement - hurry: 0
13:03:25 T:1910824496 DEBUG: CDVDPlayerVideo::CalcDropRequirement - hurry: 1
13:03:26 T:1848293056 DEBUG: Previous line repeats 2 times.
13:03:26 T:1848293056 DEBUG: CFileCache::Open - opening using cache
13:03:26 T:1848293056 DEBUG: CurlFile::Open(0x73e5e4f0) http://192.168.0.135:8866/service?method=recording.list&filter=ready&sid=63c7f3d85ddd40f3a7072d0c8f5be74a
13:03:26 T:1910824496 WARNING: CDVDMessageQueue(video)::Get - asked for new data packet, with nothing available
13:03:26 T:1849575184 NOTICE: Thread FileCache start, auto delete: false
13:03:26 T:1849575184 INFO: CFileCache::Process - Hit eof.
13:03:26 T:1849575184 DEBUG: Thread FileCache 1849575184 terminating
13:03:26 T:1910824496 INFO: CDVDPlayerVideo - Stillframe detected, switching to forced 25.000000 fps
13:03:26 T:1908748384 DEBUG: video stream stalled. start buffering
13:03:26 T:1908748384 DEBUG: CDVDPlayer::SetCaching - caching state 2
13:03:26 T:1910824496 DEBUG: CAMLCodec::SetSpeed, speed(0)
13:03:26 T:1788655912 DEBUG: ------ Window Init (DialogSeekBar.xml) ------
13:03:26 T:1910940992 DEBUG: CDVDPlayerAudio - CDVDMsg::GENERAL_SYNCHRONIZE
13:03:26 T:1910824496 DEBUG: CDVDPlayerVideo - CDVDMsg::GENERAL_SYNCHRONIZE
13:03:26 T:1908748384 DEBUG: CDVDPlayer::HandleMessages - player started 2
13:03:26 T:1908748384 DEBUG: CDVDPlayer::HandleMessages - player started 1
13:03:26 T:1910824496 DEBUG: CAMLCodec::SetSpeed, speed(0)
13:03:27 T:1908748384 DEBUG: Previous line repeats 107 times.
13:03:27 T:1908748384 DEBUG: set caching from pvr to done. audio (1) = 14. video (1) = 16
13:03:27 T:1908748384 DEBUG: CDVDPlayer::SetCaching - caching state 0
13:03:27 T:1910940992 DEBUG: CDVDPlayerAudio - CDVDMsg::GENERAL_RESYNC(10644722111.111111, 1)
13:03:27 T:1910824496 DEBUG: CAMLCodec::SetSpeed, speed(1000)
13:03:27 T:1910824496 DEBUG: CDVDPlayerVideo - CDVDMsg::GENERAL_RESYNC(10644980166.666666, 1)
13:03:27 T:1910824496 INFO: CDVDPlayerVideo - Stillframe left, switching to normal playback
13:03:27 T:1910824496 DEBUG: CDVDPlayerVideo::CalcDropRequirement - hurry: 0
13:03:27 T:1910940992 NOTICE: CDVDPlayerAudio::OutputPacket skipping a packets of duration 32
13:03:27 T:1910824496 DEBUG: CDVDPlayerVideo::CalcDropRequirement - hurry: 1
13:03:27 T:1910940992 NOTICE: CDVDPlayerAudio::OutputPacket skipping a packets of duration 32
13:03:27 T:1910824496 NOTICE: Previous line repeats 6 times.
13:03:27 T:1910824496 DEBUG: CDVDPlayerVideo::CalcDropRequirement - hurry: 1
13:03:27 T:1910940992 NOTICE: CDVDPlayerAudio::OutputPacket skipping a packets of duration 32
13:03:27 T:1910824496 NOTICE: Previous line repeats 1 times.
13:03:27 T:1910824496 DEBUG: CDVDPlayerVideo::CalcDropRequirement - hurry: 1
13:03:27 T:1910940992 NOTICE: CDVDPlayerAudio::OutputPacket skipping a packets of duration 32
13:03:27 T:1910824496 NOTICE: Previous line repeats 1 times.
13:03:27 T:1910824496 DEBUG: CDVDPlayerVideo::CalcDropRequirement - hurry: 1
13:03:27 T:1910940992 DEBUG: CDVDPlayerAudio::HandleSyncError - average error -2374.343136 below threshold of 50000.000000
13:03:27 T:1788655912 DEBUG: ------ Window Deinit (DialogSeekBar.xml) ------
13:03:27 T:1910824496 DEBUG: CDVDPlayerVideo::CalcDropRequirement - hurry: 1
13:03:28 T:1910824496 DEBUG: Previous line repeats 24 times.
13:03:28 T:1910824496 WARNING: CDVDMessageQueue(video)::Get - asked for new data packet, with nothing available
13:03:28 T:1908748384 DEBUG: CDVDPlayer::HandlePlaySpeed set clock adjust: -0.010000
13:03:28 T:1910824496 DEBUG: CDVDPlayerVideo::CalcDropRequirement - hurry: 0
13:03:28 T:1910824496 DEBUG: Previous line repeats 1 times.
13:03:28 T:1910824496 DEBUG: CDVDPlayerVideo::CalcDropRequirement - dropped in decoder, Sleeptime: 0.031296, Bufferlevel: 0, Gain: 0.048285
13:03:28 T:1910824496 DEBUG: CDVDPlayerVideo::CalcDropRequirement - hurry: 1
13:03:28 T:1910824496 DEBUG: Previous line repeats 2 times.
13:03:28 T:1910824496 DEBUG: CDVDPlayerVideo::CalcDropRequirement - hurry: 0
13:03:28 T:1910824496 DEBUG: Previous line repeats 1 times.
13:03:28 T:1910824496 DEBUG: CDVDPlayerVideo::CalcDropRequirement - hurry: 1
13:03:28 T:1910824496 DEBUG: CDVDPlayerVideo::CalcDropRequirement - hurry: 0
13:03:28 T:1910824496 DEBUG: Previous line repeats 1 times.
13:03:28 T:1910824496 DEBUG: CDVDPlayerVideo::CalcDropRequirement - hurry: 1
13:03:29 T:1910824496 DEBUG: Previous line repeats 7 times.
13:03:29 T:1910824496 DEBUG: CDVDPlayerVideo::CalcDropRequirement - hurry: 0
13:03:29 T:1910824496 DEBUG: Previous line repeats 1 times.
13:03:29 T:1910824496 DEBUG: CDVDPlayerVideo::CalcDropRequirement - dropped in decoder, Sleeptime: 0.030320, Bufferlevel: 0, Gain: 0.237096
13:03:29 T:1910824496 DEBUG: CDVDPlayerVideo::CalcDropRequirement - hurry: 0
13:03:29 T:1910824496 DEBUG: CDVDPlayerVideo::CalcDropRequirement - hurry: 1
13:03:29 T:1848293056 DEBUG: Previous line repeats 2 times.
13:03:29 T:1848293056 DEBUG: CFileCache::Open - opening using cache
13:03:29 T:1848293056 DEBUG: CurlFile::Open(0x73e5e4f0) http://192.168.0.135:8866/service?method=recording.recurring.list&sid=63c7f3d85ddd40f3a7072d0c8f5be74a
13:03:29 T:1910824496 DEBUG: CDVDPlayerVideo::CalcDropRequirement - hurry: 0
13:03:29 T:1910824496 DEBUG: CDVDPlayerVideo::CalcDropRequirement - hurry: 1
13:03:29 T:1910970208 DEBUG: Previous line repeats 1 times.
13:03:29 T:1910970208 NOTICE: Thread FileCache start, auto delete: false
13:03:29 T:1910824496 DEBUG: CDVDPlayerVideo::CalcDropRequirement - hurry: 1
13:03:29 T:1910824496 WARNING: CDVDMessageQueue(video)::Get - asked for new data packet, with nothing available
13:03:29 T:1910824496 DEBUG: CDVDPlayerVideo::CalcDropRequirement - hurry: 1
13:03:29 T:1910970208 INFO: CFileCache::Process - Hit eof.
13:03:29 T:1910970208 DEBUG: Thread FileCache 1910970208 terminating
13:03:29 T:1848293056 DEBUG: CFileCache::Open - opening using cache
13:03:29 T:1848293056 DEBUG: CurlFile::Open(0x71053ce8) http://192.168.0.135:8866/service?method=recording.list&filter=pending&sid=63c7f3d85ddd40f3a7072d0c8f5be74a
13:03:29 T:1878759272 NOTICE: Thread FileCache start, auto delete: false
13:03:29 T:1878759272 INFO: CFileCache::Process - Hit eof.
13:03:29 T:1878759272 DEBUG: Thread FileCache 1878759272 terminating
13:03:29 T:1848293056 DEBUG: CFileCache::Open - opening using cache
13:03:29 T:1848293056 DEBUG: CurlFile::Open(0x71ceb088) http://192.168.0.135:8866/service?method=recording.list&filter=ready&sid=63c7f3d85ddd40f3a7072d0c8f5be74a
13:03:29 T:1846288192 NOTICE: Thread FileCache start, auto delete: false
13:03:29 T:1846288192 INFO: CFileCache::Process - Hit eof.
13:03:29 T:1846288192 DEBUG: Thread FileCache 1846288192 terminating
13:03:29 T:1910824496 INFO: CDVDPlayerVideo - Stillframe detected, switching to forced 25.000000 fps
13:03:29 T:1908748384 DEBUG: video stream stalled. start buffering
13:03:29 T:1908748384 DEBUG: CDVDPlayer::SetCaching - caching state 2
13:03:29 T:1788655912 DEBUG: ------ Window Init (DialogSeekBar.xml) ------
13:03:29 T:1910824496 DEBUG: CAMLCodec::SetSpeed, speed(0)
13:03:29 T:1910940992 DEBUG: CDVDPlayerAudio - CDVDMsg::GENERAL_SYNCHRONIZE
13:03:29 T:1910824496 DEBUG: CDVDPlayerVideo - CDVDMsg::GENERAL_SYNCHRONIZE
13:03:29 T:1908748384 DEBUG: CDVDPlayer::HandleMessages - player started 2
13:03:29 T:1908748384 DEBUG: CDVDPlayer::HandleMessages - player started 1
13:03:29 T:1910824496 DEBUG: CAMLCodec::SetSpeed, speed(0)
13:03:30 T:1908748384 DEBUG: Previous line repeats 117 times.
13:03:30 T:1908748384 DEBUG: set caching from pvr to done. audio (1) = 16. video (1) = 16
13:03:31 T:1908748384 DEBUG: CDVDPlayer::SetCaching - caching state 0
13:03:31 T:1910940992 DEBUG: CDVDPlayerAudio - CDVDMsg::GENERAL_RESYNC(10648082111.111111, 1)
13:03:31 T:1910824496 DEBUG: CAMLCodec::SetSpeed, speed(1000)
13:03:31 T:1910824496 DEBUG: CDVDPlayerVideo - CDVDMsg::GENERAL_RESYNC(10648383566.666668, 1)
13:03:31 T:1910824496 INFO: CDVDPlayerVideo - Stillframe left, switching to normal playback
13:03:31 T:1910824496 DEBUG: CDVDPlayerVideo::CalcDropRequirement - hurry: 0
13:03:31 T:1910824496 DEBUG: CDVDPlayerVideo::CalcDropRequirement - hurry: 1
13:03:31 T:1910940992 NOTICE: CDVDPlayerAudio::OutputPacket skipping a packets of duration 32
13:03:31 T:1910824496 NOTICE: Previous line repeats 11 times.
13:03:31 T:1910824496 DEBUG: CDVDPlayerVideo::CalcDropRequirement - hurry: 1
13:03:31 T:1910940992 DEBUG: Previous line repeats 3 times.
13:03:31 T:1910940992 DEBUG: CDVDPlayerAudio::HandleSyncError - average error 9192.476203 below threshold of 50000.000000
13:03:31 T:1910824496 DEBUG: CDVDPlayerVideo::CalcDropRequirement - hurry: 1
13:03:31 T:1788655912 DEBUG: ------ Window Deinit (DialogSeekBar.xml) ------
13:03:31 T:1910824496 DEBUG: CDVDPlayerVideo::CalcDropRequirement - hurry: 1
13:03:31 T:1910824496 DEBUG: Previous line repeats 20 times.
13:03:31 T:1910824496 WARNING: CDVDMessageQueue(video)::Get - asked for new data packet, with nothing available
13:03:31 T:1910824496 DEBUG: CDVDPlayerVideo::CalcDropRequirement - hurry: 0
13:03:31 T:1908748384 DEBUG: CDVDPlayer::HandlePlaySpeed set clock adjust: -0.010000
13:03:31 T:1910824496 DEBUG: CDVDPlayerVideo::CalcDropRequirement - hurry: 0
13:03:31 T:1910824496 DEBUG: CDVDPlayerVideo::CalcDropRequirement - dropped in decoder, Sleeptime: 0.029932, Bufferlevel: 0, Gain: 0.156691
13:03:31 T:1910824496 DEBUG: CDVDPlayerVideo::CalcDropRequirement - hurry: 1
13:03:31 T:1910824496 DEBUG: CDVDPlayerVideo::CalcDropRequirement - hurry: 0
13:03:31 T:1910824496 DEBUG: Previous line repeats 1 times.
13:03:31 T:1910824496 DEBUG: CDVDPlayerVideo::CalcDropRequirement - hurry: 1
13:03:32 T:1910824496 DEBUG: Previous line repeats 3 times.
13:03:32 T:1910824496 WARNING: CDVDMessageQueue(video)::Get - asked for new data packet, with nothing available
13:03:32 T:1910824496 DEBUG: CDVDPlayerVideo::CalcDropRequirement - hurry: 0
13:03:32 T:1910824496 DEBUG: Previous line repeats 1 times.
13:03:32 T:1910824496 DEBUG: CDVDPlayerVideo::CalcDropRequirement - dropped in decoder, Sleeptime: 0.031488, Bufferlevel: 0, Gain: 0.085633
13:03:32 T:1910824496 DEBUG: CDVDPlayerVideo::CalcDropRequirement - hurry: 1
13:03:32 T:1910824496 DEBUG: Previous line repeats 3 times.
13:03:32 T:1910824496 WARNING: CDVDMessageQueue(video)::Get - asked for new data packet, with nothing available
13:03:32 T:1848293056 DEBUG: CFileCache::Open - opening using cache
13:03:32 T:1848293056 DEBUG: CurlFile::Open(0x71cedff8) http://192.168.0.135:8866/service?method=recording.recurring.list&sid=63c7f3d85ddd40f3a7072d0c8f5be74a
13:03:32 T:1908668840 NOTICE: Thread FileCache start, auto delete: false
13:03:32 T:1908668840 INFO: CFileCache::Process - Hit eof.
13:03:32 T:1908668840 DEBUG: Thread FileCache 1908668840 terminating
13:03:32 T:1848293056 DEBUG: CFileCache::Open - opening using cache
13:03:32 T:1848293056 DEBUG: CurlFile::Open(0x71053ce8) http://192.168.0.135:8866/service?method=recording.list&filter=pending&sid=63c7f3d85ddd40f3a7072d0c8f5be74a
13:03:32 T:1910824496 INFO: CDVDPlayerVideo - Stillframe detected, switching to forced 25.000000 fps
13:03:32 T:1910869544 NOTICE: Thread FileCache start, auto delete: false
13:03:32 T:1908748384 DEBUG: video stream stalled. start buffering
13:03:32 T:1908748384 DEBUG: CDVDPlayer::SetCaching - caching state 2
13:03:32 T:1788655912 DEBUG: ------ Window Init (DialogSeekBar.xml) ------
13:03:32 T:1910824496 DEBUG: CAMLCodec::SetSpeed, speed(0)
13:03:32 T:1910869544 INFO: CFileCache::Process - Hit eof.
13:03:32 T:1910869544 DEBUG: Thread FileCache 1910869544 terminating
13:03:32 T:1910940992 DEBUG: CDVDPlayerAudio - CDVDMsg::GENERAL_SYNCHRONIZE
13:03:32 T:1910824496 DEBUG: CDVDPlayerVideo - CDVDMsg::GENERAL_SYNCHRONIZE
13:03:32 T:1908748384 DEBUG: CDVDPlayer::HandleMessages - player started 2
13:03:32 T:1908748384 DEBUG: CDVDPlayer::HandleMessages - player started 1
13:03:32 T:1910824496 DEBUG: CAMLCodec::SetSpeed, speed(0)
13:03:33 T:1848293056 DEBUG: Previous line repeats 14 times.
13:03:33 T:1848293056 DEBUG: CFileCache::Open - opening using cache
13:03:33 T:1848293056 DEBUG: CurlFile::Open(0x73e5e4f0) http://192.168.0.135:8866/service?method=recording.list&filter=ready&sid=63c7f3d85ddd40f3a7072d0c8f5be74a
13:03:33 T:1910824496 DEBUG: CAMLCodec::SetSpeed, speed(0)
13:03:33 T:1877792232 DEBUG: Previous line repeats 19 times.
13:03:33 T:1877792232 NOTICE: Thread FileCache start, auto delete: false
13:03:33 T:1877792232 INFO: CFileCache::Process - Hit eof.
13:03:33 T:1910824496 DEBUG: CAMLCodec::SetSpeed, speed(0)
13:03:33 T:1877792232 DEBUG: Previous line repeats 10 times.
13:03:33 T:1877792232 DEBUG: Thread FileCache 1877792232 terminating
13:03:33 T:1910824496 DEBUG: CAMLCodec::SetSpeed, speed(0)
13:03:33 T:1908748384 DEBUG: Previous line repeats 56 times.
13:03:33 T:1908748384 DEBUG: set caching from pvr to done. audio (1) = 12. video (1) = 16
13:03:33 T:1908748384 DEBUG: CDVDPlayer::SetCaching - caching state 0
13:03:33 T:1910940992 DEBUG: CDVDPlayerAudio - CDVDMsg::GENERAL_RESYNC(10651122111.111113, 1)
13:03:33 T:1910824496 DEBUG: CAMLCodec::SetSpeed, speed(1000)
13:03:33 T:1910824496 DEBUG: CDVDPlayerVideo - CDVDMsg::GENERAL_RESYNC(10651386566.666666, 1)
13:03:33 T:1910824496 INFO: CDVDPlayerVideo - Stillframe left, switching to normal playback
13:03:33 T:1910824496 DEBUG: CDVDPlayerVideo::CalcDropRequirement - hurry: 0
13:03:33 T:1910824496 DEBUG: CDVDPlayerVideo::CalcDropRequirement - hurry: 1
13:03:33 T:1910940992 NOTICE: CDVDPlayerAudio::OutputPacket skipping a packets of duration 32
13:03:34 T:1910824496 NOTICE: Previous line repeats 1 times.
13:03:34 T:1910824496 DEBUG: CDVDPlayerVideo::CalcDropRequirement - hurry: 1
13:03:34 T:1910940992 NOTICE: CDVDPlayerAudio::OutputPacket skipping a packets of duration 32
13:03:34 T:1910824496 NOTICE: Previous line repeats 7 times.
13:03:34 T:1910824496 DEBUG: CDVDPlayerVideo::CalcDropRequirement - hurry: 1
13:03:34 T:1910940992 DEBUG: Previous line repeats 1 times.
13:03:34 T:1910940992 DEBUG: CDVDPlayerAudio::HandleSyncError - average error -11357.839590 below threshold of 50000.000000
13:03:34 T:1910940992 DEBUG: CDVDClock::Discontinuity - CDVDPlayerAudio::HandleSyncError2 - was:10651480266.666666, should be:10651468910.827076, error:-11355.839590
13:03:34 T:1910824496 DEBUG: CDVDPlayerVideo::CalcDropRequirement - hurry: 1
13:03:34 T:1788655912 DEBUG: Previous line repeats 2 times.
13:03:34 T:1788655912 DEBUG: ------ Window Deinit (DialogSeekBar.xml) ------
13:03:34 T:1910824496 DEBUG: CDVDPlayerVideo::CalcDropRequirement - hurry: 1
13:03:34 T:1910824496 DEBUG: Previous line repeats 22 times.
13:03:34 T:1910824496 WARNING: CDVDMessageQueue(video)::Get - asked for new data packet, with nothing available
13:03:34 T:1910824496 DEBUG: CDVDPlayerVideo::CalcDropRequirement - hurry: 0
13:03:34 T:1910824496 DEBUG: CDVDPlayerVideo::CalcDropRequirement - hurry: 1
13:03:34 T:1910824496 DEBUG: CDVDPlayerVideo::CalcDropRequirement - dropped in decoder, Sleeptime: 0.018858, Bufferlevel: 1, Gain: 0.053535
13:03:34 T:1910824496 DEBUG: CDVDPlayerVideo::CalcDropRequirement - hurry: 1
13:03:35 T:1908748384 DEBUG: CDVDPlayer::HandlePlaySpeed set clock adjust: -0.010000
13:03:35 T:1910824496 DEBUG: CDVDPlayerVideo::CalcDropRequirement - hurry: 1
13:03:35 T:1910824496 WARNING: CDVDMessageQueue(video)::Get - asked for new data packet, with nothing available
13:03:35 T:1910824496 DEBUG: CDVDPlayerVideo::CalcDropRequirement - hurry: 0
13:03:35 T:1910824496 DEBUG: Previous line repeats 1 times.
13:03:35 T:1910824496 DEBUG: CDVDPlayerVideo::CalcDropRequirement - hurry: 1
13:03:35 T:1910824496 DEBUG: CDVDPlayerVideo::CalcDropRequirement - dropped in decoder, Sleeptime: 0.030222, Bufferlevel: 1, Gain: 0.055373
13:03:35 T:1910824496 DEBUG: CDVDPlayerVideo::CalcDropRequirement - hurry: 1
13:03:35 T:1910824496 DEBUG: Previous line repeats 2 times.
13:03:35 T:1910824496 WARNING: CDVDMessageQueue(video)::Get - asked for new data packet, with nothing available
13:03:35 T:1910824496 INFO: CDVDPlayerVideo - Stillframe detected, switching to forced 25.000000 fps
13:03:35 T:1908748384 DEBUG: video stream stalled. start buffering
13:03:35 T:1908748384 DEBUG: CDVDPlayer::SetCaching - caching state 2
13:03:35 T:1910824496 DEBUG: CAMLCodec::SetSpeed, speed(0)
13:03:35 T:1788655912 DEBUG: ------ Window Init (DialogSeekBar.xml) ------
13:03:35 T:1910940992 DEBUG: CDVDPlayerAudio - CDVDMsg::GENERAL_SYNCHRONIZE
13:03:35 T:1910824496 DEBUG: CDVDPlayerVideo - CDVDMsg::GENERAL_SYNCHRONIZE
13:03:35 T:1908748384 DEBUG: CDVDPlayer::HandleMessages - player started 2
13:03:35 T:1908748384 DEBUG: CDVDPlayer::HandleMessages - player started 1
13:03:35 T:1910824496 DEBUG: CAMLCodec::SetSpeed, speed(0)
13:03:36 T:1848293056 DEBUG: Previous line repeats 47 times.
13:03:36 T:1848293056 DEBUG: CFileCache::Open - opening using cache
13:03:36 T:1848293056 DEBUG: CurlFile::Open(0x71cedff8) http://192.168.0.135:8866/service?method=recording.recurring.list&sid=63c7f3d85ddd40f3a7072d0c8f5be74a
13:03:36 T:1910824496 DEBUG: CAMLCodec::SetSpeed, speed(0)
13:03:36 T:1942201448 DEBUG: Previous line repeats 36 times.
13:03:36 T:1942201448 NOTICE: Thread FileCache start, auto delete: false
13:03:36 T:1942201448 INFO: CFileCache::Process - Hit eof.
13:03:36 T:1942201448 DEBUG: Thread FileCache 1942201448 terminating
13:03:36 T:1848293056 DEBUG: CFileCache::Open - opening using cache
13:03:36 T:1848293056 DEBUG: CurlFile::Open(0x73ec62d0) http://192.168.0.135:8866/service?method=recording.list&filter=pending&sid=63c7f3d85ddd40f3a7072d0c8f5be74a
13:03:36 T:1911750048 NOTICE: Thread FileCache start, auto delete: false
13:03:36 T:1911750048 INFO: CFileCache::Process - Hit eof.
13:03:36 T:1911750048 DEBUG: Thread FileCache 1911750048 terminating
13:03:36 T:1848293056 DEBUG: CFileCache::Open - opening using cache
13:03:36 T:1848293056 DEBUG: CurlFile::Open(0x6fdbb4c0) http://192.168.0.135:8866/service?method=recording.list&filter=ready&sid=63c7f3d85ddd40f3a7072d0c8f5be74a
13:03:36 T:1908668840 NOTICE: Thread FileCache start, auto delete: false
13:03:36 T:1908668840 INFO: CFileCache::Process - Hit eof.
13:03:36 T:1908668840 DEBUG: Thread FileCache 1908668840 terminating
13:03:36 T:1910824496 DEBUG: CAMLCodec::SetSpeed, speed(0)
13:03:36 T:1908748384 DEBUG: Previous line repeats 17 times.
13:03:36 T:1908748384 DEBUG: set caching from pvr to done. audio (1) = 14. video (1) = 16
13:03:36 T:1908748384 DEBUG: CDVDPlayer::SetCaching - caching state 0
13:03:36 T:1910824496 DEBUG: CAMLCodec::SetSpeed, speed(1000)
13:03:36 T:1910940992 DEBUG: CDVDPlayerAudio - CDVDMsg::GENERAL_RESYNC(10654002111.111111, 1)
13:03:36 T:1910824496 DEBUG: CDVDPlayerVideo - CDVDMsg::GENERAL_RESYNC(10654422933.333334, 1)
13:03:36 T:1910824496 INFO: CDVDPlayerVideo - Stillframe left, switching to normal playback
13:03:36 T:1910824496 DEBUG: CDVDPlayerVideo::CalcDropRequirement - hurry: 0
13:03:36 T:1910940992 NOTICE: CDVDPlayerAudio::OutputPacket skipping a packets of duration 32
13:03:36 T:1910824496 NOTICE: Previous line repeats 3 times.
