12:53:31 T:1848293056 DEBUG: CurlFile::Open(0x73dc6980) http://192.168.0.135:8866/service?method=recording.recurring.list&sid=63c7f3d85ddd40f3a7072d0c8f5be74a
12:53:31 T:1970268160 NOTICE: Thread FileCache start, auto delete: false
12:53:31 T:1970268160 INFO: CFileCache::Process - Hit eof.
12:53:31 T:1970268160 DEBUG: Thread FileCache 1970268160 terminating
12:53:31 T:1848293056 DEBUG: CFileCache::Open - opening using cache
12:53:31 T:1848293056 DEBUG: CurlFile::Open(0x73dc6980) http://192.168.0.135:8866/service?method=recording.list&filter=pending&sid=63c7f3d85ddd40f3a7072d0c8f5be74a
12:53:31 T:1970268160 NOTICE: Thread FileCache start, auto delete: false
12:53:31 T:1970268160 INFO: CFileCache::Process - Hit eof.
12:53:31 T:1970268160 DEBUG: Thread FileCache 1970268160 terminating
12:53:31 T:1848293056 DEBUG: CFileCache::Open - opening using cache
12:53:31 T:1848293056 DEBUG: CurlFile::Open(0x73dc6980) http://192.168.0.135:8866/service?method=recording.list&filter=ready&sid=63c7f3d85ddd40f3a7072d0c8f5be74a
12:53:31 T:1970268160 NOTICE: Thread FileCache start, auto delete: false
12:53:31 T:1970268160 INFO: CFileCache::Process - Hit eof.
12:53:31 T:1970268160 DEBUG: Thread FileCache 1970268160 terminating
12:53:34 T:1848293056 DEBUG: CFileCache::Open - opening using cache
12:53:34 T:1848293056 DEBUG: CurlFile::Open(0x73dc6980) http://192.168.0.135:8866/service?method=recording.recurring.list&sid=63c7f3d85ddd40f3a7072d0c8f5be74a
12:53:34 T:1970268160 NOTICE: Thread FileCache start, auto delete: false
12:53:34 T:1970268160 INFO: CFileCache::Process - Hit eof.
12:53:34 T:1970268160 DEBUG: Thread FileCache 1970268160 terminating
12:53:34 T:1848293056 DEBUG: CFileCache::Open - opening using cache
12:53:34 T:1848293056 DEBUG: CurlFile::Open(0x73dc6980) http://192.168.0.135:8866/service?method=recording.list&filter=pending&sid=63c7f3d85ddd40f3a7072d0c8f5be74a
12:53:34 T:1970268160 NOTICE: Thread FileCache start, auto delete: false
12:53:34 T:1970268160 INFO: CFileCache::Process - Hit eof.
12:53:34 T:1970268160 DEBUG: Thread FileCache 1970268160 terminating
12:53:35 T:1848293056 DEBUG: CFileCache::Open - opening using cache
12:53:35 T:1848293056 DEBUG: CurlFile::Open(0x73da5eb0) http://192.168.0.135:8866/service?method=recording.list&filter=ready&sid=63c7f3d85ddd40f3a7072d0c8f5be74a
12:53:35 T:1970268160 NOTICE: Thread FileCache start, auto delete: false
12:53:35 T:1970268160 INFO: CFileCache::Process - Hit eof.
12:53:35 T:1970268160 DEBUG: Thread FileCache 1970268160 terminating
12:53:37 T:1788655912 DEBUG: Keyboard: scancode: 0x13, sym: 0x0111, unicode: 0x0000, modifier: 0x0
12:53:37 T:1788655912 DEBUG: bool CInputManager::OnKey(const CKey&): up (0xf080) pressed, action is Up
12:53:37 T:1843651272 DEBUG: static std::string CTextureCacheJob::GetImageHash(const string&) - unable to stat url /service?method=channel.show.artwork&sid=ec908615694a41b2bdb61dd237ad6116&event_id=4814660
12:53:38 T:1848293056 DEBUG: CFileCache::Open - opening using cache
12:53:38 T:1848293056 DEBUG: CurlFile::Open(0x73dc6980) http://192.168.0.135:8866/service?method=recording.recurring.list&sid=63c7f3d85ddd40f3a7072d0c8f5be74a
12:53:38 T:1970268160 NOTICE: Thread FileCache start, auto delete: false
12:53:38 T:1970268160 INFO: CFileCache::Process - Hit eof.
12:53:38 T:1970268160 DEBUG: Thread FileCache 1970268160 terminating
12:53:38 T:1848293056 DEBUG: CFileCache::Open - opening using cache
12:53:38 T:1848293056 DEBUG: CurlFile::Open(0x73dc6980) http://192.168.0.135:8866/service?method=recording.list&filter=pending&sid=63c7f3d85ddd40f3a7072d0c8f5be74a
12:53:38 T:1970268160 NOTICE: Thread FileCache start, auto delete: false
12:53:38 T:1970268160 INFO: CFileCache::Process - Hit eof.
12:53:38 T:1970268160 DEBUG: Thread FileCache 1970268160 terminating
12:53:38 T:1848293056 DEBUG: CFileCache::Open - opening using cache
12:53:38 T:1848293056 DEBUG: CurlFile::Open(0x73dc6980) http://192.168.0.135:8866/service?method=recording.list&filter=ready&sid=63c7f3d85ddd40f3a7072d0c8f5be74a
12:53:38 T:1970268160 NOTICE: Thread FileCache start, auto delete: false
12:53:38 T:1970268160 INFO: CFileCache::Process - Hit eof.
12:53:38 T:1970268160 DEBUG: Thread FileCache 1970268160 terminating
12:53:38 T:1788655912 DEBUG: Keyboard: scancode: 0x14, sym: 0x0112, unicode: 0x0000, modifier: 0x0
12:53:38 T:1788655912 DEBUG: bool CInputManager::OnKey(const CKey&): down (0xf081) pressed, action is Down
12:53:38 T:1839317520 DEBUG: static std::string CTextureCacheJob::GetImageHash(const string&) - unable to stat url /service?method=channel.show.artwork&sid=ec908615694a41b2bdb61dd237ad6116&event_id=4814734
12:53:39 T:1788655912 DEBUG: Keyboard: scancode: 0x16, sym: 0x0113, unicode: 0x0000, modifier: 0x0
12:53:39 T:1788655912 DEBUG: bool CInputManager::OnKey(const CKey&): right (0xf083) pressed, action is Right
12:53:39 T:1878747376 DEBUG: static std::string CTextureCacheJob::GetImageHash(const string&) - unable to stat url /service?method=channel.show.artwork&sid=ec908615694a41b2bdb61dd237ad6116&event_id=4814735
12:53:40 T:1788655912 DEBUG: Keyboard: scancode: 0x13, sym: 0x0111, unicode: 0x0000, modifier: 0x0
12:53:40 T:1788655912 DEBUG: bool CInputManager::OnKey(const CKey&): up (0xf080) pressed, action is Up
12:53:40 T:1843651272 DEBUG: static std::string CTextureCacheJob::GetImageHash(const string&) - unable to stat url /service?method=channel.show.artwork&sid=ec908615694a41b2bdb61dd237ad6116&event_id=4814660
12:53:41 T:1788655912 DEBUG: Keyboard: scancode: 0x13, sym: 0x0111, unicode: 0x0000, modifier: 0x0
12:53:41 T:1788655912 DEBUG: bool CInputManager::OnKey(const CKey&): up (0xf080) pressed, action is Up
12:53:41 T:1839317520 DEBUG: static std::string CTextureCacheJob::GetImageHash(const string&) - unable to stat url /service?method=channel.show.artwork&sid=ec908615694a41b2bdb61dd237ad6116&event_id=4814646
12:53:41 T:1848293056 DEBUG: CFileCache::Open - opening using cache
12:53:41 T:1848293056 DEBUG: CurlFile::Open(0x716c3a70) http://192.168.0.135:8866/service?method=recording.recurring.list&sid=63c7f3d85ddd40f3a7072d0c8f5be74a
12:53:41 T:1970268160 NOTICE: Thread FileCache start, auto delete: false
12:53:41 T:1970268160 INFO: CFileCache::Process - Hit eof.
12:53:41 T:1970268160 DEBUG: Thread FileCache 1970268160 terminating
12:53:41 T:1848293056 DEBUG: CFileCache::Open - opening using cache
12:53:41 T:1848293056 DEBUG: CurlFile::Open(0x716c3a70) http://192.168.0.135:8866/service?method=recording.list&filter=pending&sid=63c7f3d85ddd40f3a7072d0c8f5be74a
12:53:41 T:1970268160 NOTICE: Thread FileCache start, auto delete: false
12:53:41 T:1970268160 INFO: CFileCache::Process - Hit eof.
12:53:41 T:1970268160 DEBUG: Thread FileCache 1970268160 terminating
12:53:41 T:1848293056 DEBUG: CFileCache::Open - opening using cache
12:53:41 T:1848293056 DEBUG: CurlFile::Open(0x73dc6980) http://192.168.0.135:8866/service?method=recording.list&filter=ready&sid=63c7f3d85ddd40f3a7072d0c8f5be74a
12:53:41 T:1970268160 NOTICE: Thread FileCache start, auto delete: false
12:53:41 T:1970268160 INFO: CFileCache::Process - Hit eof.
12:53:41 T:1970268160 DEBUG: Thread FileCache 1970268160 terminating
12:53:42 T:1788655912 DEBUG: Keyboard: scancode: 0x13, sym: 0x0111, unicode: 0x0000, modifier: 0x0
12:53:42 T:1788655912 DEBUG: bool CInputManager::OnKey(const CKey&): up (0xf080) pressed, action is Up
12:53:42 T:1878747376 DEBUG: static std::string CTextureCacheJob::GetImageHash(const string&) - unable to stat url /service?method=channel.show.artwork&sid=ec908615694a41b2bdb61dd237ad6116&event_id=4814632
12:53:42 T:1788655912 DEBUG: Keyboard: scancode: 0x13, sym: 0x0111, unicode: 0x0000, modifier: 0x0
12:53:42 T:1788655912 DEBUG: bool CInputManager::OnKey(const CKey&): up (0xf080) pressed, action is Up
12:53:42 T:1843651272 DEBUG: static std::string CTextureCacheJob::GetImageHash(const string&) - unable to stat url /service?method=channel.show.artwork&sid=ec908615694a41b2bdb61dd237ad6116&event_id=4814618
12:53:44 T:1848293056 DEBUG: CFileCache::Open - opening using cache
12:53:44 T:1848293056 DEBUG: CurlFile::Open(0x756ff838) http://192.168.0.135:8866/service?method=recording.recurring.list&sid=63c7f3d85ddd40f3a7072d0c8f5be74a
12:53:44 T:1970268160 NOTICE: Thread FileCache start, auto delete: false
12:53:44 T:1970268160 INFO: CFileCache::Process - Hit eof.
12:53:45 T:1970268160 DEBUG: Thread FileCache 1970268160 terminating
12:53:45 T:1848293056 DEBUG: CFileCache::Open - opening using cache
12:53:45 T:1848293056 DEBUG: CurlFile::Open(0x73da6088) http://192.168.0.135:8866/service?method=recording.list&filter=pending&sid=63c7f3d85ddd40f3a7072d0c8f5be74a
12:53:45 T:1970268160 NOTICE: Thread FileCache start, auto delete: false
12:53:45 T:1970268160 INFO: CFileCache::Process - Hit eof.
12:53:45 T:1970268160 DEBUG: Thread FileCache 1970268160 terminating
12:53:45 T:1848293056 DEBUG: CFileCache::Open - opening using cache
12:53:45 T:1848293056 DEBUG: CurlFile::Open(0x756ff838) http://192.168.0.135:8866/service?method=recording.list&filter=ready&sid=63c7f3d85ddd40f3a7072d0c8f5be74a
12:53:45 T:1970268160 NOTICE: Thread FileCache start, auto delete: false
12:53:45 T:1970268160 INFO: CFileCache::Process - Hit eof.
12:53:45 T:1970268160 DEBUG: Thread FileCache 1970268160 terminating
12:53:46 T:1788655912 DEBUG: Keyboard: scancode: 0x14, sym: 0x0112, unicode: 0x0000, modifier: 0x0
12:53:46 T:1788655912 DEBUG: bool CInputManager::OnKey(const CKey&): down (0xf081) pressed, action is Down
12:53:46 T:1839317520 DEBUG: static std::string CTextureCacheJob::GetImageHash(const string&) - unable to stat url /service?method=channel.show.artwork&sid=ec908615694a41b2bdb61dd237ad6116&event_id=4814632
12:53:46 T:1788655912 DEBUG: Keyboard: scancode: 0x14, sym: 0x0112, unicode: 0x0000, modifier: 0x0
12:53:46 T:1788655912 DEBUG: bool CInputManager::OnKey(const CKey&): down (0xf081) pressed, action is Down
12:53:46 T:1878747376 DEBUG: static std::string CTextureCacheJob::GetImageHash(const string&) - unable to stat url /service?method=channel.show.artwork&sid=ec908615694a41b2bdb61dd237ad6116&event_id=4814646
12:53:46 T:1788655912 DEBUG: Keyboard: scancode: 0x14, sym: 0x0112, unicode: 0x0000, modifier: 0x0
12:53:46 T:1788655912 DEBUG: bool CInputManager::OnKey(const CKey&): down (0xf081) pressed, action is Down
12:53:46 T:1843651272 DEBUG: static std::string CTextureCacheJob::GetImageHash(const string&) - unable to stat url /service?method=channel.show.artwork&sid=ec908615694a41b2bdb61dd237ad6116&event_id=4814660
12:53:46 T:1788655912 DEBUG: Keyboard: scancode: 0x14, sym: 0x0112, unicode: 0x0000, modifier: 0x0
12:53:46 T:1788655912 DEBUG: bool CInputManager::OnKey(const CKey&): down (0xf081) pressed, action is Down
12:53:46 T:1839317520 DEBUG: static std::string CTextureCacheJob::GetImageHash(const string&) - unable to stat url /service?method=channel.show.artwork&sid=ec908615694a41b2bdb61dd237ad6116&event_id=4814734
12:53:47 T:1788655912 DEBUG: Keyboard: scancode: 0x16, sym: 0x0113, unicode: 0x0000, modifier: 0x0
12:53:47 T:1788655912 DEBUG: bool CInputManager::OnKey(const CKey&): right (0xf083) pressed, action is Right
12:53:47 T:1878747376 DEBUG: static std::string CTextureCacheJob::GetImageHash(const string&) - unable to stat url /service?method=channel.show.artwork&sid=ec908615694a41b2bdb61dd237ad6116&event_id=4814735
12:53:48 T:1788655912 DEBUG: Keyboard: scancode: 0x13, sym: 0x0111, unicode: 0x0000, modifier: 0x0
12:53:48 T:1788655912 DEBUG: bool CInputManager::OnKey(const CKey&): up (0xf080) pressed, action is Up
12:53:48 T:1843651272 DEBUG: static std::string CTextureCacheJob::GetImageHash(const string&) - unable to stat url /service?method=channel.show.artwork&sid=ec908615694a41b2bdb61dd237ad6116&event_id=4814660
12:53:48 T:1848293056 DEBUG: CFileCache::Open - opening using cache
12:53:48 T:1848293056 DEBUG: CurlFile::Open(0x73da6088) http://192.168.0.135:8866/service?method=recording.recurring.list&sid=63c7f3d85ddd40f3a7072d0c8f5be74a
12:53:48 T:1943776352 NOTICE: Thread FileCache start, auto delete: false
12:53:48 T:1788655912 DEBUG: Keyboard: scancode: 0x13, sym: 0x0111, unicode: 0x0000, modifier: 0x0
12:53:48 T:1788655912 DEBUG: bool CInputManager::OnKey(const CKey&): up (0xf080) pressed, action is Up
12:53:48 T:1943776352 INFO: CFileCache::Process - Hit eof.
12:53:48 T:1943776352 DEBUG: Thread FileCache 1943776352 terminating
12:53:48 T:1839317520 DEBUG: static std::string CTextureCacheJob::GetImageHash(const string&) - unable to stat url /service?method=channel.show.artwork&sid=ec908615694a41b2bdb61dd237ad6116&event_id=4814646
12:53:48 T:1848293056 DEBUG: CFileCache::Open - opening using cache
12:53:48 T:1848293056 DEBUG: CurlFile::Open(0x756ff838) http://192.168.0.135:8866/service?method=recording.list&filter=pending&sid=63c7f3d85ddd40f3a7072d0c8f5be74a
12:53:48 T:1943528520 NOTICE: Thread FileCache start, auto delete: false
12:53:48 T:1943528520 INFO: CFileCache::Process - Hit eof.
12:53:48 T:1943528520 DEBUG: Thread FileCache 1943528520 terminating
12:53:48 T:1848293056 DEBUG: CFileCache::Open - opening using cache
12:53:48 T:1848293056 DEBUG: CurlFile::Open(0x7163fb98) http://192.168.0.135:8866/service?method=recording.list&filter=ready&sid=63c7f3d85ddd40f3a7072d0c8f5be74a
12:53:48 T:1788655912 DEBUG: Keyboard: scancode: 0x13, sym: 0x0111, unicode: 0x0000, modifier: 0x0
12:53:48 T:1788655912 DEBUG: bool CInputManager::OnKey(const CKey&): up (0xf080) pressed, action is Up
12:53:48 T:1943528520 NOTICE: Thread FileCache start, auto delete: false
12:53:48 T:1943528520 INFO: CFileCache::Process - Hit eof.
12:53:48 T:1878747376 DEBUG: static std::string CTextureCacheJob::GetImageHash(const string&) - unable to stat url /service?method=channel.show.artwork&sid=ec908615694a41b2bdb61dd237ad6116&event_id=4814632
12:53:48 T:1943528520 DEBUG: Thread FileCache 1943528520 terminating
12:53:49 T:1788655912 DEBUG: Keyboard: scancode: 0x13, sym: 0x0111, unicode: 0x0000, modifier: 0x0
12:53:49 T:1788655912 DEBUG: bool CInputManager::OnKey(const CKey&): up (0xf080) pressed, action is Up
12:53:49 T:1878747376 DEBUG: static std::string CTextureCacheJob::GetImageHash(const string&) - unable to stat url /service?method=channel.show.artwork&sid=ec908615694a41b2bdb61dd237ad6116&event_id=4814618
12:53:49 T:1788655912 DEBUG: Keyboard: scancode: 0x13, sym: 0x0111, unicode: 0x0000, modifier: 0x0
12:53:49 T:1788655912 DEBUG: bool CInputManager::OnKey(const CKey&): up (0xf080) pressed, action is Up
12:53:49 T:1843651272 DEBUG: static std::string CTextureCacheJob::GetImageHash(const string&) - unable to stat url /service?method=channel.show.artwork&sid=ec908615694a41b2bdb61dd237ad6116&event_id=4814089
12:53:49 T:1788655912 DEBUG: Keyboard: scancode: 0x13, sym: 0x0111, unicode: 0x0000, modifier: 0x0
12:53:49 T:1788655912 DEBUG: bool CInputManager::OnKey(const CKey&): up (0xf080) pressed, action is Up
12:53:49 T:1878747376 DEBUG: static std::string CTextureCacheJob::GetImageHash(const string&) - unable to stat url /service?method=channel.show.artwork&sid=ec908615694a41b2bdb61dd237ad6116&event_id=4813828
12:53:50 T:1788655912 DEBUG: Keyboard: scancode: 0x13, sym: 0x0111, unicode: 0x0000, modifier: 0x0
12:53:50 T:1788655912 DEBUG: bool CInputManager::OnKey(const CKey&): up (0xf080) pressed, action is Up
12:53:50 T:1843651272 DEBUG: static std::string CTextureCacheJob::GetImageHash(const string&) - unable to stat url /service?method=channel.show.artwork&sid=ec908615694a41b2bdb61dd237ad6116&event_id=4813286
12:53:51 T:1788655912 DEBUG: Keyboard: scancode: 0x13, sym: 0x0111, unicode: 0x0000, modifier: 0x0
12:53:51 T:1788655912 DEBUG: bool CInputManager::OnKey(const CKey&): up (0xf080) pressed, action is Up
12:53:51 T:1839317520 DEBUG: static std::string CTextureCacheJob::GetImageHash(const string&) - unable to stat url /service?method=channel.show.artwork&sid=ec908615694a41b2bdb61dd237ad6116&event_id=4812744
12:53:51 T:1848293056 DEBUG: CFileCache::Open - opening using cache
12:53:51 T:1848293056 DEBUG: CurlFile::Open(0x756ff838) http://192.168.0.135:8866/service?method=recording.recurring.list&sid=63c7f3d85ddd40f3a7072d0c8f5be74a
12:53:51 T:1971016136 NOTICE: Thread FileCache start, auto delete: false
12:53:51 T:1971016136 INFO: CFileCache::Process - Hit eof.
12:53:51 T:1971016136 DEBUG: Thread FileCache 1971016136 terminating
12:53:51 T:1848293056 DEBUG: CFileCache::Open - opening using cache
12:53:51 T:1848293056 DEBUG: CurlFile::Open(0x756ff838) http://192.168.0.135:8866/service?method=recording.list&filter=pending&sid=63c7f3d85ddd40f3a7072d0c8f5be74a
12:53:51 T:1971016136 NOTICE: Thread FileCache start, auto delete: false
12:53:51 T:1971016136 INFO: CFileCache::Process - Hit eof.
12:53:51 T:1971016136 DEBUG: Thread FileCache 1971016136 terminating
12:53:51 T:1788655912 DEBUG: Keyboard: scancode: 0x13, sym: 0x0111, unicode: 0x0000, modifier: 0x0
12:53:51 T:1788655912 DEBUG: bool CInputManager::OnKey(const CKey&): up (0xf080) pressed, action is Up
12:53:51 T:1848293056 DEBUG: CFileCache::Open - opening using cache
12:53:51 T:1848293056 DEBUG: CurlFile::Open(0x756ff838) http://192.168.0.135:8866/service?method=recording.list&filter=ready&sid=63c7f3d85ddd40f3a7072d0c8f5be74a
12:53:51 T:1878747376 DEBUG: static std::string CTextureCacheJob::GetImageHash(const string&) - unable to stat url /service?method=channel.show.artwork&sid=ec908615694a41b2bdb61dd237ad6116&event_id=4812182
12:53:52 T:1942824512 NOTICE: Thread FileCache start, auto delete: false
12:53:52 T:1942824512 INFO: CFileCache::Process - Hit eof.
12:53:52 T:1942824512 DEBUG: Thread FileCache 1942824512 terminating
12:53:52 T:1788655912 DEBUG: Keyboard: scancode: 0x13, sym: 0x0111, unicode: 0x0000, modifier: 0x0
12:53:52 T:1788655912 DEBUG: bool CInputManager::OnKey(const CKey&): up (0xf080) pressed, action is Up
12:53:52 T:1839317520 DEBUG: static std::string CTextureCacheJob::GetImageHash(const string&) - unable to stat url /service?method=channel.show.artwork&sid=ec908615694a41b2bdb61dd237ad6116&event_id=4811655
12:53:52 T:1788655912 DEBUG: Keyboard: scancode: 0x13, sym: 0x0111, unicode: 0x0000, modifier: 0x0
12:53:52 T:1788655912 DEBUG: bool CInputManager::OnKey(const CKey&): up (0xf080) pressed, action is Up
12:53:52 T:1843651272 DEBUG: static std::string CTextureCacheJob::GetImageHash(const string&) - unable to stat url /service?method=channel.show.artwork&sid=ec908615694a41b2bdb61dd237ad6116&event_id=4811406
12:53:54 T:1788655912 DEBUG: Keyboard: scancode: 0x14, sym: 0x0112, unicode: 0x0000, modifier: 0x0
12:53:54 T:1788655912 DEBUG: bool CInputManager::OnKey(const CKey&): down (0xf081) pressed, action is Down
12:53:54 T:1839317520 DEBUG: static std::string CTextureCacheJob::GetImageHash(const string&) - unable to stat url /service?method=channel.show.artwork&sid=ec908615694a41b2bdb61dd237ad6116&event_id=4811655
12:53:54 T:1788655912 DEBUG: Keyboard: scancode: 0x16, sym: 0x0113, unicode: 0x0000, modifier: 0x0
12:53:54 T:1788655912 DEBUG: bool CInputManager::OnKey(const CKey&): right (0xf083) pressed, action is Right
12:53:54 T:1878747376 DEBUG: static std::string CTextureCacheJob::GetImageHash(const string&) - unable to stat url /service?method=channel.show.artwork&sid=ec908615694a41b2bdb61dd237ad6116&event_id=4811656
12:53:55 T:1848293056 DEBUG: CFileCache::Open - opening using cache
12:53:55 T:1848293056 DEBUG: CurlFile::Open(0x6a9da1a8) http://192.168.0.135:8866/service?method=recording.recurring.list&sid=63c7f3d85ddd40f3a7072d0c8f5be74a
12:53:55 T:1942307800 NOTICE: Thread FileCache start, auto delete: false
12:53:55 T:1942307800 INFO: CFileCache::Process - Hit eof.
12:53:55 T:1942307800 DEBUG: Thread FileCache 1942307800 terminating
12:53:55 T:1848293056 DEBUG: CFileCache::Open - opening using cache
12:53:55 T:1848293056 DEBUG: CurlFile::Open(0x73dbb818) http://192.168.0.135:8866/service?method=recording.list&filter=pending&sid=63c7f3d85ddd40f3a7072d0c8f5be74a
12:53:55 T:1788655912 DEBUG: Keyboard: scancode: 0x16, sym: 0x0113, unicode: 0x0000, modifier: 0x0
12:53:55 T:1788655912 DEBUG: bool CInputManager::OnKey(const CKey&): right (0xf083) pressed, action is Right
12:53:55 T:1843651272 DEBUG: static std::string CTextureCacheJob::GetImageHash(const string&) - unable to stat url /service?method=channel.show.artwork&sid=ec908615694a41b2bdb61dd237ad6116&event_id=4811657
12:53:55 T:1943352840 NOTICE: Thread FileCache start, auto delete: false
12:53:55 T:1943352840 INFO: CFileCache::Process - Hit eof.
12:53:55 T:1943352840 DEBUG: Thread FileCache 1943352840 terminating
12:53:55 T:1848293056 DEBUG: CFileCache::Open - opening using cache
12:53:55 T:1848293056 DEBUG: CurlFile::Open(0x75705c28) http://192.168.0.135:8866/service?method=recording.list&filter=ready&sid=63c7f3d85ddd40f3a7072d0c8f5be74a
12:53:55 T:1913122160 NOTICE: Thread FileCache start, auto delete: false
12:53:55 T:1913122160 INFO: CFileCache::Process - Hit eof.
12:53:55 T:1913122160 DEBUG: Thread FileCache 1913122160 terminating
12:53:55 T:1788655912 DEBUG: Keyboard: scancode: 0x13, sym: 0x0111, unicode: 0x0000, modifier: 0x0
12:53:55 T:1788655912 DEBUG: bool CInputManager::OnKey(const CKey&): up (0xf080) pressed, action is Up
12:53:55 T:1843651272 DEBUG: static std::string CTextureCacheJob::GetImageHash(const string&) - unable to stat url /service?method=channel.show.artwork&sid=ec908615694a41b2bdb61dd237ad6116&event_id=4811407
12:53:56 T:1788655912 DEBUG: Keyboard: scancode: 0x13, sym: 0x0111, unicode: 0x0000, modifier: 0x0
12:53:56 T:1788655912 DEBUG: bool CInputManager::OnKey(const CKey&): up (0xf080) pressed, action is Up
12:53:56 T:1878747376 DEBUG: static std::string CTextureCacheJob::GetImageHash(const string&) - unable to stat url /service?method=channel.show.artwork&sid=ec908615694a41b2bdb61dd237ad6116&event_id=4810999
12:53:56 T:1788655912 DEBUG: Keyboard: scancode: 0x13, sym: 0x0111, unicode: 0x0000, modifier: 0x0
12:53:56 T:1788655912 DEBUG: bool CInputManager::OnKey(const CKey&): up (0xf080) pressed, action is Up
12:53:56 T:1878747376 DEBUG: static std::string CTextureCacheJob::GetImageHash(const string&) - unable to stat url /service?method=channel.show.artwork&sid=ec908615694a41b2bdb61dd237ad6116&event_id=4840274
12:53:57 T:1788655912 DEBUG: Keyboard: scancode: 0x14, sym: 0x0112, unicode: 0x0000, modifier: 0x0
12:53:57 T:1788655912 DEBUG: bool CInputManager::OnKey(const CKey&): down (0xf081) pressed, action is Down
12:53:57 T:1843651272 DEBUG: static std::string CTextureCacheJob::GetImageHash(const string&) - unable to stat url /service?method=channel.show.artwork&sid=ec908615694a41b2bdb61dd237ad6116&event_id=4810998
12:53:58 T:1848293056 DEBUG: CFileCache::Open - opening using cache
12:53:58 T:1848293056 DEBUG: CurlFile::Open(0x73c67150) http://192.168.0.135:8866/service?method=recording.recurring.list&sid=63c7f3d85ddd40f3a7072d0c8f5be74a
12:53:58 T:1942435592 NOTICE: Thread FileCache start, auto delete: false
12:53:58 T:1942435592 INFO: CFileCache::Process - Hit eof.
12:53:58 T:1942435592 DEBUG: Thread FileCache 1942435592 terminating
12:53:58 T:1848293056 DEBUG: CFileCache::Open - opening using cache
12:53:58 T:1848293056 DEBUG: CurlFile::Open(0x73c67150) http://192.168.0.135:8866/service?method=recording.list&filter=pending&sid=63c7f3d85ddd40f3a7072d0c8f5be74a
12:53:58 T:1942640352 NOTICE: Thread FileCache start, auto delete: false
12:53:58 T:1942640352 INFO: CFileCache::Process - Hit eof.
12:53:58 T:1942640352 DEBUG: Thread FileCache 1942640352 terminating
12:53:58 T:1848293056 DEBUG: CFileCache::Open - opening using cache
12:53:58 T:1848293056 DEBUG: CurlFile::Open(0x73c67150) http://192.168.0.135:8866/service?method=recording.list&filter=ready&sid=63c7f3d85ddd40f3a7072d0c8f5be74a
12:53:58 T:1943861840 NOTICE: Thread FileCache start, auto delete: false
12:53:58 T:1943861840 INFO: CFileCache::Process - Hit eof.
12:53:58 T:1943861840 DEBUG: Thread FileCache 1943861840 terminating
12:53:58 T:1788655912 DEBUG: Keyboard: scancode: 0x16, sym: 0x0113, unicode: 0x0000, modifier: 0x0
12:53:58 T:1788655912 DEBUG: bool CInputManager::OnKey(const CKey&): right (0xf083) pressed, action is Right
12:53:58 T:1843651272 DEBUG: static std::string CTextureCacheJob::GetImageHash(const string&) - unable to stat url /service?method=channel.show.artwork&sid=ec908615694a41b2bdb61dd237ad6116&event_id=4810999
12:53:59 T:1788655912 DEBUG: Keyboard: scancode: 0x16, sym: 0x0113, unicode: 0x0000, modifier: 0x0
12:53:59 T:1788655912 DEBUG: bool CInputManager::OnKey(const CKey&): right (0xf083) pressed, action is Right
12:53:59 T:1839317520 DEBUG: static std::string CTextureCacheJob::GetImageHash(const string&) - unable to stat url /service?method=channel.show.artwork&sid=ec908615694a41b2bdb61dd237ad6116&event_id=4811000
12:54:00 T:1788655912 DEBUG: Keyboard: scancode: 0x16, sym: 0x0113, unicode: 0x0000, modifier: 0x0
12:54:00 T:1788655912 DEBUG: bool CInputManager::OnKey(const CKey&): right (0xf083) pressed, action is Right
12:54:00 T:1839317520 DEBUG: static std::string CTextureCacheJob::GetImageHash(const string&) - unable to stat url /service?method=channel.show.artwork&sid=ec908615694a41b2bdb61dd237ad6116&event_id=4811001
12:54:00 T:1788655912 DEBUG: Keyboard: scancode: 0x16, sym: 0x0113, unicode: 0x0000, modifier: 0x0
12:54:00 T:1788655912 DEBUG: bool CInputManager::OnKey(const CKey&): right (0xf083) pressed, action is Right
12:54:01 T:1848293056 DEBUG: CFileCache::Open - opening using cache
12:54:01 T:1848293056 DEBUG: CurlFile::Open(0x6e020a98) http://192.168.0.135:8866/service?method=recording.recurring.list&sid=63c7f3d85ddd40f3a7072d0c8f5be74a
12:54:01 T:1942824512 NOTICE: Thread FileCache start, auto delete: false
12:54:01 T:1942824512 INFO: CFileCache::Process - Hit eof.
12:54:01 T:1942824512 DEBUG: Thread FileCache 1942824512 terminating
12:54:01 T:1848293056 DEBUG: CFileCache::Open - opening using cache
12:54:01 T:1848293056 DEBUG: CurlFile::Open(0x710bbba8) http://192.168.0.135:8866/service?method=recording.list&filter=pending&sid=63c7f3d85ddd40f3a7072d0c8f5be74a
12:54:02 T:1942824512 NOTICE: Thread FileCache start, auto delete: false
12:54:02 T:1942824512 INFO: CFileCache::Process - Hit eof.
12:54:02 T:1942824512 DEBUG: Thread FileCache 1942824512 terminating
12:54:02 T:1848293056 DEBUG: CFileCache::Open - opening using cache
12:54:02 T:1848293056 DEBUG: CurlFile::Open(0x710bbba8) http://192.168.0.135:8866/service?method=recording.list&filter=ready&sid=63c7f3d85ddd40f3a7072d0c8f5be74a
12:54:02 T:1942824512 NOTICE: Thread FileCache start, auto delete: false
12:54:02 T:1942824512 INFO: CFileCache::Process - Hit eof.
12:54:02 T:1788655912 DEBUG: Keyboard: scancode: 0x14, sym: 0x0112, unicode: 0x0000, modifier: 0x0
12:54:02 T:1788655912 DEBUG: bool CInputManager::OnKey(const CKey&): down (0xf081) pressed, action is Down
12:54:02 T:1878747376 DEBUG: static std::string CTextureCacheJob::GetImageHash(const string&) - unable to stat url /service?method=channel.show.artwork&sid=ec908615694a41b2bdb61dd237ad6116&event_id=4811407
12:54:02 T:1942824512 DEBUG: Thread FileCache 1942824512 terminating
12:54:02 T:1788655912 DEBUG: Keyboard: scancode: 0x14, sym: 0x0112, unicode: 0x0000, modifier: 0x0
12:54:02 T:1788655912 DEBUG: bool CInputManager::OnKey(const CKey&): down (0xf081) pressed, action is Down
12:54:02 T:1839317520 DEBUG: static std::string CTextureCacheJob::GetImageHash(const string&) - unable to stat url /service?method=channel.show.artwork&sid=ec908615694a41b2bdb61dd237ad6116&event_id=4811657
12:54:02 T:1788655912 DEBUG: Keyboard: scancode: 0x14, sym: 0x0112, unicode: 0x0000, modifier: 0x0
12:54:02 T:1788655912 DEBUG: bool CInputManager::OnKey(const CKey&): down (0xf081) pressed, action is Down
12:54:02 T:1843651272 DEBUG: static std::string CTextureCacheJob::GetImageHash(const string&) - unable to stat url /service?method=channel.show.artwork&sid=ec908615694a41b2bdb61dd237ad6116&event_id=4812184
12:54:02 T:1788655912 DEBUG: Keyboard: scancode: 0x14, sym: 0x0112, unicode: 0x0000, modifier: 0x0
12:54:02 T:1788655912 DEBUG: bool CInputManager::OnKey(const CKey&): down (0xf081) pressed, action is Down
12:54:03 T:1839317520 DEBUG: static std::string CTextureCacheJob::GetImageHash(const string&) - unable to stat url /service?method=channel.show.artwork&sid=ec908615694a41b2bdb61dd237ad6116&event_id=4812746
12:54:03 T:1788655912 DEBUG: Keyboard: scancode: 0x13, sym: 0x0111, unicode: 0x0000, modifier: 0x0
12:54:03 T:1788655912 DEBUG: bool CInputManager::OnKey(const CKey&): up (0xf080) pressed, action is Up
12:54:03 T:1878747376 DEBUG: static std::string CTextureCacheJob::GetImageHash(const string&) - unable to stat url /service?method=channel.show.artwork&sid=ec908615694a41b2bdb61dd237ad6116&event_id=4812184
12:54:03 T:1788655912 DEBUG: Keyboard: scancode: 0x13, sym: 0x0111, unicode: 0x0000, modifier: 0x0
12:54:03 T:1788655912 DEBUG: bool CInputManager::OnKey(const CKey&): up (0xf080) pressed, action is Up
12:54:03 T:1843651272 DEBUG: static std::string CTextureCacheJob::GetImageHash(const string&) - unable to stat url /service?method=channel.show.artwork&sid=ec908615694a41b2bdb61dd237ad6116&event_id=4811657
12:54:04 T:1788655912 DEBUG: Keyboard: scancode: 0x14, sym: 0x0112, unicode: 0x0000, modifier: 0x0
12:54:04 T:1788655912 DEBUG: bool CInputManager::OnKey(const CKey&): down (0xf081) pressed, action is Down
12:54:04 T:1843651272 DEBUG: static std::string CTextureCacheJob::GetImageHash(const string&) - unable to stat url /service?method=channel.show.artwork&sid=ec908615694a41b2bdb61dd237ad6116&event_id=4812184
12:54:04 T:1788655912 DEBUG: Keyboard: scancode: 0x14, sym: 0x0112, unicode: 0x0000, modifier: 0x0
12:54:04 T:1788655912 DEBUG: bool CInputManager::OnKey(const CKey&): down (0xf081) pressed, action is Down
12:54:04 T:1878747376 DEBUG: static std::string CTextureCacheJob::GetImageHash(const string&) - unable to stat url /service?method=channel.show.artwork&sid=ec908615694a41b2bdb61dd237ad6116&event_id=4812746
12:54:05 T:1788655912 DEBUG: Keyboard: scancode: 0x14, sym: 0x0112, unicode: 0x0000, modifier: 0x0
12:54:05 T:1788655912 DEBUG: bool CInputManager::OnKey(const CKey&): down (0xf081) pressed, action is Down
12:54:05 T:1839317520 DEBUG: static std::string CTextureCacheJob::GetImageHash(const string&) - unable to stat url /service?method=channel.show.artwork&sid=ec908615694a41b2bdb61dd237ad6116&event_id=4813289
12:54:05 T:1788655912 DEBUG: Keyboard: scancode: 0x14, sym: 0x0112, unicode: 0x0000, modifier: 0x0
12:54:05 T:1788655912 DEBUG: bool CInputManager::OnKey(const CKey&): down (0xf081) pressed, action is Down
12:54:05 T:1878747376 DEBUG: static std::string CTextureCacheJob::GetImageHash(const string&) - unable to stat url /service?method=channel.show.artwork&sid=ec908615694a41b2bdb61dd237ad6116&event_id=4813829
12:54:05 T:1848293056 DEBUG: CFileCache::Open - opening using cache
12:54:05 T:1848293056 DEBUG: CurlFile::Open(0x6e1b8888) http://192.168.0.135:8866/service?method=recording.recurring.list&sid=63c7f3d85ddd40f3a7072d0c8f5be74a
12:54:05 T:1847297152 NOTICE: Thread FileCache start, auto delete: false
12:54:05 T:1847297152 INFO: CFileCache::Process - Hit eof.
12:54:05 T:1847297152 DEBUG: Thread FileCache 1847297152 terminating
12:54:05 T:1848293056 DEBUG: CFileCache::Open - opening using cache
12:54:05 T:1848293056 DEBUG: CurlFile::Open(0x73c5ddf0) http://192.168.0.135:8866/service?method=recording.list&filter=pending&sid=63c7f3d85ddd40f3a7072d0c8f5be74a
12:54:05 T:1942350128 NOTICE: Thread FileCache start, auto delete: false
12:54:05 T:1942350128 INFO: CFileCache::Process - Hit eof.
12:54:05 T:1942350128 DEBUG: Thread FileCache 1942350128 terminating
12:54:05 T:1788655912 DEBUG: Keyboard: scancode: 0x14, sym: 0x0112, unicode: 0x0000, modifier: 0x0
12:54:05 T:1788655912 DEBUG: bool CInputManager::OnKey(const CKey&): down (0xf081) pressed, action is Down
12:54:05 T:1843651272 DEBUG: static std::string CTextureCacheJob::GetImageHash(const string&) - unable to stat url /service?method=channel.show.artwork&sid=ec908615694a41b2bdb61dd237ad6116&event_id=4814092
12:54:05 T:1848293056 DEBUG: CFileCache::Open - opening using cache
12:54:05 T:1848293056 DEBUG: CurlFile::Open(0x7207d280) http://192.168.0.135:8866/service?method=recording.list&filter=ready&sid=63c7f3d85ddd40f3a7072d0c8f5be74a
12:54:05 T:1942374560 NOTICE: Thread FileCache start, auto delete: false
12:54:05 T:1942374560 INFO: CFileCache::Process - Hit eof.
12:54:05 T:1942374560 DEBUG: Thread FileCache 1942374560 terminating
12:54:05 T:1788655912 DEBUG: Keyboard: scancode: 0x14, sym: 0x0112, unicode: 0x0000, modifier: 0x0
12:54:05 T:1788655912 DEBUG: bool CInputManager::OnKey(const CKey&): down (0xf081) pressed, action is Down
12:54:05 T:1839317520 DEBUG: static std::string CTextureCacheJob::GetImageHash(const string&) - unable to stat url /service?method=channel.show.artwork&sid=ec908615694a41b2bdb61dd237ad6116&event_id=4814618
12:54:05 T:1788655912 DEBUG: Keyboard: scancode: 0x14, sym: 0x0112, unicode: 0x0000, modifier: 0x0
12:54:05 T:1788655912 DEBUG: bool CInputManager::OnKey(const CKey&): down (0xf081) pressed, action is Down
12:54:05 T:1839317520 DEBUG: static std::string CTextureCacheJob::GetImageHash(const string&) - unable to stat url /service?method=channel.show.artwork&sid=ec908615694a41b2bdb61dd237ad6116&event_id=4814632
12:54:06 T:1788655912 DEBUG: Keyboard: scancode: 0x14, sym: 0x0112, unicode: 0x0000, modifier: 0x0
12:54:06 T:1788655912 DEBUG: bool CInputManager::OnKey(const CKey&): down (0xf081) pressed, action is Down
12:54:06 T:1878747376 DEBUG: static std::string CTextureCacheJob::GetImageHash(const string&) - unable to stat url /service?method=channel.show.artwork&sid=ec908615694a41b2bdb61dd237ad6116&event_id=4814646
12:54:06 T:1788655912 DEBUG: Keyboard: scancode: 0x14, sym: 0x0112, unicode: 0x0000, modifier: 0x0
12:54:06 T:1788655912 DEBUG: bool CInputManager::OnKey(const CKey&): down (0xf081) pressed, action is Down
12:54:06 T:1839317520 DEBUG: static std::string CTextureCacheJob::GetImageHash(const string&) - unable to stat url /service?method=channel.show.artwork&sid=ec908615694a41b2bdb61dd237ad6116&event_id=4814660
12:54:06 T:1788655912 DEBUG: Keyboard: scancode: 0x14, sym: 0x0112, unicode: 0x0000, modifier: 0x0
12:54:06 T:1788655912 DEBUG: bool CInputManager::OnKey(const CKey&): down (0xf081) pressed, action is Down
12:54:06 T:1843651272 DEBUG: static std::string CTextureCacheJob::GetImageHash(const string&) - unable to stat url /service?method=channel.show.artwork&sid=ec908615694a41b2bdb61dd237ad6116&event_id=4814735
12:54:07 T:1788655912 DEBUG: Keyboard: scancode: 0x14, sym: 0x0112, unicode: 0x0000, modifier: 0x0
12:54:07 T:1788655912 DEBUG: bool CInputManager::OnKey(const CKey&): down (0xf081) pressed, action is Down
12:54:07 T:1878747376 DEBUG: static std::string CTextureCacheJob::GetImageHash(const string&) - unable to stat url /service?method=channel.show.artwork&sid=ec908615694a41b2bdb61dd237ad6116&event_id=4815147
12:54:07 T:1788655912 DEBUG: Keyboard: scancode: 0x14, sym: 0x0112, unicode: 0x0000, modifier: 0x0
12:54:07 T:1788655912 DEBUG: bool CInputManager::OnKey(const CKey&): down (0xf081) pressed, action is Down
12:54:07 T:1843651272 DEBUG: static std::string CTextureCacheJob::GetImageHash(const string&) - unable to stat url /service?method=channel.show.artwork&sid=ec908615694a41b2bdb61dd237ad6116&event_id=4815492
12:54:08 T:1788655912 DEBUG: Keyboard: scancode: 0x14, sym: 0x0112, unicode: 0x0000, modifier: 0x0
12:54:08 T:1788655912 DEBUG: bool CInputManager::OnKey(const CKey&): down (0xf081) pressed, action is Down
12:54:08 T:1839317520 DEBUG: static std::string CTextureCacheJob::GetImageHash(const string&) - unable to stat url /service?method=channel.show.artwork&sid=ec908615694a41b2bdb61dd237ad6116&event_id=4815926
12:54:08 T:1788655912 DEBUG: Keyboard: scancode: 0x14, sym: 0x0112, unicode: 0x0000, modifier: 0x0
12:54:08 T:1788655912 DEBUG: bool CInputManager::OnKey(const CKey&): down (0xf081) pressed, action is Down
12:54:08 T:1843651272 DEBUG: static std::string CTextureCacheJob::GetImageHash(const string&) - unable to stat url /service?method=channel.show.artwork&sid=ec908615694a41b2bdb61dd237ad6116&event_id=4816378
12:54:08 T:1848293056 DEBUG: CFileCache::Open - opening using cache
12:54:08 T:1848293056 DEBUG: CurlFile::Open(0x6d979e88) http://192.168.0.135:8866/service?method=recording.recurring.list&sid=63c7f3d85ddd40f3a7072d0c8f5be74a
12:54:08 T:1902439296 NOTICE: Thread FileCache start, auto delete: false
12:54:08 T:1902439296 INFO: CFileCache::Process - Hit eof.
12:54:08 T:1902439296 DEBUG: Thread FileCache 1902439296 terminating
12:54:08 T:1848293056 DEBUG: CFileCache::Open - opening using cache
12:54:08 T:1848293056 DEBUG: CurlFile::Open(0x6fec6f18) http://192.168.0.135:8866/service?method=recording.list&filter=pending&sid=63c7f3d85ddd40f3a7072d0c8f5be74a
12:54:08 T:1902730248 NOTICE: Thread FileCache start, auto delete: false
12:54:08 T:1902730248 INFO: CFileCache::Process - Hit eof.
12:54:08 T:1902730248 DEBUG: Thread FileCache 1902730248 terminating
12:54:08 T:1848293056 DEBUG: CFileCache::Open - opening using cache
12:54:08 T:1848293056 DEBUG: CurlFile::Open(0x6fec6f18) http://192.168.0.135:8866/service?method=recording.list&filter=ready&sid=63c7f3d85ddd40f3a7072d0c8f5be74a
12:54:08 T:1895987760 NOTICE: Thread FileCache start, auto delete: false
12:54:08 T:1895987760 INFO: CFileCache::Process - Hit eof.
12:54:08 T:1895987760 DEBUG: Thread FileCache 1895987760 terminating
12:54:09 T:1788655912 DEBUG: Keyboard: scancode: 0x13, sym: 0x0111, unicode: 0x0000, modifier: 0x0
12:54:09 T:1788655912 DEBUG: bool CInputManager::OnKey(const CKey&): up (0xf080) pressed, action is Up
12:54:09 T:1878747376 DEBUG: static std::string CTextureCacheJob::GetImageHash(const string&) - unable to stat url /service?method=channel.show.artwork&sid=ec908615694a41b2bdb61dd237ad6116&event_id=4815926
12:54:09 T:1788655912 DEBUG: Keyboard: scancode: 0x13, sym: 0x0111, unicode: 0x0000, modifier: 0x0
12:54:09 T:1788655912 DEBUG: bool CInputManager::OnKey(const CKey&): up (0xf080) pressed, action is Up
12:54:09 T:1839317520 DEBUG: static std::string CTextureCacheJob::GetImageHash(const string&) - unable to stat url /service?method=channel.show.artwork&sid=ec908615694a41b2bdb61dd237ad6116&event_id=4815492
12:54:09 T:1788655912 DEBUG: Keyboard: scancode: 0x13, sym: 0x0111, unicode: 0x0000, modifier: 0x0
12:54:09 T:1788655912 DEBUG: bool CInputManager::OnKey(const CKey&): up (0xf080) pressed, action is Up
12:54:09 T:1843651272 DEBUG: static std::string CTextureCacheJob::GetImageHash(const string&) - unable to stat url /service?method=channel.show.artwork&sid=ec908615694a41b2bdb61dd237ad6116&event_id=4815147
12:54:10 T:1788655912 DEBUG: Keyboard: scancode: 0x13, sym: 0x0111, unicode: 0x0000, modifier: 0x0
12:54:10 T:1788655912 DEBUG: bool CInputManager::OnKey(const CKey&): up (0xf080) pressed, action is Up
12:54:10 T:1878747376 DEBUG: static std::string CTextureCacheJob::GetImageHash(const string&) - unable to stat url /service?method=channel.show.artwork&sid=ec908615694a41b2bdb61dd237ad6116&event_id=4814735
12:54:10 T:1788655912 DEBUG: Keyboard: scancode: 0x16, sym: 0x0113, unicode: 0x0000, modifier: 0x0
12:54:10 T:1788655912 DEBUG: bool CInputManager::OnKey(const CKey&): right (0xf083) pressed, action is Right
12:54:10 T:1839317520 DEBUG: static std::string CTextureCacheJob::GetImageHash(const string&) - unable to stat url /service?method=channel.show.artwork&sid=ec908615694a41b2bdb61dd237ad6116&event_id=4814736
12:54:11 T:1788655912 DEBUG: Keyboard: scancode: 0x16, sym: 0x0113, unicode: 0x0000, modifier: 0x0
12:54:11 T:1788655912 DEBUG: bool CInputManager::OnKey(const CKey&): right (0xf083) pressed, action is Right
12:54:11 T:1878747376 DEBUG: static std::string CTextureCacheJob::GetImageHash(const string&) - unable to stat url /service?method=channel.show.artwork&sid=ec908615694a41b2bdb61dd237ad6116&event_id=4814737
12:54:11 T:1848293056 DEBUG: CFileCache::Open - opening using cache
12:54:11 T:1848293056 DEBUG: CurlFile::Open(0x6f336550) http://192.168.0.135:8866/service?method=recording.recurring.list&sid=63c7f3d85ddd40f3a7072d0c8f5be74a
12:54:11 T:1876702480 NOTICE: Thread FileCache start, auto delete: false
12:54:11 T:1876702480 INFO: CFileCache::Process - Hit eof.
12:54:12 T:1876702480 DEBUG: Thread FileCache 1876702480 terminating
12:54:12 T:1848293056 DEBUG: CFileCache::Open - opening using cache
12:54:12 T:1848293056 DEBUG: CurlFile::Open(0x6f336550) http://192.168.0.135:8866/service?method=recording.list&filter=pending&sid=63c7f3d85ddd40f3a7072d0c8f5be74a
12:54:12 T:1788655912 DEBUG: Keyboard: scancode: 0x17, sym: 0x000d, unicode: 0x0000, modifier: 0x0
12:54:12 T:1788655912 DEBUG: bool CInputManager::OnKey(const CKey&): return (0xf00d) pressed, action is Select
12:54:12 T:1788655912 DEBUG: ------ Window Init (DialogPVRGuideInfo.xml) ------
12:54:12 T:1788655912 INFO: Loading skin file: DialogPVRGuideInfo.xml, load type: LOAD_EVERY_TIME
12:54:12 T:1788655912 DEBUG: Using already stored xml root node for /data/data/org.xbmc.kodi/cache/apk/assets/addons/skin.confluence/720p/DialogPVRGuideInfo.xml
12:54:12 T:1942521600 NOTICE: Thread FileCache start, auto delete: false
12:54:12 T:1942521600 INFO: CFileCache::Process - Hit eof.
12:54:12 T:1942521600 DEBUG: Thread FileCache 1942521600 terminating
12:54:12 T:1848293056 DEBUG: CFileCache::Open - opening using cache
12:54:12 T:1848293056 DEBUG: CurlFile::Open(0x6f336550) http://192.168.0.135:8866/service?method=recording.list&filter=ready&sid=63c7f3d85ddd40f3a7072d0c8f5be74a
12:54:12 T:1942521600 NOTICE: Thread FileCache start, auto delete: false
12:54:12 T:1942521600 INFO: CFileCache::Process - Hit eof.
12:54:12 T:1942521600 DEBUG: Thread FileCache 1942521600 terminating
12:54:12 T:1839317520 DEBUG: static std::string CTextureCacheJob::GetImageHash(const string&) - unable to stat url /service?method=channel.show.artwork&sid=ec908615694a41b2bdb61dd237ad6116&event_id=4814737
12:54:13 T:1788655912 DEBUG: Keyboard: scancode: 0x15, sym: 0x0114, unicode: 0x0000, modifier: 0x0
12:54:13 T:1788655912 DEBUG: bool CInputManager::OnKey(const CKey&): left (0xf082) pressed, action is Left
12:54:14 T:1788655912 DEBUG: Keyboard: scancode: 0x17, sym: 0x000d, unicode: 0x0000, modifier: 0x0
12:54:14 T:1788655912 DEBUG: bool CInputManager::OnKey(const CKey&): return (0xf00d) pressed, action is Select
12:54:14 T:1788655912 DEBUG: ------ Window Init (DialogYesNo.xml) ------
12:54:14 T:1788655912 INFO: Loading skin file: DialogYesNo.xml, load type: KEEP_IN_MEMORY
12:54:15 T:1788655912 DEBUG: Keyboard: scancode: 0x15, sym: 0x0114, unicode: 0x0000, modifier: 0x0
12:54:15 T:1788655912 DEBUG: bool CInputManager::OnKey(const CKey&): left (0xf082) pressed, action is Left
12:54:15 T:1848293056 DEBUG: CFileCache::Open - opening using cache
12:54:15 T:1848293056 DEBUG: CurlFile::Open(0x73dea2f8) http://192.168.0.135:8866/service?method=recording.recurring.list&sid=63c7f3d85ddd40f3a7072d0c8f5be74a
12:54:15 T:1942862456 NOTICE: Thread FileCache start, auto delete: false
12:54:15 T:1942862456 INFO: CFileCache::Process - Hit eof.
12:54:15 T:1942862456 DEBUG: Thread FileCache 1942862456 terminating
12:54:15 T:1848293056 DEBUG: CFileCache::Open - opening using cache
12:54:15 T:1848293056 DEBUG: CurlFile::Open(0x73de5718) http://192.168.0.135:8866/service?method=recording.list&filter=pending&sid=63c7f3d85ddd40f3a7072d0c8f5be74a
12:54:15 T:1943970552 NOTICE: Thread FileCache start, auto delete: false
12:54:15 T:1788655912 DEBUG: Keyboard: scancode: 0x17, sym: 0x000d, unicode: 0x0000, modifier: 0x0
12:54:15 T:1788655912 DEBUG: bool CInputManager::OnKey(const CKey&): return (0xf00d) pressed, action is Select
12:54:15 T:1943970552 INFO: CFileCache::Process - Hit eof.
12:54:15 T:1943970552 DEBUG: Thread FileCache 1943970552 terminating
12:54:15 T:1848293056 DEBUG: CFileCache::Open - opening using cache
12:54:15 T:1848293056 DEBUG: CurlFile::Open(0x71028d40) http://192.168.0.135:8866/service?method=recording.list&filter=ready&sid=63c7f3d85ddd40f3a7072d0c8f5be74a
12:54:15 T:1943970552 NOTICE: Thread FileCache start, auto delete: false
12:54:15 T:1943970552 INFO: CFileCache::Process - Hit eof.
12:54:15 T:1943970552 DEBUG: Thread FileCache 1943970552 terminating
12:54:15 T:1788655912 DEBUG: ------ Window Deinit (DialogYesNo.xml) ------
12:54:15 T:1788655912 DEBUG: ------ Window Init (/data/data/org.xbmc.kodi/cache/apk/assets/addons/pvr.nextpvr/resources/skins/skin.confluence/720p/RecordPrefs.xml) ------
12:54:15 T:1788655912 INFO: Loading skin file: /data/data/org.xbmc.kodi/cache/apk/assets/addons/pvr.nextpvr/resources/skins/skin.confluence/720p/RecordPrefs.xml, load type: LOAD_ON_GUI_INIT
12:54:15 T:1788655912 DEBUG: CGUIMediaWindow::GetDirectory ()
12:54:15 T:1788655912 DEBUG: ParentPath = []
12:54:16 T:1788655912 DEBUG: ------ Window Deinit (DialogPVRGuideInfo.xml) ------
12:54:17 T:1788655912 DEBUG: Keyboard: scancode: 0x14, sym: 0x0112, unicode: 0x0000, modifier: 0x0
12:54:17 T:1788655912 DEBUG: bool CInputManager::OnKey(const CKey&): down (0xf081) pressed, action is Down
12:54:17 T:1788655912 DEBUG: Keyboard: scancode: 0x14, sym: 0x0112, unicode: 0x0000, modifier: 0x0
12:54:17 T:1788655912 DEBUG: bool CInputManager::OnKey(const CKey&): down (0xf081) pressed, action is Down
12:54:17 T:1788655912 DEBUG: Keyboard: scancode: 0x14, sym: 0x0112, unicode: 0x0000, modifier: 0x0
12:54:17 T:1788655912 DEBUG: bool CInputManager::OnKey(const CKey&): down (0xf081) pressed, action is Down
12:54:17 T:1788655912 DEBUG: Keyboard: scancode: 0x14, sym: 0x0112, unicode: 0x0000, modifier: 0x0
12:54:17 T:1788655912 DEBUG: bool CInputManager::OnKey(const CKey&): down (0xf081) pressed, action is Down
12:54:17 T:1788655912 DEBUG: Keyboard: scancode: 0x14, sym: 0x0112, unicode: 0x0000, modifier: 0x0
12:54:17 T:1788655912 DEBUG: bool CInputManager::OnKey(const CKey&): down (0xf081) pressed, action is Down
12:54:18 T:1788655912 DEBUG: Keyboard: scancode: 0x17, sym: 0x000d, unicode: 0x0000, modifier: 0x0
12:54:18 T:1788655912 DEBUG: bool CInputManager::OnKey(const CKey&): return (0xf00d) pressed, action is Select
12:54:18 T:1788655912 DEBUG: ------ Window Deinit (/data/data/org.xbmc.kodi/cache/apk/assets/addons/pvr.nextpvr/resources/skins/skin.confluence/720p/RecordPrefs.xml) ------
12:54:18 T:1788655912 DEBUG: CFileCache::Open - opening using cache
12:54:18 T:1788655912 DEBUG: CurlFile::Open(0x73df1eb0) http://192.168.0.135:8866/service?method=recording.save&name=KHOU%2011%20News&channel=7153&time_t=1452657600&duration=2100&pre_padding=1&post_padding=2&directory_id=[Default]&sid=63c7f3d85ddd40f3a7072d0c8f5be74a
12:54:18 T:1942521600 NOTICE: Thread FileCache start, auto delete: false
12:54:18 T:1942521600 INFO: CFileCache::Process - Hit eof.
12:54:18 T:1942521600 DEBUG: Thread FileCache 1942521600 terminating
12:54:18 T:1840986920 DEBUG: CPVRTimers - bool PVR::CPVRTimers::Update() - updating timers
12:54:18 T:1840986920 DEBUG: CFileCache::Open - opening using cache
12:54:18 T:1840986920 DEBUG: CurlFile::Open(0x73c37330) http://192.168.0.135:8866/service?method=recording.recurring.list&filter=pending&sid=63c7f3d85ddd40f3a7072d0c8f5be74a
12:54:18 T:1944189168 NOTICE: Thread FileCache start, auto delete: false
12:54:18 T:1944189168 INFO: CFileCache::Process - Hit eof.
12:54:18 T:1944189168 DEBUG: Thread FileCache 1944189168 terminating
12:54:18 T:1848293056 DEBUG: CFileCache::Open - opening using cache
12:54:18 T:1848293056 DEBUG: CurlFile::Open(0x73c7efd8) http://192.168.0.135:8866/service?method=recording.recurring.list&sid=63c7f3d85ddd40f3a7072d0c8f5be74a
12:54:18 T:1942186296 NOTICE: Thread FileCache start, auto delete: false
12:54:18 T:1942186296 INFO: CFileCache::Process - Hit eof.
12:54:18 T:1840986920 ERROR: PVR - static void ADDON::CAddonCallbacksPVR::PVRTransferTimerEntry(void*, ADDON_HANDLE, const PVR_TIMER*) - cannot find channel 8101 on client 777
12:54:18 T:1942186296 ERROR: Previous line repeats 4 times.
12:54:18 T:1942186296 DEBUG: Thread FileCache 1942186296 terminating
12:54:18 T:1840986920 ERROR: PVR - static void ADDON::CAddonCallbacksPVR::PVRTransferTimerEntry(void*, ADDON_HANDLE, const PVR_TIMER*) - cannot find channel 8101 on client 777
12:54:18 T:1840986920 ERROR: Previous line repeats 67 times.
12:54:18 T:1840986920 DEBUG: CFileCache::Open - opening using cache
12:54:18 T:1840986920 DEBUG: CurlFile::Open(0x715da728) http://192.168.0.135:8866/service?method=recording.list&filter=pending&sid=63c7f3d85ddd40f3a7072d0c8f5be74a
12:54:19 T:1943331736 NOTICE: Thread FileCache start, auto delete: false
12:54:19 T:1943331736 INFO: CFileCache::Process - Hit eof.
12:54:19 T:1943331736 DEBUG: Thread FileCache 1943331736 terminating
12:54:19 T:1848293056 DEBUG: CFileCache::Open - opening using cache
12:54:19 T:1848293056 DEBUG: CurlFile::Open(0x715d1510) http://192.168.0.135:8866/service?method=recording.list&filter=pending&sid=63c7f3d85ddd40f3a7072d0c8f5be74a
12:54:19 T:1944690568 NOTICE: Thread FileCache start, auto delete: false
12:54:19 T:1944690568 INFO: CFileCache::Process - Hit eof.
12:54:19 T:1944690568 DEBUG: Thread FileCache 1944690568 terminating
12:54:19 T:1848293056 DEBUG: CFileCache::Open - opening using cache
12:54:19 T:1848293056 DEBUG: CurlFile::Open(0x73eedd30) http://192.168.0.135:8866/service?method=recording.list&filter=ready&sid=63c7f3d85ddd40f3a7072d0c8f5be74a
12:54:19 T:1944035008 NOTICE: Thread FileCache start, auto delete: false
12:54:19 T:1944035008 INFO: CFileCache::Process - Hit eof.
12:54:19 T:1944035008 DEBUG: Thread FileCache 1944035008 terminating
12:54:19 T:1840986920 DEBUG: PVRTimers - bool PVR::CPVRTimers::UpdateEntries(const PVR::CPVRTimers&) - updated timer 11576 on client 777
12:54:19 T:1840986920 DEBUG: PVRTimers - bool PVR::CPVRTimers::UpdateEntries(const PVR::CPVRTimers&) - updated timer 11444 on client 777
12:54:19 T:1840986920 DEBUG: PVRTimers - bool PVR::CPVRTimers::UpdateEntries(const PVR::CPVRTimers&) - updated timer 11445 on client 777
