12:57:38 T:1902952216 DEBUG: Previous line repeats 2 times.
12:57:38 T:1902952216 INFO: CFileCache::Process - Hit eof.
12:57:38 T:1910824496 DEBUG: CDVDPlayerVideo::CalcDropRequirement - hurry: 1
12:57:38 T:1902952216 DEBUG: Thread FileCache 1902952216 terminating
12:57:38 T:1910824496 DEBUG: CDVDPlayerVideo::CalcDropRequirement - hurry: 1
12:57:40 T:1910824496 DEBUG: Previous line repeats 88 times.
12:57:40 T:1910824496 WARNING: CDVDMessageQueue(video)::Get - asked for new data packet, with nothing available
12:57:40 T:1910824496 DEBUG: CDVDPlayerVideo::CalcDropRequirement - hurry: 0
12:57:40 T:1910824496 DEBUG: CDVDPlayerVideo::CalcDropRequirement - hurry: 1
12:57:41 T:1848293056 DEBUG: Previous line repeats 30 times.
12:57:41 T:1848293056 DEBUG: CFileCache::Open - opening using cache
12:57:41 T:1848293056 DEBUG: CurlFile::Open(0x6fedee40) http://192.168.0.135:8866/service?method=recording.lastupdated&sid=63c7f3d85ddd40f3a7072d0c8f5be74a
12:57:41 T:1910824496 DEBUG: CDVDPlayerVideo::CalcDropRequirement - hurry: 1
12:57:41 T:1944422984 DEBUG: Previous line repeats 1 times.
12:57:41 T:1944422984 NOTICE: Thread FileCache start, auto delete: false
12:57:41 T:1944422984 INFO: CFileCache::Process - Hit eof.
12:57:41 T:1910824496 DEBUG: CDVDPlayerVideo::CalcDropRequirement - hurry: 1
12:57:41 T:1944422984 DEBUG: Previous line repeats 2 times.
12:57:41 T:1944422984 DEBUG: Thread FileCache 1944422984 terminating
12:57:41 T:1910824496 DEBUG: CDVDPlayerVideo::CalcDropRequirement - hurry: 1
12:57:41 T:1848293056 DEBUG: CFileCache::Open - opening using cache
12:57:41 T:1848293056 DEBUG: CurlFile::Open(0x73ec62d0) http://192.168.0.135:8866/service?method=recording.recurring.list&sid=63c7f3d85ddd40f3a7072d0c8f5be74a
12:57:41 T:1910824496 DEBUG: CDVDPlayerVideo::CalcDropRequirement - hurry: 1
12:57:41 T:1944422984 NOTICE: Thread FileCache start, auto delete: false
12:57:41 T:1944422984 INFO: CFileCache::Process - Hit eof.
12:57:41 T:1910824496 DEBUG: CDVDPlayerVideo::CalcDropRequirement - hurry: 1
12:57:41 T:1944422984 DEBUG: Previous line repeats 1 times.
12:57:41 T:1944422984 DEBUG: Thread FileCache 1944422984 terminating
12:57:41 T:1910824496 DEBUG: CDVDPlayerVideo::CalcDropRequirement - hurry: 1
12:57:41 T:1848293056 DEBUG: Previous line repeats 3 times.
12:57:41 T:1848293056 DEBUG: CFileCache::Open - opening using cache
12:57:41 T:1848293056 DEBUG: CurlFile::Open(0x718e6628) http://192.168.0.135:8866/service?method=recording.list&filter=pending&sid=63c7f3d85ddd40f3a7072d0c8f5be74a
12:57:41 T:1910824496 DEBUG: CDVDPlayerVideo::CalcDropRequirement - hurry: 1
12:57:42 T:1944422984 DEBUG: Previous line repeats 4 times.
12:57:42 T:1944422984 NOTICE: Thread FileCache start, auto delete: false
12:57:42 T:1910824496 DEBUG: CDVDPlayerVideo::CalcDropRequirement - hurry: 1
12:57:42 T:1944422984 INFO: CFileCache::Process - Hit eof.
12:57:42 T:1944422984 DEBUG: Thread FileCache 1944422984 terminating
12:57:42 T:1910824496 DEBUG: CDVDPlayerVideo::CalcDropRequirement - hurry: 1
12:57:42 T:1848293056 DEBUG: Previous line repeats 1 times.
12:57:42 T:1848293056 DEBUG: CFileCache::Open - opening using cache
12:57:42 T:1848293056 DEBUG: CurlFile::Open(0x71cedff8) http://192.168.0.135:8866/service?method=recording.list&filter=ready&sid=63c7f3d85ddd40f3a7072d0c8f5be74a
12:57:42 T:1910824496 DEBUG: CDVDPlayerVideo::CalcDropRequirement - hurry: 1
12:57:42 T:1894940448 DEBUG: Previous line repeats 2 times.
12:57:42 T:1894940448 NOTICE: Thread FileCache start, auto delete: false
12:57:42 T:1894940448 INFO: CFileCache::Process - Hit eof.
12:57:42 T:1910824496 DEBUG: CDVDPlayerVideo::CalcDropRequirement - hurry: 1
12:57:42 T:1894940448 DEBUG: Thread FileCache 1894940448 terminating
12:57:42 T:1910824496 DEBUG: CDVDPlayerVideo::CalcDropRequirement - hurry: 1
12:57:45 T:1848293056 DEBUG: Previous line repeats 124 times.
12:57:45 T:1848293056 DEBUG: CFileCache::Open - opening using cache
12:57:45 T:1848293056 DEBUG: CurlFile::Open(0x71cedff8) http://192.168.0.135:8866/service?method=recording.recurring.list&sid=63c7f3d85ddd40f3a7072d0c8f5be74a
12:57:45 T:1910824496 DEBUG: CDVDPlayerVideo::CalcDropRequirement - hurry: 1
12:57:45 T:1944422984 DEBUG: Previous line repeats 1 times.
12:57:45 T:1944422984 NOTICE: Thread FileCache start, auto delete: false
12:57:45 T:1910824496 DEBUG: CDVDPlayerVideo::CalcDropRequirement - hurry: 1
12:57:45 T:1944422984 INFO: CFileCache::Process - Hit eof.
12:57:45 T:1944422984 DEBUG: Thread FileCache 1944422984 terminating
12:57:45 T:1910824496 DEBUG: CDVDPlayerVideo::CalcDropRequirement - hurry: 1
12:57:45 T:1848293056 DEBUG: CFileCache::Open - opening using cache
12:57:45 T:1848293056 DEBUG: CurlFile::Open(0x718e6628) http://192.168.0.135:8866/service?method=recording.list&filter=pending&sid=63c7f3d85ddd40f3a7072d0c8f5be74a
12:57:45 T:1910824496 DEBUG: CDVDPlayerVideo::CalcDropRequirement - hurry: 1
12:57:45 T:1944422984 NOTICE: Thread FileCache start, auto delete: false
12:57:45 T:1910824496 DEBUG: CDVDPlayerVideo::CalcDropRequirement - hurry: 1
12:57:45 T:1944422984 DEBUG: Previous line repeats 5 times.
12:57:45 T:1944422984 INFO: CFileCache::Process - Hit eof.
12:57:45 T:1944422984 DEBUG: Thread FileCache 1944422984 terminating
12:57:45 T:1910824496 DEBUG: CDVDPlayerVideo::CalcDropRequirement - hurry: 1
12:57:45 T:1848293056 DEBUG: Previous line repeats 1 times.
12:57:45 T:1848293056 DEBUG: CFileCache::Open - opening using cache
12:57:45 T:1848293056 DEBUG: CurlFile::Open(0x6fedee40) http://192.168.0.135:8866/service?method=recording.list&filter=ready&sid=63c7f3d85ddd40f3a7072d0c8f5be74a
12:57:45 T:1910824496 DEBUG: CDVDPlayerVideo::CalcDropRequirement - hurry: 1
12:57:45 T:1944422984 DEBUG: Previous line repeats 1 times.
12:57:45 T:1944422984 NOTICE: Thread FileCache start, auto delete: false
12:57:45 T:1910824496 DEBUG: CDVDPlayerVideo::CalcDropRequirement - hurry: 1
12:57:45 T:1944422984 INFO: CFileCache::Process - Hit eof.
12:57:45 T:1910824496 DEBUG: CDVDPlayerVideo::CalcDropRequirement - hurry: 1
12:57:45 T:1944422984 DEBUG: Previous line repeats 1 times.
12:57:45 T:1944422984 DEBUG: Thread FileCache 1944422984 terminating
12:57:45 T:1910824496 DEBUG: CDVDPlayerVideo::CalcDropRequirement - hurry: 1
12:57:48 T:1848293056 DEBUG: Previous line repeats 123 times.
12:57:48 T:1848293056 DEBUG: CFileCache::Open - opening using cache
12:57:48 T:1848293056 DEBUG: CurlFile::Open(0x6fedee40) http://192.168.0.135:8866/service?method=recording.recurring.list&sid=63c7f3d85ddd40f3a7072d0c8f5be74a
12:57:48 T:1910824496 DEBUG: CDVDPlayerVideo::CalcDropRequirement - hurry: 1
12:57:48 T:1944422984 DEBUG: Previous line repeats 2 times.
12:57:48 T:1944422984 NOTICE: Thread FileCache start, auto delete: false
12:57:48 T:1910824496 DEBUG: CDVDPlayerVideo::CalcDropRequirement - hurry: 1
12:57:49 T:1944422984 DEBUG: Previous line repeats 2 times.
12:57:49 T:1944422984 INFO: CFileCache::Process - Hit eof.
12:57:49 T:1944422984 DEBUG: Thread FileCache 1944422984 terminating
12:57:49 T:1910824496 DEBUG: CDVDPlayerVideo::CalcDropRequirement - hurry: 1
12:57:49 T:1848293056 DEBUG: CFileCache::Open - opening using cache
12:57:49 T:1848293056 DEBUG: CurlFile::Open(0x71c8f5a0) http://192.168.0.135:8866/service?method=recording.list&filter=pending&sid=63c7f3d85ddd40f3a7072d0c8f5be74a
12:57:49 T:1910824496 DEBUG: CDVDPlayerVideo::CalcDropRequirement - hurry: 1
12:57:49 T:1942838576 DEBUG: Previous line repeats 5 times.
12:57:49 T:1942838576 NOTICE: Thread FileCache start, auto delete: false
12:57:49 T:1910824496 DEBUG: CDVDPlayerVideo::CalcDropRequirement - hurry: 1
12:57:49 T:1942838576 DEBUG: Previous line repeats 1 times.
12:57:49 T:1942838576 INFO: CFileCache::Process - Hit eof.
12:57:49 T:1942838576 DEBUG: Thread FileCache 1942838576 terminating
12:57:49 T:1910824496 DEBUG: CDVDPlayerVideo::CalcDropRequirement - hurry: 1
12:57:49 T:1848293056 DEBUG: CFileCache::Open - opening using cache
12:57:49 T:1910824496 DEBUG: CDVDPlayerVideo::CalcDropRequirement - hurry: 1
12:57:49 T:1848293056 DEBUG: CurlFile::Open(0x71ec75e0) http://192.168.0.135:8866/service?method=recording.list&filter=ready&sid=63c7f3d85ddd40f3a7072d0c8f5be74a
12:57:49 T:1910824496 DEBUG: CDVDPlayerVideo::CalcDropRequirement - hurry: 1
12:57:49 T:1942838576 DEBUG: Previous line repeats 3 times.
12:57:49 T:1942838576 NOTICE: Thread FileCache start, auto delete: false
12:57:49 T:1942838576 INFO: CFileCache::Process - Hit eof.
12:57:49 T:1910824496 DEBUG: CDVDPlayerVideo::CalcDropRequirement - hurry: 1
12:57:49 T:1942838576 DEBUG: Previous line repeats 1 times.
12:57:49 T:1942838576 DEBUG: Thread FileCache 1942838576 terminating
12:57:49 T:1910824496 DEBUG: CDVDPlayerVideo::CalcDropRequirement - hurry: 1
12:57:51 T:1910824496 DEBUG: Previous line repeats 94 times.
12:57:51 T:1910824496 WARNING: CDVDMessageQueue(video)::Get - asked for new data packet, with nothing available
12:57:51 T:1910824496 DEBUG: CDVDPlayerVideo::CalcDropRequirement - hurry: 0
12:57:51 T:1910824496 DEBUG: Previous line repeats 1 times.
12:57:51 T:1910824496 DEBUG: CDVDPlayerVideo::CalcDropRequirement - hurry: 1
12:57:51 T:1910824496 DEBUG: Previous line repeats 4 times.
12:57:51 T:1910824496 WARNING: CDVDMessageQueue(video)::Get - asked for new data packet, with nothing available
12:57:51 T:1910824496 DEBUG: CDVDPlayerVideo::CalcDropRequirement - hurry: 0
12:57:51 T:1910824496 DEBUG: CDVDPlayerVideo::CalcDropRequirement - hurry: 1
12:57:51 T:1910824496 DEBUG: CDVDPlayerVideo::CalcDropRequirement - hurry: 0
12:57:52 T:1910824496 DEBUG: CDVDPlayerVideo::CalcDropRequirement - hurry: 1
12:57:52 T:1848293056 DEBUG: Previous line repeats 21 times.
12:57:52 T:1848293056 DEBUG: CFileCache::Open - opening using cache
12:57:52 T:1848293056 DEBUG: CurlFile::Open(0x71939068) http://192.168.0.135:8866/service?method=recording.recurring.list&sid=63c7f3d85ddd40f3a7072d0c8f5be74a
12:57:52 T:1910824496 DEBUG: CDVDPlayerVideo::CalcDropRequirement - hurry: 1
12:57:52 T:1944422984 DEBUG: Previous line repeats 1 times.
12:57:52 T:1944422984 NOTICE: Thread FileCache start, auto delete: false
12:57:52 T:1944422984 INFO: CFileCache::Process - Hit eof.
12:57:52 T:1944422984 DEBUG: Thread FileCache 1944422984 terminating
12:57:52 T:1848293056 DEBUG: CFileCache::Open - opening using cache
12:57:52 T:1910824496 DEBUG: CDVDPlayerVideo::CalcDropRequirement - hurry: 1
12:57:52 T:1848293056 DEBUG: CurlFile::Open(0x71ec75e0) http://192.168.0.135:8866/service?method=recording.list&filter=pending&sid=63c7f3d85ddd40f3a7072d0c8f5be74a
12:57:52 T:1910824496 DEBUG: CDVDPlayerVideo::CalcDropRequirement - hurry: 1
12:57:52 T:1944422984 DEBUG: Previous line repeats 5 times.
12:57:52 T:1944422984 NOTICE: Thread FileCache start, auto delete: false
12:57:52 T:1910824496 DEBUG: CDVDPlayerVideo::CalcDropRequirement - hurry: 1
12:57:52 T:1944422984 INFO: CFileCache::Process - Hit eof.
12:57:52 T:1910824496 DEBUG: CDVDPlayerVideo::CalcDropRequirement - hurry: 1
12:57:52 T:1944422984 DEBUG: Thread FileCache 1944422984 terminating
12:57:52 T:1910824496 DEBUG: CDVDPlayerVideo::CalcDropRequirement - hurry: 1
12:57:52 T:1848293056 DEBUG: Previous line repeats 1 times.
12:57:52 T:1848293056 DEBUG: CFileCache::Open - opening using cache
12:57:52 T:1848293056 DEBUG: CurlFile::Open(0x71c8f5a0) http://192.168.0.135:8866/service?method=recording.list&filter=ready&sid=63c7f3d85ddd40f3a7072d0c8f5be74a
12:57:52 T:1910824496 DEBUG: CDVDPlayerVideo::CalcDropRequirement - hurry: 1
12:57:52 T:1910824496 DEBUG: CDVDPlayerVideo::CalcDropRequirement - hurry: 0
12:57:52 T:1910824496 DEBUG: CDVDPlayerVideo::CalcDropRequirement - hurry: 1
12:57:52 T:1944422984 DEBUG: Previous line repeats 2 times.
12:57:52 T:1944422984 NOTICE: Thread FileCache start, auto delete: false
12:57:52 T:1944422984 INFO: CFileCache::Process - Hit eof.
12:57:52 T:1910824496 DEBUG: CDVDPlayerVideo::CalcDropRequirement - hurry: 1
12:57:52 T:1944422984 DEBUG: Previous line repeats 1 times.
12:57:52 T:1944422984 DEBUG: Thread FileCache 1944422984 terminating
12:57:52 T:1910824496 DEBUG: CDVDPlayerVideo::CalcDropRequirement - hurry: 1
12:57:54 T:1910824496 DEBUG: Previous line repeats 62 times.
12:57:54 T:1910824496 WARNING: CDVDMessageQueue(video)::Get - asked for new data packet, with nothing available
12:57:54 T:1910824496 DEBUG: CDVDPlayerVideo::CalcDropRequirement - hurry: 1
12:57:55 T:1848293056 DEBUG: Previous line repeats 60 times.
12:57:55 T:1848293056 DEBUG: CFileCache::Open - opening using cache
12:57:55 T:1848293056 DEBUG: CurlFile::Open(0x71939068) http://192.168.0.135:8866/service?method=recording.recurring.list&sid=63c7f3d85ddd40f3a7072d0c8f5be74a
12:57:55 T:1910824496 DEBUG: CDVDPlayerVideo::CalcDropRequirement - hurry: 1
12:57:55 T:1944224920 DEBUG: Previous line repeats 1 times.
12:57:55 T:1944224920 NOTICE: Thread FileCache start, auto delete: false
12:57:55 T:1910824496 DEBUG: CDVDPlayerVideo::CalcDropRequirement - hurry: 1
12:57:55 T:1944224920 INFO: CFileCache::Process - Hit eof.
12:57:55 T:1910824496 DEBUG: CDVDPlayerVideo::CalcDropRequirement - hurry: 1
12:57:55 T:1944224920 DEBUG: Thread FileCache 1944224920 terminating
12:57:56 T:1910824496 DEBUG: CDVDPlayerVideo::CalcDropRequirement - hurry: 1
12:57:56 T:1848293056 DEBUG: CFileCache::Open - opening using cache
12:57:56 T:1848293056 DEBUG: CurlFile::Open(0x71cedff8) http://192.168.0.135:8866/service?method=recording.list&filter=pending&sid=63c7f3d85ddd40f3a7072d0c8f5be74a
12:57:56 T:1910824496 DEBUG: CDVDPlayerVideo::CalcDropRequirement - hurry: 1
12:57:56 T:1878747376 DEBUG: Previous line repeats 2 times.
12:57:56 T:1878747376 DEBUG: Thread JobWorker 1878747376 terminating (autodelete)
12:57:56 T:1843651272 DEBUG: Thread JobWorker 1843651272 terminating (autodelete)
12:57:56 T:1839317520 DEBUG: Thread JobWorker 1839317520 terminating (autodelete)
12:57:56 T:1910824496 DEBUG: CDVDPlayerVideo::CalcDropRequirement - hurry: 1
12:57:56 T:1944224920 DEBUG: Previous line repeats 1 times.
12:57:56 T:1944224920 NOTICE: Thread FileCache start, auto delete: false
12:57:56 T:1910824496 DEBUG: CDVDPlayerVideo::CalcDropRequirement - hurry: 1
12:57:56 T:1944224920 DEBUG: Previous line repeats 1 times.
12:57:56 T:1944224920 INFO: CFileCache::Process - Hit eof.
12:57:56 T:1944224920 DEBUG: Thread FileCache 1944224920 terminating
12:57:56 T:1910824496 DEBUG: CDVDPlayerVideo::CalcDropRequirement - hurry: 1
12:57:56 T:1848293056 DEBUG: Previous line repeats 3 times.
12:57:56 T:1848293056 DEBUG: CFileCache::Open - opening using cache
12:57:56 T:1848293056 DEBUG: CurlFile::Open(0x6fdbb4c0) http://192.168.0.135:8866/service?method=recording.list&filter=ready&sid=63c7f3d85ddd40f3a7072d0c8f5be74a
12:57:56 T:1910824496 DEBUG: CDVDPlayerVideo::CalcDropRequirement - hurry: 1
12:57:56 T:1878747376 DEBUG: Previous line repeats 2 times.
12:57:56 T:1878747376 NOTICE: Thread FileCache start, auto delete: false
12:57:56 T:1878747376 INFO: CFileCache::Process - Hit eof.
12:57:56 T:1910824496 DEBUG: CDVDPlayerVideo::CalcDropRequirement - hurry: 1
12:57:56 T:1878747376 DEBUG: Previous line repeats 1 times.
12:57:56 T:1878747376 DEBUG: Thread FileCache 1878747376 terminating
12:57:56 T:1910824496 DEBUG: CDVDPlayerVideo::CalcDropRequirement - hurry: 1
12:57:59 T:1910824496 DEBUG: Previous line repeats 115 times.
12:57:59 T:1910824496 WARNING: CDVDMessageQueue(video)::Get - asked for new data packet, with nothing available
12:57:59 T:1910824496 DEBUG: CDVDPlayerVideo::CalcDropRequirement - hurry: 0
12:57:59 T:1910824496 DEBUG: Previous line repeats 3 times.
12:57:59 T:1910824496 DEBUG: CDVDPlayerVideo::CalcDropRequirement - hurry: 1
12:57:59 T:1848293056 DEBUG: Previous line repeats 4 times.
12:57:59 T:1848293056 DEBUG: CFileCache::Open - opening using cache
12:57:59 T:1848293056 DEBUG: CurlFile::Open(0x71ec75e0) http://192.168.0.135:8866/service?method=recording.recurring.list&sid=63c7f3d85ddd40f3a7072d0c8f5be74a
12:57:59 T:1910824496 DEBUG: CDVDPlayerVideo::CalcDropRequirement - hurry: 1
12:57:59 T:1944224920 DEBUG: Previous line repeats 1 times.
12:57:59 T:1944224920 NOTICE: Thread FileCache start, auto delete: false
12:57:59 T:1910824496 DEBUG: CDVDPlayerVideo::CalcDropRequirement - hurry: 1
12:57:59 T:1944224920 DEBUG: Previous line repeats 2 times.
12:57:59 T:1944224920 INFO: CFileCache::Process - Hit eof.
12:57:59 T:1910824496 DEBUG: CDVDPlayerVideo::CalcDropRequirement - hurry: 1
12:57:59 T:1944224920 DEBUG: Previous line repeats 2 times.
12:57:59 T:1944224920 DEBUG: Thread FileCache 1944224920 terminating
12:57:59 T:1848293056 DEBUG: CFileCache::Open - opening using cache
12:57:59 T:1848293056 DEBUG: CurlFile::Open(0x71ec75e0) http://192.168.0.135:8866/service?method=recording.list&filter=pending&sid=63c7f3d85ddd40f3a7072d0c8f5be74a
12:57:59 T:1910824496 DEBUG: CDVDPlayerVideo::CalcDropRequirement - hurry: 1
12:57:59 T:1878747376 DEBUG: Previous line repeats 11 times.
12:57:59 T:1878747376 NOTICE: Thread FileCache start, auto delete: false
12:57:59 T:1910824496 DEBUG: CDVDPlayerVideo::CalcDropRequirement - hurry: 1
12:57:59 T:1878747376 INFO: CFileCache::Process - Hit eof.
12:57:59 T:1910824496 DEBUG: CDVDPlayerVideo::CalcDropRequirement - hurry: 1
12:58:00 T:1878747376 DEBUG: Previous line repeats 1 times.
12:58:00 T:1878747376 DEBUG: Thread FileCache 1878747376 terminating
12:58:00 T:1910824496 DEBUG: CDVDPlayerVideo::CalcDropRequirement - hurry: 1
12:58:00 T:1848293056 DEBUG: Previous line repeats 2 times.
12:58:00 T:1848293056 DEBUG: CFileCache::Open - opening using cache
12:58:00 T:1910824496 DEBUG: CDVDPlayerVideo::CalcDropRequirement - hurry: 1
12:58:00 T:1848293056 DEBUG: CurlFile::Open(0x73ec62d0) http://192.168.0.135:8866/service?method=recording.list&filter=ready&sid=63c7f3d85ddd40f3a7072d0c8f5be74a
12:58:00 T:1910824496 DEBUG: CDVDPlayerVideo::CalcDropRequirement - hurry: 1
12:58:00 T:1843651272 DEBUG: Previous line repeats 1 times.
12:58:00 T:1843651272 NOTICE: Thread FileCache start, auto delete: false
12:58:00 T:1843651272 INFO: CFileCache::Process - Hit eof.
12:58:00 T:1910824496 DEBUG: CDVDPlayerVideo::CalcDropRequirement - hurry: 1
12:58:00 T:1843651272 DEBUG: Thread FileCache 1843651272 terminating
12:58:00 T:1910824496 DEBUG: CDVDPlayerVideo::CalcDropRequirement - hurry: 1
12:58:00 T:1910824496 DEBUG: Previous line repeats 31 times.
12:58:00 T:1910824496 WARNING: CDVDMessageQueue(video)::Get - asked for new data packet, with nothing available
12:58:01 T:1910824496 DEBUG: CDVDPlayerVideo::CalcDropRequirement - hurry: 0
12:58:01 T:1910824496 DEBUG: Previous line repeats 1 times.
12:58:01 T:1910824496 DEBUG: CDVDPlayerVideo::CalcDropRequirement - dropped in decoder, Sleeptime: 0.023783, Bufferlevel: 0, Gain: 0.098428
12:58:01 T:1910824496 DEBUG: CDVDPlayerVideo::CalcDropRequirement - hurry: 1
12:58:01 T:1910824496 DEBUG: CDVDPlayerVideo::CalcDropRequirement - hurry: 0
12:58:01 T:1910824496 DEBUG: Previous line repeats 1 times.
12:58:01 T:1910824496 DEBUG: CDVDPlayerVideo::CalcDropRequirement - dropped in decoder, Sleeptime: 0.031022, Bufferlevel: 0, Gain: 0.244481
12:58:01 T:1910824496 DEBUG: CDVDPlayerVideo::CalcDropRequirement - hurry: 1
12:58:01 T:1910824496 DEBUG: Previous line repeats 3 times.
12:58:01 T:1910824496 WARNING: CDVDMessageQueue(video)::Get - asked for new data packet, with nothing available
12:58:01 T:1910824496 DEBUG: CDVDPlayerVideo::CalcDropRequirement - hurry: 0
12:58:01 T:1910824496 DEBUG: Previous line repeats 1 times.
12:58:01 T:1910824496 DEBUG: CDVDPlayerVideo::CalcDropRequirement - hurry: 1
12:58:01 T:1910824496 DEBUG: CDVDPlayerVideo::CalcDropRequirement - hurry: 0
12:58:01 T:1910824496 DEBUG: Previous line repeats 1 times.
12:58:01 T:1910824496 DEBUG: CDVDPlayerVideo::CalcDropRequirement - hurry: 1
12:58:03 T:1848293056 DEBUG: Previous line repeats 64 times.
12:58:03 T:1848293056 DEBUG: CFileCache::Open - opening using cache
12:58:03 T:1848293056 DEBUG: CurlFile::Open(0x73ec62d0) http://192.168.0.135:8866/service?method=recording.recurring.list&sid=63c7f3d85ddd40f3a7072d0c8f5be74a
12:58:03 T:1944224920 NOTICE: Thread FileCache start, auto delete: false
12:58:03 T:1910824496 DEBUG: CDVDPlayerVideo::CalcDropRequirement - hurry: 1
12:58:03 T:1944224920 INFO: CFileCache::Process - Hit eof.
12:58:03 T:1944224920 DEBUG: Thread FileCache 1944224920 terminating
12:58:03 T:1848293056 DEBUG: CFileCache::Open - opening using cache
12:58:03 T:1848293056 DEBUG: CurlFile::Open(0x6fdbb4c0) http://192.168.0.135:8866/service?method=recording.list&filter=pending&sid=63c7f3d85ddd40f3a7072d0c8f5be74a
12:58:03 T:1910824496 DEBUG: CDVDPlayerVideo::CalcDropRequirement - hurry: 1
12:58:03 T:1843651272 DEBUG: Previous line repeats 4 times.
12:58:03 T:1843651272 NOTICE: Thread FileCache start, auto delete: false
12:58:03 T:1910824496 DEBUG: CDVDPlayerVideo::CalcDropRequirement - hurry: 1
12:58:03 T:1843651272 DEBUG: Previous line repeats 1 times.
12:58:03 T:1843651272 INFO: CFileCache::Process - Hit eof.
12:58:03 T:1843651272 DEBUG: Thread FileCache 1843651272 terminating
12:58:03 T:1910824496 DEBUG: CDVDPlayerVideo::CalcDropRequirement - hurry: 1
12:58:03 T:1848293056 DEBUG: Previous line repeats 3 times.
12:58:03 T:1848293056 DEBUG: CFileCache::Open - opening using cache
12:58:03 T:1848293056 DEBUG: CurlFile::Open(0x71ec75e0) http://192.168.0.135:8866/service?method=recording.list&filter=ready&sid=63c7f3d85ddd40f3a7072d0c8f5be74a
12:58:03 T:1910824496 DEBUG: CDVDPlayerVideo::CalcDropRequirement - hurry: 1
12:58:03 T:1878747376 DEBUG: Previous line repeats 2 times.
12:58:03 T:1878747376 NOTICE: Thread FileCache start, auto delete: false
12:58:03 T:1910824496 DEBUG: CDVDPlayerVideo::CalcDropRequirement - hurry: 1
12:58:03 T:1878747376 INFO: CFileCache::Process - Hit eof.
12:58:03 T:1910824496 DEBUG: CDVDPlayerVideo::CalcDropRequirement - hurry: 1
12:58:03 T:1878747376 DEBUG: Previous line repeats 1 times.
12:58:03 T:1878747376 DEBUG: Thread FileCache 1878747376 terminating
12:58:03 T:1910824496 DEBUG: CDVDPlayerVideo::CalcDropRequirement - hurry: 1
12:58:06 T:1848293056 DEBUG: Previous line repeats 114 times.
12:58:06 T:1848293056 DEBUG: CFileCache::Open - opening using cache
12:58:06 T:1910824496 DEBUG: CDVDPlayerVideo::CalcDropRequirement - hurry: 1
12:58:06 T:1848293056 DEBUG: CurlFile::Open(0x7156aca8) http://192.168.0.135:8866/service?method=recording.recurring.list&sid=63c7f3d85ddd40f3a7072d0c8f5be74a
12:58:06 T:1944224920 NOTICE: Thread FileCache start, auto delete: false
12:58:06 T:1910824496 DEBUG: CDVDPlayerVideo::CalcDropRequirement - hurry: 1
12:58:06 T:1944224920 INFO: CFileCache::Process - Hit eof.
12:58:06 T:1944224920 DEBUG: Thread FileCache 1944224920 terminating
12:58:06 T:1910824496 DEBUG: CDVDPlayerVideo::CalcDropRequirement - hurry: 1
12:58:06 T:1848293056 DEBUG: CFileCache::Open - opening using cache
12:58:06 T:1848293056 DEBUG: CurlFile::Open(0x6fdbb4c0) http://192.168.0.135:8866/service?method=recording.list&filter=pending&sid=63c7f3d85ddd40f3a7072d0c8f5be74a
12:58:06 T:1910824496 DEBUG: CDVDPlayerVideo::CalcDropRequirement - hurry: 1
12:58:06 T:1878747376 DEBUG: Previous line repeats 4 times.
12:58:06 T:1878747376 NOTICE: Thread FileCache start, auto delete: false
12:58:06 T:1910824496 DEBUG: CDVDPlayerVideo::CalcDropRequirement - hurry: 1
12:58:06 T:1878747376 DEBUG: Previous line repeats 1 times.
12:58:06 T:1878747376 INFO: CFileCache::Process - Hit eof.
12:58:06 T:1878747376 DEBUG: Thread FileCache 1878747376 terminating
12:58:06 T:1910824496 DEBUG: CDVDPlayerVideo::CalcDropRequirement - hurry: 1
12:58:06 T:1848293056 DEBUG: Previous line repeats 1 times.
12:58:06 T:1848293056 DEBUG: CFileCache::Open - opening using cache
12:58:06 T:1848293056 DEBUG: CurlFile::Open(0x71ec75e0) http://192.168.0.135:8866/service?method=recording.list&filter=ready&sid=63c7f3d85ddd40f3a7072d0c8f5be74a
12:58:06 T:1910824496 DEBUG: CDVDPlayerVideo::CalcDropRequirement - hurry: 1
12:58:06 T:1839317520 DEBUG: Previous line repeats 1 times.
12:58:06 T:1839317520 NOTICE: Thread FileCache start, auto delete: false
12:58:06 T:1839317520 INFO: CFileCache::Process - Hit eof.
12:58:06 T:1839317520 DEBUG: Thread FileCache 1839317520 terminating
12:58:06 T:1910824496 DEBUG: CDVDPlayerVideo::CalcDropRequirement - hurry: 1
12:58:07 T:1910824496 DEBUG: Previous line repeats 2 times.
12:58:07 T:1910824496 WARNING: CDVDMessageQueue(video)::Get - asked for new data packet, with nothing available
12:58:07 T:1910824496 DEBUG: CDVDPlayerVideo::CalcDropRequirement - hurry: 0
12:58:07 T:1910824496 DEBUG: Previous line repeats 1 times.
12:58:07 T:1910824496 DEBUG: CDVDPlayerVideo::CalcDropRequirement - dropped in decoder, Sleeptime: 0.030927, Bufferlevel: 0, Gain: 0.041228
12:58:07 T:1910824496 DEBUG: CDVDPlayerVideo::CalcDropRequirement - hurry: 1
12:58:08 T:1910824496 DEBUG: Previous line repeats 55 times.
12:58:08 T:1910824496 DEBUG: CDVDPlayerVideo::CalcDropRequirement - hurry: 0
12:58:08 T:1910824496 DEBUG: CDVDPlayerVideo::CalcDropRequirement - hurry: 1
12:58:09 T:1848293056 DEBUG: Previous line repeats 58 times.
12:58:09 T:1848293056 DEBUG: CFileCache::Open - opening using cache
12:58:09 T:1848293056 DEBUG: CurlFile::Open(0x71ec75e0) http://192.168.0.135:8866/service?method=recording.recurring.list&sid=63c7f3d85ddd40f3a7072d0c8f5be74a
12:58:09 T:1910824496 DEBUG: CDVDPlayerVideo::CalcDropRequirement - hurry: 1
12:58:09 T:1843651272 NOTICE: Thread FileCache start, auto delete: false
12:58:10 T:1910824496 DEBUG: CDVDPlayerVideo::CalcDropRequirement - hurry: 1
12:58:10 T:1843651272 INFO: CFileCache::Process - Hit eof.
12:58:10 T:1843651272 DEBUG: Thread FileCache 1843651272 terminating
12:58:10 T:1910824496 DEBUG: CDVDPlayerVideo::CalcDropRequirement - hurry: 1
12:58:10 T:1848293056 DEBUG: CFileCache::Open - opening using cache
12:58:10 T:1848293056 DEBUG: CurlFile::Open(0x718e6628) http://192.168.0.135:8866/service?method=recording.list&filter=pending&sid=63c7f3d85ddd40f3a7072d0c8f5be74a
12:58:10 T:1910824496 DEBUG: CDVDPlayerVideo::CalcDropRequirement - hurry: 1
12:58:10 T:1839317520 DEBUG: Previous line repeats 5 times.
12:58:10 T:1839317520 NOTICE: Thread FileCache start, auto delete: false
12:58:10 T:1910824496 DEBUG: CDVDPlayerVideo::CalcDropRequirement - hurry: 1
12:58:10 T:1839317520 INFO: CFileCache::Process - Hit eof.
12:58:10 T:1839317520 DEBUG: Thread FileCache 1839317520 terminating
12:58:10 T:1910824496 DEBUG: CDVDPlayerVideo::CalcDropRequirement - hurry: 1
12:58:10 T:1848293056 DEBUG: Previous line repeats 2 times.
12:58:10 T:1848293056 DEBUG: CFileCache::Open - opening using cache
12:58:10 T:1848293056 DEBUG: CurlFile::Open(0x71ec75e0) http://192.168.0.135:8866/service?method=recording.list&filter=ready&sid=63c7f3d85ddd40f3a7072d0c8f5be74a
12:58:10 T:1910824496 DEBUG: CDVDPlayerVideo::CalcDropRequirement - hurry: 1
12:58:10 T:1839317520 DEBUG: Previous line repeats 2 times.
12:58:10 T:1839317520 NOTICE: Thread FileCache start, auto delete: false
12:58:10 T:1839317520 INFO: CFileCache::Process - Hit eof.
12:58:10 T:1839317520 DEBUG: Thread FileCache 1839317520 terminating
12:58:10 T:1910824496 DEBUG: CDVDPlayerVideo::CalcDropRequirement - hurry: 1
12:58:10 T:1910824496 DEBUG: Previous line repeats 2 times.
12:58:10 T:1910824496 WARNING: CDVDMessageQueue(video)::Get - asked for new data packet, with nothing available
12:58:10 T:1910824496 DEBUG: CDVDPlayerVideo::CalcDropRequirement - hurry: 0
12:58:10 T:1910824496 DEBUG: Previous line repeats 1 times.
12:58:10 T:1910824496 DEBUG: CDVDPlayerVideo::CalcDropRequirement - dropped in decoder, Sleeptime: 0.029166, Bufferlevel: 0, Gain: 0.067366
12:58:10 T:1910824496 DEBUG: CDVDPlayerVideo::CalcDropRequirement - hurry: 1
12:58:12 T:1910824496 DEBUG: Previous line repeats 60 times.
12:58:12 T:1910824496 WARNING: CDVDMessageQueue(video)::Get - asked for new data packet, with nothing available
12:58:12 T:1910824496 DEBUG: CDVDPlayerVideo::CalcDropRequirement - hurry: 0
12:58:12 T:1910824496 DEBUG: Previous line repeats 1 times.
12:58:12 T:1910824496 DEBUG: CDVDPlayerVideo::CalcDropRequirement - hurry: 1
12:58:13 T:1848293056 DEBUG: Previous line repeats 42 times.
12:58:13 T:1848293056 DEBUG: CFileCache::Open - opening using cache
12:58:13 T:1848293056 DEBUG: CurlFile::Open(0x71cedff8) http://192.168.0.135:8866/service?method=recording.recurring.list&sid=63c7f3d85ddd40f3a7072d0c8f5be74a
12:58:13 T:1910824496 DEBUG: CDVDPlayerVideo::CalcDropRequirement - hurry: 1
12:58:13 T:1843651272 NOTICE: Thread FileCache start, auto delete: false
12:58:13 T:1910824496 DEBUG: CDVDPlayerVideo::CalcDropRequirement - hurry: 1
12:58:13 T:1843651272 INFO: CFileCache::Process - Hit eof.
12:58:13 T:1843651272 DEBUG: Thread FileCache 1843651272 terminating
12:58:13 T:1910824496 DEBUG: CDVDPlayerVideo::CalcDropRequirement - hurry: 1
12:58:13 T:1848293056 DEBUG: CFileCache::Open - opening using cache
12:58:13 T:1848293056 DEBUG: CurlFile::Open(0x71cedff8) http://192.168.0.135:8866/service?method=recording.list&filter=pending&sid=63c7f3d85ddd40f3a7072d0c8f5be74a
12:58:13 T:1910824496 DEBUG: CDVDPlayerVideo::CalcDropRequirement - hurry: 1
12:58:13 T:1944224920 DEBUG: Previous line repeats 4 times.
12:58:13 T:1944224920 NOTICE: Thread FileCache start, auto delete: false
12:58:13 T:1910824496 DEBUG: CDVDPlayerVideo::CalcDropRequirement - hurry: 1
12:58:13 T:1944224920 INFO: CFileCache::Process - Hit eof.
12:58:13 T:1944224920 DEBUG: Thread FileCache 1944224920 terminating
12:58:13 T:1910824496 DEBUG: CDVDPlayerVideo::CalcDropRequirement - hurry: 1
12:58:13 T:1848293056 DEBUG: Previous line repeats 1 times.
12:58:13 T:1848293056 DEBUG: CFileCache::Open - opening using cache
12:58:13 T:1848293056 DEBUG: CurlFile::Open(0x6fedee40) http://192.168.0.135:8866/service?method=recording.list&filter=ready&sid=63c7f3d85ddd40f3a7072d0c8f5be74a
12:58:13 T:1910824496 DEBUG: CDVDPlayerVideo::CalcDropRequirement - hurry: 1
12:58:13 T:1839317520 NOTICE: Thread FileCache start, auto delete: false
12:58:13 T:1910824496 DEBUG: CDVDPlayerVideo::CalcDropRequirement - hurry: 1
12:58:13 T:1839317520 INFO: CFileCache::Process - Hit eof.
12:58:13 T:1910824496 DEBUG: CDVDPlayerVideo::CalcDropRequirement - hurry: 1
12:58:13 T:1839317520 DEBUG: Previous line repeats 1 times.
12:58:13 T:1839317520 DEBUG: Thread FileCache 1839317520 terminating
12:58:13 T:1910824496 DEBUG: CDVDPlayerVideo::CalcDropRequirement - hurry: 1
12:58:16 T:1910824496 DEBUG: Previous line repeats 87 times.
12:58:16 T:1910824496 WARNING: CDVDMessageQueue(video)::Get - asked for new data packet, with nothing available
12:58:16 T:1910824496 DEBUG: CDVDPlayerVideo::CalcDropRequirement - hurry: 0
12:58:16 T:1910824496 DEBUG: CDVDPlayerVideo::CalcDropRequirement - hurry: 1
12:58:16 T:1910824496 DEBUG: CDVDPlayerVideo::CalcDropRequirement - dropped in decoder, Sleeptime: 0.018718, Bufferlevel: 1, Gain: 0.050791
12:58:16 T:1910824496 DEBUG: CDVDPlayerVideo::CalcDropRequirement - hurry: 1
12:58:16 T:1848293056 DEBUG: Previous line repeats 20 times.
12:58:16 T:1848293056 DEBUG: CFileCache::Open - opening using cache
12:58:16 T:1848293056 DEBUG: CurlFile::Open(0x6fedee40) http://192.168.0.135:8866/service?method=recording.recurring.list&sid=63c7f3d85ddd40f3a7072d0c8f5be74a
12:58:16 T:1878747376 NOTICE: Thread FileCache start, auto delete: false
12:58:16 T:1910824496 DEBUG: CDVDPlayerVideo::CalcDropRequirement - hurry: 1
12:58:16 T:1878747376 INFO: CFileCache::Process - Hit eof.
12:58:16 T:1910824496 DEBUG: CDVDPlayerVideo::CalcDropRequirement - hurry: 1
12:58:16 T:1878747376 DEBUG: Thread FileCache 1878747376 terminating
12:58:16 T:1910824496 DEBUG: CDVDPlayerVideo::CalcDropRequirement - hurry: 1
12:58:16 T:1848293056 DEBUG: CFileCache::Open - opening using cache
12:58:16 T:1848293056 DEBUG: CurlFile::Open(0x71ec75e0) http://192.168.0.135:8866/service?method=recording.list&filter=pending&sid=63c7f3d85ddd40f3a7072d0c8f5be74a
12:58:16 T:1910824496 DEBUG: CDVDPlayerVideo::CalcDropRequirement - hurry: 1
12:58:17 T:1839317520 DEBUG: Previous line repeats 4 times.
12:58:17 T:1839317520 NOTICE: Thread FileCache start, auto delete: false
12:58:17 T:1910824496 DEBUG: CDVDPlayerVideo::CalcDropRequirement - hurry: 1
12:58:17 T:1839317520 INFO: CFileCache::Process - Hit eof.
12:58:17 T:1910824496 DEBUG: CDVDPlayerVideo::CalcDropRequirement - hurry: 1
12:58:17 T:1839317520 DEBUG: Thread FileCache 1839317520 terminating
12:58:17 T:1910824496 DEBUG: CDVDPlayerVideo::CalcDropRequirement - hurry: 1
12:58:17 T:1848293056 DEBUG: Previous line repeats 2 times.
12:58:17 T:1848293056 DEBUG: CFileCache::Open - opening using cache
12:58:17 T:1848293056 DEBUG: CurlFile::Open(0x73ec62d0) http://192.168.0.135:8866/service?method=recording.list&filter=ready&sid=63c7f3d85ddd40f3a7072d0c8f5be74a
12:58:17 T:1910824496 DEBUG: CDVDPlayerVideo::CalcDropRequirement - hurry: 1
12:58:17 T:1878747376 DEBUG: Previous line repeats 3 times.
12:58:17 T:1878747376 NOTICE: Thread FileCache start, auto delete: false
12:58:17 T:1910824496 DEBUG: CDVDPlayerVideo::CalcDropRequirement - hurry: 1
12:58:17 T:1878747376 INFO: CFileCache::Process - Hit eof.
12:58:17 T:1910824496 DEBUG: CDVDPlayerVideo::CalcDropRequirement - hurry: 1
12:58:17 T:1878747376 DEBUG: Thread FileCache 1878747376 terminating
12:58:17 T:1910824496 DEBUG: CDVDPlayerVideo::CalcDropRequirement - hurry: 1
12:58:20 T:1848293056 DEBUG: Previous line repeats 110 times.
12:58:20 T:1848293056 DEBUG: CFileCache::Open - opening using cache
12:58:20 T:1848293056 DEBUG: CurlFile::Open(0x73ec62d0) http://192.168.0.135:8866/service?method=recording.recurring.list&sid=63c7f3d85ddd40f3a7072d0c8f5be74a
12:58:20 T:1910824496 DEBUG: CDVDPlayerVideo::CalcDropRequirement - hurry: 1
12:58:20 T:1944224920 DEBUG: Previous line repeats 1 times.
12:58:20 T:1944224920 NOTICE: Thread FileCache start, auto delete: false
12:58:20 T:1944224920 INFO: CFileCache::Process - Hit eof.
12:58:20 T:1944224920 DEBUG: Thread FileCache 1944224920 terminating
12:58:20 T:1910824496 DEBUG: CDVDPlayerVideo::CalcDropRequirement - hurry: 1
12:58:20 T:1848293056 DEBUG: Previous line repeats 2 times.
12:58:20 T:1848293056 DEBUG: CFileCache::Open - opening using cache
12:58:20 T:1848293056 DEBUG: CurlFile::Open(0x73ec62d0) http://192.168.0.135:8866/service?method=recording.list&filter=pending&sid=63c7f3d85ddd40f3a7072d0c8f5be74a
12:58:20 T:1910824496 DEBUG: CDVDPlayerVideo::CalcDropRequirement - hurry: 1
12:58:20 T:1839317520 DEBUG: Previous line repeats 3 times.
12:58:20 T:1839317520 NOTICE: Thread FileCache start, auto delete: false
12:58:20 T:1910824496 DEBUG: CDVDPlayerVideo::CalcDropRequirement - hurry: 1
12:58:20 T:1839317520 INFO: CFileCache::Process - Hit eof.
12:58:20 T:1910824496 DEBUG: CDVDPlayerVideo::CalcDropRequirement - hurry: 1
12:58:20 T:1839317520 DEBUG: Thread FileCache 1839317520 terminating
12:58:20 T:1910824496 DEBUG: CDVDPlayerVideo::CalcDropRequirement - hurry: 1
12:58:20 T:1848293056 DEBUG: CFileCache::Open - opening using cache
12:58:20 T:1910824496 DEBUG: CDVDPlayerVideo::CalcDropRequirement - hurry: 1
12:58:20 T:1848293056 DEBUG: CurlFile::Open(0x73ec62d0) http://192.168.0.135:8866/service?method=recording.list&filter=ready&sid=63c7f3d85ddd40f3a7072d0c8f5be74a
12:58:20 T:1910824496 DEBUG: CDVDPlayerVideo::CalcDropRequirement - hurry: 1
12:58:20 T:1944224920 DEBUG: Previous line repeats 1 times.
12:58:20 T:1944224920 NOTICE: Thread FileCache start, auto delete: false
12:58:20 T:1910824496 DEBUG: CDVDPlayerVideo::CalcDropRequirement - hurry: 1
12:58:20 T:1944224920 INFO: CFileCache::Process - Hit eof.
12:58:20 T:1944224920 DEBUG: Thread FileCache 1944224920 terminating
12:58:20 T:1910824496 DEBUG: CDVDPlayerVideo::CalcDropRequirement - hurry: 1
12:58:23 T:1848293056 DEBUG: Previous line repeats 111 times.
12:58:23 T:1848293056 DEBUG: CFileCache::Open - opening using cache
12:58:23 T:1848293056 DEBUG: CurlFile::Open(0x73ec62d0) http://192.168.0.135:8866/service?method=recording.recurring.list&sid=63c7f3d85ddd40f3a7072d0c8f5be74a
12:58:23 T:1910824496 DEBUG: CDVDPlayerVideo::CalcDropRequirement - hurry: 1
12:58:23 T:1944224920 DEBUG: Previous line repeats 1 times.
12:58:23 T:1944224920 NOTICE: Thread FileCache start, auto delete: false
12:58:23 T:1944224920 INFO: CFileCache::Process - Hit eof.
12:58:23 T:1944224920 DEBUG: Thread FileCache 1944224920 terminating
12:58:23 T:1910824496 DEBUG: CDVDPlayerVideo::CalcDropRequirement - hurry: 1
12:58:23 T:1848293056 DEBUG: CFileCache::Open - opening using cache
12:58:23 T:1910824496 DEBUG: CDVDPlayerVideo::CalcDropRequirement - hurry: 1
12:58:23 T:1848293056 DEBUG: CurlFile::Open(0x6fedee40) http://192.168.0.135:8866/service?method=recording.list&filter=pending&sid=63c7f3d85ddd40f3a7072d0c8f5be74a
12:58:23 T:1910824496 DEBUG: CDVDPlayerVideo::CalcDropRequirement - hurry: 1
12:58:24 T:1944224920 DEBUG: Previous line repeats 4 times.
12:58:24 T:1944224920 NOTICE: Thread FileCache start, auto delete: false
12:58:24 T:1910824496 DEBUG: CDVDPlayerVideo::CalcDropRequirement - hurry: 1
12:58:24 T:1944224920 DEBUG: Previous line repeats 1 times.
12:58:24 T:1944224920 INFO: CFileCache::Process - Hit eof.
12:58:24 T:1944224920 DEBUG: Thread FileCache 1944224920 terminating
12:58:24 T:1910824496 DEBUG: CDVDPlayerVideo::CalcDropRequirement - hurry: 1
12:58:24 T:1848293056 DEBUG: Previous line repeats 1 times.
12:58:24 T:1848293056 DEBUG: CFileCache::Open - opening using cache
12:58:24 T:1848293056 DEBUG: CurlFile::Open(0x73ec62d0) http://192.168.0.135:8866/service?method=recording.list&filter=ready&sid=63c7f3d85ddd40f3a7072d0c8f5be74a
12:58:24 T:1910824496 DEBUG: CDVDPlayerVideo::CalcDropRequirement - hurry: 1
12:58:24 T:1839317520 DEBUG: Previous line repeats 1 times.
12:58:24 T:1839317520 NOTICE: Thread FileCache start, auto delete: false
12:58:24 T:1839317520 INFO: CFileCache::Process - Hit eof.
12:58:24 T:1839317520 DEBUG: Thread FileCache 1839317520 terminating
12:58:24 T:1910824496 DEBUG: CDVDPlayerVideo::CalcDropRequirement - hurry: 1
12:58:26 T:1910824496 DEBUG: Previous line repeats 81 times.
12:58:26 T:1910824496 WARNING: CDVDMessageQueue(video)::Get - asked for new data packet, with nothing available
12:58:26 T:1910824496 DEBUG: CDVDPlayerVideo::CalcDropRequirement - hurry: 1
12:58:26 T:1910824496 DEBUG: CDVDPlayerVideo::CalcDropRequirement - hurry: 0
12:58:26 T:1910824496 DEBUG: CDVDPlayerVideo::CalcDropRequirement - hurry: 1
12:58:26 T:1910824496 DEBUG: Previous line repeats 1 times.
12:58:26 T:1910824496 DEBUG: CDVDPlayerVideo::CalcDropRequirement - hurry: 0
12:58:26 T:1910824496 DEBUG: Previous line repeats 1 times.
12:58:26 T:1910824496 DEBUG: CDVDPlayerVideo::CalcDropRequirement - hurry: 1
12:58:27 T:1848293056 DEBUG: Previous line repeats 25 times.
12:58:27 T:1848293056 DEBUG: CFileCache::Open - opening using cache
12:58:27 T:1848293056 DEBUG: CurlFile::Open(0x71cedff8) http://192.168.0.135:8866/service?method=recording.recurring.list&sid=63c7f3d85ddd40f3a7072d0c8f5be74a
12:58:27 T:1878747376 NOTICE: Thread FileCache start, auto delete: false
12:58:27 T:1910824496 DEBUG: CDVDPlayerVideo::CalcDropRequirement - hurry: 1
12:58:27 T:1878747376 INFO: CFileCache::Process - Hit eof.
12:58:27 T:1878747376 DEBUG: Thread FileCache 1878747376 terminating
12:58:27 T:1910824496 DEBUG: CDVDPlayerVideo::CalcDropRequirement - hurry: 1
12:58:27 T:1848293056 DEBUG: CFileCache::Open - opening using cache
12:58:27 T:1848293056 DEBUG: CurlFile::Open(0x6fdbb4c0) http://192.168.0.135:8866/service?method=recording.list&filter=pending&sid=63c7f3d85ddd40f3a7072d0c8f5be74a
12:58:27 T:1910824496 DEBUG: CDVDPlayerVideo::CalcDropRequirement - hurry: 1
12:58:27 T:1944224920 DEBUG: Previous line repeats 5 times.
12:58:27 T:1944224920 NOTICE: Thread FileCache start, auto delete: false
12:58:27 T:1910824496 DEBUG: CDVDPlayerVideo::CalcDropRequirement - hurry: 1
12:58:27 T:1944224920 INFO: CFileCache::Process - Hit eof.
12:58:27 T:1944224920 DEBUG: Thread FileCache 1944224920 terminating
12:58:27 T:1910824496 DEBUG: CDVDPlayerVideo::CalcDropRequirement - hurry: 1
12:58:27 T:1848293056 DEBUG: Previous line repeats 3 times.
12:58:27 T:1848293056 DEBUG: CFileCache::Open - opening using cache
12:58:27 T:1848293056 DEBUG: CurlFile::Open(0x73ec62d0) http://192.168.0.135:8866/service?method=recording.list&filter=ready&sid=63c7f3d85ddd40f3a7072d0c8f5be74a
12:58:27 T:1910824496 DEBUG: CDVDPlayerVideo::CalcDropRequirement - hurry: 1
12:58:27 T:1839317520 DEBUG: Previous line repeats 2 times.
12:58:27 T:1839317520 NOTICE: Thread FileCache start, auto delete: false
12:58:27 T:1910824496 DEBUG: CDVDPlayerVideo::CalcDropRequirement - hurry: 1
12:58:27 T:1839317520 INFO: CFileCache::Process - Hit eof.
12:58:27 T:1910824496 DEBUG: CDVDPlayerVideo::CalcDropRequirement - hurry: 1
12:58:27 T:1839317520 DEBUG: Previous line repeats 2 times.
12:58:27 T:1839317520 DEBUG: Thread FileCache 1839317520 terminating
12:58:27 T:1910824496 DEBUG: CDVDPlayerVideo::CalcDropRequirement - hurry: 1
12:58:28 T:1910824496 DEBUG: Previous line repeats 27 times.
12:58:28 T:1910824496 WARNING: CDVDMessageQueue(video)::Get - asked for new data packet, with nothing available
12:58:28 T:1910824496 DEBUG: CDVDPlayerVideo::CalcDropRequirement - hurry: 0
12:58:28 T:1910824496 DEBUG: Previous line repeats 1 times.
12:58:28 T:1910824496 DEBUG: CDVDPlayerVideo::CalcDropRequirement - dropped in decoder, Sleeptime: 0.028863, Bufferlevel: 0, Gain: 0.112888
12:58:28 T:1910824496 DEBUG: CDVDPlayerVideo::CalcDropRequirement - hurry: 1
12:58:28 T:1910824496 DEBUG: CDVDPlayerVideo::CalcDropRequirement - hurry: 0
12:58:28 T:1910824496 DEBUG: Previous line repeats 1 times.
12:58:28 T:1910824496 DEBUG: CDVDPlayerVideo::CalcDropRequirement - hurry: 1
12:58:28 T:1910824496 DEBUG: CDVDPlayerVideo::CalcDropRequirement - hurry: 0
12:58:28 T:1910824496 DEBUG: CDVDPlayerVideo::CalcDropRequirement - hurry: 1
12:58:28 T:1910824496 DEBUG: CDVDPlayerVideo::CalcDropRequirement - hurry: 0
12:58:28 T:1910824496 DEBUG: CDVDPlayerVideo::CalcDropRequirement - hurry: 1
12:58:29 T:1910824496 DEBUG: Previous line repeats 30 times.
12:58:29 T:1910824496 WARNING: CDVDMessageQueue(video)::Get - asked for new data packet, with nothing available
12:58:29 T:1910824496 DEBUG: CDVDPlayerVideo::CalcDropRequirement - hurry: 0
12:58:29 T:1910824496 DEBUG: CDVDPlayerVideo::CalcDropRequirement - hurry: 1
12:58:30 T:1848293056 DEBUG: Previous line repeats 48 times.
12:58:30 T:1848293056 DEBUG: CFileCache::Open - opening using cache
12:58:30 T:1848293056 DEBUG: CurlFile::Open(0x71ec75e0) http://192.168.0.135:8866/service?method=recording.recurring.list&sid=63c7f3d85ddd40f3a7072d0c8f5be74a
12:58:30 T:1910824496 DEBUG: CDVDPlayerVideo::CalcDropRequirement - hurry: 1
12:58:30 T:1878747376 DEBUG: Previous line repeats 1 times.
12:58:30 T:1878747376 NOTICE: Thread FileCache start, auto delete: false
12:58:30 T:1910824496 DEBUG: CDVDPlayerVideo::CalcDropRequirement - hurry: 1
12:58:30 T:1878747376 DEBUG: Previous line repeats 3 times.
12:58:30 T:1878747376 INFO: CFileCache::Process - Hit eof.
12:58:30 T:1878747376 DEBUG: Thread FileCache 1878747376 terminating
12:58:31 T:1910824496 DEBUG: CDVDPlayerVideo::CalcDropRequirement - hurry: 1
12:58:31 T:1848293056 DEBUG: CFileCache::Open - opening using cache
12:58:31 T:1848293056 DEBUG: CurlFile::Open(0x71cedff8) http://192.168.0.135:8866/service?method=recording.list&filter=pending&sid=63c7f3d85ddd40f3a7072d0c8f5be74a
12:58:31 T:1910824496 DEBUG: CDVDPlayerVideo::CalcDropRequirement - hurry: 1
12:58:31 T:1839317520 DEBUG: Previous line repeats 4 times.
12:58:31 T:1839317520 NOTICE: Thread FileCache start, auto delete: false
12:58:31 T:1910824496 DEBUG: CDVDPlayerVideo::CalcDropRequirement - hurry: 1
12:58:31 T:1839317520 DEBUG: Previous line repeats 1 times.
12:58:31 T:1839317520 INFO: CFileCache::Process - Hit eof.
12:58:31 T:1839317520 DEBUG: Thread FileCache 1839317520 terminating
12:58:31 T:1910824496 DEBUG: CDVDPlayerVideo::CalcDropRequirement - hurry: 1
12:58:31 T:1848293056 DEBUG: Previous line repeats 3 times.
12:58:31 T:1848293056 DEBUG: CFileCache::Open - opening using cache
12:58:31 T:1848293056 DEBUG: CurlFile::Open(0x71ec75e0) http://192.168.0.135:8866/service?method=recording.list&filter=ready&sid=63c7f3d85ddd40f3a7072d0c8f5be74a
12:58:31 T:1910824496 DEBUG: CDVDPlayerVideo::CalcDropRequirement - hurry: 1
12:58:31 T:1843651272 DEBUG: Previous line repeats 2 times.
12:58:31 T:1843651272 NOTICE: Thread FileCache start, auto delete: false
12:58:31 T:1910824496 DEBUG: CDVDPlayerVideo::CalcDropRequirement - hurry: 1
12:58:31 T:1843651272 INFO: CFileCache::Process - Hit eof.
12:58:31 T:1910824496 DEBUG: CDVDPlayerVideo::CalcDropRequirement - hurry: 1
12:58:31 T:1843651272 DEBUG: Thread FileCache 1843651272 terminating
12:58:31 T:1910824496 DEBUG: CDVDPlayerVideo::CalcDropRequirement - hurry: 1
12:58:34 T:1848293056 DEBUG: Previous line repeats 111 times.
12:58:34 T:1848293056 DEBUG: CFileCache::Open - opening using cache
12:58:34 T:1848293056 DEBUG: CurlFile::Open(0x71cedff8) http://192.168.0.135:8866/service?method=recording.recurring.list&sid=63c7f3d85ddd40f3a7072d0c8f5be74a
12:58:34 T:1910824496 DEBUG: CDVDPlayerVideo::CalcDropRequirement - hurry: 1
12:58:34 T:1944224920 NOTICE: Thread FileCache start, auto delete: false
12:58:34 T:1944224920 INFO: CFileCache::Process - Hit eof.
12:58:34 T:1910824496 DEBUG: CDVDPlayerVideo::CalcDropRequirement - hurry: 1
12:58:34 T:1944224920 DEBUG: Thread FileCache 1944224920 terminating
12:58:34 T:1910824496 DEBUG: CDVDPlayerVideo::CalcDropRequirement - hurry: 1
12:58:34 T:1848293056 DEBUG: Previous line repeats 2 times.
12:58:34 T:1848293056 DEBUG: CFileCache::Open - opening using cache
12:58:34 T:1910824496 DEBUG: CDVDPlayerVideo::CalcDropRequirement - hurry: 1
12:58:34 T:1848293056 DEBUG: Previous line repeats 1 times.
12:58:34 T:1848293056 DEBUG: CurlFile::Open(0x71edc400) http://192.168.0.135:8866/service?method=recording.list&filter=pending&sid=63c7f3d85ddd40f3a7072d0c8f5be74a
12:58:34 T:1910824496 DEBUG: CDVDPlayerVideo::CalcDropRequirement - hurry: 1
12:58:34 T:1944224920 DEBUG: Previous line repeats 1 times.
12:58:34 T:1944224920 NOTICE: Thread FileCache start, auto delete: false
12:58:34 T:1910824496 DEBUG: CDVDPlayerVideo::CalcDropRequirement - hurry: 1
12:58:34 T:1944224920 DEBUG: Previous line repeats 1 times.
12:58:35 T:1944224920 INFO: CFileCache::Process - Hit eof.
12:58:35 T:1944224920 DEBUG: Thread FileCache 1944224920 terminating
12:58:35 T:1910824496 DEBUG: CDVDPlayerVideo::CalcDropRequirement - hurry: 1
12:58:35 T:1848293056 DEBUG: Previous line repeats 1 times.
12:58:35 T:1848293056 DEBUG: CFileCache::Open - opening using cache
12:58:35 T:1848293056 DEBUG: CurlFile::Open(0x71ec75e0) http://192.168.0.135:8866/service?method=recording.list&filter=ready&sid=63c7f3d85ddd40f3a7072d0c8f5be74a
12:58:35 T:1910824496 DEBUG: CDVDPlayerVideo::CalcDropRequirement - hurry: 1
12:58:35 T:1878747376 DEBUG: Previous line repeats 2 times.
12:58:35 T:1878747376 NOTICE: Thread FileCache start, auto delete: false
12:58:35 T:1878747376 INFO: CFileCache::Process - Hit eof.
12:58:35 T:1910824496 DEBUG: CDVDPlayerVideo::CalcDropRequirement - hurry: 1
12:58:35 T:1878747376 DEBUG: Previous line repeats 2 times.
12:58:35 T:1878747376 DEBUG: Thread FileCache 1878747376 terminating
12:58:35 T:1910824496 DEBUG: CDVDPlayerVideo::CalcDropRequirement - hurry: 1
12:58:37 T:1910824496 DEBUG: Previous line repeats 99 times.
12:58:37 T:1910824496 WARNING: CDVDMessageQueue(video)::Get - asked for new data packet, with nothing available
12:58:37 T:1910824496 DEBUG: CDVDPlayerVideo::CalcDropRequirement - hurry: 0
12:58:37 T:1910824496 DEBUG: CDVDPlayerVideo::CalcDropRequirement - hurry: 1
12:58:38 T:1848293056 DEBUG: Previous line repeats 21 times.
12:58:38 T:1848293056 DEBUG: CFileCache::Open - opening using cache
12:58:38 T:1848293056 DEBUG: CurlFile::Open(0x73ec62d0) http://192.168.0.135:8866/service?method=recording.recurring.list&sid=63c7f3d85ddd40f3a7072d0c8f5be74a
12:58:38 T:1910824496 DEBUG: CDVDPlayerVideo::CalcDropRequirement - hurry: 1
12:58:38 T:1843651272 DEBUG: Previous line repeats 2 times.
12:58:38 T:1843651272 NOTICE: Thread FileCache start, auto delete: false
12:58:38 T:1910824496 DEBUG: CDVDPlayerVideo::CalcDropRequirement - hurry: 1
12:58:38 T:1843651272 INFO: CFileCache::Process - Hit eof.
12:58:38 T:1843651272 DEBUG: Thread FileCache 1843651272 terminating
12:58:38 T:1910824496 DEBUG: CDVDPlayerVideo::CalcDropRequirement - hurry: 1
12:58:38 T:1848293056 DEBUG: Previous line repeats 1 times.
12:58:38 T:1848293056 DEBUG: CFileCache::Open - opening using cache
12:58:38 T:1848293056 DEBUG: CurlFile::Open(0x6fedee40) http://192.168.0.135:8866/service?method=recording.list&filter=pending&sid=63c7f3d85ddd40f3a7072d0c8f5be74a
12:58:38 T:1910824496 DEBUG: CDVDPlayerVideo::CalcDropRequirement - hurry: 1
12:58:38 T:1843651272 DEBUG: Previous line repeats 3 times.
12:58:38 T:1843651272 NOTICE: Thread FileCache start, auto delete: false
12:58:38 T:1910824496 DEBUG: CDVDPlayerVideo::CalcDropRequirement - hurry: 1
12:58:38 T:1843651272 DEBUG: Previous line repeats 1 times.
12:58:38 T:1843651272 INFO: CFileCache::Process - Hit eof.
12:58:38 T:1910824496 DEBUG: CDVDPlayerVideo::CalcDropRequirement - hurry: 1
12:58:38 T:1843651272 DEBUG: Previous line repeats 1 times.
12:58:38 T:1843651272 DEBUG: Thread FileCache 1843651272 terminating
12:58:38 T:1910824496 DEBUG: CDVDPlayerVideo::CalcDropRequirement - hurry: 1
12:58:38 T:1848293056 DEBUG: Previous line repeats 1 times.
12:58:38 T:1848293056 DEBUG: CFileCache::Open - opening using cache
12:58:38 T:1848293056 DEBUG: CurlFile::Open(0x71939068) http://192.168.0.135:8866/service?method=recording.list&filter=ready&sid=63c7f3d85ddd40f3a7072d0c8f5be74a
12:58:38 T:1910824496 DEBUG: CDVDPlayerVideo::CalcDropRequirement - hurry: 1
12:58:38 T:1878747376 DEBUG: Previous line repeats 1 times.
12:58:38 T:1878747376 NOTICE: Thread FileCache start, auto delete: false
12:58:38 T:1910824496 DEBUG: CDVDPlayerVideo::CalcDropRequirement - hurry: 1
12:58:38 T:1878747376 INFO: CFileCache::Process - Hit eof.
12:58:38 T:1910824496 DEBUG: CDVDPlayerVideo::CalcDropRequirement - hurry: 1
