13:05:51 T:1910824496 DEBUG: CDVDPlayerVideo::CalcDropRequirement - hurry: 1
13:05:52 T:1908668840 DEBUG: Previous line repeats 2 times.
13:05:52 T:1908668840 DEBUG: Thread FileCache 1908668840 terminating
13:05:52 T:1910824496 DEBUG: CDVDPlayerVideo::CalcDropRequirement - hurry: 1
13:05:52 T:1910824496 DEBUG: Previous line repeats 38 times.
13:05:52 T:1910824496 WARNING: CDVDMessageQueue(video)::Get - asked for new data packet, with nothing available
13:05:52 T:1910824496 DEBUG: CDVDPlayerVideo::CalcDropRequirement - hurry: 0
13:05:53 T:1910824496 DEBUG: Previous line repeats 3 times.
13:05:53 T:1910824496 DEBUG: CDVDPlayerVideo::CalcDropRequirement - hurry: 1
13:05:53 T:1910824496 DEBUG: Previous line repeats 38 times.
13:05:53 T:1910824496 WARNING: CDVDMessageQueue(video)::Get - asked for new data packet, with nothing available
13:05:54 T:1910824496 DEBUG: CDVDPlayerVideo::CalcDropRequirement - hurry: 0
13:05:54 T:1910824496 DEBUG: Previous line repeats 1 times.
13:05:54 T:1910824496 DEBUG: CDVDPlayerVideo::CalcDropRequirement - hurry: 1
13:05:55 T:1848293056 DEBUG: Previous line repeats 41 times.
13:05:55 T:1848293056 DEBUG: CFileCache::Open - opening using cache
13:05:55 T:1848293056 DEBUG: CurlFile::Open(0x7363fb10) http://192.168.0.135:8866/service?method=recording.recurring.list&sid=63c7f3d85ddd40f3a7072d0c8f5be74a
13:05:55 T:1910824496 DEBUG: CDVDPlayerVideo::CalcDropRequirement - hurry: 1
13:05:55 T:1910970208 DEBUG: Previous line repeats 1 times.
13:05:55 T:1910970208 NOTICE: Thread FileCache start, auto delete: false
13:05:55 T:1910824496 DEBUG: CDVDPlayerVideo::CalcDropRequirement - hurry: 1
13:05:55 T:1910970208 INFO: CFileCache::Process - Hit eof.
13:05:55 T:1910970208 DEBUG: Thread FileCache 1910970208 terminating
13:05:55 T:1910824496 DEBUG: CDVDPlayerVideo::CalcDropRequirement - hurry: 1
13:05:55 T:1848293056 DEBUG: CFileCache::Open - opening using cache
13:05:55 T:1848293056 DEBUG: CurlFile::Open(0x71cedff8) http://192.168.0.135:8866/service?method=recording.list&filter=pending&sid=63c7f3d85ddd40f3a7072d0c8f5be74a
13:05:55 T:1910824496 DEBUG: CDVDPlayerVideo::CalcDropRequirement - hurry: 1
13:05:55 T:1849575184 DEBUG: Previous line repeats 4 times.
13:05:55 T:1849575184 NOTICE: Thread FileCache start, auto delete: false
13:05:55 T:1910824496 DEBUG: CDVDPlayerVideo::CalcDropRequirement - hurry: 1
13:05:55 T:1849575184 DEBUG: Previous line repeats 1 times.
13:05:55 T:1849575184 INFO: CFileCache::Process - Hit eof.
13:05:55 T:1910824496 DEBUG: CDVDPlayerVideo::CalcDropRequirement - hurry: 1
13:05:55 T:1849575184 DEBUG: Previous line repeats 1 times.
13:05:55 T:1849575184 DEBUG: Thread FileCache 1849575184 terminating
13:05:55 T:1910824496 DEBUG: CDVDPlayerVideo::CalcDropRequirement - hurry: 1
13:05:55 T:1848293056 DEBUG: Previous line repeats 2 times.
13:05:55 T:1848293056 DEBUG: CFileCache::Open - opening using cache
13:05:55 T:1848293056 DEBUG: CurlFile::Open(0x6fdbb4c0) http://192.168.0.135:8866/service?method=recording.list&filter=ready&sid=63c7f3d85ddd40f3a7072d0c8f5be74a
13:05:55 T:1910824496 DEBUG: CDVDPlayerVideo::CalcDropRequirement - hurry: 1
13:05:55 T:1878759272 DEBUG: Previous line repeats 1 times.
13:05:55 T:1878759272 NOTICE: Thread FileCache start, auto delete: false
13:05:55 T:1910824496 DEBUG: CDVDPlayerVideo::CalcDropRequirement - hurry: 1
13:05:55 T:1878759272 INFO: CFileCache::Process - Hit eof.
13:05:55 T:1910824496 DEBUG: CDVDPlayerVideo::CalcDropRequirement - hurry: 1
13:05:55 T:1878759272 DEBUG: Thread FileCache 1878759272 terminating
13:05:55 T:1910824496 DEBUG: CDVDPlayerVideo::CalcDropRequirement - hurry: 1
13:05:55 T:1910824496 DEBUG: Previous line repeats 10 times.
13:05:55 T:1910824496 WARNING: CDVDMessageQueue(video)::Get - asked for new data packet, with nothing available
13:05:55 T:1910824496 DEBUG: CDVDPlayerVideo::CalcDropRequirement - hurry: 1
13:05:55 T:1910824496 DEBUG: Previous line repeats 5 times.
13:05:55 T:1910824496 DEBUG: CDVDPlayerVideo::CalcDropRequirement - hurry: 0
13:05:55 T:1910824496 DEBUG: Previous line repeats 1 times.
13:05:55 T:1910824496 DEBUG: CDVDPlayerVideo::CalcDropRequirement - hurry: 1
13:05:56 T:1910824496 DEBUG: Previous line repeats 32 times.
13:05:56 T:1910824496 WARNING: CDVDMessageQueue(video)::Get - asked for new data packet, with nothing available
13:05:56 T:1910824496 DEBUG: CDVDPlayerVideo::CalcDropRequirement - hurry: 0
13:05:56 T:1910824496 DEBUG: Previous line repeats 2 times.
13:05:56 T:1910824496 DEBUG: CDVDPlayerVideo::CalcDropRequirement - hurry: 1
13:05:58 T:1848293056 DEBUG: Previous line repeats 69 times.
13:05:58 T:1848293056 DEBUG: CFileCache::Open - opening using cache
13:05:58 T:1848293056 DEBUG: CurlFile::Open(0x6fdbb4c0) http://192.168.0.135:8866/service?method=recording.recurring.list&sid=63c7f3d85ddd40f3a7072d0c8f5be74a
13:05:58 T:1910824496 DEBUG: CDVDPlayerVideo::CalcDropRequirement - hurry: 1
13:05:58 T:1910970208 NOTICE: Thread FileCache start, auto delete: false
13:05:58 T:1910824496 DEBUG: CDVDPlayerVideo::CalcDropRequirement - hurry: 1
13:05:58 T:1910970208 INFO: CFileCache::Process - Hit eof.
13:05:58 T:1910970208 DEBUG: Thread FileCache 1910970208 terminating
13:05:58 T:1910824496 DEBUG: CDVDPlayerVideo::CalcDropRequirement - hurry: 1
13:05:58 T:1848293056 DEBUG: CFileCache::Open - opening using cache
13:05:58 T:1910824496 DEBUG: CDVDPlayerVideo::CalcDropRequirement - hurry: 1
13:05:58 T:1848293056 DEBUG: CurlFile::Open(0x7363fb10) http://192.168.0.135:8866/service?method=recording.list&filter=pending&sid=63c7f3d85ddd40f3a7072d0c8f5be74a
13:05:58 T:1910824496 DEBUG: CDVDPlayerVideo::CalcDropRequirement - hurry: 1
13:05:58 T:1849575184 DEBUG: Previous line repeats 6 times.
13:05:58 T:1849575184 NOTICE: Thread FileCache start, auto delete: false
13:05:58 T:1910824496 DEBUG: CDVDPlayerVideo::CalcDropRequirement - hurry: 1
13:05:58 T:1849575184 DEBUG: Previous line repeats 1 times.
13:05:58 T:1849575184 INFO: CFileCache::Process - Hit eof.
13:05:58 T:1910824496 DEBUG: CDVDPlayerVideo::CalcDropRequirement - hurry: 1
13:05:59 T:1849575184 DEBUG: Previous line repeats 2 times.
13:05:59 T:1849575184 DEBUG: Thread FileCache 1849575184 terminating
13:05:59 T:1910824496 DEBUG: CDVDPlayerVideo::CalcDropRequirement - hurry: 1
13:05:59 T:1848293056 DEBUG: Previous line repeats 2 times.
13:05:59 T:1848293056 DEBUG: CFileCache::Open - opening using cache
13:05:59 T:1848293056 DEBUG: CurlFile::Open(0x73e5e4f0) http://192.168.0.135:8866/service?method=recording.list&filter=ready&sid=63c7f3d85ddd40f3a7072d0c8f5be74a
13:05:59 T:1910824496 DEBUG: CDVDPlayerVideo::CalcDropRequirement - hurry: 1
13:05:59 T:1901873064 NOTICE: Thread FileCache start, auto delete: false
13:05:59 T:1901873064 INFO: CFileCache::Process - Hit eof.
13:05:59 T:1910824496 DEBUG: CDVDPlayerVideo::CalcDropRequirement - hurry: 1
13:05:59 T:1901873064 DEBUG: Previous line repeats 2 times.
13:05:59 T:1901873064 DEBUG: Thread FileCache 1901873064 terminating
13:05:59 T:1910824496 DEBUG: CDVDPlayerVideo::CalcDropRequirement - hurry: 1
13:05:59 T:1910824496 DEBUG: Previous line repeats 14 times.
13:05:59 T:1910824496 WARNING: CDVDMessageQueue(video)::Get - asked for new data packet, with nothing available
13:05:59 T:1910824496 DEBUG: CDVDPlayerVideo::CalcDropRequirement - hurry: 1
13:06:00 T:1910824496 DEBUG: Previous line repeats 39 times.
13:06:00 T:1910824496 WARNING: CDVDMessageQueue(video)::Get - asked for new data packet, with nothing available
13:06:00 T:1910824496 DEBUG: CDVDPlayerVideo::CalcDropRequirement - hurry: 0
13:06:00 T:1910824496 DEBUG: Previous line repeats 1 times.
13:06:00 T:1910824496 DEBUG: CDVDPlayerVideo::CalcDropRequirement - hurry: 1
13:06:01 T:1910824496 DEBUG: Previous line repeats 34 times.
13:06:01 T:1910824496 WARNING: CDVDMessageQueue(video)::Get - asked for new data packet, with nothing available
13:06:01 T:1910824496 DEBUG: CDVDPlayerVideo::CalcDropRequirement - hurry: 0
13:06:01 T:1910824496 DEBUG: Previous line repeats 1 times.
13:06:01 T:1910824496 DEBUG: CDVDPlayerVideo::CalcDropRequirement - hurry: 1
13:06:01 T:1910824496 DEBUG: CDVDPlayerVideo::CalcDropRequirement - hurry: 0
13:06:01 T:1910824496 DEBUG: Previous line repeats 1 times.
13:06:01 T:1910824496 DEBUG: CDVDPlayerVideo::CalcDropRequirement - hurry: 1
13:06:01 T:1910824496 DEBUG: Previous line repeats 18 times.
13:06:01 T:1910824496 WARNING: CDVDMessageQueue(video)::Get - asked for new data packet, with nothing available
13:06:02 T:1910824496 DEBUG: CDVDPlayerVideo::CalcDropRequirement - hurry: 0
13:06:02 T:1910824496 DEBUG: Previous line repeats 1 times.
13:06:02 T:1910824496 DEBUG: CDVDPlayerVideo::CalcDropRequirement - dropped in decoder, Sleeptime: 0.032044, Bufferlevel: 0, Gain: 0.152883
13:06:02 T:1910824496 DEBUG: CDVDPlayerVideo::CalcDropRequirement - hurry: 1
13:06:02 T:1848293056 DEBUG: CFileCache::Open - opening using cache
13:06:02 T:1848293056 DEBUG: CurlFile::Open(0x6fecd490) http://192.168.0.135:8866/service?method=recording.lastupdated&sid=63c7f3d85ddd40f3a7072d0c8f5be74a
13:06:02 T:1910824496 DEBUG: CDVDPlayerVideo::CalcDropRequirement - hurry: 1
13:06:02 T:1910883208 DEBUG: Previous line repeats 3 times.
13:06:02 T:1910883208 NOTICE: Thread FileCache start, auto delete: false
13:06:02 T:1910883208 INFO: CFileCache::Process - Hit eof.
13:06:02 T:1910883208 DEBUG: Thread FileCache 1910883208 terminating
13:06:02 T:1848293056 DEBUG: CFileCache::Open - opening using cache
13:06:02 T:1848293056 DEBUG: CurlFile::Open(0x6fdbb4c0) http://192.168.0.135:8866/service?method=recording.recurring.list&sid=63c7f3d85ddd40f3a7072d0c8f5be74a
13:06:02 T:1910824496 DEBUG: CDVDPlayerVideo::CalcDropRequirement - hurry: 1
13:06:02 T:1911750048 DEBUG: Previous line repeats 2 times.
13:06:02 T:1911750048 NOTICE: Thread FileCache start, auto delete: false
13:06:02 T:1910824496 DEBUG: CDVDPlayerVideo::CalcDropRequirement - hurry: 1
13:06:02 T:1911750048 DEBUG: Previous line repeats 1 times.
13:06:02 T:1911750048 INFO: CFileCache::Process - Hit eof.
13:06:02 T:1910824496 DEBUG: CDVDPlayerVideo::CalcDropRequirement - hurry: 1
13:06:02 T:1911750048 DEBUG: Previous line repeats 1 times.
13:06:02 T:1911750048 DEBUG: Thread FileCache 1911750048 terminating
13:06:02 T:1910824496 DEBUG: CDVDPlayerVideo::CalcDropRequirement - hurry: 1
13:06:02 T:1848293056 DEBUG: CFileCache::Open - opening using cache
13:06:02 T:1848293056 DEBUG: CurlFile::Open(0x6fdbb4c0) http://192.168.0.135:8866/service?method=recording.list&filter=pending&sid=63c7f3d85ddd40f3a7072d0c8f5be74a
13:06:02 T:1910824496 DEBUG: CDVDPlayerVideo::CalcDropRequirement - hurry: 1
13:06:02 T:1901873064 DEBUG: Previous line repeats 7 times.
13:06:02 T:1901873064 NOTICE: Thread FileCache start, auto delete: false
13:06:02 T:1910824496 DEBUG: CDVDPlayerVideo::CalcDropRequirement - hurry: 1
13:06:02 T:1901873064 DEBUG: Previous line repeats 5 times.
13:06:02 T:1901873064 INFO: CFileCache::Process - Hit eof.
13:06:02 T:1901873064 DEBUG: Thread FileCache 1901873064 terminating
13:06:02 T:1910824496 DEBUG: CDVDPlayerVideo::CalcDropRequirement - hurry: 1
13:06:02 T:1848293056 DEBUG: CFileCache::Open - opening using cache
13:06:02 T:1848293056 DEBUG: CurlFile::Open(0x6fdbb4c0) http://192.168.0.135:8866/service?method=recording.list&filter=ready&sid=63c7f3d85ddd40f3a7072d0c8f5be74a
13:06:02 T:1910824496 DEBUG: CDVDPlayerVideo::CalcDropRequirement - hurry: 1
13:06:03 T:1910883208 DEBUG: Previous line repeats 3 times.
13:06:03 T:1910883208 NOTICE: Thread FileCache start, auto delete: false
13:06:03 T:1910883208 INFO: CFileCache::Process - Hit eof.
13:06:03 T:1910824496 DEBUG: CDVDPlayerVideo::CalcDropRequirement - hurry: 1
13:06:03 T:1910883208 DEBUG: Previous line repeats 1 times.
13:06:03 T:1910883208 DEBUG: Thread FileCache 1910883208 terminating
13:06:03 T:1910824496 DEBUG: CDVDPlayerVideo::CalcDropRequirement - hurry: 1
13:06:03 T:1910824496 DEBUG: Previous line repeats 17 times.
13:06:03 T:1910824496 WARNING: CDVDMessageQueue(video)::Get - asked for new data packet, with nothing available
13:06:03 T:1910824496 DEBUG: CDVDPlayerVideo::CalcDropRequirement - hurry: 0
13:06:03 T:1910824496 DEBUG: Previous line repeats 1 times.
13:06:03 T:1910824496 DEBUG: CDVDPlayerVideo::CalcDropRequirement - dropped in decoder, Sleeptime: 0.031846, Bufferlevel: 0, Gain: 0.065584
13:06:03 T:1910824496 DEBUG: CDVDPlayerVideo::CalcDropRequirement - hurry: 1
13:06:04 T:1910824496 DEBUG: Previous line repeats 31 times.
13:06:04 T:1910824496 WARNING: CDVDMessageQueue(video)::Get - asked for new data packet, with nothing available
13:06:04 T:1910824496 DEBUG: CDVDPlayerVideo::CalcDropRequirement - hurry: 0
13:06:04 T:1910824496 DEBUG: CDVDPlayerVideo::CalcDropRequirement - hurry: 1
13:06:04 T:1910824496 DEBUG: CDVDPlayerVideo::CalcDropRequirement - dropped in decoder, Sleeptime: 0.019045, Bufferlevel: 1, Gain: 0.043860
13:06:04 T:1910824496 DEBUG: CDVDPlayerVideo::CalcDropRequirement - hurry: 1
13:06:04 T:1910824496 DEBUG: CDVDPlayerVideo::CalcDropRequirement - hurry: 0
13:06:04 T:1910824496 DEBUG: CDVDPlayerVideo::CalcDropRequirement - hurry: 1
13:06:05 T:1910824496 DEBUG: Previous line repeats 32 times.
13:06:05 T:1910824496 WARNING: CDVDMessageQueue(video)::Get - asked for new data packet, with nothing available
13:06:05 T:1910824496 DEBUG: CDVDPlayerVideo::CalcDropRequirement - hurry: 0
13:06:05 T:1910824496 DEBUG: Previous line repeats 1 times.
13:06:05 T:1910824496 DEBUG: CDVDPlayerVideo::CalcDropRequirement - dropped in decoder, Sleeptime: 0.031547, Bufferlevel: 0, Gain: 0.079676
13:06:05 T:1910824496 DEBUG: CDVDPlayerVideo::CalcDropRequirement - hurry: 1
13:06:05 T:1910824496 DEBUG: Previous line repeats 1 times.
13:06:05 T:1910824496 DEBUG: CDVDPlayerVideo::CalcDropRequirement - hurry: 0
13:06:05 T:1910824496 DEBUG: CDVDPlayerVideo::CalcDropRequirement - hurry: 1
13:06:05 T:1910824496 DEBUG: Previous line repeats 1 times.
13:06:05 T:1910824496 DEBUG: CDVDPlayerVideo::CalcDropRequirement - hurry: 0
13:06:05 T:1910824496 DEBUG: CDVDPlayerVideo::CalcDropRequirement - hurry: 1
13:06:06 T:1848293056 DEBUG: Previous line repeats 14 times.
13:06:06 T:1848293056 DEBUG: CFileCache::Open - opening using cache
13:06:06 T:1848293056 DEBUG: CurlFile::Open(0x71ceb088) http://192.168.0.135:8866/service?method=recording.recurring.list&sid=63c7f3d85ddd40f3a7072d0c8f5be74a
13:06:06 T:1910824496 DEBUG: CDVDPlayerVideo::CalcDropRequirement - hurry: 1
13:06:06 T:1911750048 NOTICE: Thread FileCache start, auto delete: false
13:06:06 T:1910824496 DEBUG: CDVDPlayerVideo::CalcDropRequirement - hurry: 1
13:06:06 T:1911750048 DEBUG: Previous line repeats 1 times.
13:06:06 T:1911750048 INFO: CFileCache::Process - Hit eof.
13:06:06 T:1911750048 DEBUG: Thread FileCache 1911750048 terminating
13:06:06 T:1910824496 DEBUG: CDVDPlayerVideo::CalcDropRequirement - hurry: 1
13:06:06 T:1848293056 DEBUG: CFileCache::Open - opening using cache
13:06:06 T:1848293056 DEBUG: CurlFile::Open(0x6fedee40) http://192.168.0.135:8866/service?method=recording.list&filter=pending&sid=63c7f3d85ddd40f3a7072d0c8f5be74a
13:06:06 T:1910824496 DEBUG: CDVDPlayerVideo::CalcDropRequirement - hurry: 1
13:06:06 T:1910869544 DEBUG: Previous line repeats 2 times.
13:06:06 T:1910869544 NOTICE: Thread FileCache start, auto delete: false
13:06:06 T:1910824496 DEBUG: CDVDPlayerVideo::CalcDropRequirement - hurry: 1
13:06:06 T:1910869544 INFO: CFileCache::Process - Hit eof.
13:06:06 T:1910824496 DEBUG: CDVDPlayerVideo::CalcDropRequirement - hurry: 1
13:06:06 T:1910869544 DEBUG: Thread FileCache 1910869544 terminating
13:06:06 T:1910824496 DEBUG: CDVDPlayerVideo::CalcDropRequirement - hurry: 1
13:06:06 T:1848293056 DEBUG: CFileCache::Open - opening using cache
13:06:06 T:1848293056 DEBUG: CurlFile::Open(0x71e8e4c8) http://192.168.0.135:8866/service?method=recording.list&filter=ready&sid=63c7f3d85ddd40f3a7072d0c8f5be74a
13:06:06 T:1910824496 DEBUG: CDVDPlayerVideo::CalcDropRequirement - hurry: 1
13:06:06 T:1908668840 DEBUG: Previous line repeats 2 times.
13:06:06 T:1908668840 NOTICE: Thread FileCache start, auto delete: false
13:06:06 T:1910824496 DEBUG: CDVDPlayerVideo::CalcDropRequirement - hurry: 1
13:06:06 T:1908668840 INFO: CFileCache::Process - Hit eof.
13:06:06 T:1910824496 DEBUG: CDVDPlayerVideo::CalcDropRequirement - hurry: 1
13:06:06 T:1908668840 DEBUG: Previous line repeats 1 times.
13:06:06 T:1908668840 DEBUG: Thread FileCache 1908668840 terminating
13:06:06 T:1910824496 DEBUG: CDVDPlayerVideo::CalcDropRequirement - hurry: 1
13:06:06 T:1910824496 WARNING: CDVDMessageQueue(video)::Get - asked for new data packet, with nothing available
13:06:06 T:1910824496 DEBUG: CDVDPlayerVideo::CalcDropRequirement - hurry: 0
13:06:06 T:1910824496 DEBUG: Previous line repeats 1 times.
13:06:06 T:1910824496 DEBUG: CDVDPlayerVideo::CalcDropRequirement - hurry: 1
13:06:07 T:1910824496 DEBUG: Previous line repeats 32 times.
13:06:07 T:1910824496 WARNING: CDVDMessageQueue(video)::Get - asked for new data packet, with nothing available
13:06:07 T:1910824496 DEBUG: CDVDPlayerVideo::CalcDropRequirement - hurry: 0
13:06:07 T:1910824496 DEBUG: Previous line repeats 1 times.
13:06:07 T:1910824496 DEBUG: CDVDPlayerVideo::CalcDropRequirement - hurry: 1
13:06:08 T:1910824496 DEBUG: Previous line repeats 34 times.
13:06:08 T:1910824496 WARNING: CDVDMessageQueue(video)::Get - asked for new data packet, with nothing available
13:06:08 T:1910824496 DEBUG: CDVDPlayerVideo::CalcDropRequirement - hurry: 0
13:06:08 T:1910824496 DEBUG: Previous line repeats 1 times.
13:06:08 T:1910824496 DEBUG: CDVDPlayerVideo::CalcDropRequirement - dropped in decoder, Sleeptime: 0.031501, Bufferlevel: 0, Gain: 0.051240
13:06:08 T:1910824496 DEBUG: CDVDPlayerVideo::CalcDropRequirement - hurry: 1
13:06:09 T:1848293056 DEBUG: Previous line repeats 31 times.
13:06:09 T:1848293056 DEBUG: CFileCache::Open - opening using cache
13:06:09 T:1848293056 DEBUG: CurlFile::Open(0x7363fb10) http://192.168.0.135:8866/service?method=recording.recurring.list&sid=63c7f3d85ddd40f3a7072d0c8f5be74a
13:06:09 T:1910824496 WARNING: CDVDMessageQueue(video)::Get - asked for new data packet, with nothing available
13:06:09 T:1910883208 NOTICE: Thread FileCache start, auto delete: false
13:06:09 T:1910883208 INFO: CFileCache::Process - Hit eof.
13:06:09 T:1910824496 DEBUG: CDVDPlayerVideo::CalcDropRequirement - hurry: 0
13:06:09 T:1910883208 DEBUG: Previous line repeats 1 times.
13:06:09 T:1910883208 DEBUG: Thread FileCache 1910883208 terminating
13:06:09 T:1910824496 DEBUG: CDVDPlayerVideo::CalcDropRequirement - hurry: 1
13:06:09 T:1848293056 DEBUG: CFileCache::Open - opening using cache
13:06:09 T:1910824496 DEBUG: CDVDPlayerVideo::CalcDropRequirement - hurry: 1
13:06:09 T:1848293056 DEBUG: Previous line repeats 1 times.
13:06:09 T:1848293056 DEBUG: CurlFile::Open(0x6fedee40) http://192.168.0.135:8866/service?method=recording.list&filter=pending&sid=63c7f3d85ddd40f3a7072d0c8f5be74a
13:06:09 T:1910824496 WARNING: CDVDMessageQueue(video)::Get - asked for new data packet, with nothing available
13:06:09 T:1910824496 DEBUG: CDVDPlayerVideo::CalcDropRequirement - hurry: 1
13:06:09 T:1878759272 DEBUG: Previous line repeats 6 times.
13:06:09 T:1878759272 NOTICE: Thread FileCache start, auto delete: false
13:06:09 T:1910824496 DEBUG: CDVDPlayerVideo::CalcDropRequirement - hurry: 1
13:06:09 T:1878759272 DEBUG: Previous line repeats 4 times.
13:06:09 T:1878759272 INFO: CFileCache::Process - Hit eof.
13:06:09 T:1878759272 DEBUG: Thread FileCache 1878759272 terminating
13:06:09 T:1910824496 DEBUG: CDVDPlayerVideo::CalcDropRequirement - hurry: 1
13:06:10 T:1848293056 DEBUG: Previous line repeats 2 times.
13:06:10 T:1848293056 DEBUG: CFileCache::Open - opening using cache
13:06:10 T:1848293056 DEBUG: CurlFile::Open(0x71cedff8) http://192.168.0.135:8866/service?method=recording.list&filter=ready&sid=63c7f3d85ddd40f3a7072d0c8f5be74a
13:06:10 T:1910824496 DEBUG: CDVDPlayerVideo::CalcDropRequirement - hurry: 1
13:06:10 T:1846288192 DEBUG: Previous line repeats 5 times.
13:06:10 T:1846288192 NOTICE: Thread FileCache start, auto delete: false
13:06:10 T:1910824496 DEBUG: CDVDPlayerVideo::CalcDropRequirement - hurry: 1
13:06:10 T:1846288192 INFO: CFileCache::Process - Hit eof.
13:06:10 T:1910824496 DEBUG: CDVDPlayerVideo::CalcDropRequirement - hurry: 1
13:06:10 T:1846288192 DEBUG: Thread FileCache 1846288192 terminating
13:06:10 T:1910824496 DEBUG: CDVDPlayerVideo::CalcDropRequirement - hurry: 1
13:06:10 T:1910824496 DEBUG: Previous line repeats 17 times.
13:06:10 T:1910824496 WARNING: CDVDMessageQueue(video)::Get - asked for new data packet, with nothing available
13:06:10 T:1910824496 DEBUG: CDVDPlayerVideo::CalcDropRequirement - hurry: 0
13:06:10 T:1910824496 DEBUG: CDVDPlayerVideo::CalcDropRequirement - hurry: 1
13:06:10 T:1910824496 DEBUG: CDVDPlayerVideo::CalcDropRequirement - hurry: 0
13:06:10 T:1910824496 DEBUG: Previous line repeats 1 times.
13:06:10 T:1910824496 DEBUG: CDVDPlayerVideo::CalcDropRequirement - dropped in decoder, Sleeptime: 0.031997, Bufferlevel: 0, Gain: 0.047071
13:06:10 T:1910824496 DEBUG: CDVDPlayerVideo::CalcDropRequirement - hurry: 1
13:06:10 T:1910824496 DEBUG: CDVDPlayerVideo::CalcDropRequirement - hurry: 0
13:06:10 T:1910824496 DEBUG: CDVDPlayerVideo::CalcDropRequirement - hurry: 1
13:06:11 T:1910824496 DEBUG: Previous line repeats 35 times.
13:06:11 T:1910824496 WARNING: CDVDMessageQueue(video)::Get - asked for new data packet, with nothing available
13:06:11 T:1910824496 DEBUG: CDVDPlayerVideo::CalcDropRequirement - hurry: 0
13:06:11 T:1910824496 DEBUG: Previous line repeats 1 times.
13:06:11 T:1910824496 DEBUG: CDVDPlayerVideo::CalcDropRequirement - dropped in decoder, Sleeptime: 0.018402, Bufferlevel: 0, Gain: 0.085942
13:06:11 T:1910824496 DEBUG: CDVDPlayerVideo::CalcDropRequirement - hurry: 1
13:06:11 T:1910824496 DEBUG: Previous line repeats 6 times.
13:06:11 T:1910824496 WARNING: CDVDMessageQueue(video)::Get - asked for new data packet, with nothing available
13:06:12 T:1910824496 DEBUG: CDVDPlayerVideo::CalcDropRequirement - hurry: 1
13:06:12 T:1910824496 DEBUG: Previous line repeats 33 times.
13:06:12 T:1910824496 WARNING: CDVDMessageQueue(video)::Get - asked for new data packet, with nothing available
13:06:12 T:1910824496 DEBUG: CDVDPlayerVideo::CalcDropRequirement - hurry: 0
13:06:12 T:1910824496 DEBUG: CDVDPlayerVideo::CalcDropRequirement - hurry: 1
13:06:12 T:1910824496 DEBUG: Previous line repeats 3 times.
13:06:12 T:1910824496 DEBUG: CDVDPlayerVideo::CalcDropRequirement - hurry: 0
13:06:13 T:1910824496 DEBUG: CDVDPlayerVideo::CalcDropRequirement - hurry: 1
13:06:13 T:1848293056 DEBUG: Previous line repeats 10 times.
13:06:13 T:1848293056 DEBUG: CFileCache::Open - opening using cache
13:06:13 T:1910824496 DEBUG: CDVDPlayerVideo::CalcDropRequirement - hurry: 1
13:06:13 T:1848293056 DEBUG: CurlFile::Open(0x717ae590) http://192.168.0.135:8866/service?method=recording.recurring.list&sid=63c7f3d85ddd40f3a7072d0c8f5be74a
13:06:13 T:1910824496 DEBUG: CDVDPlayerVideo::CalcDropRequirement - hurry: 1
13:06:13 T:1910869544 NOTICE: Thread FileCache start, auto delete: false
13:06:13 T:1910824496 DEBUG: CDVDPlayerVideo::CalcDropRequirement - hurry: 1
13:06:13 T:1910869544 DEBUG: Previous line repeats 1 times.
13:06:13 T:1910869544 INFO: CFileCache::Process - Hit eof.
13:06:13 T:1910869544 DEBUG: Thread FileCache 1910869544 terminating
13:06:13 T:1910824496 DEBUG: CDVDPlayerVideo::CalcDropRequirement - hurry: 1
13:06:13 T:1848293056 DEBUG: CFileCache::Open - opening using cache
13:06:13 T:1848293056 DEBUG: CurlFile::Open(0x71cedff8) http://192.168.0.135:8866/service?method=recording.list&filter=pending&sid=63c7f3d85ddd40f3a7072d0c8f5be74a
13:06:13 T:1910824496 DEBUG: CDVDPlayerVideo::CalcDropRequirement - hurry: 1
13:06:13 T:1910869544 DEBUG: Previous line repeats 4 times.
13:06:13 T:1910869544 NOTICE: Thread FileCache start, auto delete: false
13:06:13 T:1910824496 DEBUG: CDVDPlayerVideo::CalcDropRequirement - hurry: 1
13:06:13 T:1910869544 DEBUG: Previous line repeats 1 times.
13:06:13 T:1910869544 INFO: CFileCache::Process - Hit eof.
13:06:13 T:1910824496 DEBUG: CDVDPlayerVideo::CalcDropRequirement - hurry: 1
13:06:13 T:1910869544 DEBUG: Previous line repeats 1 times.
13:06:13 T:1910869544 DEBUG: Thread FileCache 1910869544 terminating
13:06:13 T:1910940992 DEBUG: CDVDClock::Discontinuity - CDVDPlayerAudio::HandleSyncError2 - was:10810052101.557116, should be:10809975249.117941, error:-76852.439175
13:06:13 T:1910824496 DEBUG: CDVDPlayerVideo::CalcDropRequirement - hurry: 0
13:06:13 T:1848293056 DEBUG: CFileCache::Open - opening using cache
13:06:13 T:1848293056 DEBUG: CurlFile::Open(0x71e8e4c8) http://192.168.0.135:8866/service?method=recording.list&filter=ready&sid=63c7f3d85ddd40f3a7072d0c8f5be74a
13:06:13 T:1910824496 DEBUG: CDVDPlayerVideo::CalcDropRequirement - hurry: 0
13:06:13 T:1910883208 DEBUG: Previous line repeats 1 times.
13:06:13 T:1910883208 NOTICE: Thread FileCache start, auto delete: false
13:06:13 T:1910883208 INFO: CFileCache::Process - Hit eof.
13:06:13 T:1910824496 DEBUG: CDVDPlayerVideo::CalcDropRequirement - hurry: 0
13:06:13 T:1910883208 DEBUG: Previous line repeats 1 times.
13:06:13 T:1910883208 DEBUG: Thread FileCache 1910883208 terminating
13:06:13 T:1910824496 DEBUG: CDVDPlayerVideo::CalcDropRequirement - hurry: 0
13:06:13 T:1910824496 DEBUG: Previous line repeats 1 times.
13:06:13 T:1910824496 DEBUG: CDVDPlayerVideo::CalcDropRequirement - hurry: 1
13:06:13 T:1910824496 DEBUG: CDVDPlayerVideo::CalcDropRequirement - dropped in decoder, Sleeptime: 0.019050, Bufferlevel: 1, Gain: 0.165458
13:06:13 T:1910824496 DEBUG: CDVDPlayerVideo::CalcDropRequirement - hurry: 1
13:06:15 T:1910940992 DEBUG: Previous line repeats 71 times.
13:06:15 T:1910940992 DEBUG: CDVDClock::Discontinuity - CDVDPlayerAudio::HandleSyncError2 - was:10812007855.117941, should be:10811996853.989403, error:-11001.128538
13:06:15 T:1910824496 DEBUG: CDVDPlayerVideo::CalcDropRequirement - hurry: 1
13:06:16 T:1848293056 DEBUG: Previous line repeats 46 times.
13:06:16 T:1848293056 DEBUG: CFileCache::Open - opening using cache
13:06:16 T:1848293056 DEBUG: CurlFile::Open(0x6fecd490) http://192.168.0.135:8866/service?method=recording.recurring.list&sid=63c7f3d85ddd40f3a7072d0c8f5be74a
13:06:16 T:1910824496 DEBUG: CDVDPlayerVideo::CalcDropRequirement - hurry: 1
13:06:16 T:1910970208 DEBUG: Previous line repeats 2 times.
13:06:16 T:1910970208 NOTICE: Thread FileCache start, auto delete: false
13:06:16 T:1910824496 DEBUG: CDVDPlayerVideo::CalcDropRequirement - hurry: 1
13:06:16 T:1910970208 INFO: CFileCache::Process - Hit eof.
13:06:16 T:1910970208 DEBUG: Thread FileCache 1910970208 terminating
13:06:16 T:1910824496 DEBUG: CDVDPlayerVideo::CalcDropRequirement - hurry: 1
13:06:16 T:1848293056 DEBUG: CFileCache::Open - opening using cache
13:06:16 T:1848293056 DEBUG: CurlFile::Open(0x71053ce8) http://192.168.0.135:8866/service?method=recording.list&filter=pending&sid=63c7f3d85ddd40f3a7072d0c8f5be74a
13:06:16 T:1910824496 DEBUG: CDVDPlayerVideo::CalcDropRequirement - hurry: 1
13:06:16 T:1901873064 DEBUG: Previous line repeats 4 times.
13:06:16 T:1901873064 NOTICE: Thread FileCache start, auto delete: false
13:06:16 T:1910824496 DEBUG: CDVDPlayerVideo::CalcDropRequirement - hurry: 1
13:06:17 T:1901873064 DEBUG: Previous line repeats 4 times.
13:06:17 T:1901873064 INFO: CFileCache::Process - Hit eof.
13:06:17 T:1901873064 DEBUG: Thread FileCache 1901873064 terminating
13:06:17 T:1910824496 DEBUG: CDVDPlayerVideo::CalcDropRequirement - hurry: 1
13:06:17 T:1848293056 DEBUG: Previous line repeats 1 times.
13:06:17 T:1848293056 DEBUG: CFileCache::Open - opening using cache
13:06:17 T:1848293056 DEBUG: CurlFile::Open(0x73e5e4f0) http://192.168.0.135:8866/service?method=recording.list&filter=ready&sid=63c7f3d85ddd40f3a7072d0c8f5be74a
13:06:17 T:1910824496 DEBUG: CDVDPlayerVideo::CalcDropRequirement - hurry: 1
13:06:17 T:1942201448 DEBUG: Previous line repeats 2 times.
13:06:17 T:1942201448 NOTICE: Thread FileCache start, auto delete: false
13:06:17 T:1910824496 DEBUG: CDVDPlayerVideo::CalcDropRequirement - hurry: 1
13:06:17 T:1942201448 INFO: CFileCache::Process - Hit eof.
13:06:17 T:1910824496 DEBUG: CDVDPlayerVideo::CalcDropRequirement - hurry: 1
13:06:17 T:1942201448 DEBUG: Previous line repeats 1 times.
13:06:17 T:1942201448 DEBUG: Thread FileCache 1942201448 terminating
13:06:17 T:1910824496 DEBUG: CDVDPlayerVideo::CalcDropRequirement - hurry: 1
13:06:20 T:1848293056 DEBUG: Previous line repeats 123 times.
13:06:20 T:1848293056 DEBUG: CFileCache::Open - opening using cache
13:06:20 T:1848293056 DEBUG: CurlFile::Open(0x6fedee40) http://192.168.0.135:8866/service?method=recording.recurring.list&sid=63c7f3d85ddd40f3a7072d0c8f5be74a
13:06:20 T:1910824496 DEBUG: CDVDPlayerVideo::CalcDropRequirement - hurry: 1
13:06:20 T:1911750048 NOTICE: Thread FileCache start, auto delete: false
13:06:20 T:1910824496 DEBUG: CDVDPlayerVideo::CalcDropRequirement - hurry: 1
13:06:20 T:1911750048 INFO: CFileCache::Process - Hit eof.
13:06:20 T:1911750048 DEBUG: Thread FileCache 1911750048 terminating
13:06:20 T:1910824496 DEBUG: CDVDPlayerVideo::CalcDropRequirement - hurry: 1
13:06:20 T:1848293056 DEBUG: CFileCache::Open - opening using cache
13:06:20 T:1848293056 DEBUG: CurlFile::Open(0x73e5e4f0) http://192.168.0.135:8866/service?method=recording.list&filter=pending&sid=63c7f3d85ddd40f3a7072d0c8f5be74a
13:06:20 T:1910824496 DEBUG: CDVDPlayerVideo::CalcDropRequirement - hurry: 1
13:06:20 T:1878759272 DEBUG: Previous line repeats 5 times.
13:06:20 T:1878759272 NOTICE: Thread FileCache start, auto delete: false
13:06:20 T:1910824496 DEBUG: CDVDPlayerVideo::CalcDropRequirement - hurry: 1
13:06:20 T:1878759272 DEBUG: Previous line repeats 3 times.
13:06:20 T:1878759272 INFO: CFileCache::Process - Hit eof.
13:06:20 T:1878759272 DEBUG: Thread FileCache 1878759272 terminating
13:06:20 T:1910824496 DEBUG: CDVDPlayerVideo::CalcDropRequirement - hurry: 1
13:06:20 T:1910824496 DEBUG: Previous line repeats 2 times.
13:06:20 T:1910824496 DEBUG: CDVDPlayerVideo::CalcDropRequirement - hurry: 0
13:06:20 T:1910824496 DEBUG: CDVDPlayerVideo::CalcDropRequirement - hurry: 1
13:06:20 T:1848293056 DEBUG: Previous line repeats 1 times.
13:06:20 T:1848293056 DEBUG: CFileCache::Open - opening using cache
13:06:20 T:1848293056 DEBUG: CurlFile::Open(0x673d91e8) http://192.168.0.135:8866/service?method=recording.list&filter=ready&sid=63c7f3d85ddd40f3a7072d0c8f5be74a
13:06:20 T:1910824496 DEBUG: CDVDPlayerVideo::CalcDropRequirement - hurry: 1
13:06:20 T:1910883208 DEBUG: Previous line repeats 3 times.
13:06:20 T:1910883208 NOTICE: Thread FileCache start, auto delete: false
13:06:20 T:1910824496 DEBUG: CDVDPlayerVideo::CalcDropRequirement - hurry: 1
13:06:20 T:1910883208 INFO: CFileCache::Process - Hit eof.
13:06:20 T:1910824496 DEBUG: CDVDPlayerVideo::CalcDropRequirement - hurry: 1
13:06:20 T:1910883208 DEBUG: Previous line repeats 1 times.
13:06:20 T:1910883208 DEBUG: Thread FileCache 1910883208 terminating
13:06:20 T:1910824496 DEBUG: CDVDPlayerVideo::CalcDropRequirement - hurry: 1
13:06:21 T:1910824496 DEBUG: Previous line repeats 28 times.
13:06:21 T:1910824496 DEBUG: CDVDPlayerVideo::CalcDropRequirement - hurry: 0
13:06:21 T:1910824496 DEBUG: CDVDPlayerVideo::CalcDropRequirement - hurry: 1
13:06:23 T:1848293056 DEBUG: Previous line repeats 84 times.
13:06:23 T:1848293056 DEBUG: CFileCache::Open - opening using cache
13:06:23 T:1848293056 DEBUG: CurlFile::Open(0x71053ce8) http://192.168.0.135:8866/service?method=recording.recurring.list&sid=63c7f3d85ddd40f3a7072d0c8f5be74a
13:06:23 T:1910824496 DEBUG: CDVDPlayerVideo::CalcDropRequirement - hurry: 1
13:06:23 T:1846288192 DEBUG: Previous line repeats 1 times.
13:06:23 T:1846288192 NOTICE: Thread FileCache start, auto delete: false
13:06:23 T:1846288192 INFO: CFileCache::Process - Hit eof.
13:06:23 T:1846288192 DEBUG: Thread FileCache 1846288192 terminating
13:06:23 T:1910824496 DEBUG: CDVDPlayerVideo::CalcDropRequirement - hurry: 1
13:06:23 T:1848293056 DEBUG: CFileCache::Open - opening using cache
13:06:23 T:1848293056 DEBUG: CurlFile::Open(0x71e5c5f0) http://192.168.0.135:8866/service?method=recording.list&filter=pending&sid=63c7f3d85ddd40f3a7072d0c8f5be74a
13:06:23 T:1910824496 DEBUG: CDVDPlayerVideo::CalcDropRequirement - hurry: 1
13:06:24 T:1877792232 DEBUG: Previous line repeats 3 times.
13:06:24 T:1877792232 NOTICE: Thread FileCache start, auto delete: false
13:06:24 T:1910824496 DEBUG: CDVDPlayerVideo::CalcDropRequirement - hurry: 1
13:06:24 T:1877792232 DEBUG: Previous line repeats 1 times.
13:06:24 T:1877792232 INFO: CFileCache::Process - Hit eof.
13:06:24 T:1877792232 DEBUG: Thread FileCache 1877792232 terminating
13:06:24 T:1910824496 DEBUG: CDVDPlayerVideo::CalcDropRequirement - hurry: 1
13:06:24 T:1848293056 DEBUG: Previous line repeats 2 times.
13:06:24 T:1848293056 DEBUG: CFileCache::Open - opening using cache
13:06:24 T:1848293056 DEBUG: CurlFile::Open(0x7363fb10) http://192.168.0.135:8866/service?method=recording.list&filter=ready&sid=63c7f3d85ddd40f3a7072d0c8f5be74a
13:06:24 T:1910824496 DEBUG: CDVDPlayerVideo::CalcDropRequirement - hurry: 1
13:06:24 T:1936011960 NOTICE: Thread FileCache start, auto delete: false
13:06:24 T:1910824496 DEBUG: CDVDPlayerVideo::CalcDropRequirement - hurry: 1
13:06:24 T:1936011960 INFO: CFileCache::Process - Hit eof.
13:06:24 T:1936011960 DEBUG: Thread FileCache 1936011960 terminating
13:06:24 T:1910824496 DEBUG: CDVDPlayerVideo::CalcDropRequirement - hurry: 1
13:06:27 T:1848293056 DEBUG: Previous line repeats 96 times.
13:06:27 T:1848293056 DEBUG: CFileCache::Open - opening using cache
13:06:27 T:1848293056 DEBUG: CurlFile::Open(0x71ceb088) http://192.168.0.135:8866/service?method=recording.recurring.list&sid=63c7f3d85ddd40f3a7072d0c8f5be74a
13:06:27 T:1910824496 DEBUG: CDVDPlayerVideo::CalcDropRequirement - hurry: 1
13:06:27 T:1942201448 NOTICE: Thread FileCache start, auto delete: false
13:06:27 T:1942201448 INFO: CFileCache::Process - Hit eof.
13:06:27 T:1910824496 DEBUG: CDVDPlayerVideo::CalcDropRequirement - hurry: 1
13:06:27 T:1942201448 DEBUG: Thread FileCache 1942201448 terminating
13:06:27 T:1910824496 DEBUG: CDVDPlayerVideo::CalcDropRequirement - hurry: 1
13:06:27 T:1848293056 DEBUG: CFileCache::Open - opening using cache
13:06:27 T:1848293056 DEBUG: CurlFile::Open(0x71053ce8) http://192.168.0.135:8866/service?method=recording.list&filter=pending&sid=63c7f3d85ddd40f3a7072d0c8f5be74a
13:06:27 T:1910824496 DEBUG: CDVDPlayerVideo::CalcDropRequirement - hurry: 1
13:06:27 T:1908668840 DEBUG: Previous line repeats 2 times.
13:06:27 T:1908668840 NOTICE: Thread FileCache start, auto delete: false
13:06:27 T:1910824496 DEBUG: CDVDPlayerVideo::CalcDropRequirement - hurry: 1
13:06:27 T:1908668840 INFO: CFileCache::Process - Hit eof.
13:06:27 T:1910824496 DEBUG: CDVDPlayerVideo::CalcDropRequirement - hurry: 1
13:06:27 T:1908668840 DEBUG: Thread FileCache 1908668840 terminating
13:06:27 T:1910824496 DEBUG: CDVDPlayerVideo::CalcDropRequirement - hurry: 1
13:06:27 T:1848293056 DEBUG: Previous line repeats 1 times.
13:06:27 T:1848293056 DEBUG: CFileCache::Open - opening using cache
13:06:27 T:1848293056 DEBUG: CurlFile::Open(0x73ec62d0) http://192.168.0.135:8866/service?method=recording.list&filter=ready&sid=63c7f3d85ddd40f3a7072d0c8f5be74a
13:06:27 T:1910824496 DEBUG: CDVDPlayerVideo::CalcDropRequirement - hurry: 1
13:06:27 T:1910824496 DEBUG: CDVDPlayerVideo::CalcDropRequirement - hurry: 0
13:06:27 T:1910824496 DEBUG: CDVDPlayerVideo::CalcDropRequirement - hurry: 1
13:06:27 T:1911750048 DEBUG: Previous line repeats 3 times.
13:06:27 T:1911750048 NOTICE: Thread FileCache start, auto delete: false
13:06:27 T:1910824496 DEBUG: CDVDPlayerVideo::CalcDropRequirement - hurry: 1
13:06:27 T:1910824496 DEBUG: CDVDPlayerVideo::CalcDropRequirement - hurry: 0
13:06:27 T:1911750048 INFO: CFileCache::Process - Hit eof.
13:06:27 T:1910824496 DEBUG: CDVDPlayerVideo::CalcDropRequirement - hurry: 1
13:06:27 T:1910824496 DEBUG: CDVDPlayerVideo::CalcDropRequirement - dropped in decoder, Sleeptime: 0.017376, Bufferlevel: 1, Gain: 0.086706
13:06:27 T:1911750048 DEBUG: Thread FileCache 1911750048 terminating
13:06:27 T:1910824496 DEBUG: CDVDPlayerVideo::CalcDropRequirement - hurry: 1
13:06:30 T:1848293056 DEBUG: Previous line repeats 121 times.
13:06:30 T:1848293056 DEBUG: CFileCache::Open - opening using cache
13:06:30 T:1848293056 DEBUG: CurlFile::Open(0x71cedff8) http://192.168.0.135:8866/service?method=recording.recurring.list&sid=63c7f3d85ddd40f3a7072d0c8f5be74a
13:06:30 T:1901873064 NOTICE: Thread FileCache start, auto delete: false
13:06:30 T:1910824496 DEBUG: CDVDPlayerVideo::CalcDropRequirement - hurry: 1
13:06:30 T:1901873064 DEBUG: Previous line repeats 1 times.
13:06:30 T:1901873064 INFO: CFileCache::Process - Hit eof.
13:06:30 T:1901873064 DEBUG: Thread FileCache 1901873064 terminating
13:06:31 T:1910824496 DEBUG: CDVDPlayerVideo::CalcDropRequirement - hurry: 1
13:06:31 T:1848293056 DEBUG: CFileCache::Open - opening using cache
13:06:31 T:1848293056 DEBUG: CurlFile::Open(0x71cedff8) http://192.168.0.135:8866/service?method=recording.list&filter=pending&sid=63c7f3d85ddd40f3a7072d0c8f5be74a
13:06:31 T:1910824496 DEBUG: CDVDPlayerVideo::CalcDropRequirement - hurry: 1
13:06:31 T:1878759272 DEBUG: Previous line repeats 3 times.
13:06:31 T:1878759272 NOTICE: Thread FileCache start, auto delete: false
13:06:31 T:1910824496 DEBUG: CDVDPlayerVideo::CalcDropRequirement - hurry: 1
13:06:31 T:1878759272 DEBUG: Previous line repeats 4 times.
13:06:31 T:1878759272 INFO: CFileCache::Process - Hit eof.
13:06:31 T:1910824496 DEBUG: CDVDPlayerVideo::CalcDropRequirement - hurry: 1
13:06:31 T:1878759272 DEBUG: Thread FileCache 1878759272 terminating
13:06:31 T:1910824496 DEBUG: CDVDPlayerVideo::CalcDropRequirement - hurry: 1
13:06:31 T:1848293056 DEBUG: Previous line repeats 2 times.
13:06:31 T:1848293056 DEBUG: CFileCache::Open - opening using cache
13:06:31 T:1910824496 DEBUG: CDVDPlayerVideo::CalcDropRequirement - hurry: 1
13:06:31 T:1848293056 DEBUG: CurlFile::Open(0x6fdbb4c0) http://192.168.0.135:8866/service?method=recording.list&filter=ready&sid=63c7f3d85ddd40f3a7072d0c8f5be74a
13:06:31 T:1936011960 NOTICE: Thread FileCache start, auto delete: false
13:06:31 T:1910824496 DEBUG: CDVDPlayerVideo::CalcDropRequirement - hurry: 1
13:06:31 T:1936011960 INFO: CFileCache::Process - Hit eof.
13:06:31 T:1910824496 DEBUG: CDVDPlayerVideo::CalcDropRequirement - hurry: 1
13:06:31 T:1936011960 DEBUG: Previous line repeats 1 times.
13:06:31 T:1936011960 DEBUG: Thread FileCache 1936011960 terminating
13:06:31 T:1910824496 DEBUG: CDVDPlayerVideo::CalcDropRequirement - hurry: 1
13:06:34 T:1848293056 DEBUG: Previous line repeats 122 times.
13:06:34 T:1848293056 DEBUG: CFileCache::Open - opening using cache
13:06:34 T:1848293056 DEBUG: CurlFile::Open(0x71cedff8) http://192.168.0.135:8866/service?method=recording.recurring.list&sid=63c7f3d85ddd40f3a7072d0c8f5be74a
13:06:34 T:1910869544 NOTICE: Thread FileCache start, auto delete: false
13:06:34 T:1910824496 DEBUG: CDVDPlayerVideo::CalcDropRequirement - hurry: 1
13:06:34 T:1910869544 INFO: CFileCache::Process - Hit eof.
13:06:34 T:1910824496 DEBUG: CDVDPlayerVideo::CalcDropRequirement - hurry: 1
13:06:34 T:1910869544 DEBUG: Thread FileCache 1910869544 terminating
13:06:34 T:1910824496 DEBUG: CDVDPlayerVideo::CalcDropRequirement - hurry: 1
13:06:34 T:1848293056 DEBUG: CFileCache::Open - opening using cache
13:06:34 T:1848293056 DEBUG: CurlFile::Open(0x6fecd490) http://192.168.0.135:8866/service?method=recording.list&filter=pending&sid=63c7f3d85ddd40f3a7072d0c8f5be74a
13:06:34 T:1910824496 DEBUG: CDVDPlayerVideo::CalcDropRequirement - hurry: 1
13:06:34 T:1942201448 DEBUG: Previous line repeats 4 times.
13:06:34 T:1942201448 NOTICE: Thread FileCache start, auto delete: false
13:06:34 T:1910824496 DEBUG: CDVDPlayerVideo::CalcDropRequirement - hurry: 1
13:06:34 T:1942201448 DEBUG: Previous line repeats 1 times.
13:06:34 T:1942201448 INFO: CFileCache::Process - Hit eof.
13:06:34 T:1942201448 DEBUG: Thread FileCache 1942201448 terminating
13:06:34 T:1910824496 DEBUG: CDVDPlayerVideo::CalcDropRequirement - hurry: 1
13:06:34 T:1848293056 DEBUG: Previous line repeats 3 times.
13:06:34 T:1848293056 DEBUG: CFileCache::Open - opening using cache
13:06:34 T:1848293056 DEBUG: CurlFile::Open(0x7363fb10) http://192.168.0.135:8866/service?method=recording.list&filter=ready&sid=63c7f3d85ddd40f3a7072d0c8f5be74a
13:06:34 T:1910824496 DEBUG: CDVDPlayerVideo::CalcDropRequirement - hurry: 1
13:06:34 T:1849575184 NOTICE: Thread FileCache start, auto delete: false
13:06:34 T:1849575184 INFO: CFileCache::Process - Hit eof.
13:06:34 T:1849575184 DEBUG: Thread FileCache 1849575184 terminating
13:06:34 T:1910824496 DEBUG: CDVDPlayerVideo::CalcDropRequirement - hurry: 1
13:06:37 T:1848293056 DEBUG: Previous line repeats 120 times.
13:06:37 T:1848293056 DEBUG: CFileCache::Open - opening using cache
13:06:37 T:1910824496 DEBUG: CDVDPlayerVideo::CalcDropRequirement - hurry: 1
13:06:37 T:1848293056 DEBUG: CurlFile::Open(0x71e5c5f0) http://192.168.0.135:8866/service?method=recording.recurring.list&sid=63c7f3d85ddd40f3a7072d0c8f5be74a
13:06:37 T:1910824496 DEBUG: CDVDPlayerVideo::CalcDropRequirement - hurry: 1
13:06:38 T:1877792232 DEBUG: Previous line repeats 3 times.
13:06:38 T:1877792232 NOTICE: Thread FileCache start, auto delete: false
13:06:38 T:1910824496 DEBUG: CDVDPlayerVideo::CalcDropRequirement - hurry: 1
13:06:38 T:1877792232 DEBUG: Previous line repeats 1 times.
13:06:38 T:1877792232 INFO: CFileCache::Process - Hit eof.
13:06:38 T:1877792232 DEBUG: Thread FileCache 1877792232 terminating
13:06:38 T:1848293056 DEBUG: CFileCache::Open - opening using cache
13:06:38 T:1848293056 DEBUG: CurlFile::Open(0x6fdbb4c0) http://192.168.0.135:8866/service?method=recording.list&filter=pending&sid=63c7f3d85ddd40f3a7072d0c8f5be74a
13:06:38 T:1910824496 DEBUG: CDVDPlayerVideo::CalcDropRequirement - hurry: 1
13:06:38 T:1910869544 DEBUG: Previous line repeats 5 times.
13:06:38 T:1910869544 NOTICE: Thread FileCache start, auto delete: false
13:06:38 T:1910824496 DEBUG: CDVDPlayerVideo::CalcDropRequirement - hurry: 1
13:06:38 T:1910869544 DEBUG: Previous line repeats 1 times.
13:06:38 T:1910869544 INFO: CFileCache::Process - Hit eof.
13:06:38 T:1910824496 DEBUG: CDVDPlayerVideo::CalcDropRequirement - hurry: 1
13:06:38 T:1910869544 DEBUG: Previous line repeats 2 times.
13:06:38 T:1910869544 DEBUG: Thread FileCache 1910869544 terminating
13:06:38 T:1910824496 DEBUG: CDVDPlayerVideo::CalcDropRequirement - hurry: 1
13:06:38 T:1848293056 DEBUG: Previous line repeats 1 times.
13:06:38 T:1848293056 DEBUG: CFileCache::Open - opening using cache
13:06:38 T:1848293056 DEBUG: CurlFile::Open(0x71cedff8) http://192.168.0.135:8866/service?method=recording.list&filter=ready&sid=63c7f3d85ddd40f3a7072d0c8f5be74a
13:06:38 T:1910824496 DEBUG: CDVDPlayerVideo::CalcDropRequirement - hurry: 1
13:06:38 T:1846288192 DEBUG: Previous line repeats 2 times.
13:06:38 T:1846288192 NOTICE: Thread FileCache start, auto delete: false
13:06:38 T:1846288192 INFO: CFileCache::Process - Hit eof.
13:06:38 T:1910824496 DEBUG: CDVDPlayerVideo::CalcDropRequirement - hurry: 1
13:06:38 T:1846288192 DEBUG: Previous line repeats 1 times.
13:06:38 T:1846288192 DEBUG: Thread FileCache 1846288192 terminating
13:06:38 T:1910824496 DEBUG: CDVDPlayerVideo::CalcDropRequirement - hurry: 1
13:06:41 T:1848293056 DEBUG: Previous line repeats 122 times.
13:06:41 T:1848293056 DEBUG: CFileCache::Open - opening using cache
13:06:41 T:1848293056 DEBUG: CurlFile::Open(0x71c4f868) http://192.168.0.135:8866/service?method=recording.recurring.list&sid=63c7f3d85ddd40f3a7072d0c8f5be74a
13:06:41 T:1910824496 DEBUG: CDVDPlayerVideo::CalcDropRequirement - hurry: 1
13:06:41 T:1911750048 NOTICE: Thread FileCache start, auto delete: false
13:06:41 T:1911750048 INFO: CFileCache::Process - Hit eof.
13:06:41 T:1911750048 DEBUG: Thread FileCache 1911750048 terminating
13:06:41 T:1910824496 DEBUG: CDVDPlayerVideo::CalcDropRequirement - hurry: 1
13:06:41 T:1848293056 DEBUG: CFileCache::Open - opening using cache
13:06:41 T:1848293056 DEBUG: CurlFile::Open(0x73ec62d0) http://192.168.0.135:8866/service?method=recording.list&filter=pending&sid=63c7f3d85ddd40f3a7072d0c8f5be74a
13:06:41 T:1910824496 DEBUG: CDVDPlayerVideo::CalcDropRequirement - hurry: 1
13:06:41 T:1910970208 DEBUG: Previous line repeats 3 times.
13:06:41 T:1910970208 NOTICE: Thread FileCache start, auto delete: false
13:06:41 T:1910824496 DEBUG: CDVDPlayerVideo::CalcDropRequirement - hurry: 1
13:06:41 T:1910970208 DEBUG: Previous line repeats 2 times.
13:06:41 T:1910970208 INFO: CFileCache::Process - Hit eof.
13:06:41 T:1910970208 DEBUG: Thread FileCache 1910970208 terminating
13:06:41 T:1910824496 DEBUG: CDVDPlayerVideo::CalcDropRequirement - hurry: 1
13:06:41 T:1848293056 DEBUG: Previous line repeats 2 times.
13:06:41 T:1848293056 DEBUG: CFileCache::Open - opening using cache
13:06:41 T:1848293056 DEBUG: CurlFile::Open(0x6fecd490) http://192.168.0.135:8866/service?method=recording.list&filter=ready&sid=63c7f3d85ddd40f3a7072d0c8f5be74a
13:06:41 T:1910824496 DEBUG: CDVDPlayerVideo::CalcDropRequirement - hurry: 1
13:06:41 T:1910940992 DEBUG: CDVDClock::Discontinuity - CDVDPlayerAudio::HandleSyncError2 - was:10838336648.989403, should be:10838320404.513407, error:-16244.475996
13:06:41 T:1910824496 DEBUG: CDVDPlayerVideo::CalcDropRequirement - hurry: 1
13:06:41 T:1877792232 DEBUG: Previous line repeats 3 times.
13:06:41 T:1877792232 NOTICE: Thread FileCache start, auto delete: false
13:06:41 T:1910824496 DEBUG: CDVDPlayerVideo::CalcDropRequirement - hurry: 1
13:06:42 T:1877792232 INFO: CFileCache::Process - Hit eof.
13:06:42 T:1910824496 DEBUG: CDVDPlayerVideo::CalcDropRequirement - hurry: 1
13:06:42 T:1877792232 DEBUG: Previous line repeats 1 times.
13:06:42 T:1877792232 DEBUG: Thread FileCache 1877792232 terminating
13:06:42 T:1910824496 DEBUG: CDVDPlayerVideo::CalcDropRequirement - hurry: 1
13:06:45 T:1848293056 DEBUG: Previous line repeats 124 times.
13:06:45 T:1848293056 DEBUG: CFileCache::Open - opening using cache
13:06:45 T:1848293056 DEBUG: CurlFile::Open(0x73ec62d0) http://192.168.0.135:8866/service?method=recording.recurring.list&sid=63c7f3d85ddd40f3a7072d0c8f5be74a
13:06:45 T:1910824496 DEBUG: CDVDPlayerVideo::CalcDropRequirement - hurry: 1
13:06:45 T:1901873064 NOTICE: Thread FileCache start, auto delete: false
13:06:45 T:1910824496 DEBUG: CDVDPlayerVideo::CalcDropRequirement - hurry: 1
13:06:45 T:1901873064 INFO: CFileCache::Process - Hit eof.
13:06:45 T:1901873064 DEBUG: Thread FileCache 1901873064 terminating
13:06:45 T:1910824496 DEBUG: CDVDPlayerVideo::CalcDropRequirement - hurry: 1
13:06:45 T:1848293056 DEBUG: CFileCache::Open - opening using cache
13:06:45 T:1848293056 DEBUG: CurlFile::Open(0x71ceb088) http://192.168.0.135:8866/service?method=recording.list&filter=pending&sid=63c7f3d85ddd40f3a7072d0c8f5be74a
13:06:45 T:1910824496 DEBUG: CDVDPlayerVideo::CalcDropRequirement - hurry: 1
13:06:45 T:1878759272 DEBUG: Previous line repeats 3 times.
13:06:45 T:1878759272 NOTICE: Thread FileCache start, auto delete: false
13:06:45 T:1910824496 DEBUG: CDVDPlayerVideo::CalcDropRequirement - hurry: 1
13:06:45 T:1878759272 DEBUG: Previous line repeats 1 times.
13:06:45 T:1878759272 INFO: CFileCache::Process - Hit eof.
13:06:45 T:1910824496 DEBUG: CDVDPlayerVideo::CalcDropRequirement - hurry: 1
13:06:45 T:1878759272 DEBUG: Previous line repeats 2 times.
13:06:45 T:1878759272 DEBUG: Thread FileCache 1878759272 terminating
13:06:45 T:1910824496 DEBUG: CDVDPlayerVideo::CalcDropRequirement - hurry: 1
13:06:45 T:1848293056 DEBUG: Previous line repeats 1 times.
13:06:45 T:1848293056 DEBUG: CFileCache::Open - opening using cache
13:06:45 T:1848293056 DEBUG: CurlFile::Open(0x7363fb10) http://192.168.0.135:8866/service?method=recording.list&filter=ready&sid=63c7f3d85ddd40f3a7072d0c8f5be74a
13:06:45 T:1910824496 DEBUG: CDVDPlayerVideo::CalcDropRequirement - hurry: 1
13:06:45 T:1908668840 DEBUG: Previous line repeats 1 times.
13:06:45 T:1908668840 NOTICE: Thread FileCache start, auto delete: false
13:06:45 T:1908668840 INFO: CFileCache::Process - Hit eof.
13:06:45 T:1910824496 DEBUG: CDVDPlayerVideo::CalcDropRequirement - hurry: 1
13:06:45 T:1908668840 DEBUG: Thread FileCache 1908668840 terminating
13:06:45 T:1910824496 DEBUG: CDVDPlayerVideo::CalcDropRequirement - hurry: 1
13:06:48 T:1848293056 DEBUG: Previous line repeats 121 times.
13:06:48 T:1848293056 DEBUG: CFileCache::Open - opening using cache
13:06:48 T:1910824496 DEBUG: CDVDPlayerVideo::CalcDropRequirement - hurry: 1
13:06:48 T:1848293056 DEBUG: CurlFile::Open(0x73ec62d0) http://192.168.0.135:8866/service?method=recording.recurring.list&sid=63c7f3d85ddd40f3a7072d0c8f5be74a
13:06:48 T:1846288192 NOTICE: Thread FileCache start, auto delete: false
13:06:48 T:1910824496 DEBUG: CDVDPlayerVideo::CalcDropRequirement - hurry: 1
13:06:48 T:1846288192 INFO: CFileCache::Process - Hit eof.
13:06:48 T:1846288192 DEBUG: Thread FileCache 1846288192 terminating
13:06:48 T:1910824496 DEBUG: CDVDPlayerVideo::CalcDropRequirement - hurry: 1
13:06:48 T:1848293056 DEBUG: CFileCache::Open - opening using cache
13:06:48 T:1848293056 DEBUG: CurlFile::Open(0x71cedff8) http://192.168.0.135:8866/service?method=recording.list&filter=pending&sid=63c7f3d85ddd40f3a7072d0c8f5be74a
13:06:48 T:1910824496 DEBUG: CDVDPlayerVideo::CalcDropRequirement - hurry: 1
13:06:48 T:1936011960 DEBUG: Previous line repeats 3 times.
13:06:48 T:1936011960 NOTICE: Thread FileCache start, auto delete: false
13:06:48 T:1910824496 DEBUG: CDVDPlayerVideo::CalcDropRequirement - hurry: 1
13:06:48 T:1936011960 DEBUG: Previous line repeats 1 times.
13:06:48 T:1936011960 INFO: CFileCache::Process - Hit eof.
13:06:48 T:1910824496 DEBUG: CDVDPlayerVideo::CalcDropRequirement - hurry: 1
13:06:48 T:1936011960 DEBUG: Previous line repeats 1 times.
13:06:48 T:1936011960 DEBUG: Thread FileCache 1936011960 terminating
