12:55:31 T:1848293056 DEBUG: CFileCache::Open - opening using cache
12:55:31 T:1848293056 DEBUG: CurlFile::Open(0x73ed6e30) http://192.168.0.135:8866/service?method=recording.list&filter=pending&sid=63c7f3d85ddd40f3a7072d0c8f5be74a
12:55:31 T:1848019808 NOTICE: Thread FileCache start, auto delete: false
12:55:31 T:1848019808 INFO: CFileCache::Process - Hit eof.
12:55:31 T:1848019808 DEBUG: Thread FileCache 1848019808 terminating
12:55:31 T:1848293056 DEBUG: CFileCache::Open - opening using cache
12:55:31 T:1848293056 DEBUG: CurlFile::Open(0x73c6bf20) http://192.168.0.135:8866/service?method=recording.list&filter=ready&sid=63c7f3d85ddd40f3a7072d0c8f5be74a
12:55:31 T:1848019808 NOTICE: Thread FileCache start, auto delete: false
12:55:31 T:1848019808 INFO: CFileCache::Process - Hit eof.
12:55:31 T:1848019808 DEBUG: Thread FileCache 1848019808 terminating
12:55:32 T:1788655912 DEBUG: Keyboard: scancode: 0x15, sym: 0x0114, unicode: 0x0000, modifier: 0x0
12:55:32 T:1788655912 DEBUG: bool CInputManager::OnKey(const CKey&): left (0xf082) pressed, action is Left
12:55:32 T:1843651272 DEBUG: static std::string CTextureCacheJob::GetImageHash(const string&) - unable to stat url /service?method=channel.show.artwork&sid=ec908615694a41b2bdb61dd237ad6116&event_id=4814738
12:55:33 T:1788655912 DEBUG: Keyboard: scancode: 0x15, sym: 0x0114, unicode: 0x0000, modifier: 0x0
12:55:33 T:1788655912 DEBUG: bool CInputManager::OnKey(const CKey&): left (0xf082) pressed, action is Left
12:55:33 T:1878747376 DEBUG: static std::string CTextureCacheJob::GetImageHash(const string&) - unable to stat url /service?method=channel.show.artwork&sid=ec908615694a41b2bdb61dd237ad6116&event_id=4814737
12:55:33 T:1788655912 DEBUG: Keyboard: scancode: 0x15, sym: 0x0114, unicode: 0x0000, modifier: 0x0
12:55:33 T:1788655912 DEBUG: bool CInputManager::OnKey(const CKey&): left (0xf082) pressed, action is Left
12:55:34 T:1788655912 DEBUG: Keyboard: scancode: 0x15, sym: 0x0114, unicode: 0x0000, modifier: 0x0
12:55:34 T:1788655912 DEBUG: bool CInputManager::OnKey(const CKey&): left (0xf082) pressed, action is Left
12:55:34 T:1839317520 DEBUG: static std::string CTextureCacheJob::GetImageHash(const string&) - unable to stat url /service?method=channel.show.artwork&sid=ec908615694a41b2bdb61dd237ad6116&event_id=4814736
12:55:34 T:1848293056 DEBUG: CFileCache::Open - opening using cache
12:55:34 T:1848293056 DEBUG: CurlFile::Open(0x73ed6e30) http://192.168.0.135:8866/service?method=recording.recurring.list&sid=63c7f3d85ddd40f3a7072d0c8f5be74a
12:55:34 T:1902394640 NOTICE: Thread FileCache start, auto delete: false
12:55:34 T:1902394640 INFO: CFileCache::Process - Hit eof.
12:55:34 T:1902394640 DEBUG: Thread FileCache 1902394640 terminating
12:55:34 T:1788655912 DEBUG: Keyboard: scancode: 0x15, sym: 0x0114, unicode: 0x0000, modifier: 0x0
12:55:34 T:1788655912 DEBUG: bool CInputManager::OnKey(const CKey&): left (0xf082) pressed, action is Left
12:55:34 T:1848293056 DEBUG: CFileCache::Open - opening using cache
12:55:34 T:1848293056 DEBUG: CurlFile::Open(0x6d947448) http://192.168.0.135:8866/service?method=recording.list&filter=pending&sid=63c7f3d85ddd40f3a7072d0c8f5be74a
12:55:34 T:1843651272 DEBUG: static std::string CTextureCacheJob::GetImageHash(const string&) - unable to stat url /service?method=channel.show.artwork&sid=ec908615694a41b2bdb61dd237ad6116&event_id=4814735
12:55:34 T:1902394640 NOTICE: Thread FileCache start, auto delete: false
12:55:34 T:1902394640 INFO: CFileCache::Process - Hit eof.
12:55:34 T:1902394640 DEBUG: Thread FileCache 1902394640 terminating
12:55:35 T:1848293056 DEBUG: CFileCache::Open - opening using cache
12:55:35 T:1848293056 DEBUG: CurlFile::Open(0x73ef2540) http://192.168.0.135:8866/service?method=recording.list&filter=ready&sid=63c7f3d85ddd40f3a7072d0c8f5be74a
12:55:35 T:1902394640 NOTICE: Thread FileCache start, auto delete: false
12:55:35 T:1902394640 INFO: CFileCache::Process - Hit eof.
12:55:35 T:1902394640 DEBUG: Thread FileCache 1902394640 terminating
12:55:35 T:1788655912 DEBUG: Keyboard: scancode: 0x15, sym: 0x0114, unicode: 0x0000, modifier: 0x0
12:55:35 T:1788655912 DEBUG: bool CInputManager::OnKey(const CKey&): left (0xf082) pressed, action is Left
12:55:35 T:1788655912 DEBUG: Keyboard: scancode: 0x15, sym: 0x0114, unicode: 0x0000, modifier: 0x0
12:55:35 T:1788655912 DEBUG: bool CInputManager::OnKey(const CKey&): left (0xf082) pressed, action is Left
12:55:36 T:1788655912 DEBUG: Keyboard: scancode: 0x15, sym: 0x0114, unicode: 0x0000, modifier: 0x0
12:55:36 T:1788655912 DEBUG: bool CInputManager::OnKey(const CKey&): left (0xf082) pressed, action is Left
12:55:36 T:1843651272 DEBUG: static std::string CTextureCacheJob::GetImageHash(const string&) - unable to stat url /service?method=channel.show.artwork&sid=ec908615694a41b2bdb61dd237ad6116&event_id=4814734
12:55:37 T:1788655912 DEBUG: Keyboard: scancode: 0x16, sym: 0x0113, unicode: 0x0000, modifier: 0x0
12:55:37 T:1788655912 DEBUG: bool CInputManager::OnKey(const CKey&): right (0xf083) pressed, action is Right
12:55:37 T:1878747376 DEBUG: static std::string CTextureCacheJob::GetImageHash(const string&) - unable to stat url /service?method=channel.show.artwork&sid=ec908615694a41b2bdb61dd237ad6116&event_id=4814735
12:55:38 T:1848293056 DEBUG: CFileCache::Open - opening using cache
12:55:38 T:1848293056 DEBUG: CurlFile::Open(0x6d947448) http://192.168.0.135:8866/service?method=recording.lastupdated&sid=63c7f3d85ddd40f3a7072d0c8f5be74a
12:55:38 T:1943745144 NOTICE: Thread FileCache start, auto delete: false
12:55:38 T:1943745144 INFO: CFileCache::Process - Hit eof.
12:55:38 T:1943745144 DEBUG: Thread FileCache 1943745144 terminating
12:55:38 T:1848293056 DEBUG: CFileCache::Open - opening using cache
12:55:38 T:1848293056 DEBUG: CurlFile::Open(0x73e91f60) http://192.168.0.135:8866/service?method=recording.recurring.list&sid=63c7f3d85ddd40f3a7072d0c8f5be74a
12:55:38 T:1943745144 NOTICE: Thread FileCache start, auto delete: false
12:55:38 T:1943745144 INFO: CFileCache::Process - Hit eof.
12:55:38 T:1943745144 DEBUG: Thread FileCache 1943745144 terminating
12:55:38 T:1848293056 DEBUG: CFileCache::Open - opening using cache
12:55:38 T:1848293056 DEBUG: CurlFile::Open(0x73e5b278) http://192.168.0.135:8866/service?method=recording.list&filter=pending&sid=63c7f3d85ddd40f3a7072d0c8f5be74a
12:55:38 T:1861552224 NOTICE: Thread FileCache start, auto delete: false
12:55:38 T:1861552224 INFO: CFileCache::Process - Hit eof.
12:55:38 T:1861552224 DEBUG: Thread FileCache 1861552224 terminating
12:55:38 T:1788655912 DEBUG: Keyboard: scancode: 0x14, sym: 0x0112, unicode: 0x0000, modifier: 0x0
12:55:38 T:1788655912 DEBUG: bool CInputManager::OnKey(const CKey&): down (0xf081) pressed, action is Down
12:55:38 T:1848293056 DEBUG: CFileCache::Open - opening using cache
12:55:38 T:1848293056 DEBUG: CurlFile::Open(0x73ef2540) http://192.168.0.135:8866/service?method=recording.list&filter=ready&sid=63c7f3d85ddd40f3a7072d0c8f5be74a
12:55:38 T:1843651272 DEBUG: static std::string CTextureCacheJob::GetImageHash(const string&) - unable to stat url /service?method=channel.show.artwork&sid=ec908615694a41b2bdb61dd237ad6116&event_id=4815146
12:55:38 T:1861552224 NOTICE: Thread FileCache start, auto delete: false
12:55:38 T:1861552224 INFO: CFileCache::Process - Hit eof.
12:55:38 T:1861552224 DEBUG: Thread FileCache 1861552224 terminating
12:55:38 T:1788655912 DEBUG: Keyboard: scancode: 0x14, sym: 0x0112, unicode: 0x0000, modifier: 0x0
12:55:38 T:1788655912 DEBUG: bool CInputManager::OnKey(const CKey&): down (0xf081) pressed, action is Down
12:55:38 T:1839317520 DEBUG: static std::string CTextureCacheJob::GetImageHash(const string&) - unable to stat url /service?method=channel.show.artwork&sid=ec908615694a41b2bdb61dd237ad6116&event_id=4815492
12:55:39 T:1788655912 DEBUG: Keyboard: scancode: 0x14, sym: 0x0112, unicode: 0x0000, modifier: 0x0
12:55:39 T:1788655912 DEBUG: bool CInputManager::OnKey(const CKey&): down (0xf081) pressed, action is Down
12:55:39 T:1839317520 DEBUG: static std::string CTextureCacheJob::GetImageHash(const string&) - unable to stat url /service?method=channel.show.artwork&sid=ec908615694a41b2bdb61dd237ad6116&event_id=4815926
12:55:39 T:1788655912 DEBUG: Keyboard: scancode: 0x14, sym: 0x0112, unicode: 0x0000, modifier: 0x0
12:55:39 T:1788655912 DEBUG: bool CInputManager::OnKey(const CKey&): down (0xf081) pressed, action is Down
12:55:39 T:1839317520 DEBUG: static std::string CTextureCacheJob::GetImageHash(const string&) - unable to stat url /service?method=channel.show.artwork&sid=ec908615694a41b2bdb61dd237ad6116&event_id=4816378
12:55:40 T:1788655912 DEBUG: Keyboard: scancode: 0x13, sym: 0x0111, unicode: 0x0000, modifier: 0x0
12:55:40 T:1788655912 DEBUG: bool CInputManager::OnKey(const CKey&): up (0xf080) pressed, action is Up
12:55:40 T:1878747376 DEBUG: static std::string CTextureCacheJob::GetImageHash(const string&) - unable to stat url /service?method=channel.show.artwork&sid=ec908615694a41b2bdb61dd237ad6116&event_id=4815926
12:55:41 T:1848293056 DEBUG: CFileCache::Open - opening using cache
12:55:41 T:1848293056 DEBUG: CurlFile::Open(0x73ef2540) http://192.168.0.135:8866/service?method=recording.recurring.list&sid=63c7f3d85ddd40f3a7072d0c8f5be74a
12:55:41 T:1876925168 NOTICE: Thread FileCache start, auto delete: false
12:55:41 T:1788655912 DEBUG: Keyboard: scancode: 0x14, sym: 0x0112, unicode: 0x0000, modifier: 0x0
12:55:41 T:1788655912 DEBUG: bool CInputManager::OnKey(const CKey&): down (0xf081) pressed, action is Down
12:55:41 T:1876925168 INFO: CFileCache::Process - Hit eof.
12:55:41 T:1876925168 DEBUG: Thread FileCache 1876925168 terminating
12:55:41 T:1843651272 DEBUG: static std::string CTextureCacheJob::GetImageHash(const string&) - unable to stat url /service?method=channel.show.artwork&sid=ec908615694a41b2bdb61dd237ad6116&event_id=4816378
12:55:41 T:1848293056 DEBUG: CFileCache::Open - opening using cache
12:55:41 T:1848293056 DEBUG: CurlFile::Open(0x6d947448) http://192.168.0.135:8866/service?method=recording.list&filter=pending&sid=63c7f3d85ddd40f3a7072d0c8f5be74a
12:55:41 T:1902506032 NOTICE: Thread FileCache start, auto delete: false
12:55:41 T:1902506032 INFO: CFileCache::Process - Hit eof.
12:55:41 T:1902506032 DEBUG: Thread FileCache 1902506032 terminating
12:55:42 T:1848293056 DEBUG: CFileCache::Open - opening using cache
12:55:42 T:1848293056 DEBUG: CurlFile::Open(0x715a52b0) http://192.168.0.135:8866/service?method=recording.list&filter=ready&sid=63c7f3d85ddd40f3a7072d0c8f5be74a
12:55:42 T:1788655912 DEBUG: Keyboard: scancode: 0x14, sym: 0x0112, unicode: 0x0000, modifier: 0x0
12:55:42 T:1788655912 DEBUG: bool CInputManager::OnKey(const CKey&): down (0xf081) pressed, action is Down
12:55:42 T:1839317520 DEBUG: static std::string CTextureCacheJob::GetImageHash(const string&) - unable to stat url /service?method=channel.show.artwork&sid=ec908615694a41b2bdb61dd237ad6116&event_id=4816933
12:55:42 T:1876455592 NOTICE: Thread FileCache start, auto delete: false
12:55:42 T:1876455592 INFO: CFileCache::Process - Hit eof.
12:55:42 T:1876455592 DEBUG: Thread FileCache 1876455592 terminating
12:55:42 T:1788655912 DEBUG: Keyboard: scancode: 0x14, sym: 0x0112, unicode: 0x0000, modifier: 0x0
12:55:42 T:1788655912 DEBUG: bool CInputManager::OnKey(const CKey&): down (0xf081) pressed, action is Down
12:55:42 T:1878747376 DEBUG: static std::string CTextureCacheJob::GetImageHash(const string&) - unable to stat url /service?method=channel.show.artwork&sid=ec908615694a41b2bdb61dd237ad6116&event_id=4817412
12:55:43 T:1788655912 DEBUG: Keyboard: scancode: 0x14, sym: 0x0112, unicode: 0x0000, modifier: 0x0
12:55:43 T:1788655912 DEBUG: bool CInputManager::OnKey(const CKey&): down (0xf081) pressed, action is Down
12:55:43 T:1839317520 DEBUG: static std::string CTextureCacheJob::GetImageHash(const string&) - unable to stat url /service?method=channel.show.artwork&sid=ec908615694a41b2bdb61dd237ad6116&event_id=4817924
12:55:44 T:1788655912 DEBUG: Keyboard: scancode: 0x14, sym: 0x0112, unicode: 0x0000, modifier: 0x0
12:55:44 T:1788655912 DEBUG: bool CInputManager::OnKey(const CKey&): down (0xf081) pressed, action is Down
12:55:44 T:1839317520 DEBUG: static std::string CTextureCacheJob::GetImageHash(const string&) - unable to stat url /service?method=channel.show.artwork&sid=ec908615694a41b2bdb61dd237ad6116&event_id=4818346
12:55:44 T:1788655912 DEBUG: Keyboard: scancode: 0x14, sym: 0x0112, unicode: 0x0000, modifier: 0x0
12:55:44 T:1788655912 DEBUG: bool CInputManager::OnKey(const CKey&): down (0xf081) pressed, action is Down
12:55:44 T:1878747376 DEBUG: static std::string CTextureCacheJob::GetImageHash(const string&) - unable to stat url /service?method=channel.show.artwork&sid=ec908615694a41b2bdb61dd237ad6116&event_id=4818799
12:55:44 T:1788655912 DEBUG: Keyboard: scancode: 0x14, sym: 0x0112, unicode: 0x0000, modifier: 0x0
12:55:44 T:1788655912 DEBUG: bool CInputManager::OnKey(const CKey&): down (0xf081) pressed, action is Down
12:55:44 T:1843651272 DEBUG: static std::string CTextureCacheJob::GetImageHash(const string&) - unable to stat url /service?method=channel.show.artwork&sid=ec908615694a41b2bdb61dd237ad6116&event_id=4819390
12:55:44 T:1788655912 DEBUG: Keyboard: scancode: 0x14, sym: 0x0112, unicode: 0x0000, modifier: 0x0
12:55:44 T:1788655912 DEBUG: bool CInputManager::OnKey(const CKey&): down (0xf081) pressed, action is Down
12:55:44 T:1839317520 DEBUG: static std::string CTextureCacheJob::GetImageHash(const string&) - unable to stat url /service?method=channel.show.artwork&sid=ec908615694a41b2bdb61dd237ad6116&event_id=4819955
12:55:45 T:1848293056 DEBUG: CFileCache::Open - opening using cache
12:55:45 T:1848293056 DEBUG: CurlFile::Open(0x73d634f0) http://192.168.0.135:8866/service?method=recording.recurring.list&sid=63c7f3d85ddd40f3a7072d0c8f5be74a
12:55:45 T:1943942488 NOTICE: Thread FileCache start, auto delete: false
12:55:45 T:1943942488 INFO: CFileCache::Process - Hit eof.
12:55:45 T:1943942488 DEBUG: Thread FileCache 1943942488 terminating
12:55:45 T:1848293056 DEBUG: CFileCache::Open - opening using cache
12:55:45 T:1848293056 DEBUG: CurlFile::Open(0x73c69478) http://192.168.0.135:8866/service?method=recording.list&filter=pending&sid=63c7f3d85ddd40f3a7072d0c8f5be74a
12:55:45 T:1945007512 NOTICE: Thread FileCache start, auto delete: false
12:55:45 T:1945007512 INFO: CFileCache::Process - Hit eof.
12:55:45 T:1945007512 DEBUG: Thread FileCache 1945007512 terminating
12:55:45 T:1848293056 DEBUG: CFileCache::Open - opening using cache
12:55:45 T:1848293056 DEBUG: CurlFile::Open(0x73f06120) http://192.168.0.135:8866/service?method=recording.list&filter=ready&sid=63c7f3d85ddd40f3a7072d0c8f5be74a
12:55:45 T:1788655912 DEBUG: Keyboard: scancode: 0x14, sym: 0x0112, unicode: 0x0000, modifier: 0x0
12:55:45 T:1788655912 DEBUG: bool CInputManager::OnKey(const CKey&): down (0xf081) pressed, action is Down
12:55:45 T:1878747376 DEBUG: static std::string CTextureCacheJob::GetImageHash(const string&) - unable to stat url /service?method=channel.show.artwork&sid=ec908615694a41b2bdb61dd237ad6116&event_id=4820506
12:55:45 T:1913011040 NOTICE: Thread FileCache start, auto delete: false
12:55:45 T:1913011040 INFO: CFileCache::Process - Hit eof.
12:55:45 T:1913011040 DEBUG: Thread FileCache 1913011040 terminating
12:55:45 T:1788655912 DEBUG: Keyboard: scancode: 0x14, sym: 0x0112, unicode: 0x0000, modifier: 0x0
12:55:45 T:1788655912 DEBUG: bool CInputManager::OnKey(const CKey&): down (0xf081) pressed, action is Down
12:55:45 T:1843651272 DEBUG: static std::string CTextureCacheJob::GetImageHash(const string&) - unable to stat url /service?method=channel.show.artwork&sid=ec908615694a41b2bdb61dd237ad6116&event_id=4820588
12:55:46 T:1788655912 DEBUG: Keyboard: scancode: 0x14, sym: 0x0112, unicode: 0x0000, modifier: 0x0
12:55:46 T:1788655912 DEBUG: bool CInputManager::OnKey(const CKey&): down (0xf081) pressed, action is Down
12:55:46 T:1839317520 DEBUG: static std::string CTextureCacheJob::GetImageHash(const string&) - unable to stat url /service?method=channel.show.artwork&sid=ec908615694a41b2bdb61dd237ad6116&event_id=4821072
12:55:46 T:1788655912 DEBUG: Keyboard: scancode: 0x14, sym: 0x0112, unicode: 0x0000, modifier: 0x0
12:55:46 T:1788655912 DEBUG: bool CInputManager::OnKey(const CKey&): down (0xf081) pressed, action is Down
12:55:46 T:1843651272 DEBUG: static std::string CTextureCacheJob::GetImageHash(const string&) - unable to stat url /service?method=channel.show.artwork&sid=ec908615694a41b2bdb61dd237ad6116&event_id=4821519
12:55:46 T:1788655912 DEBUG: Keyboard: scancode: 0x14, sym: 0x0112, unicode: 0x0000, modifier: 0x0
12:55:46 T:1788655912 DEBUG: bool CInputManager::OnKey(const CKey&): down (0xf081) pressed, action is Down
12:55:46 T:1878747376 DEBUG: static std::string CTextureCacheJob::GetImageHash(const string&) - unable to stat url /service?method=channel.show.artwork&sid=ec908615694a41b2bdb61dd237ad6116&event_id=4821533
12:55:46 T:1788655912 DEBUG: Keyboard: scancode: 0x14, sym: 0x0112, unicode: 0x0000, modifier: 0x0
12:55:46 T:1788655912 DEBUG: bool CInputManager::OnKey(const CKey&): down (0xf081) pressed, action is Down
12:55:46 T:1843651272 DEBUG: static std::string CTextureCacheJob::GetImageHash(const string&) - unable to stat url /service?method=channel.show.artwork&sid=ec908615694a41b2bdb61dd237ad6116&event_id=4821547
12:55:47 T:1788655912 DEBUG: Keyboard: scancode: 0x14, sym: 0x0112, unicode: 0x0000, modifier: 0x0
12:55:47 T:1788655912 DEBUG: bool CInputManager::OnKey(const CKey&): down (0xf081) pressed, action is Down
12:55:47 T:1843651272 DEBUG: static std::string CTextureCacheJob::GetImageHash(const string&) - unable to stat url /service?method=channel.show.artwork&sid=ec908615694a41b2bdb61dd237ad6116&event_id=4821561
12:55:48 T:1788655912 DEBUG: Keyboard: scancode: 0x14, sym: 0x0112, unicode: 0x0000, modifier: 0x0
12:55:48 T:1788655912 DEBUG: bool CInputManager::OnKey(const CKey&): down (0xf081) pressed, action is Down
12:55:48 T:1843651272 DEBUG: static std::string CTextureCacheJob::GetImageHash(const string&) - unable to stat url /service?method=channel.show.artwork&sid=ec908615694a41b2bdb61dd237ad6116&event_id=4821575
12:55:48 T:1848293056 DEBUG: CFileCache::Open - opening using cache
12:55:48 T:1848293056 DEBUG: CurlFile::Open(0x6ee863d8) http://192.168.0.135:8866/service?method=recording.recurring.list&sid=63c7f3d85ddd40f3a7072d0c8f5be74a
12:55:48 T:1902528712 NOTICE: Thread FileCache start, auto delete: false
12:55:48 T:1902528712 INFO: CFileCache::Process - Hit eof.
12:55:48 T:1902528712 DEBUG: Thread FileCache 1902528712 terminating
12:55:48 T:1848293056 DEBUG: CFileCache::Open - opening using cache
12:55:48 T:1848293056 DEBUG: CurlFile::Open(0x6fe0bb38) http://192.168.0.135:8866/service?method=recording.list&filter=pending&sid=63c7f3d85ddd40f3a7072d0c8f5be74a
12:55:48 T:1788655912 DEBUG: Keyboard: scancode: 0x14, sym: 0x0112, unicode: 0x0000, modifier: 0x0
12:55:48 T:1788655912 DEBUG: bool CInputManager::OnKey(const CKey&): down (0xf081) pressed, action is Down
12:55:48 T:1839317520 DEBUG: static std::string CTextureCacheJob::GetImageHash(const string&) - unable to stat url /service?method=channel.show.artwork&sid=ec908615694a41b2bdb61dd237ad6116&event_id=4821589
12:55:48 T:1944908480 NOTICE: Thread FileCache start, auto delete: false
12:55:48 T:1944908480 INFO: CFileCache::Process - Hit eof.
12:55:48 T:1944908480 DEBUG: Thread FileCache 1944908480 terminating
12:55:48 T:1848293056 DEBUG: CFileCache::Open - opening using cache
12:55:48 T:1848293056 DEBUG: CurlFile::Open(0x73efc810) http://192.168.0.135:8866/service?method=recording.list&filter=ready&sid=63c7f3d85ddd40f3a7072d0c8f5be74a
12:55:48 T:1944908480 NOTICE: Thread FileCache start, auto delete: false
12:55:48 T:1944908480 INFO: CFileCache::Process - Hit eof.
12:55:48 T:1944908480 DEBUG: Thread FileCache 1944908480 terminating
12:55:49 T:1788655912 DEBUG: Keyboard: scancode: 0x14, sym: 0x0112, unicode: 0x0000, modifier: 0x0
12:55:49 T:1788655912 DEBUG: bool CInputManager::OnKey(const CKey&): down (0xf081) pressed, action is Down
12:55:49 T:1839317520 DEBUG: static std::string CTextureCacheJob::GetImageHash(const string&) - unable to stat url /service?method=channel.show.artwork&sid=ec908615694a41b2bdb61dd237ad6116&event_id=4821686
12:55:49 T:1788655912 DEBUG: Keyboard: scancode: 0x14, sym: 0x0112, unicode: 0x0000, modifier: 0x0
12:55:49 T:1788655912 DEBUG: bool CInputManager::OnKey(const CKey&): down (0xf081) pressed, action is Down
12:55:49 T:1878747376 DEBUG: static std::string CTextureCacheJob::GetImageHash(const string&) - unable to stat url /service?method=channel.show.artwork&sid=ec908615694a41b2bdb61dd237ad6116&event_id=4822174
12:55:50 T:1788655912 DEBUG: Keyboard: scancode: 0x14, sym: 0x0112, unicode: 0x0000, modifier: 0x0
12:55:50 T:1788655912 DEBUG: bool CInputManager::OnKey(const CKey&): down (0xf081) pressed, action is Down
12:55:50 T:1843651272 DEBUG: static std::string CTextureCacheJob::GetImageHash(const string&) - unable to stat url /service?method=channel.show.artwork&sid=ec908615694a41b2bdb61dd237ad6116&event_id=4822392
12:55:50 T:1788655912 DEBUG: Keyboard: scancode: 0x14, sym: 0x0112, unicode: 0x0000, modifier: 0x0
12:55:50 T:1788655912 DEBUG: bool CInputManager::OnKey(const CKey&): down (0xf081) pressed, action is Down
12:55:50 T:1839317520 DEBUG: static std::string CTextureCacheJob::GetImageHash(const string&) - unable to stat url /service?method=channel.show.artwork&sid=ec908615694a41b2bdb61dd237ad6116&event_id=4822768
12:55:51 T:1788655912 DEBUG: Keyboard: scancode: 0x13, sym: 0x0111, unicode: 0x0000, modifier: 0x0
12:55:51 T:1788655912 DEBUG: bool CInputManager::OnKey(const CKey&): up (0xf080) pressed, action is Up
12:55:51 T:1878747376 DEBUG: static std::string CTextureCacheJob::GetImageHash(const string&) - unable to stat url /service?method=channel.show.artwork&sid=ec908615694a41b2bdb61dd237ad6116&event_id=4822392
12:55:51 T:1788655912 DEBUG: Keyboard: scancode: 0x13, sym: 0x0111, unicode: 0x0000, modifier: 0x0
12:55:51 T:1788655912 DEBUG: bool CInputManager::OnKey(const CKey&): up (0xf080) pressed, action is Up
12:55:51 T:1843651272 DEBUG: static std::string CTextureCacheJob::GetImageHash(const string&) - unable to stat url /service?method=channel.show.artwork&sid=ec908615694a41b2bdb61dd237ad6116&event_id=4822174
12:55:51 T:1788655912 DEBUG: Keyboard: scancode: 0x13, sym: 0x0111, unicode: 0x0000, modifier: 0x0
12:55:51 T:1788655912 DEBUG: bool CInputManager::OnKey(const CKey&): up (0xf080) pressed, action is Up
12:55:51 T:1839317520 DEBUG: static std::string CTextureCacheJob::GetImageHash(const string&) - unable to stat url /service?method=channel.show.artwork&sid=ec908615694a41b2bdb61dd237ad6116&event_id=4821686
12:55:51 T:1848293056 DEBUG: CFileCache::Open - opening using cache
12:55:51 T:1848293056 DEBUG: CurlFile::Open(0x73e72da8) http://192.168.0.135:8866/service?method=recording.recurring.list&sid=63c7f3d85ddd40f3a7072d0c8f5be74a
12:55:52 T:1936108544 NOTICE: Thread FileCache start, auto delete: false
12:55:52 T:1936108544 INFO: CFileCache::Process - Hit eof.
12:55:52 T:1936108544 DEBUG: Thread FileCache 1936108544 terminating
12:55:52 T:1848293056 DEBUG: CFileCache::Open - opening using cache
12:55:52 T:1848293056 DEBUG: CurlFile::Open(0x73e72da8) http://192.168.0.135:8866/service?method=recording.list&filter=pending&sid=63c7f3d85ddd40f3a7072d0c8f5be74a
12:55:52 T:1944866192 NOTICE: Thread FileCache start, auto delete: false
12:55:52 T:1944866192 INFO: CFileCache::Process - Hit eof.
12:55:52 T:1944866192 DEBUG: Thread FileCache 1944866192 terminating
12:55:52 T:1848293056 DEBUG: CFileCache::Open - opening using cache
12:55:52 T:1848293056 DEBUG: CurlFile::Open(0x6fdb8a40) http://192.168.0.135:8866/service?method=recording.list&filter=ready&sid=63c7f3d85ddd40f3a7072d0c8f5be74a
12:55:52 T:1788655912 DEBUG: Keyboard: scancode: 0x16, sym: 0x0113, unicode: 0x0000, modifier: 0x0
12:55:52 T:1788655912 DEBUG: bool CInputManager::OnKey(const CKey&): right (0xf083) pressed, action is Right
12:55:52 T:1878747376 DEBUG: static std::string CTextureCacheJob::GetImageHash(const string&) - unable to stat url /service?method=channel.show.artwork&sid=ec908615694a41b2bdb61dd237ad6116&event_id=4821687
12:55:52 T:1876903456 NOTICE: Thread FileCache start, auto delete: false
12:55:52 T:1876903456 INFO: CFileCache::Process - Hit eof.
12:55:52 T:1876903456 DEBUG: Thread FileCache 1876903456 terminating
12:55:55 T:1848293056 DEBUG: CFileCache::Open - opening using cache
12:55:55 T:1848293056 DEBUG: CurlFile::Open(0x71658bb0) http://192.168.0.135:8866/service?method=recording.recurring.list&sid=63c7f3d85ddd40f3a7072d0c8f5be74a
12:55:55 T:1936108544 NOTICE: Thread FileCache start, auto delete: false
12:55:55 T:1936108544 INFO: CFileCache::Process - Hit eof.
12:55:55 T:1936108544 DEBUG: Thread FileCache 1936108544 terminating
12:55:55 T:1848293056 DEBUG: CFileCache::Open - opening using cache
12:55:55 T:1848293056 DEBUG: CurlFile::Open(0x73ed5a50) http://192.168.0.135:8866/service?method=recording.list&filter=pending&sid=63c7f3d85ddd40f3a7072d0c8f5be74a
12:55:55 T:1876903456 NOTICE: Thread FileCache start, auto delete: false
12:55:55 T:1876903456 INFO: CFileCache::Process - Hit eof.
12:55:55 T:1876903456 DEBUG: Thread FileCache 1876903456 terminating
12:55:55 T:1848293056 DEBUG: CFileCache::Open - opening using cache
12:55:55 T:1848293056 DEBUG: CurlFile::Open(0x73eebd58) http://192.168.0.135:8866/service?method=recording.list&filter=ready&sid=63c7f3d85ddd40f3a7072d0c8f5be74a
12:55:55 T:1936108544 NOTICE: Thread FileCache start, auto delete: false
12:55:55 T:1936108544 INFO: CFileCache::Process - Hit eof.
12:55:55 T:1936108544 DEBUG: Thread FileCache 1936108544 terminating
12:55:58 T:1848293056 DEBUG: CFileCache::Open - opening using cache
12:55:58 T:1848293056 DEBUG: CurlFile::Open(0x73eebd58) http://192.168.0.135:8866/service?method=recording.recurring.list&sid=63c7f3d85ddd40f3a7072d0c8f5be74a
12:55:58 T:1936108544 NOTICE: Thread FileCache start, auto delete: false
12:55:58 T:1936108544 INFO: CFileCache::Process - Hit eof.
12:55:58 T:1936108544 DEBUG: Thread FileCache 1936108544 terminating
12:55:58 T:1848293056 DEBUG: CFileCache::Open - opening using cache
12:55:58 T:1848293056 DEBUG: CurlFile::Open(0x73eebd58) http://192.168.0.135:8866/service?method=recording.list&filter=pending&sid=63c7f3d85ddd40f3a7072d0c8f5be74a
12:55:58 T:1936108544 NOTICE: Thread FileCache start, auto delete: false
12:55:58 T:1936108544 INFO: CFileCache::Process - Hit eof.
12:55:58 T:1936108544 DEBUG: Thread FileCache 1936108544 terminating
12:55:59 T:1848293056 DEBUG: CFileCache::Open - opening using cache
12:55:59 T:1848293056 DEBUG: CurlFile::Open(0x6fe15938) http://192.168.0.135:8866/service?method=recording.list&filter=ready&sid=63c7f3d85ddd40f3a7072d0c8f5be74a
12:55:59 T:1876903456 NOTICE: Thread FileCache start, auto delete: false
12:55:59 T:1876903456 INFO: CFileCache::Process - Hit eof.
12:55:59 T:1876903456 DEBUG: Thread FileCache 1876903456 terminating
12:56:02 T:1848293056 DEBUG: CFileCache::Open - opening using cache
12:56:02 T:1848293056 DEBUG: CurlFile::Open(0x6fe15938) http://192.168.0.135:8866/service?method=recording.recurring.list&sid=63c7f3d85ddd40f3a7072d0c8f5be74a
12:56:02 T:1936108544 NOTICE: Thread FileCache start, auto delete: false
12:56:02 T:1936108544 INFO: CFileCache::Process - Hit eof.
12:56:02 T:1936108544 DEBUG: Thread FileCache 1936108544 terminating
12:56:02 T:1848293056 DEBUG: CFileCache::Open - opening using cache
12:56:02 T:1848293056 DEBUG: CurlFile::Open(0x6fe15938) http://192.168.0.135:8866/service?method=recording.list&filter=pending&sid=63c7f3d85ddd40f3a7072d0c8f5be74a
12:56:02 T:1942476144 NOTICE: Thread FileCache start, auto delete: false
12:56:02 T:1942476144 INFO: CFileCache::Process - Hit eof.
12:56:02 T:1942476144 DEBUG: Thread FileCache 1942476144 terminating
12:56:02 T:1848293056 DEBUG: CFileCache::Open - opening using cache
12:56:02 T:1848293056 DEBUG: CurlFile::Open(0x6fe15938) http://192.168.0.135:8866/service?method=recording.list&filter=ready&sid=63c7f3d85ddd40f3a7072d0c8f5be74a
12:56:02 T:1942476144 NOTICE: Thread FileCache start, auto delete: false
12:56:02 T:1942476144 INFO: CFileCache::Process - Hit eof.
12:56:02 T:1942476144 DEBUG: Thread FileCache 1942476144 terminating
12:56:05 T:1848293056 DEBUG: CFileCache::Open - opening using cache
12:56:05 T:1848293056 DEBUG: CurlFile::Open(0x6fe15938) http://192.168.0.135:8866/service?method=recording.recurring.list&sid=63c7f3d85ddd40f3a7072d0c8f5be74a
12:56:05 T:1942476144 NOTICE: Thread FileCache start, auto delete: false
12:56:05 T:1942476144 INFO: CFileCache::Process - Hit eof.
12:56:05 T:1942476144 DEBUG: Thread FileCache 1942476144 terminating
12:56:05 T:1848293056 DEBUG: CFileCache::Open - opening using cache
12:56:05 T:1848293056 DEBUG: CurlFile::Open(0x6fe15938) http://192.168.0.135:8866/service?method=recording.list&filter=pending&sid=63c7f3d85ddd40f3a7072d0c8f5be74a
12:56:05 T:1942476144 NOTICE: Thread FileCache start, auto delete: false
12:56:05 T:1942476144 INFO: CFileCache::Process - Hit eof.
12:56:05 T:1942476144 DEBUG: Thread FileCache 1942476144 terminating
12:56:05 T:1848293056 DEBUG: CFileCache::Open - opening using cache
12:56:05 T:1848293056 DEBUG: CurlFile::Open(0x6fe15938) http://192.168.0.135:8866/service?method=recording.list&filter=ready&sid=63c7f3d85ddd40f3a7072d0c8f5be74a
12:56:05 T:1942476144 NOTICE: Thread FileCache start, auto delete: false
12:56:05 T:1942476144 INFO: CFileCache::Process - Hit eof.
12:56:06 T:1942476144 DEBUG: Thread FileCache 1942476144 terminating
12:56:06 T:1788655912 DEBUG: Keyboard: scancode: 0x16, sym: 0x0113, unicode: 0x0000, modifier: 0x0
12:56:06 T:1788655912 DEBUG: bool CInputManager::OnKey(const CKey&): right (0xf083) pressed, action is Right
12:56:06 T:1843651272 DEBUG: static std::string CTextureCacheJob::GetImageHash(const string&) - unable to stat url /service?method=channel.show.artwork&sid=ec908615694a41b2bdb61dd237ad6116&event_id=4821688
12:56:06 T:1788655912 DEBUG: Keyboard: scancode: 0x16, sym: 0x0113, unicode: 0x0000, modifier: 0x0
12:56:06 T:1788655912 DEBUG: bool CInputManager::OnKey(const CKey&): right (0xf083) pressed, action is Right
12:56:06 T:1878747376 DEBUG: static std::string CTextureCacheJob::GetImageHash(const string&) - unable to stat url /service?method=channel.show.artwork&sid=ec908615694a41b2bdb61dd237ad6116&event_id=4821689
12:56:09 T:1848293056 DEBUG: CFileCache::Open - opening using cache
12:56:09 T:1848293056 DEBUG: CurlFile::Open(0x73eb5230) http://192.168.0.135:8866/service?method=recording.recurring.list&sid=63c7f3d85ddd40f3a7072d0c8f5be74a
12:56:09 T:1936108544 NOTICE: Thread FileCache start, auto delete: false
12:56:09 T:1936108544 INFO: CFileCache::Process - Hit eof.
12:56:09 T:1936108544 DEBUG: Thread FileCache 1936108544 terminating
12:56:09 T:1848293056 DEBUG: CFileCache::Open - opening using cache
12:56:09 T:1848293056 DEBUG: CurlFile::Open(0x73eb5230) http://192.168.0.135:8866/service?method=recording.list&filter=pending&sid=63c7f3d85ddd40f3a7072d0c8f5be74a
12:56:09 T:1936108544 NOTICE: Thread FileCache start, auto delete: false
12:56:09 T:1936108544 INFO: CFileCache::Process - Hit eof.
12:56:09 T:1936108544 DEBUG: Thread FileCache 1936108544 terminating
12:56:09 T:1848293056 DEBUG: CFileCache::Open - opening using cache
12:56:09 T:1848293056 DEBUG: CurlFile::Open(0x73eb5230) http://192.168.0.135:8866/service?method=recording.list&filter=ready&sid=63c7f3d85ddd40f3a7072d0c8f5be74a
12:56:09 T:1936108544 NOTICE: Thread FileCache start, auto delete: false
12:56:09 T:1936108544 INFO: CFileCache::Process - Hit eof.
12:56:09 T:1936108544 DEBUG: Thread FileCache 1936108544 terminating
12:56:12 T:1848293056 DEBUG: CFileCache::Open - opening using cache
12:56:12 T:1848293056 DEBUG: CurlFile::Open(0x73eb5230) http://192.168.0.135:8866/service?method=recording.recurring.list&sid=63c7f3d85ddd40f3a7072d0c8f5be74a
12:56:12 T:1936108544 NOTICE: Thread FileCache start, auto delete: false
12:56:12 T:1936108544 INFO: CFileCache::Process - Hit eof.
12:56:12 T:1936108544 DEBUG: Thread FileCache 1936108544 terminating
12:56:12 T:1848293056 DEBUG: CFileCache::Open - opening using cache
12:56:12 T:1848293056 DEBUG: CurlFile::Open(0x6fdf3de0) http://192.168.0.135:8866/service?method=recording.list&filter=pending&sid=63c7f3d85ddd40f3a7072d0c8f5be74a
12:56:12 T:1936108544 NOTICE: Thread FileCache start, auto delete: false
12:56:12 T:1936108544 INFO: CFileCache::Process - Hit eof.
12:56:12 T:1936108544 DEBUG: Thread FileCache 1936108544 terminating
12:56:12 T:1848293056 DEBUG: CFileCache::Open - opening using cache
12:56:12 T:1848293056 DEBUG: CurlFile::Open(0x6fdf3de0) http://192.168.0.135:8866/service?method=recording.list&filter=ready&sid=63c7f3d85ddd40f3a7072d0c8f5be74a
12:56:12 T:1936108544 NOTICE: Thread FileCache start, auto delete: false
12:56:12 T:1936108544 INFO: CFileCache::Process - Hit eof.
12:56:12 T:1936108544 DEBUG: Thread FileCache 1936108544 terminating
12:56:14 T:1788655912 DEBUG: Keyboard: scancode: 0x15, sym: 0x0114, unicode: 0x0000, modifier: 0x0
12:56:14 T:1788655912 DEBUG: bool CInputManager::OnKey(const CKey&): left (0xf082) pressed, action is Left
12:56:14 T:1839317520 DEBUG: static std::string CTextureCacheJob::GetImageHash(const string&) - unable to stat url /service?method=channel.show.artwork&sid=ec908615694a41b2bdb61dd237ad6116&event_id=4821688
12:56:15 T:1788655912 DEBUG: Keyboard: scancode: 0x15, sym: 0x0114, unicode: 0x0000, modifier: 0x0
12:56:15 T:1788655912 DEBUG: bool CInputManager::OnKey(const CKey&): left (0xf082) pressed, action is Left
12:56:15 T:1878747376 DEBUG: static std::string CTextureCacheJob::GetImageHash(const string&) - unable to stat url /service?method=channel.show.artwork&sid=ec908615694a41b2bdb61dd237ad6116&event_id=4821687
12:56:15 T:1848293056 DEBUG: CFileCache::Open - opening using cache
12:56:15 T:1848293056 DEBUG: CurlFile::Open(0x6fdf3de0) http://192.168.0.135:8866/service?method=recording.recurring.list&sid=63c7f3d85ddd40f3a7072d0c8f5be74a
12:56:15 T:1936108544 NOTICE: Thread FileCache start, auto delete: false
12:56:15 T:1936108544 INFO: CFileCache::Process - Hit eof.
12:56:15 T:1936108544 DEBUG: Thread FileCache 1936108544 terminating
12:56:15 T:1848293056 DEBUG: CFileCache::Open - opening using cache
12:56:15 T:1848293056 DEBUG: CurlFile::Open(0x73e1d470) http://192.168.0.135:8866/service?method=recording.list&filter=pending&sid=63c7f3d85ddd40f3a7072d0c8f5be74a
12:56:16 T:1936108544 NOTICE: Thread FileCache start, auto delete: false
12:56:16 T:1936108544 INFO: CFileCache::Process - Hit eof.
12:56:16 T:1936108544 DEBUG: Thread FileCache 1936108544 terminating
12:56:16 T:1848293056 DEBUG: CFileCache::Open - opening using cache
12:56:16 T:1848293056 DEBUG: CurlFile::Open(0x73eb5230) http://192.168.0.135:8866/service?method=recording.list&filter=ready&sid=63c7f3d85ddd40f3a7072d0c8f5be74a
12:56:16 T:1936108544 NOTICE: Thread FileCache start, auto delete: false
12:56:16 T:1936108544 INFO: CFileCache::Process - Hit eof.
12:56:16 T:1936108544 DEBUG: Thread FileCache 1936108544 terminating
12:56:19 T:1848293056 DEBUG: CFileCache::Open - opening using cache
12:56:19 T:1848293056 DEBUG: CurlFile::Open(0x6fdf3de0) http://192.168.0.135:8866/service?method=recording.recurring.list&sid=63c7f3d85ddd40f3a7072d0c8f5be74a
12:56:19 T:1936108544 NOTICE: Thread FileCache start, auto delete: false
12:56:19 T:1936108544 INFO: CFileCache::Process - Hit eof.
12:56:19 T:1936108544 DEBUG: Thread FileCache 1936108544 terminating
12:56:19 T:1848293056 DEBUG: CFileCache::Open - opening using cache
12:56:19 T:1848293056 DEBUG: CurlFile::Open(0x6fdf3de0) http://192.168.0.135:8866/service?method=recording.list&filter=pending&sid=63c7f3d85ddd40f3a7072d0c8f5be74a
12:56:19 T:1876903456 NOTICE: Thread FileCache start, auto delete: false
12:56:19 T:1876903456 INFO: CFileCache::Process - Hit eof.
12:56:19 T:1876903456 DEBUG: Thread FileCache 1876903456 terminating
12:56:19 T:1848293056 DEBUG: CFileCache::Open - opening using cache
12:56:19 T:1848293056 DEBUG: CurlFile::Open(0x717934d0) http://192.168.0.135:8866/service?method=recording.list&filter=ready&sid=63c7f3d85ddd40f3a7072d0c8f5be74a
12:56:19 T:1936108544 NOTICE: Thread FileCache start, auto delete: false
12:56:19 T:1936108544 INFO: CFileCache::Process - Hit eof.
12:56:19 T:1936108544 DEBUG: Thread FileCache 1936108544 terminating
12:56:22 T:1848293056 DEBUG: CFileCache::Open - opening using cache
12:56:22 T:1848293056 DEBUG: CurlFile::Open(0x73f43658) http://192.168.0.135:8866/service?method=recording.recurring.list&sid=63c7f3d85ddd40f3a7072d0c8f5be74a
12:56:22 T:1936108544 NOTICE: Thread FileCache start, auto delete: false
12:56:22 T:1936108544 INFO: CFileCache::Process - Hit eof.
12:56:22 T:1936108544 DEBUG: Thread FileCache 1936108544 terminating
12:56:22 T:1848293056 DEBUG: CFileCache::Open - opening using cache
12:56:22 T:1848293056 DEBUG: CurlFile::Open(0x73f43658) http://192.168.0.135:8866/service?method=recording.list&filter=pending&sid=63c7f3d85ddd40f3a7072d0c8f5be74a
12:56:22 T:1936108544 NOTICE: Thread FileCache start, auto delete: false
12:56:22 T:1936108544 INFO: CFileCache::Process - Hit eof.
12:56:22 T:1936108544 DEBUG: Thread FileCache 1936108544 terminating
12:56:22 T:1848293056 DEBUG: CFileCache::Open - opening using cache
12:56:22 T:1848293056 DEBUG: CurlFile::Open(0x73f43658) http://192.168.0.135:8866/service?method=recording.list&filter=ready&sid=63c7f3d85ddd40f3a7072d0c8f5be74a
12:56:22 T:1945388536 NOTICE: Thread FileCache start, auto delete: false
12:56:22 T:1945388536 INFO: CFileCache::Process - Hit eof.
12:56:22 T:1945388536 DEBUG: Thread FileCache 1945388536 terminating
12:56:24 T:1788655912 DEBUG: Keyboard: scancode: 0x15, sym: 0x0114, unicode: 0x0000, modifier: 0x0
12:56:24 T:1788655912 DEBUG: bool CInputManager::OnKey(const CKey&): left (0xf082) pressed, action is Left
12:56:24 T:1843651272 DEBUG: static std::string CTextureCacheJob::GetImageHash(const string&) - unable to stat url /service?method=channel.show.artwork&sid=ec908615694a41b2bdb61dd237ad6116&event_id=4821686
12:56:24 T:1788655912 DEBUG: Keyboard: scancode: 0x15, sym: 0x0114, unicode: 0x0000, modifier: 0x0
12:56:24 T:1788655912 DEBUG: bool CInputManager::OnKey(const CKey&): left (0xf082) pressed, action is Left
12:56:26 T:1848293056 DEBUG: CFileCache::Open - opening using cache
12:56:26 T:1848293056 DEBUG: CurlFile::Open(0x73eb5230) http://192.168.0.135:8866/service?method=recording.recurring.list&sid=63c7f3d85ddd40f3a7072d0c8f5be74a
12:56:26 T:1902362680 NOTICE: Thread FileCache start, auto delete: false
12:56:26 T:1902362680 INFO: CFileCache::Process - Hit eof.
12:56:26 T:1902362680 DEBUG: Thread FileCache 1902362680 terminating
12:56:26 T:1848293056 DEBUG: CFileCache::Open - opening using cache
12:56:26 T:1848293056 DEBUG: CurlFile::Open(0x73eb5230) http://192.168.0.135:8866/service?method=recording.list&filter=pending&sid=63c7f3d85ddd40f3a7072d0c8f5be74a
12:56:26 T:1788655912 DEBUG: Keyboard: scancode: 0x16, sym: 0x0113, unicode: 0x0000, modifier: 0x0
12:56:26 T:1788655912 DEBUG: bool CInputManager::OnKey(const CKey&): right (0xf083) pressed, action is Right
12:56:26 T:1878747376 DEBUG: static std::string CTextureCacheJob::GetImageHash(const string&) - unable to stat url /service?method=channel.show.artwork&sid=ec908615694a41b2bdb61dd237ad6116&event_id=4821687
12:56:26 T:1945391104 NOTICE: Thread FileCache start, auto delete: false
12:56:26 T:1945391104 INFO: CFileCache::Process - Hit eof.
12:56:26 T:1945391104 DEBUG: Thread FileCache 1945391104 terminating
12:56:26 T:1848293056 DEBUG: CFileCache::Open - opening using cache
12:56:26 T:1848293056 DEBUG: CurlFile::Open(0x71668ec0) http://192.168.0.135:8866/service?method=recording.list&filter=ready&sid=63c7f3d85ddd40f3a7072d0c8f5be74a
12:56:26 T:1945391104 NOTICE: Thread FileCache start, auto delete: false
12:56:26 T:1945391104 INFO: CFileCache::Process - Hit eof.
12:56:26 T:1945391104 DEBUG: Thread FileCache 1945391104 terminating
12:56:27 T:1788655912 DEBUG: Keyboard: scancode: 0x15, sym: 0x0114, unicode: 0x0000, modifier: 0x0
12:56:27 T:1788655912 DEBUG: bool CInputManager::OnKey(const CKey&): left (0xf082) pressed, action is Left
12:56:27 T:1839317520 DEBUG: static std::string CTextureCacheJob::GetImageHash(const string&) - unable to stat url /service?method=channel.show.artwork&sid=ec908615694a41b2bdb61dd237ad6116&event_id=4821686
12:56:27 T:1788655912 DEBUG: Keyboard: scancode: 0x15, sym: 0x0114, unicode: 0x0000, modifier: 0x0
12:56:27 T:1788655912 DEBUG: bool CInputManager::OnKey(const CKey&): left (0xf082) pressed, action is Left
12:56:27 T:1878747376 DEBUG: static std::string CTextureCacheJob::GetImageHash(const string&) - unable to stat url /service?method=channel.show.artwork&sid=ec908615694a41b2bdb61dd237ad6116&event_id=4821685
12:56:28 T:1788655912 DEBUG: Keyboard: scancode: 0x16, sym: 0x0113, unicode: 0x0000, modifier: 0x0
12:56:28 T:1788655912 DEBUG: bool CInputManager::OnKey(const CKey&): right (0xf083) pressed, action is Right
12:56:28 T:1843651272 DEBUG: static std::string CTextureCacheJob::GetImageHash(const string&) - unable to stat url /service?method=channel.show.artwork&sid=ec908615694a41b2bdb61dd237ad6116&event_id=4821686
12:56:28 T:1788655912 DEBUG: Keyboard: scancode: 0x16, sym: 0x0113, unicode: 0x0000, modifier: 0x0
12:56:28 T:1788655912 DEBUG: bool CInputManager::OnKey(const CKey&): right (0xf083) pressed, action is Right
12:56:28 T:1839317520 DEBUG: static std::string CTextureCacheJob::GetImageHash(const string&) - unable to stat url /service?method=channel.show.artwork&sid=ec908615694a41b2bdb61dd237ad6116&event_id=4821687
12:56:29 T:1788655912 DEBUG: Keyboard: scancode: 0x14, sym: 0x0112, unicode: 0x0000, modifier: 0x0
12:56:29 T:1788655912 DEBUG: bool CInputManager::OnKey(const CKey&): down (0xf081) pressed, action is Down
12:56:29 T:1878747376 DEBUG: static std::string CTextureCacheJob::GetImageHash(const string&) - unable to stat url /service?method=channel.show.artwork&sid=ec908615694a41b2bdb61dd237ad6116&event_id=4822174
12:56:29 T:1788655912 DEBUG: Keyboard: scancode: 0x14, sym: 0x0112, unicode: 0x0000, modifier: 0x0
12:56:29 T:1788655912 DEBUG: bool CInputManager::OnKey(const CKey&): down (0xf081) pressed, action is Down
12:56:29 T:1839317520 DEBUG: static std::string CTextureCacheJob::GetImageHash(const string&) - unable to stat url /service?method=channel.show.artwork&sid=ec908615694a41b2bdb61dd237ad6116&event_id=4822392
12:56:29 T:1788655912 DEBUG: Keyboard: scancode: 0x14, sym: 0x0112, unicode: 0x0000, modifier: 0x0
12:56:29 T:1788655912 DEBUG: bool CInputManager::OnKey(const CKey&): down (0xf081) pressed, action is Down
12:56:29 T:1843651272 DEBUG: static std::string CTextureCacheJob::GetImageHash(const string&) - unable to stat url /service?method=channel.show.artwork&sid=ec908615694a41b2bdb61dd237ad6116&event_id=4822767
12:56:29 T:1788655912 DEBUG: Keyboard: scancode: 0x14, sym: 0x0112, unicode: 0x0000, modifier: 0x0
12:56:29 T:1788655912 DEBUG: bool CInputManager::OnKey(const CKey&): down (0xf081) pressed, action is Down
12:56:29 T:1878747376 DEBUG: static std::string CTextureCacheJob::GetImageHash(const string&) - unable to stat url /service?method=channel.show.artwork&sid=ec908615694a41b2bdb61dd237ad6116&event_id=4823312
12:56:29 T:1788655912 DEBUG: Keyboard: scancode: 0x14, sym: 0x0112, unicode: 0x0000, modifier: 0x0
12:56:29 T:1788655912 DEBUG: bool CInputManager::OnKey(const CKey&): down (0xf081) pressed, action is Down
12:56:29 T:1839317520 DEBUG: static std::string CTextureCacheJob::GetImageHash(const string&) - unable to stat url /service?method=channel.show.artwork&sid=ec908615694a41b2bdb61dd237ad6116&event_id=4823326
12:56:29 T:1848293056 DEBUG: CFileCache::Open - opening using cache
12:56:29 T:1848293056 DEBUG: CurlFile::Open(0x73f78380) http://192.168.0.135:8866/service?method=recording.recurring.list&sid=63c7f3d85ddd40f3a7072d0c8f5be74a
12:56:29 T:1944809448 NOTICE: Thread FileCache start, auto delete: false
12:56:29 T:1944809448 INFO: CFileCache::Process - Hit eof.
12:56:29 T:1788655912 DEBUG: Keyboard: scancode: 0x14, sym: 0x0112, unicode: 0x0000, modifier: 0x0
12:56:29 T:1788655912 DEBUG: bool CInputManager::OnKey(const CKey&): down (0xf081) pressed, action is Down
12:56:29 T:1843651272 DEBUG: static std::string CTextureCacheJob::GetImageHash(const string&) - unable to stat url /service?method=channel.show.artwork&sid=ec908615694a41b2bdb61dd237ad6116&event_id=4823427
12:56:29 T:1944809448 DEBUG: Thread FileCache 1944809448 terminating
12:56:29 T:1848293056 DEBUG: CFileCache::Open - opening using cache
12:56:29 T:1848293056 DEBUG: CurlFile::Open(0x73f78380) http://192.168.0.135:8866/service?method=recording.list&filter=pending&sid=63c7f3d85ddd40f3a7072d0c8f5be74a
12:56:29 T:1788655912 DEBUG: Keyboard: scancode: 0x14, sym: 0x0112, unicode: 0x0000, modifier: 0x0
12:56:29 T:1788655912 DEBUG: bool CInputManager::OnKey(const CKey&): down (0xf081) pressed, action is Down
12:56:29 T:1843651272 DEBUG: static std::string CTextureCacheJob::GetImageHash(const string&) - unable to stat url /service?method=channel.show.artwork&sid=ec908615694a41b2bdb61dd237ad6116&event_id=4823990
12:56:30 T:1902940256 NOTICE: Thread FileCache start, auto delete: false
12:56:30 T:1902940256 INFO: CFileCache::Process - Hit eof.
12:56:30 T:1902940256 DEBUG: Thread FileCache 1902940256 terminating
12:56:30 T:1848293056 DEBUG: CFileCache::Open - opening using cache
12:56:30 T:1848293056 DEBUG: CurlFile::Open(0x73f78380) http://192.168.0.135:8866/service?method=recording.list&filter=ready&sid=63c7f3d85ddd40f3a7072d0c8f5be74a
12:56:30 T:1788655912 DEBUG: Keyboard: scancode: 0x14, sym: 0x0112, unicode: 0x0000, modifier: 0x0
12:56:30 T:1788655912 DEBUG: bool CInputManager::OnKey(const CKey&): down (0xf081) pressed, action is Down
12:56:30 T:1839317520 DEBUG: static std::string CTextureCacheJob::GetImageHash(const string&) - unable to stat url /service?method=channel.show.artwork&sid=ec908615694a41b2bdb61dd237ad6116&event_id=4824461
12:56:30 T:1945663280 NOTICE: Thread FileCache start, auto delete: false
12:56:30 T:1945663280 INFO: CFileCache::Process - Hit eof.
12:56:30 T:1945663280 DEBUG: Thread FileCache 1945663280 terminating
12:56:30 T:1788655912 DEBUG: Keyboard: scancode: 0x14, sym: 0x0112, unicode: 0x0000, modifier: 0x0
12:56:30 T:1788655912 DEBUG: bool CInputManager::OnKey(const CKey&): down (0xf081) pressed, action is Down
12:56:30 T:1843651272 DEBUG: static std::string CTextureCacheJob::GetImageHash(const string&) - unable to stat url /service?method=channel.show.artwork&sid=ec908615694a41b2bdb61dd237ad6116&event_id=4824952
12:56:30 T:1788655912 DEBUG: Keyboard: scancode: 0x14, sym: 0x0112, unicode: 0x0000, modifier: 0x0
12:56:30 T:1788655912 DEBUG: bool CInputManager::OnKey(const CKey&): down (0xf081) pressed, action is Down
12:56:30 T:1839317520 DEBUG: static std::string CTextureCacheJob::GetImageHash(const string&) - unable to stat url /service?method=channel.show.artwork&sid=ec908615694a41b2bdb61dd237ad6116&event_id=4824966
12:56:31 T:1788655912 DEBUG: Keyboard: scancode: 0x14, sym: 0x0112, unicode: 0x0000, modifier: 0x0
12:56:31 T:1788655912 DEBUG: bool CInputManager::OnKey(const CKey&): down (0xf081) pressed, action is Down
12:56:31 T:1843651272 DEBUG: static std::string CTextureCacheJob::GetImageHash(const string&) - unable to stat url /service?method=channel.show.artwork&sid=ec908615694a41b2bdb61dd237ad6116&event_id=4824980
12:56:31 T:1788655912 DEBUG: Keyboard: scancode: 0x14, sym: 0x0112, unicode: 0x0000, modifier: 0x0
12:56:31 T:1788655912 DEBUG: bool CInputManager::OnKey(const CKey&): down (0xf081) pressed, action is Down
12:56:31 T:1839317520 DEBUG: static std::string CTextureCacheJob::GetImageHash(const string&) - unable to stat url /service?method=channel.show.artwork&sid=ec908615694a41b2bdb61dd237ad6116&event_id=4824994
12:56:31 T:1788655912 DEBUG: Keyboard: scancode: 0x14, sym: 0x0112, unicode: 0x0000, modifier: 0x0
12:56:31 T:1788655912 DEBUG: bool CInputManager::OnKey(const CKey&): down (0xf081) pressed, action is Down
12:56:31 T:1878747376 DEBUG: static std::string CTextureCacheJob::GetImageHash(const string&) - unable to stat url /service?method=channel.show.artwork&sid=ec908615694a41b2bdb61dd237ad6116&event_id=4825008
12:56:31 T:1788655912 DEBUG: Keyboard: scancode: 0x14, sym: 0x0112, unicode: 0x0000, modifier: 0x0
12:56:31 T:1788655912 DEBUG: bool CInputManager::OnKey(const CKey&): down (0xf081) pressed, action is Down
12:56:31 T:1839317520 DEBUG: static std::string CTextureCacheJob::GetImageHash(const string&) - unable to stat url /service?method=channel.show.artwork&sid=ec908615694a41b2bdb61dd237ad6116&event_id=4825022
12:56:31 T:1788655912 DEBUG: Keyboard: scancode: 0x14, sym: 0x0112, unicode: 0x0000, modifier: 0x0
12:56:31 T:1788655912 DEBUG: bool CInputManager::OnKey(const CKey&): down (0xf081) pressed, action is Down
12:56:31 T:1843651272 DEBUG: static std::string CTextureCacheJob::GetImageHash(const string&) - unable to stat url /service?method=channel.show.artwork&sid=ec908615694a41b2bdb61dd237ad6116&event_id=4825036
12:56:31 T:1788655912 DEBUG: Keyboard: scancode: 0x14, sym: 0x0112, unicode: 0x0000, modifier: 0x0
12:56:31 T:1788655912 DEBUG: bool CInputManager::OnKey(const CKey&): down (0xf081) pressed, action is Down
12:56:31 T:1839317520 DEBUG: static std::string CTextureCacheJob::GetImageHash(const string&) - unable to stat url /service?method=channel.show.artwork&sid=ec908615694a41b2bdb61dd237ad6116&event_id=4825050
12:56:31 T:1788655912 DEBUG: Keyboard: scancode: 0x14, sym: 0x0112, unicode: 0x0000, modifier: 0x0
12:56:31 T:1788655912 DEBUG: bool CInputManager::OnKey(const CKey&): down (0xf081) pressed, action is Down
