13:05:13 T:1910824496 DEBUG: CDVDPlayerVideo::CalcDropRequirement - hurry: 0
13:05:13 T:1910824496 DEBUG: Previous line repeats 1 times.
13:05:13 T:1910824496 DEBUG: CDVDPlayerVideo::CalcDropRequirement - hurry: 1
13:05:13 T:1910824496 DEBUG: Previous line repeats 30 times.
13:05:13 T:1910824496 WARNING: CDVDMessageQueue(video)::Get - asked for new data packet, with nothing available
13:05:14 T:1910824496 DEBUG: CDVDPlayerVideo::CalcDropRequirement - hurry: 0
13:05:14 T:1910824496 DEBUG: CDVDPlayerVideo::CalcDropRequirement - hurry: 1
13:05:14 T:1910824496 DEBUG: CDVDPlayerVideo::CalcDropRequirement - dropped in decoder, Sleeptime: 0.019391, Bufferlevel: 1, Gain: 0.125745
13:05:14 T:1910824496 DEBUG: CDVDPlayerVideo::CalcDropRequirement - hurry: 1
13:05:14 T:1910940992 DEBUG: Previous line repeats 11 times.
13:05:14 T:1910940992 DEBUG: CDVDClock::Discontinuity - CDVDPlayerAudio::HandleSyncError2 - was:10751342306.876825, should be:10751310820.928566, error:-31485.948259
13:05:14 T:1910824496 DEBUG: CDVDPlayerVideo::CalcDropRequirement - hurry: 1
13:05:14 T:1910824496 DEBUG: Previous line repeats 12 times.
13:05:14 T:1910824496 WARNING: CDVDMessageQueue(video)::Get - asked for new data packet, with nothing available
13:05:15 T:1910824496 DEBUG: CDVDPlayerVideo::CalcDropRequirement - hurry: 0
13:05:15 T:1910824496 DEBUG: CDVDPlayerVideo::CalcDropRequirement - hurry: 1
13:05:15 T:1910824496 DEBUG: CDVDPlayerVideo::CalcDropRequirement - dropped in decoder, Sleeptime: 0.018145, Bufferlevel: 1, Gain: 0.125405
13:05:15 T:1910824496 WARNING: CDVDMessageQueue(video)::Get - asked for new data packet, with nothing available
13:05:15 T:1910824496 DEBUG: CDVDPlayerVideo::CalcDropRequirement - hurry: 1
13:05:15 T:1910824496 DEBUG: CDVDPlayerVideo::CalcDropRequirement - hurry: 0
13:05:15 T:1910824496 DEBUG: CDVDPlayerVideo::CalcDropRequirement - hurry: 1
13:05:15 T:1910824496 DEBUG: Previous line repeats 4 times.
13:05:15 T:1910824496 WARNING: CDVDMessageQueue(video)::Get - asked for new data packet, with nothing available
13:05:15 T:1910824496 DEBUG: CDVDPlayerVideo::CalcDropRequirement - hurry: 0
13:05:15 T:1910824496 DEBUG: Previous line repeats 1 times.
13:05:15 T:1910824496 DEBUG: CDVDPlayerVideo::CalcDropRequirement - hurry: 1
13:05:15 T:1848293056 DEBUG: Previous line repeats 11 times.
13:05:15 T:1848293056 DEBUG: CFileCache::Open - opening using cache
13:05:15 T:1848293056 DEBUG: CurlFile::Open(0x71cedff8) http://192.168.0.135:8866/service?method=recording.recurring.list&sid=63c7f3d85ddd40f3a7072d0c8f5be74a
13:05:15 T:1910824496 DEBUG: CDVDPlayerVideo::CalcDropRequirement - hurry: 1
13:05:15 T:1878759272 NOTICE: Thread FileCache start, auto delete: false
13:05:15 T:1910824496 DEBUG: CDVDPlayerVideo::CalcDropRequirement - hurry: 1
13:05:15 T:1878759272 INFO: CFileCache::Process - Hit eof.
13:05:15 T:1878759272 DEBUG: Thread FileCache 1878759272 terminating
13:05:15 T:1848293056 DEBUG: CFileCache::Open - opening using cache
13:05:15 T:1848293056 DEBUG: CurlFile::Open(0x673d91e8) http://192.168.0.135:8866/service?method=recording.list&filter=pending&sid=63c7f3d85ddd40f3a7072d0c8f5be74a
13:05:15 T:1910824496 DEBUG: CDVDPlayerVideo::CalcDropRequirement - hurry: 1
13:05:15 T:1877792232 DEBUG: Previous line repeats 4 times.
13:05:15 T:1877792232 NOTICE: Thread FileCache start, auto delete: false
13:05:15 T:1910824496 DEBUG: CDVDPlayerVideo::CalcDropRequirement - hurry: 1
13:05:15 T:1877792232 INFO: CFileCache::Process - Hit eof.
13:05:15 T:1910824496 DEBUG: CDVDPlayerVideo::CalcDropRequirement - hurry: 1
13:05:15 T:1877792232 DEBUG: Thread FileCache 1877792232 terminating
13:05:15 T:1910824496 DEBUG: CDVDPlayerVideo::CalcDropRequirement - hurry: 1
13:05:15 T:1848293056 DEBUG: Previous line repeats 1 times.
13:05:15 T:1848293056 DEBUG: CFileCache::Open - opening using cache
13:05:15 T:1848293056 DEBUG: CurlFile::Open(0x71ceb088) http://192.168.0.135:8866/service?method=recording.list&filter=ready&sid=63c7f3d85ddd40f3a7072d0c8f5be74a
13:05:15 T:1910824496 DEBUG: CDVDPlayerVideo::CalcDropRequirement - hurry: 1
13:05:16 T:1942201448 DEBUG: Previous line repeats 1 times.
13:05:16 T:1942201448 NOTICE: Thread FileCache start, auto delete: false
13:05:16 T:1942201448 INFO: CFileCache::Process - Hit eof.
13:05:16 T:1910824496 DEBUG: CDVDPlayerVideo::CalcDropRequirement - hurry: 1
13:05:16 T:1942201448 DEBUG: Previous line repeats 2 times.
13:05:16 T:1942201448 DEBUG: Thread FileCache 1942201448 terminating
13:05:16 T:1910824496 DEBUG: CDVDPlayerVideo::CalcDropRequirement - hurry: 1
13:05:16 T:1910824496 WARNING: CDVDMessageQueue(video)::Get - asked for new data packet, with nothing available
13:05:16 T:1910824496 DEBUG: CDVDPlayerVideo::CalcDropRequirement - hurry: 0
13:05:16 T:1910824496 DEBUG: Previous line repeats 1 times.
13:05:16 T:1910824496 DEBUG: CDVDPlayerVideo::CalcDropRequirement - dropped in decoder, Sleeptime: 0.022655, Bufferlevel: 0, Gain: 0.077038
13:05:16 T:1910824496 DEBUG: CDVDPlayerVideo::CalcDropRequirement - hurry: 1
13:05:17 T:1910824496 DEBUG: Previous line repeats 33 times.
13:05:17 T:1910824496 WARNING: CDVDMessageQueue(video)::Get - asked for new data packet, with nothing available
13:05:17 T:1910824496 DEBUG: CDVDPlayerVideo::CalcDropRequirement - hurry: 0
13:05:17 T:1910824496 DEBUG: CDVDPlayerVideo::CalcDropRequirement - hurry: 1
13:05:17 T:1910824496 DEBUG: CDVDPlayerVideo::CalcDropRequirement - dropped in decoder, Sleeptime: 0.017779, Bufferlevel: 1, Gain: 0.087519
13:05:17 T:1910824496 DEBUG: CDVDPlayerVideo::CalcDropRequirement - hurry: 1
13:05:17 T:1910824496 DEBUG: Previous line repeats 1 times.
13:05:17 T:1910824496 WARNING: CDVDMessageQueue(video)::Get - asked for new data packet, with nothing available
13:05:17 T:1910824496 DEBUG: CDVDPlayerVideo::CalcDropRequirement - hurry: 1
13:05:17 T:1910824496 DEBUG: Previous line repeats 2 times.
13:05:17 T:1910824496 DEBUG: CDVDPlayerVideo::CalcDropRequirement - hurry: 0
13:05:17 T:1910824496 DEBUG: Previous line repeats 1 times.
13:05:17 T:1910824496 DEBUG: CDVDPlayerVideo::CalcDropRequirement - hurry: 1
13:05:17 T:1910824496 DEBUG: Previous line repeats 1 times.
13:05:17 T:1910824496 DEBUG: CDVDPlayerVideo::CalcDropRequirement - hurry: 0
13:05:17 T:1910824496 DEBUG: Previous line repeats 1 times.
13:05:17 T:1910824496 DEBUG: CDVDPlayerVideo::CalcDropRequirement - hurry: 1
13:05:17 T:1910824496 DEBUG: CDVDPlayerVideo::CalcDropRequirement - hurry: 0
13:05:17 T:1910824496 DEBUG: CDVDPlayerVideo::CalcDropRequirement - hurry: 1
13:05:18 T:1910824496 DEBUG: Previous line repeats 55 times.
13:05:18 T:1910824496 WARNING: CDVDMessageQueue(video)::Get - asked for new data packet, with nothing available
13:05:18 T:1910824496 DEBUG: CDVDPlayerVideo::CalcDropRequirement - hurry: 0
13:05:18 T:1910824496 DEBUG: CDVDPlayerVideo::CalcDropRequirement - hurry: 1
13:05:18 T:1910824496 DEBUG: Previous line repeats 2 times.
13:05:18 T:1910824496 DEBUG: CDVDPlayerVideo::CalcDropRequirement - hurry: 0
13:05:18 T:1910824496 DEBUG: Previous line repeats 1 times.
13:05:18 T:1910824496 DEBUG: CDVDPlayerVideo::CalcDropRequirement - hurry: 1
13:05:19 T:1848293056 DEBUG: Previous line repeats 4 times.
13:05:19 T:1848293056 DEBUG: CFileCache::Open - opening using cache
13:05:19 T:1848293056 DEBUG: CurlFile::Open(0x73e5e4f0) http://192.168.0.135:8866/service?method=recording.recurring.list&sid=63c7f3d85ddd40f3a7072d0c8f5be74a
13:05:19 T:1910824496 DEBUG: CDVDPlayerVideo::CalcDropRequirement - hurry: 1
13:05:19 T:1846288192 NOTICE: Thread FileCache start, auto delete: false
13:05:19 T:1910824496 DEBUG: CDVDPlayerVideo::CalcDropRequirement - hurry: 1
13:05:19 T:1846288192 DEBUG: Previous line repeats 1 times.
13:05:19 T:1846288192 INFO: CFileCache::Process - Hit eof.
13:05:19 T:1910824496 DEBUG: CDVDPlayerVideo::CalcDropRequirement - hurry: 1
13:05:19 T:1846288192 DEBUG: Thread FileCache 1846288192 terminating
13:05:19 T:1910824496 DEBUG: CDVDPlayerVideo::CalcDropRequirement - hurry: 1
13:05:19 T:1848293056 DEBUG: Previous line repeats 1 times.
13:05:19 T:1848293056 DEBUG: CFileCache::Open - opening using cache
13:05:19 T:1848293056 DEBUG: CurlFile::Open(0x7363fb10) http://192.168.0.135:8866/service?method=recording.list&filter=pending&sid=63c7f3d85ddd40f3a7072d0c8f5be74a
13:05:19 T:1910824496 DEBUG: CDVDPlayerVideo::CalcDropRequirement - hurry: 1
13:05:19 T:1877792232 DEBUG: Previous line repeats 4 times.
13:05:19 T:1877792232 NOTICE: Thread FileCache start, auto delete: false
13:05:19 T:1910824496 DEBUG: CDVDPlayerVideo::CalcDropRequirement - hurry: 1
13:05:19 T:1877792232 DEBUG: Previous line repeats 1 times.
13:05:19 T:1877792232 INFO: CFileCache::Process - Hit eof.
13:05:19 T:1877792232 DEBUG: Thread FileCache 1877792232 terminating
13:05:19 T:1910824496 DEBUG: CDVDPlayerVideo::CalcDropRequirement - hurry: 1
13:05:19 T:1848293056 DEBUG: Previous line repeats 2 times.
13:05:19 T:1848293056 DEBUG: CFileCache::Open - opening using cache
13:05:19 T:1848293056 DEBUG: CurlFile::Open(0x71c4f868) http://192.168.0.135:8866/service?method=recording.list&filter=ready&sid=63c7f3d85ddd40f3a7072d0c8f5be74a
13:05:19 T:1910824496 DEBUG: CDVDPlayerVideo::CalcDropRequirement - hurry: 1
13:05:19 T:1911750048 DEBUG: Previous line repeats 1 times.
13:05:19 T:1911750048 NOTICE: Thread FileCache start, auto delete: false
13:05:19 T:1911750048 INFO: CFileCache::Process - Hit eof.
13:05:19 T:1910824496 DEBUG: CDVDPlayerVideo::CalcDropRequirement - hurry: 1
13:05:19 T:1911750048 DEBUG: Previous line repeats 2 times.
13:05:19 T:1911750048 DEBUG: Thread FileCache 1911750048 terminating
13:05:19 T:1910824496 DEBUG: CDVDPlayerVideo::CalcDropRequirement - hurry: 1
13:05:19 T:1910824496 DEBUG: Previous line repeats 3 times.
13:05:19 T:1910824496 WARNING: CDVDMessageQueue(video)::Get - asked for new data packet, with nothing available
13:05:19 T:1910824496 DEBUG: CDVDPlayerVideo::CalcDropRequirement - hurry: 0
13:05:19 T:1910824496 DEBUG: Previous line repeats 1 times.
13:05:19 T:1910824496 DEBUG: CDVDPlayerVideo::CalcDropRequirement - dropped in decoder, Sleeptime: 0.031786, Bufferlevel: 0, Gain: 0.049984
13:05:19 T:1910824496 DEBUG: CDVDPlayerVideo::CalcDropRequirement - hurry: 1
13:05:19 T:1910824496 DEBUG: CDVDPlayerVideo::CalcDropRequirement - hurry: 0
13:05:20 T:1910824496 DEBUG: Previous line repeats 2 times.
13:05:20 T:1910824496 DEBUG: CDVDPlayerVideo::CalcDropRequirement - hurry: 1
13:05:20 T:1910824496 DEBUG: Previous line repeats 33 times.
13:05:20 T:1910824496 WARNING: CDVDMessageQueue(video)::Get - asked for new data packet, with nothing available
13:05:20 T:1910824496 DEBUG: CDVDPlayerVideo::CalcDropRequirement - hurry: 0
13:05:21 T:1910824496 DEBUG: Previous line repeats 1 times.
13:05:21 T:1910824496 DEBUG: CDVDPlayerVideo::CalcDropRequirement - hurry: 1
13:05:21 T:1910824496 DEBUG: Previous line repeats 33 times.
13:05:21 T:1910824496 WARNING: CDVDMessageQueue(video)::Get - asked for new data packet, with nothing available
13:05:21 T:1910824496 DEBUG: CDVDPlayerVideo::CalcDropRequirement - hurry: 0
13:05:22 T:1910824496 DEBUG: Previous line repeats 1 times.
13:05:22 T:1910824496 DEBUG: CDVDPlayerVideo::CalcDropRequirement - dropped in decoder, Sleeptime: 0.031247, Bufferlevel: 0, Gain: 0.042135
13:05:22 T:1910824496 DEBUG: CDVDPlayerVideo::CalcDropRequirement - hurry: 1
13:05:22 T:1848293056 DEBUG: Previous line repeats 25 times.
13:05:22 T:1848293056 DEBUG: CFileCache::Open - opening using cache
13:05:22 T:1848293056 DEBUG: CurlFile::Open(0x71c4f868) http://192.168.0.135:8866/service?method=recording.recurring.list&sid=63c7f3d85ddd40f3a7072d0c8f5be74a
13:05:22 T:1910824496 DEBUG: CDVDPlayerVideo::CalcDropRequirement - hurry: 1
13:05:22 T:1942201448 NOTICE: Thread FileCache start, auto delete: false
13:05:22 T:1910824496 DEBUG: CDVDPlayerVideo::CalcDropRequirement - hurry: 1
13:05:22 T:1942201448 INFO: CFileCache::Process - Hit eof.
13:05:22 T:1942201448 DEBUG: Thread FileCache 1942201448 terminating
13:05:22 T:1910824496 DEBUG: CDVDPlayerVideo::CalcDropRequirement - hurry: 1
13:05:22 T:1848293056 DEBUG: Previous line repeats 1 times.
13:05:22 T:1848293056 DEBUG: CFileCache::Open - opening using cache
13:05:22 T:1910824496 DEBUG: CDVDPlayerVideo::CalcDropRequirement - hurry: 1
13:05:22 T:1848293056 DEBUG: CurlFile::Open(0x7365f708) http://192.168.0.135:8866/service?method=recording.list&filter=pending&sid=63c7f3d85ddd40f3a7072d0c8f5be74a
13:05:22 T:1910824496 DEBUG: CDVDPlayerVideo::CalcDropRequirement - hurry: 1
13:05:22 T:1846288192 DEBUG: Previous line repeats 4 times.
13:05:22 T:1846288192 NOTICE: Thread FileCache start, auto delete: false
13:05:22 T:1910824496 WARNING: CDVDMessageQueue(video)::Get - asked for new data packet, with nothing available
13:05:22 T:1846288192 INFO: CFileCache::Process - Hit eof.
13:05:22 T:1846288192 DEBUG: Thread FileCache 1846288192 terminating
13:05:22 T:1910824496 DEBUG: CDVDPlayerVideo::CalcDropRequirement - hurry: 0
13:05:23 T:1910824496 DEBUG: Previous line repeats 1 times.
13:05:23 T:1910824496 DEBUG: CDVDPlayerVideo::CalcDropRequirement - hurry: 1
13:05:23 T:1848293056 DEBUG: Previous line repeats 3 times.
13:05:23 T:1848293056 DEBUG: CFileCache::Open - opening using cache
13:05:23 T:1848293056 DEBUG: CurlFile::Open(0x6fdbb4c0) http://192.168.0.135:8866/service?method=recording.list&filter=ready&sid=63c7f3d85ddd40f3a7072d0c8f5be74a
13:05:23 T:1910824496 DEBUG: CDVDPlayerVideo::CalcDropRequirement - hurry: 1
13:05:23 T:1910824496 DEBUG: CDVDPlayerVideo::CalcDropRequirement - hurry: 0
13:05:23 T:1910824496 DEBUG: Previous line repeats 1 times.
13:05:23 T:1910824496 DEBUG: CDVDPlayerVideo::CalcDropRequirement - hurry: 1
13:05:23 T:1936011960 DEBUG: Previous line repeats 1 times.
13:05:23 T:1936011960 NOTICE: Thread FileCache start, auto delete: false
13:05:23 T:1910824496 DEBUG: CDVDPlayerVideo::CalcDropRequirement - hurry: 1
13:05:23 T:1936011960 INFO: CFileCache::Process - Hit eof.
13:05:23 T:1910824496 DEBUG: CDVDPlayerVideo::CalcDropRequirement - hurry: 1
13:05:23 T:1936011960 DEBUG: Thread FileCache 1936011960 terminating
13:05:23 T:1910824496 DEBUG: CDVDPlayerVideo::CalcDropRequirement - hurry: 1
13:05:24 T:1910824496 DEBUG: Previous line repeats 24 times.
13:05:24 T:1910824496 WARNING: CDVDMessageQueue(video)::Get - asked for new data packet, with nothing available
13:05:24 T:1910824496 DEBUG: CDVDPlayerVideo::CalcDropRequirement - hurry: 0
13:05:24 T:1910824496 DEBUG: Previous line repeats 1 times.
13:05:24 T:1910824496 DEBUG: CDVDPlayerVideo::CalcDropRequirement - hurry: 1
13:05:24 T:1910824496 DEBUG: Previous line repeats 2 times.
13:05:24 T:1910824496 DEBUG: CDVDPlayerVideo::CalcDropRequirement - hurry: 0
13:05:24 T:1910824496 DEBUG: CDVDPlayerVideo::CalcDropRequirement - hurry: 1
13:05:24 T:1910824496 DEBUG: Previous line repeats 4 times.
13:05:24 T:1910824496 DEBUG: CDVDPlayerVideo::CalcDropRequirement - hurry: 0
13:05:24 T:1910824496 DEBUG: CDVDPlayerVideo::CalcDropRequirement - hurry: 1
13:05:25 T:1910824496 DEBUG: Previous line repeats 36 times.
13:05:25 T:1910824496 WARNING: CDVDMessageQueue(video)::Get - asked for new data packet, with nothing available
13:05:25 T:1910824496 DEBUG: CDVDPlayerVideo::CalcDropRequirement - hurry: 0
13:05:25 T:1910824496 DEBUG: CDVDPlayerVideo::CalcDropRequirement - hurry: 1
13:05:25 T:1910824496 DEBUG: Previous line repeats 1 times.
13:05:25 T:1910824496 DEBUG: CDVDPlayerVideo::CalcDropRequirement - hurry: 0
13:05:25 T:1910824496 DEBUG: Previous line repeats 1 times.
13:05:25 T:1910824496 DEBUG: CDVDPlayerVideo::CalcDropRequirement - hurry: 1
13:05:25 T:1910824496 DEBUG: Previous line repeats 23 times.
13:05:25 T:1910824496 WARNING: CDVDMessageQueue(video)::Get - asked for new data packet, with nothing available
13:05:26 T:1910824496 DEBUG: CDVDPlayerVideo::CalcDropRequirement - hurry: 0
13:05:26 T:1910824496 DEBUG: CDVDPlayerVideo::CalcDropRequirement - hurry: 1
13:05:26 T:1910824496 DEBUG: CDVDPlayerVideo::CalcDropRequirement - dropped in decoder, Sleeptime: 0.011033, Bufferlevel: 1, Gain: 0.138275
13:05:26 T:1910824496 DEBUG: CDVDPlayerVideo::CalcDropRequirement - hurry: 1
13:05:26 T:1910824496 DEBUG: Previous line repeats 8 times.
13:05:26 T:1910824496 WARNING: CDVDMessageQueue(video)::Get - asked for new data packet, with nothing available
13:05:26 T:1848293056 DEBUG: CFileCache::Open - opening using cache
13:05:26 T:1848293056 DEBUG: CurlFile::Open(0x73e5e4f0) http://192.168.0.135:8866/service?method=recording.recurring.list&sid=63c7f3d85ddd40f3a7072d0c8f5be74a
13:05:26 T:1910824496 DEBUG: CDVDPlayerVideo::CalcDropRequirement - hurry: 0
13:05:26 T:1910824496 DEBUG: CDVDPlayerVideo::CalcDropRequirement - hurry: 1
13:05:26 T:1910824496 DEBUG: CDVDPlayerVideo::CalcDropRequirement - hurry: 0
13:05:26 T:1910824496 DEBUG: CDVDPlayerVideo::CalcDropRequirement - hurry: 1
13:05:26 T:1910970208 DEBUG: Previous line repeats 1 times.
13:05:26 T:1910970208 NOTICE: Thread FileCache start, auto delete: false
13:05:26 T:1910824496 DEBUG: CDVDPlayerVideo::CalcDropRequirement - hurry: 1
13:05:26 T:1910970208 DEBUG: Previous line repeats 1 times.
13:05:26 T:1910970208 INFO: CFileCache::Process - Hit eof.
13:05:26 T:1910970208 DEBUG: Thread FileCache 1910970208 terminating
13:05:26 T:1910824496 DEBUG: CDVDPlayerVideo::CalcDropRequirement - hurry: 1
13:05:26 T:1848293056 DEBUG: CFileCache::Open - opening using cache
13:05:26 T:1848293056 DEBUG: CurlFile::Open(0x71cedff8) http://192.168.0.135:8866/service?method=recording.list&filter=pending&sid=63c7f3d85ddd40f3a7072d0c8f5be74a
13:05:26 T:1910824496 DEBUG: CDVDPlayerVideo::CalcDropRequirement - hurry: 1
13:05:26 T:1846288192 DEBUG: Previous line repeats 9 times.
13:05:26 T:1846288192 NOTICE: Thread FileCache start, auto delete: false
13:05:26 T:1910824496 DEBUG: CDVDPlayerVideo::CalcDropRequirement - hurry: 1
13:05:26 T:1846288192 DEBUG: Previous line repeats 3 times.
13:05:26 T:1846288192 INFO: CFileCache::Process - Hit eof.
13:05:26 T:1910824496 DEBUG: CDVDPlayerVideo::CalcDropRequirement - hurry: 1
13:05:26 T:1846288192 DEBUG: Previous line repeats 1 times.
13:05:26 T:1846288192 DEBUG: Thread FileCache 1846288192 terminating
13:05:26 T:1910824496 DEBUG: CDVDPlayerVideo::CalcDropRequirement - hurry: 1
13:05:26 T:1848293056 DEBUG: Previous line repeats 2 times.
13:05:26 T:1848293056 DEBUG: CFileCache::Open - opening using cache
13:05:26 T:1848293056 DEBUG: CurlFile::Open(0x71ceb088) http://192.168.0.135:8866/service?method=recording.list&filter=ready&sid=63c7f3d85ddd40f3a7072d0c8f5be74a
13:05:26 T:1910824496 DEBUG: CDVDPlayerVideo::CalcDropRequirement - hurry: 1
13:05:27 T:1942201448 DEBUG: Previous line repeats 1 times.
13:05:27 T:1942201448 NOTICE: Thread FileCache start, auto delete: false
13:05:27 T:1942201448 INFO: CFileCache::Process - Hit eof.
13:05:27 T:1910824496 DEBUG: CDVDPlayerVideo::CalcDropRequirement - hurry: 1
13:05:27 T:1942201448 DEBUG: Previous line repeats 2 times.
13:05:27 T:1942201448 DEBUG: Thread FileCache 1942201448 terminating
13:05:27 T:1910824496 DEBUG: CDVDPlayerVideo::CalcDropRequirement - hurry: 1
13:05:27 T:1910824496 DEBUG: Previous line repeats 9 times.
13:05:27 T:1910824496 WARNING: CDVDMessageQueue(video)::Get - asked for new data packet, with nothing available
13:05:27 T:1910824496 DEBUG: CDVDPlayerVideo::CalcDropRequirement - hurry: 0
13:05:27 T:1910824496 DEBUG: Previous line repeats 1 times.
13:05:27 T:1910824496 DEBUG: CDVDPlayerVideo::CalcDropRequirement - dropped in decoder, Sleeptime: 0.030231, Bufferlevel: 0, Gain: 0.054965
13:05:27 T:1910824496 DEBUG: CDVDPlayerVideo::CalcDropRequirement - hurry: 0
13:05:27 T:1910824496 DEBUG: Previous line repeats 1 times.
13:05:27 T:1910824496 DEBUG: CDVDPlayerVideo::CalcDropRequirement - hurry: 1
13:05:28 T:1910824496 DEBUG: Previous line repeats 31 times.
13:05:28 T:1910824496 WARNING: CDVDMessageQueue(video)::Get - asked for new data packet, with nothing available
13:05:28 T:1910824496 DEBUG: CDVDPlayerVideo::CalcDropRequirement - hurry: 0
13:05:28 T:1910824496 DEBUG: Previous line repeats 1 times.
13:05:28 T:1910824496 DEBUG: CDVDPlayerVideo::CalcDropRequirement - dropped in decoder, Sleeptime: 0.022841, Bufferlevel: 0, Gain: 0.095812
13:05:28 T:1910824496 DEBUG: CDVDPlayerVideo::CalcDropRequirement - hurry: 1
13:05:29 T:1910824496 DEBUG: Previous line repeats 35 times.
13:05:29 T:1910824496 WARNING: CDVDMessageQueue(video)::Get - asked for new data packet, with nothing available
13:05:29 T:1910824496 DEBUG: CDVDPlayerVideo::CalcDropRequirement - hurry: 0
13:05:29 T:1910824496 DEBUG: CDVDPlayerVideo::CalcDropRequirement - hurry: 1
13:05:29 T:1910824496 DEBUG: CDVDPlayerVideo::CalcDropRequirement - dropped in decoder, Sleeptime: 0.004070, Bufferlevel: 1, Gain: 0.116822
13:05:29 T:1910824496 DEBUG: CDVDPlayerVideo::CalcDropRequirement - hurry: 1
13:05:30 T:1848293056 DEBUG: Previous line repeats 15 times.
13:05:30 T:1848293056 DEBUG: CFileCache::Open - opening using cache
13:05:30 T:1910824496 DEBUG: CDVDPlayerVideo::CalcDropRequirement - hurry: 1
13:05:30 T:1848293056 DEBUG: CurlFile::Open(0x673d91e8) http://192.168.0.135:8866/service?method=recording.recurring.list&sid=63c7f3d85ddd40f3a7072d0c8f5be74a
13:05:30 T:1910824496 DEBUG: CDVDPlayerVideo::CalcDropRequirement - hurry: 1
13:05:30 T:1878759272 DEBUG: Previous line repeats 1 times.
13:05:30 T:1878759272 NOTICE: Thread FileCache start, auto delete: false
13:05:30 T:1878759272 INFO: CFileCache::Process - Hit eof.
13:05:30 T:1910824496 DEBUG: CDVDPlayerVideo::CalcDropRequirement - hurry: 1
13:05:30 T:1878759272 DEBUG: Thread FileCache 1878759272 terminating
13:05:30 T:1910824496 DEBUG: CDVDPlayerVideo::CalcDropRequirement - hurry: 1
13:05:30 T:1848293056 DEBUG: CFileCache::Open - opening using cache
13:05:30 T:1848293056 DEBUG: CurlFile::Open(0x6fecd490) http://192.168.0.135:8866/service?method=recording.list&filter=pending&sid=63c7f3d85ddd40f3a7072d0c8f5be74a
13:05:30 T:1910824496 DEBUG: CDVDPlayerVideo::CalcDropRequirement - hurry: 1
13:05:30 T:1910883208 DEBUG: Previous line repeats 4 times.
13:05:30 T:1910883208 NOTICE: Thread FileCache start, auto delete: false
13:05:30 T:1910824496 DEBUG: CDVDPlayerVideo::CalcDropRequirement - hurry: 1
13:05:30 T:1910883208 DEBUG: Previous line repeats 2 times.
13:05:30 T:1910883208 INFO: CFileCache::Process - Hit eof.
13:05:30 T:1910883208 DEBUG: Thread FileCache 1910883208 terminating
13:05:30 T:1910824496 WARNING: CDVDMessageQueue(video)::Get - asked for new data packet, with nothing available
13:05:30 T:1848293056 DEBUG: CFileCache::Open - opening using cache
13:05:30 T:1848293056 DEBUG: CurlFile::Open(0x71e5c5f0) http://192.168.0.135:8866/service?method=recording.list&filter=ready&sid=63c7f3d85ddd40f3a7072d0c8f5be74a
13:05:30 T:1910824496 DEBUG: CDVDPlayerVideo::CalcDropRequirement - hurry: 0
13:05:30 T:1910824496 DEBUG: Previous line repeats 1 times.
13:05:30 T:1910824496 DEBUG: CDVDPlayerVideo::CalcDropRequirement - dropped in decoder, Sleeptime: 0.031485, Bufferlevel: 0, Gain: 0.127351
13:05:30 T:1910970208 NOTICE: Thread FileCache start, auto delete: false
13:05:30 T:1910824496 DEBUG: CDVDPlayerVideo::CalcDropRequirement - hurry: 1
13:05:30 T:1910970208 INFO: CFileCache::Process - Hit eof.
13:05:30 T:1910824496 DEBUG: CDVDPlayerVideo::CalcDropRequirement - hurry: 1
13:05:30 T:1910970208 DEBUG: Thread FileCache 1910970208 terminating
13:05:30 T:1910824496 DEBUG: CDVDPlayerVideo::CalcDropRequirement - hurry: 1
13:05:31 T:1910824496 DEBUG: Previous line repeats 30 times.
13:05:31 T:1910824496 WARNING: CDVDMessageQueue(video)::Get - asked for new data packet, with nothing available
13:05:31 T:1910824496 DEBUG: CDVDPlayerVideo::CalcDropRequirement - hurry: 0
13:05:31 T:1910824496 DEBUG: CDVDPlayerVideo::CalcDropRequirement - hurry: 1
13:05:32 T:1910824496 DEBUG: Previous line repeats 24 times.
13:05:32 T:1910824496 WARNING: CDVDMessageQueue(video)::Get - asked for new data packet, with nothing available
13:05:32 T:1910824496 DEBUG: CDVDPlayerVideo::CalcDropRequirement - hurry: 0
13:05:32 T:1910824496 DEBUG: CDVDPlayerVideo::CalcDropRequirement - hurry: 1
13:05:32 T:1910824496 DEBUG: CDVDPlayerVideo::CalcDropRequirement - dropped in decoder, Sleeptime: 0.018098, Bufferlevel: 1, Gain: 0.055424
13:05:32 T:1910824496 DEBUG: CDVDPlayerVideo::CalcDropRequirement - hurry: 1
13:05:32 T:1910824496 DEBUG: CDVDPlayerVideo::CalcDropRequirement - hurry: 0
13:05:32 T:1910824496 DEBUG: Previous line repeats 1 times.
13:05:32 T:1910824496 DEBUG: CDVDPlayerVideo::CalcDropRequirement - hurry: 1
13:05:33 T:1910824496 DEBUG: Previous line repeats 33 times.
13:05:33 T:1910824496 WARNING: CDVDMessageQueue(video)::Get - asked for new data packet, with nothing available
13:05:33 T:1910824496 DEBUG: CDVDPlayerVideo::CalcDropRequirement - hurry: 0
13:05:33 T:1910824496 DEBUG: CDVDPlayerVideo::CalcDropRequirement - hurry: 1
13:05:33 T:1910824496 WARNING: CDVDMessageQueue(video)::Get - asked for new data packet, with nothing available
13:05:33 T:1910824496 DEBUG: CDVDPlayerVideo::CalcDropRequirement - hurry: 1
13:05:33 T:1910824496 DEBUG: Previous line repeats 1 times.
13:05:33 T:1910824496 WARNING: CDVDMessageQueue(video)::Get - asked for new data packet, with nothing available
13:05:33 T:1910824496 DEBUG: CDVDPlayerVideo::CalcDropRequirement - hurry: 1
13:05:33 T:1848293056 DEBUG: Previous line repeats 13 times.
13:05:33 T:1848293056 DEBUG: CFileCache::Open - opening using cache
13:05:33 T:1848293056 DEBUG: CurlFile::Open(0x71e5c5f0) http://192.168.0.135:8866/service?method=recording.recurring.list&sid=63c7f3d85ddd40f3a7072d0c8f5be74a
13:05:33 T:1910824496 DEBUG: CDVDPlayerVideo::CalcDropRequirement - hurry: 1
13:05:33 T:1846288192 NOTICE: Thread FileCache start, auto delete: false
13:05:33 T:1910824496 DEBUG: CDVDPlayerVideo::CalcDropRequirement - hurry: 1
13:05:33 T:1846288192 INFO: CFileCache::Process - Hit eof.
13:05:33 T:1846288192 DEBUG: Thread FileCache 1846288192 terminating
13:05:33 T:1910824496 DEBUG: CDVDPlayerVideo::CalcDropRequirement - hurry: 1
13:05:33 T:1848293056 DEBUG: CFileCache::Open - opening using cache
13:05:33 T:1848293056 DEBUG: CurlFile::Open(0x673d91e8) http://192.168.0.135:8866/service?method=recording.list&filter=pending&sid=63c7f3d85ddd40f3a7072d0c8f5be74a
13:05:33 T:1910824496 DEBUG: CDVDPlayerVideo::CalcDropRequirement - hurry: 1
13:05:33 T:1910869544 DEBUG: Previous line repeats 4 times.
13:05:33 T:1910869544 NOTICE: Thread FileCache start, auto delete: false
13:05:33 T:1910824496 DEBUG: CDVDPlayerVideo::CalcDropRequirement - hurry: 1
13:05:33 T:1910869544 DEBUG: Previous line repeats 1 times.
13:05:33 T:1910869544 INFO: CFileCache::Process - Hit eof.
13:05:33 T:1910869544 DEBUG: Thread FileCache 1910869544 terminating
13:05:33 T:1910824496 DEBUG: CDVDPlayerVideo::CalcDropRequirement - hurry: 1
13:05:33 T:1848293056 DEBUG: Previous line repeats 2 times.
13:05:33 T:1848293056 DEBUG: CFileCache::Open - opening using cache
13:05:33 T:1848293056 DEBUG: CurlFile::Open(0x71ceb088) http://192.168.0.135:8866/service?method=recording.list&filter=ready&sid=63c7f3d85ddd40f3a7072d0c8f5be74a
13:05:33 T:1910824496 DEBUG: CDVDPlayerVideo::CalcDropRequirement - hurry: 1
13:05:33 T:1878759272 DEBUG: Previous line repeats 1 times.
13:05:33 T:1878759272 NOTICE: Thread FileCache start, auto delete: false
13:05:33 T:1910824496 DEBUG: CDVDPlayerVideo::CalcDropRequirement - hurry: 1
13:05:33 T:1878759272 INFO: CFileCache::Process - Hit eof.
13:05:34 T:1910824496 DEBUG: CDVDPlayerVideo::CalcDropRequirement - hurry: 1
13:05:34 T:1910824496 WARNING: CDVDMessageQueue(video)::Get - asked for new data packet, with nothing available
13:05:34 T:1878759272 DEBUG: Thread FileCache 1878759272 terminating
13:05:34 T:1910824496 DEBUG: CDVDPlayerVideo::CalcDropRequirement - hurry: 0
13:05:34 T:1910824496 DEBUG: Previous line repeats 1 times.
13:05:34 T:1910824496 DEBUG: CDVDPlayerVideo::CalcDropRequirement - hurry: 1
13:05:34 T:1910824496 DEBUG: Previous line repeats 29 times.
13:05:34 T:1910824496 WARNING: CDVDMessageQueue(video)::Get - asked for new data packet, with nothing available
13:05:34 T:1910824496 DEBUG: CDVDPlayerVideo::CalcDropRequirement - hurry: 0
13:05:35 T:1910824496 DEBUG: Previous line repeats 1 times.
13:05:35 T:1910824496 DEBUG: CDVDPlayerVideo::CalcDropRequirement - hurry: 1
13:05:35 T:1910824496 DEBUG: CDVDPlayerVideo::CalcDropRequirement - hurry: 0
13:05:35 T:1910824496 DEBUG: CDVDPlayerVideo::CalcDropRequirement - hurry: 1
13:05:35 T:1910824496 DEBUG: Previous line repeats 29 times.
13:05:35 T:1910824496 WARNING: CDVDMessageQueue(video)::Get - asked for new data packet, with nothing available
13:05:35 T:1910824496 DEBUG: CDVDPlayerVideo::CalcDropRequirement - hurry: 1
13:05:35 T:1910824496 DEBUG: CDVDPlayerVideo::CalcDropRequirement - hurry: 0
13:05:35 T:1910824496 DEBUG: CDVDPlayerVideo::CalcDropRequirement - hurry: 1
13:05:36 T:1910824496 DEBUG: Previous line repeats 30 times.
13:05:36 T:1910824496 WARNING: CDVDMessageQueue(video)::Get - asked for new data packet, with nothing available
13:05:36 T:1910824496 DEBUG: CDVDPlayerVideo::CalcDropRequirement - hurry: 1
13:05:37 T:1848293056 DEBUG: Previous line repeats 8 times.
13:05:37 T:1848293056 DEBUG: CFileCache::Open - opening using cache
13:05:37 T:1848293056 DEBUG: CurlFile::Open(0x6fedee40) http://192.168.0.135:8866/service?method=recording.recurring.list&sid=63c7f3d85ddd40f3a7072d0c8f5be74a
13:05:37 T:1910824496 DEBUG: CDVDPlayerVideo::CalcDropRequirement - hurry: 1
13:05:37 T:1877792232 DEBUG: Previous line repeats 2 times.
13:05:37 T:1877792232 NOTICE: Thread FileCache start, auto delete: false
13:05:37 T:1910824496 DEBUG: CDVDPlayerVideo::CalcDropRequirement - hurry: 1
13:05:37 T:1877792232 DEBUG: Previous line repeats 1 times.
13:05:37 T:1877792232 INFO: CFileCache::Process - Hit eof.
13:05:37 T:1877792232 DEBUG: Thread FileCache 1877792232 terminating
13:05:37 T:1910824496 DEBUG: CDVDPlayerVideo::CalcDropRequirement - hurry: 1
13:05:37 T:1848293056 DEBUG: CFileCache::Open - opening using cache
13:05:37 T:1848293056 DEBUG: CurlFile::Open(0x673d91e8) http://192.168.0.135:8866/service?method=recording.list&filter=pending&sid=63c7f3d85ddd40f3a7072d0c8f5be74a
13:05:37 T:1910824496 DEBUG: CDVDPlayerVideo::CalcDropRequirement - hurry: 1
13:05:37 T:1846288192 DEBUG: Previous line repeats 7 times.
13:05:37 T:1846288192 NOTICE: Thread FileCache start, auto delete: false
13:05:37 T:1910824496 DEBUG: CDVDPlayerVideo::CalcDropRequirement - hurry: 1
13:05:37 T:1846288192 DEBUG: Previous line repeats 1 times.
13:05:37 T:1846288192 INFO: CFileCache::Process - Hit eof.
13:05:37 T:1910824496 DEBUG: CDVDPlayerVideo::CalcDropRequirement - hurry: 1
13:05:37 T:1846288192 DEBUG: Previous line repeats 1 times.
13:05:37 T:1846288192 DEBUG: Thread FileCache 1846288192 terminating
13:05:37 T:1910824496 DEBUG: CDVDPlayerVideo::CalcDropRequirement - hurry: 1
13:05:37 T:1848293056 DEBUG: CFileCache::Open - opening using cache
13:05:37 T:1848293056 DEBUG: CurlFile::Open(0x7363fb10) http://192.168.0.135:8866/service?method=recording.list&filter=ready&sid=63c7f3d85ddd40f3a7072d0c8f5be74a
13:05:37 T:1910824496 DEBUG: CDVDPlayerVideo::CalcDropRequirement - hurry: 1
13:05:37 T:1910869544 DEBUG: Previous line repeats 3 times.
13:05:37 T:1910869544 NOTICE: Thread FileCache start, auto delete: false
13:05:37 T:1910824496 DEBUG: CDVDPlayerVideo::CalcDropRequirement - hurry: 1
13:05:37 T:1910869544 DEBUG: Previous line repeats 1 times.
13:05:37 T:1910869544 INFO: CFileCache::Process - Hit eof.
13:05:37 T:1910824496 DEBUG: CDVDPlayerVideo::CalcDropRequirement - hurry: 1
13:05:37 T:1910869544 DEBUG: Previous line repeats 2 times.
13:05:37 T:1910869544 DEBUG: Thread FileCache 1910869544 terminating
13:05:37 T:1910824496 DEBUG: CDVDPlayerVideo::CalcDropRequirement - hurry: 1
13:05:38 T:1910824496 DEBUG: Previous line repeats 16 times.
13:05:38 T:1910824496 WARNING: CDVDMessageQueue(video)::Get - asked for new data packet, with nothing available
13:05:38 T:1910824496 DEBUG: CDVDPlayerVideo::CalcDropRequirement - hurry: 0
13:05:38 T:1910824496 DEBUG: CDVDPlayerVideo::CalcDropRequirement - hurry: 1
13:05:38 T:1910824496 DEBUG: CDVDPlayerVideo::CalcDropRequirement - dropped in decoder, Sleeptime: 0.017128, Bufferlevel: 1, Gain: 0.121638
13:05:38 T:1910824496 DEBUG: CDVDPlayerVideo::CalcDropRequirement - hurry: 1
13:05:38 T:1910824496 DEBUG: Previous line repeats 1 times.
13:05:38 T:1910824496 WARNING: CDVDMessageQueue(video)::Get - asked for new data packet, with nothing available
13:05:38 T:1910824496 DEBUG: CDVDPlayerVideo::CalcDropRequirement - hurry: 0
13:05:38 T:1910824496 DEBUG: Previous line repeats 1 times.
13:05:38 T:1910824496 DEBUG: CDVDPlayerVideo::CalcDropRequirement - hurry: 1
13:05:38 T:1910940992 DEBUG: Previous line repeats 16 times.
13:05:38 T:1910940992 DEBUG: CDVDClock::Discontinuity - CDVDPlayerAudio::HandleSyncError2 - was:10775622586.928566, should be:10775601763.545261, error:-20823.383305
13:05:38 T:1910824496 DEBUG: CDVDPlayerVideo::CalcDropRequirement - hurry: 1
13:05:39 T:1910824496 DEBUG: Previous line repeats 13 times.
13:05:39 T:1910824496 WARNING: CDVDMessageQueue(video)::Get - asked for new data packet, with nothing available
13:05:39 T:1910824496 DEBUG: CDVDPlayerVideo::CalcDropRequirement - hurry: 1
13:05:39 T:1910824496 DEBUG: CDVDPlayerVideo::CalcDropRequirement - hurry: 0
13:05:39 T:1910824496 DEBUG: Previous line repeats 1 times.
13:05:39 T:1910824496 DEBUG: CDVDPlayerVideo::CalcDropRequirement - hurry: 1
13:05:40 T:1910824496 DEBUG: Previous line repeats 36 times.
13:05:40 T:1910824496 WARNING: CDVDMessageQueue(video)::Get - asked for new data packet, with nothing available
13:05:40 T:1910824496 DEBUG: CDVDPlayerVideo::CalcDropRequirement - hurry: 0
13:05:40 T:1910824496 DEBUG: Previous line repeats 1 times.
13:05:40 T:1910824496 DEBUG: CDVDPlayerVideo::CalcDropRequirement - hurry: 1
13:05:40 T:1910824496 DEBUG: CDVDPlayerVideo::CalcDropRequirement - hurry: 0
13:05:40 T:1910824496 DEBUG: Previous line repeats 1 times.
13:05:40 T:1910824496 DEBUG: CDVDPlayerVideo::CalcDropRequirement - hurry: 1
13:05:40 T:1848293056 DEBUG: Previous line repeats 9 times.
13:05:40 T:1848293056 DEBUG: CFileCache::Open - opening using cache
13:05:40 T:1848293056 DEBUG: CurlFile::Open(0x6fdbb4c0) http://192.168.0.135:8866/service?method=recording.recurring.list&sid=63c7f3d85ddd40f3a7072d0c8f5be74a
13:05:40 T:1910824496 DEBUG: CDVDPlayerVideo::CalcDropRequirement - hurry: 1
13:05:40 T:1908668840 NOTICE: Thread FileCache start, auto delete: false
13:05:40 T:1910824496 DEBUG: CDVDPlayerVideo::CalcDropRequirement - hurry: 1
13:05:40 T:1908668840 INFO: CFileCache::Process - Hit eof.
13:05:40 T:1908668840 DEBUG: Thread FileCache 1908668840 terminating
13:05:40 T:1848293056 DEBUG: CFileCache::Open - opening using cache
13:05:40 T:1910824496 DEBUG: CDVDPlayerVideo::CalcDropRequirement - hurry: 1
13:05:40 T:1848293056 DEBUG: CurlFile::Open(0x73e5e4f0) http://192.168.0.135:8866/service?method=recording.list&filter=pending&sid=63c7f3d85ddd40f3a7072d0c8f5be74a
13:05:40 T:1910824496 DEBUG: CDVDPlayerVideo::CalcDropRequirement - hurry: 1
13:05:40 T:1910940992 DEBUG: Previous line repeats 3 times.
13:05:40 T:1910940992 DEBUG: CDVDClock::Discontinuity - CDVDPlayerAudio::HandleSyncError2 - was:10777635619.545261, should be:10777575697.143646, error:-59922.401615
13:05:41 T:1910824496 DEBUG: CDVDPlayerVideo::CalcDropRequirement - hurry: 1
13:05:41 T:1846288192 NOTICE: Thread FileCache start, auto delete: false
13:05:41 T:1910824496 DEBUG: CDVDPlayerVideo::CalcDropRequirement - hurry: 1
13:05:41 T:1846288192 DEBUG: Previous line repeats 1 times.
13:05:41 T:1846288192 INFO: CFileCache::Process - Hit eof.
13:05:41 T:1846288192 DEBUG: Thread FileCache 1846288192 terminating
13:05:41 T:1910824496 DEBUG: CDVDPlayerVideo::CalcDropRequirement - hurry: 1
13:05:41 T:1848293056 DEBUG: Previous line repeats 2 times.
13:05:41 T:1848293056 DEBUG: CFileCache::Open - opening using cache
13:05:41 T:1848293056 DEBUG: CurlFile::Open(0x71053ce8) http://192.168.0.135:8866/service?method=recording.list&filter=ready&sid=63c7f3d85ddd40f3a7072d0c8f5be74a
13:05:41 T:1910824496 DEBUG: CDVDPlayerVideo::CalcDropRequirement - hurry: 1
13:05:41 T:1910869544 DEBUG: Previous line repeats 1 times.
13:05:41 T:1910869544 NOTICE: Thread FileCache start, auto delete: false
13:05:41 T:1910824496 DEBUG: CDVDPlayerVideo::CalcDropRequirement - hurry: 1
13:05:41 T:1910869544 INFO: CFileCache::Process - Hit eof.
13:05:41 T:1910869544 DEBUG: Thread FileCache 1910869544 terminating
13:05:41 T:1910824496 DEBUG: CDVDPlayerVideo::CalcDropRequirement - hurry: 1
13:05:41 T:1910824496 DEBUG: Previous line repeats 4 times.
13:05:41 T:1910824496 WARNING: CDVDMessageQueue(video)::Get - asked for new data packet, with nothing available
13:05:41 T:1910824496 DEBUG: CDVDPlayerVideo::CalcDropRequirement - hurry: 0
13:05:41 T:1910824496 DEBUG: CDVDPlayerVideo::CalcDropRequirement - hurry: 1
13:05:41 T:1910824496 DEBUG: Previous line repeats 2 times.
13:05:41 T:1910824496 DEBUG: CDVDPlayerVideo::CalcDropRequirement - hurry: 0
13:05:41 T:1910824496 DEBUG: Previous line repeats 1 times.
13:05:41 T:1910824496 DEBUG: CDVDPlayerVideo::CalcDropRequirement - hurry: 1
13:05:42 T:1910824496 DEBUG: Previous line repeats 32 times.
13:05:42 T:1910824496 WARNING: CDVDMessageQueue(video)::Get - asked for new data packet, with nothing available
13:05:42 T:1910824496 DEBUG: CDVDPlayerVideo::CalcDropRequirement - hurry: 0
13:05:42 T:1910824496 DEBUG: CDVDPlayerVideo::CalcDropRequirement - hurry: 1
13:05:43 T:1910824496 DEBUG: Previous line repeats 41 times.
13:05:43 T:1910824496 WARNING: CDVDMessageQueue(video)::Get - asked for new data packet, with nothing available
13:05:43 T:1910824496 DEBUG: CDVDPlayerVideo::CalcDropRequirement - hurry: 0
13:05:43 T:1910824496 DEBUG: CDVDPlayerVideo::CalcDropRequirement - hurry: 1
13:05:43 T:1910824496 DEBUG: CDVDPlayerVideo::CalcDropRequirement - dropped in decoder, Sleeptime: 0.019422, Bufferlevel: 1, Gain: 0.053610
13:05:43 T:1910824496 DEBUG: CDVDPlayerVideo::CalcDropRequirement - hurry: 0
13:05:43 T:1910824496 DEBUG: Previous line repeats 1 times.
13:05:43 T:1910824496 DEBUG: CDVDPlayerVideo::CalcDropRequirement - hurry: 1
13:05:44 T:1848293056 DEBUG: Previous line repeats 29 times.
13:05:44 T:1848293056 DEBUG: CFileCache::Open - opening using cache
13:05:44 T:1848293056 DEBUG: CurlFile::Open(0x673d91e8) http://192.168.0.135:8866/service?method=recording.recurring.list&sid=63c7f3d85ddd40f3a7072d0c8f5be74a
13:05:44 T:1910824496 DEBUG: CDVDPlayerVideo::CalcDropRequirement - hurry: 1
13:05:44 T:1942201448 NOTICE: Thread FileCache start, auto delete: false
13:05:44 T:1910824496 DEBUG: CDVDPlayerVideo::CalcDropRequirement - hurry: 1
13:05:44 T:1942201448 INFO: CFileCache::Process - Hit eof.
13:05:44 T:1942201448 DEBUG: Thread FileCache 1942201448 terminating
13:05:44 T:1910824496 DEBUG: CDVDPlayerVideo::CalcDropRequirement - hurry: 1
13:05:44 T:1848293056 DEBUG: Previous line repeats 1 times.
13:05:44 T:1848293056 DEBUG: CFileCache::Open - opening using cache
13:05:44 T:1848293056 DEBUG: CurlFile::Open(0x71cedff8) http://192.168.0.135:8866/service?method=recording.list&filter=pending&sid=63c7f3d85ddd40f3a7072d0c8f5be74a
13:05:44 T:1910824496 DEBUG: CDVDPlayerVideo::CalcDropRequirement - hurry: 1
13:05:44 T:1910824496 DEBUG: Previous line repeats 2 times.
13:05:44 T:1910824496 WARNING: CDVDMessageQueue(video)::Get - asked for new data packet, with nothing available
13:05:44 T:1910824496 DEBUG: CDVDPlayerVideo::CalcDropRequirement - hurry: 1
13:05:44 T:1901873064 NOTICE: Thread FileCache start, auto delete: false
13:05:44 T:1910824496 DEBUG: CDVDPlayerVideo::CalcDropRequirement - hurry: 0
13:05:44 T:1910824496 DEBUG: CDVDPlayerVideo::CalcDropRequirement - hurry: 1
13:05:44 T:1901873064 INFO: CFileCache::Process - Hit eof.
13:05:44 T:1901873064 DEBUG: Thread FileCache 1901873064 terminating
13:05:44 T:1910824496 DEBUG: CDVDPlayerVideo::CalcDropRequirement - hurry: 0
13:05:44 T:1910824496 DEBUG: Previous line repeats 1 times.
13:05:44 T:1910824496 DEBUG: CDVDPlayerVideo::CalcDropRequirement - hurry: 1
13:05:44 T:1848293056 DEBUG: Previous line repeats 2 times.
13:05:44 T:1848293056 DEBUG: CFileCache::Open - opening using cache
13:05:44 T:1848293056 DEBUG: CurlFile::Open(0x73ec62d0) http://192.168.0.135:8866/service?method=recording.list&filter=ready&sid=63c7f3d85ddd40f3a7072d0c8f5be74a
13:05:44 T:1910824496 DEBUG: CDVDPlayerVideo::CalcDropRequirement - hurry: 1
13:05:44 T:1936011960 DEBUG: Previous line repeats 2 times.
13:05:44 T:1936011960 NOTICE: Thread FileCache start, auto delete: false
13:05:44 T:1936011960 INFO: CFileCache::Process - Hit eof.
13:05:44 T:1910824496 DEBUG: CDVDPlayerVideo::CalcDropRequirement - hurry: 1
13:05:44 T:1936011960 DEBUG: Previous line repeats 2 times.
13:05:44 T:1936011960 DEBUG: Thread FileCache 1936011960 terminating
13:05:44 T:1910824496 DEBUG: CDVDPlayerVideo::CalcDropRequirement - hurry: 1
13:05:45 T:1910824496 DEBUG: Previous line repeats 17 times.
13:05:45 T:1910824496 WARNING: CDVDMessageQueue(video)::Get - asked for new data packet, with nothing available
13:05:45 T:1910824496 DEBUG: CDVDPlayerVideo::CalcDropRequirement - hurry: 0
13:05:45 T:1910824496 DEBUG: CDVDPlayerVideo::CalcDropRequirement - hurry: 1
13:05:45 T:1910824496 DEBUG: CDVDPlayerVideo::CalcDropRequirement - dropped in decoder, Sleeptime: 0.020885, Bufferlevel: 1, Gain: 0.081446
13:05:45 T:1910824496 DEBUG: CDVDPlayerVideo::CalcDropRequirement - hurry: 1
13:05:45 T:1910824496 DEBUG: Previous line repeats 1 times.
13:05:45 T:1910824496 DEBUG: CDVDPlayerVideo::CalcDropRequirement - hurry: 0
13:05:45 T:1910824496 DEBUG: Previous line repeats 1 times.
13:05:45 T:1910824496 DEBUG: CDVDPlayerVideo::CalcDropRequirement - hurry: 1
13:05:46 T:1910824496 DEBUG: Previous line repeats 33 times.
13:05:46 T:1910824496 WARNING: CDVDMessageQueue(video)::Get - asked for new data packet, with nothing available
13:05:46 T:1910824496 DEBUG: CDVDPlayerVideo::CalcDropRequirement - hurry: 0
13:05:46 T:1910824496 DEBUG: Previous line repeats 1 times.
13:05:46 T:1910824496 DEBUG: CDVDPlayerVideo::CalcDropRequirement - hurry: 1
13:05:46 T:1910824496 DEBUG: Previous line repeats 1 times.
13:05:46 T:1910824496 DEBUG: CDVDPlayerVideo::CalcDropRequirement - hurry: 0
13:05:46 T:1910824496 DEBUG: CDVDPlayerVideo::CalcDropRequirement - hurry: 1
13:05:47 T:1910824496 DEBUG: Previous line repeats 25 times.
13:05:47 T:1910824496 DEBUG: CDVDPlayerVideo::CalcDropRequirement - hurry: 0
13:05:47 T:1910824496 DEBUG: CDVDPlayerVideo::CalcDropRequirement - hurry: 1
13:05:47 T:1910824496 DEBUG: Previous line repeats 18 times.
13:05:47 T:1910824496 WARNING: CDVDMessageQueue(video)::Get - asked for new data packet, with nothing available
13:05:47 T:1848293056 DEBUG: CFileCache::Open - opening using cache
13:05:47 T:1848293056 DEBUG: CurlFile::Open(0x71cedff8) http://192.168.0.135:8866/service?method=recording.recurring.list&sid=63c7f3d85ddd40f3a7072d0c8f5be74a
13:05:47 T:1910824496 DEBUG: CDVDPlayerVideo::CalcDropRequirement - hurry: 0
13:05:47 T:1910824496 DEBUG: Previous line repeats 1 times.
13:05:47 T:1910824496 DEBUG: CDVDPlayerVideo::CalcDropRequirement - dropped in decoder, Sleeptime: 0.030121, Bufferlevel: 0, Gain: 0.081906
13:05:47 T:1910824496 DEBUG: CDVDPlayerVideo::CalcDropRequirement - hurry: 1
13:05:47 T:1911750048 NOTICE: Thread FileCache start, auto delete: false
13:05:47 T:1910824496 DEBUG: CDVDPlayerVideo::CalcDropRequirement - hurry: 1
13:05:47 T:1910824496 DEBUG: CDVDPlayerVideo::CalcDropRequirement - hurry: 0
13:05:48 T:1911750048 INFO: CFileCache::Process - Hit eof.
13:05:48 T:1910824496 DEBUG: CDVDPlayerVideo::CalcDropRequirement - hurry: 0
13:05:48 T:1910824496 DEBUG: CDVDPlayerVideo::CalcDropRequirement - hurry: 1
13:05:48 T:1911750048 DEBUG: Previous line repeats 1 times.
13:05:48 T:1911750048 DEBUG: Thread FileCache 1911750048 terminating
13:05:48 T:1910824496 DEBUG: CDVDPlayerVideo::CalcDropRequirement - hurry: 1
13:05:48 T:1848293056 DEBUG: CFileCache::Open - opening using cache
13:05:48 T:1848293056 DEBUG: CurlFile::Open(0x71cedff8) http://192.168.0.135:8866/service?method=recording.list&filter=pending&sid=63c7f3d85ddd40f3a7072d0c8f5be74a
13:05:48 T:1910824496 DEBUG: CDVDPlayerVideo::CalcDropRequirement - hurry: 1
13:05:48 T:1849575184 DEBUG: Previous line repeats 3 times.
13:05:48 T:1849575184 NOTICE: Thread FileCache start, auto delete: false
13:05:48 T:1849575184 INFO: CFileCache::Process - Hit eof.
13:05:48 T:1849575184 DEBUG: Thread FileCache 1849575184 terminating
13:05:48 T:1910824496 DEBUG: CDVDPlayerVideo::CalcDropRequirement - hurry: 1
13:05:48 T:1848293056 DEBUG: Previous line repeats 2 times.
13:05:48 T:1848293056 DEBUG: CFileCache::Open - opening using cache
13:05:48 T:1848293056 DEBUG: CurlFile::Open(0x673d91e8) http://192.168.0.135:8866/service?method=recording.list&filter=ready&sid=63c7f3d85ddd40f3a7072d0c8f5be74a
13:05:48 T:1910824496 DEBUG: CDVDPlayerVideo::CalcDropRequirement - hurry: 1
13:05:48 T:1908668840 DEBUG: Previous line repeats 2 times.
13:05:48 T:1908668840 NOTICE: Thread FileCache start, auto delete: false
13:05:48 T:1908668840 INFO: CFileCache::Process - Hit eof.
13:05:48 T:1910824496 DEBUG: CDVDPlayerVideo::CalcDropRequirement - hurry: 1
13:05:48 T:1908668840 DEBUG: Previous line repeats 1 times.
13:05:48 T:1908668840 DEBUG: Thread FileCache 1908668840 terminating
13:05:48 T:1910824496 DEBUG: CDVDPlayerVideo::CalcDropRequirement - hurry: 1
13:05:48 T:1910824496 DEBUG: Previous line repeats 16 times.
13:05:48 T:1910824496 WARNING: CDVDMessageQueue(video)::Get - asked for new data packet, with nothing available
13:05:48 T:1910824496 DEBUG: CDVDPlayerVideo::CalcDropRequirement - hurry: 0
13:05:49 T:1910824496 DEBUG: Previous line repeats 2 times.
13:05:49 T:1910824496 DEBUG: CDVDPlayerVideo::CalcDropRequirement - hurry: 1
13:05:49 T:1910940992 DEBUG: Previous line repeats 3 times.
13:05:49 T:1910940992 DEBUG: CDVDClock::Discontinuity - CDVDPlayerAudio::HandleSyncError2 - was:10785714052.143646, should be:10785668600.579756, error:-45451.563890
13:05:49 T:1910824496 DEBUG: CDVDPlayerVideo::CalcDropRequirement - hurry: 1
13:05:49 T:1910824496 DEBUG: Previous line repeats 35 times.
13:05:49 T:1910824496 WARNING: CDVDMessageQueue(video)::Get - asked for new data packet, with nothing available
13:05:50 T:1910824496 DEBUG: CDVDPlayerVideo::CalcDropRequirement - hurry: 0
13:05:50 T:1910824496 DEBUG: Previous line repeats 1 times.
13:05:50 T:1910824496 DEBUG: CDVDPlayerVideo::CalcDropRequirement - dropped in decoder, Sleeptime: 0.030481, Bufferlevel: 0, Gain: 0.047257
13:05:50 T:1910824496 DEBUG: CDVDPlayerVideo::CalcDropRequirement - hurry: 1
13:05:50 T:1910824496 DEBUG: Previous line repeats 3 times.
13:05:50 T:1910824496 WARNING: CDVDMessageQueue(video)::Get - asked for new data packet, with nothing available
13:05:50 T:1910824496 DEBUG: CDVDPlayerVideo::CalcDropRequirement - hurry: 0
13:05:50 T:1910824496 DEBUG: CDVDPlayerVideo::CalcDropRequirement - hurry: 1
13:05:50 T:1910824496 DEBUG: Previous line repeats 29 times.
13:05:50 T:1910824496 WARNING: CDVDMessageQueue(video)::Get - asked for new data packet, with nothing available
13:05:50 T:1910824496 DEBUG: CDVDPlayerVideo::CalcDropRequirement - hurry: 0
13:05:51 T:1910824496 DEBUG: Previous line repeats 1 times.
13:05:51 T:1910824496 DEBUG: CDVDPlayerVideo::CalcDropRequirement - hurry: 1
13:05:51 T:1910940992 DEBUG: Previous line repeats 5 times.
13:05:51 T:1910940992 DEBUG: CDVDClock::Discontinuity - CDVDPlayerAudio::HandleSyncError2 - was:10787704783.579756, should be:10787684271.557116, error:-20512.022640
13:05:51 T:1910824496 DEBUG: CDVDPlayerVideo::CalcDropRequirement - hurry: 1
13:05:51 T:1910824496 DEBUG: Previous line repeats 2 times.
13:05:51 T:1910824496 DEBUG: CDVDPlayerVideo::CalcDropRequirement - hurry: 0
13:05:51 T:1910824496 DEBUG: Previous line repeats 1 times.
13:05:51 T:1910824496 DEBUG: CDVDPlayerVideo::CalcDropRequirement - hurry: 1
13:05:51 T:1848293056 DEBUG: Previous line repeats 11 times.
13:05:51 T:1848293056 DEBUG: CFileCache::Open - opening using cache
13:05:51 T:1848293056 DEBUG: CurlFile::Open(0x6fecd490) http://192.168.0.135:8866/service?method=recording.recurring.list&sid=63c7f3d85ddd40f3a7072d0c8f5be74a
13:05:51 T:1942201448 NOTICE: Thread FileCache start, auto delete: false
13:05:51 T:1910824496 DEBUG: CDVDPlayerVideo::CalcDropRequirement - hurry: 1
13:05:51 T:1942201448 INFO: CFileCache::Process - Hit eof.
13:05:51 T:1942201448 DEBUG: Thread FileCache 1942201448 terminating
13:05:51 T:1910824496 DEBUG: CDVDPlayerVideo::CalcDropRequirement - hurry: 1
13:05:51 T:1848293056 DEBUG: Previous line repeats 1 times.
13:05:51 T:1848293056 DEBUG: CFileCache::Open - opening using cache
13:05:51 T:1848293056 DEBUG: CurlFile::Open(0x7363fb10) http://192.168.0.135:8866/service?method=recording.list&filter=pending&sid=63c7f3d85ddd40f3a7072d0c8f5be74a
13:05:51 T:1910824496 DEBUG: CDVDPlayerVideo::CalcDropRequirement - hurry: 1
13:05:51 T:1849575184 DEBUG: Previous line repeats 4 times.
13:05:51 T:1849575184 NOTICE: Thread FileCache start, auto delete: false
13:05:51 T:1910824496 DEBUG: CDVDPlayerVideo::CalcDropRequirement - hurry: 1
13:05:51 T:1849575184 INFO: CFileCache::Process - Hit eof.
13:05:51 T:1849575184 DEBUG: Thread FileCache 1849575184 terminating
13:05:51 T:1910824496 DEBUG: CDVDPlayerVideo::CalcDropRequirement - hurry: 1
13:05:51 T:1848293056 DEBUG: Previous line repeats 2 times.
13:05:51 T:1848293056 DEBUG: CFileCache::Open - opening using cache
13:05:51 T:1848293056 DEBUG: CurlFile::Open(0x71053ce8) http://192.168.0.135:8866/service?method=recording.list&filter=ready&sid=63c7f3d85ddd40f3a7072d0c8f5be74a
13:05:51 T:1910824496 DEBUG: CDVDPlayerVideo::CalcDropRequirement - hurry: 1
13:05:51 T:1908668840 DEBUG: Previous line repeats 2 times.
13:05:51 T:1908668840 NOTICE: Thread FileCache start, auto delete: false
13:05:51 T:1910824496 DEBUG: CDVDPlayerVideo::CalcDropRequirement - hurry: 1
13:05:51 T:1908668840 INFO: CFileCache::Process - Hit eof.
