13:08:24 T:1908668840 DEBUG: Previous line repeats 3 times.
13:08:24 T:1908668840 NOTICE: Thread FileCache start, auto delete: false
13:08:24 T:1910824496 DEBUG: CDVDPlayerVideo::CalcDropRequirement - hurry: 1
13:08:24 T:1908668840 DEBUG: Previous line repeats 3 times.
13:08:24 T:1908668840 INFO: CFileCache::Process - Hit eof.
13:08:24 T:1910824496 DEBUG: CDVDPlayerVideo::CalcDropRequirement - hurry: 1
13:08:24 T:1908668840 DEBUG: Previous line repeats 1 times.
13:08:24 T:1908668840 DEBUG: Thread FileCache 1908668840 terminating
13:08:24 T:1910824496 DEBUG: CDVDPlayerVideo::CalcDropRequirement - hurry: 1
13:08:24 T:1848293056 DEBUG: CFileCache::Open - opening using cache
13:08:24 T:1848293056 DEBUG: CurlFile::Open(0x71c59e48) http://192.168.0.135:8866/service?method=recording.list&filter=pending&sid=63c7f3d85ddd40f3a7072d0c8f5be74a
13:08:24 T:1910824496 DEBUG: CDVDPlayerVideo::CalcDropRequirement - hurry: 1
13:08:24 T:1936011960 DEBUG: Previous line repeats 4 times.
13:08:24 T:1936011960 NOTICE: Thread FileCache start, auto delete: false
13:08:24 T:1910824496 DEBUG: CDVDPlayerVideo::CalcDropRequirement - hurry: 1
13:08:25 T:1936011960 DEBUG: Previous line repeats 2 times.
13:08:25 T:1936011960 INFO: CFileCache::Process - Hit eof.
13:08:25 T:1936011960 DEBUG: Thread FileCache 1936011960 terminating
13:08:25 T:1910824496 DEBUG: CDVDPlayerVideo::CalcDropRequirement - hurry: 1
13:08:25 T:1848293056 DEBUG: Previous line repeats 1 times.
13:08:25 T:1848293056 DEBUG: CFileCache::Open - opening using cache
13:08:25 T:1848293056 DEBUG: CurlFile::Open(0x673d91e8) http://192.168.0.135:8866/service?method=recording.list&filter=ready&sid=63c7f3d85ddd40f3a7072d0c8f5be74a
13:08:25 T:1910824496 DEBUG: CDVDPlayerVideo::CalcDropRequirement - hurry: 1
13:08:25 T:1910970208 DEBUG: Previous line repeats 3 times.
13:08:25 T:1910970208 NOTICE: Thread FileCache start, auto delete: false
13:08:25 T:1910970208 INFO: CFileCache::Process - Hit eof.
13:08:25 T:1910824496 DEBUG: CDVDPlayerVideo::CalcDropRequirement - hurry: 1
13:08:25 T:1910970208 DEBUG: Previous line repeats 1 times.
13:08:25 T:1910970208 DEBUG: Thread FileCache 1910970208 terminating
13:08:25 T:1910824496 DEBUG: CDVDPlayerVideo::CalcDropRequirement - hurry: 1
13:08:28 T:1848293056 DEBUG: Previous line repeats 123 times.
13:08:28 T:1848293056 DEBUG: CFileCache::Open - opening using cache
13:08:28 T:1848293056 DEBUG: CurlFile::Open(0x71e5c5f0) http://192.168.0.135:8866/service?method=recording.recurring.list&sid=63c7f3d85ddd40f3a7072d0c8f5be74a
13:08:28 T:1910824496 DEBUG: CDVDPlayerVideo::CalcDropRequirement - hurry: 1
13:08:28 T:1910883208 NOTICE: Thread FileCache start, auto delete: false
13:08:28 T:1910824496 DEBUG: CDVDPlayerVideo::CalcDropRequirement - hurry: 1
13:08:28 T:1910883208 INFO: CFileCache::Process - Hit eof.
13:08:28 T:1910883208 DEBUG: Thread FileCache 1910883208 terminating
13:08:28 T:1910824496 DEBUG: CDVDPlayerVideo::CalcDropRequirement - hurry: 1
13:08:28 T:1848293056 DEBUG: CFileCache::Open - opening using cache
13:08:28 T:1848293056 DEBUG: CurlFile::Open(0x71cedff8) http://192.168.0.135:8866/service?method=recording.list&filter=pending&sid=63c7f3d85ddd40f3a7072d0c8f5be74a
13:08:28 T:1910824496 DEBUG: CDVDPlayerVideo::CalcDropRequirement - hurry: 1
13:08:28 T:1901873064 DEBUG: Previous line repeats 5 times.
13:08:28 T:1901873064 NOTICE: Thread FileCache start, auto delete: false
13:08:28 T:1910824496 DEBUG: CDVDPlayerVideo::CalcDropRequirement - hurry: 1
13:08:28 T:1901873064 INFO: CFileCache::Process - Hit eof.
13:08:28 T:1910824496 DEBUG: CDVDPlayerVideo::CalcDropRequirement - hurry: 1
13:08:28 T:1901873064 DEBUG: Previous line repeats 1 times.
13:08:28 T:1901873064 DEBUG: Thread FileCache 1901873064 terminating
13:08:28 T:1910824496 DEBUG: CDVDPlayerVideo::CalcDropRequirement - hurry: 1
13:08:28 T:1848293056 DEBUG: Previous line repeats 2 times.
13:08:28 T:1848293056 DEBUG: CFileCache::Open - opening using cache
13:08:28 T:1848293056 DEBUG: CurlFile::Open(0x6fedee40) http://192.168.0.135:8866/service?method=recording.list&filter=ready&sid=63c7f3d85ddd40f3a7072d0c8f5be74a
13:08:28 T:1910824496 DEBUG: CDVDPlayerVideo::CalcDropRequirement - hurry: 1
13:08:28 T:1936011960 DEBUG: Previous line repeats 3 times.
13:08:28 T:1936011960 NOTICE: Thread FileCache start, auto delete: false
13:08:28 T:1910824496 DEBUG: CDVDPlayerVideo::CalcDropRequirement - hurry: 1
13:08:28 T:1936011960 INFO: CFileCache::Process - Hit eof.
13:08:28 T:1936011960 DEBUG: Thread FileCache 1936011960 terminating
13:08:28 T:1910824496 DEBUG: CDVDPlayerVideo::CalcDropRequirement - hurry: 1
13:08:31 T:1848293056 DEBUG: Previous line repeats 125 times.
13:08:31 T:1848293056 DEBUG: CFileCache::Open - opening using cache
13:08:31 T:1848293056 DEBUG: CurlFile::Open(0x71ed1f08) http://192.168.0.135:8866/service?method=recording.recurring.list&sid=63c7f3d85ddd40f3a7072d0c8f5be74a
13:08:31 T:1910824496 DEBUG: CDVDPlayerVideo::CalcDropRequirement - hurry: 1
13:08:31 T:1943992536 DEBUG: Previous line repeats 1 times.
13:08:31 T:1943992536 NOTICE: Thread FileCache start, auto delete: false
13:08:31 T:1910824496 DEBUG: CDVDPlayerVideo::CalcDropRequirement - hurry: 1
13:08:31 T:1943992536 DEBUG: Previous line repeats 1 times.
13:08:31 T:1943992536 INFO: CFileCache::Process - Hit eof.
13:08:31 T:1943992536 DEBUG: Thread FileCache 1943992536 terminating
13:08:31 T:1910824496 DEBUG: CDVDPlayerVideo::CalcDropRequirement - hurry: 1
13:08:31 T:1848293056 DEBUG: CFileCache::Open - opening using cache
13:08:31 T:1848293056 DEBUG: CurlFile::Open(0x6fedee40) http://192.168.0.135:8866/service?method=recording.list&filter=pending&sid=63c7f3d85ddd40f3a7072d0c8f5be74a
13:08:31 T:1910824496 DEBUG: CDVDPlayerVideo::CalcDropRequirement - hurry: 1
13:08:31 T:1878285760 DEBUG: Previous line repeats 4 times.
13:08:31 T:1878285760 NOTICE: Thread FileCache start, auto delete: false
13:08:31 T:1910824496 DEBUG: CDVDPlayerVideo::CalcDropRequirement - hurry: 1
13:08:32 T:1878285760 DEBUG: Previous line repeats 1 times.
13:08:32 T:1878285760 INFO: CFileCache::Process - Hit eof.
13:08:32 T:1878285760 DEBUG: Thread FileCache 1878285760 terminating
13:08:32 T:1910824496 DEBUG: CDVDPlayerVideo::CalcDropRequirement - hurry: 1
13:08:32 T:1848293056 DEBUG: Previous line repeats 1 times.
13:08:32 T:1848293056 DEBUG: CFileCache::Open - opening using cache
13:08:32 T:1848293056 DEBUG: CurlFile::Open(0x71e5c5f0) http://192.168.0.135:8866/service?method=recording.list&filter=ready&sid=63c7f3d85ddd40f3a7072d0c8f5be74a
13:08:32 T:1910824496 DEBUG: CDVDPlayerVideo::CalcDropRequirement - hurry: 1
13:08:32 T:1849575184 DEBUG: Previous line repeats 2 times.
13:08:32 T:1849575184 NOTICE: Thread FileCache start, auto delete: false
13:08:32 T:1910824496 DEBUG: CDVDPlayerVideo::CalcDropRequirement - hurry: 1
13:08:32 T:1849575184 INFO: CFileCache::Process - Hit eof.
13:08:32 T:1849575184 DEBUG: Thread FileCache 1849575184 terminating
13:08:32 T:1910824496 DEBUG: CDVDPlayerVideo::CalcDropRequirement - hurry: 1
13:08:35 T:1848293056 DEBUG: Previous line repeats 121 times.
13:08:35 T:1848293056 DEBUG: CFileCache::Open - opening using cache
13:08:35 T:1848293056 DEBUG: CurlFile::Open(0x7363fb10) http://192.168.0.135:8866/service?method=recording.recurring.list&sid=63c7f3d85ddd40f3a7072d0c8f5be74a
13:08:35 T:1878759272 NOTICE: Thread FileCache start, auto delete: false
13:08:35 T:1910824496 DEBUG: CDVDPlayerVideo::CalcDropRequirement - hurry: 1
13:08:35 T:1878759272 INFO: CFileCache::Process - Hit eof.
13:08:35 T:1878759272 DEBUG: Thread FileCache 1878759272 terminating
13:08:35 T:1910824496 DEBUG: CDVDPlayerVideo::CalcDropRequirement - hurry: 1
13:08:35 T:1848293056 DEBUG: CFileCache::Open - opening using cache
13:08:35 T:1848293056 DEBUG: CurlFile::Open(0x71c4f868) http://192.168.0.135:8866/service?method=recording.list&filter=pending&sid=63c7f3d85ddd40f3a7072d0c8f5be74a
13:08:35 T:1910824496 DEBUG: CDVDPlayerVideo::CalcDropRequirement - hurry: 1
13:08:35 T:1846288192 DEBUG: Previous line repeats 4 times.
13:08:35 T:1846288192 NOTICE: Thread FileCache start, auto delete: false
13:08:35 T:1910824496 DEBUG: CDVDPlayerVideo::CalcDropRequirement - hurry: 1
13:08:35 T:1846288192 INFO: CFileCache::Process - Hit eof.
13:08:35 T:1846288192 DEBUG: Thread FileCache 1846288192 terminating
13:08:35 T:1910824496 DEBUG: CDVDPlayerVideo::CalcDropRequirement - hurry: 1
13:08:35 T:1848293056 DEBUG: Previous line repeats 2 times.
13:08:35 T:1848293056 DEBUG: CFileCache::Open - opening using cache
13:08:35 T:1848293056 DEBUG: CurlFile::Open(0x7363fb10) http://192.168.0.135:8866/service?method=recording.list&filter=ready&sid=63c7f3d85ddd40f3a7072d0c8f5be74a
13:08:35 T:1910824496 DEBUG: CDVDPlayerVideo::CalcDropRequirement - hurry: 1
13:08:35 T:1877792232 DEBUG: Previous line repeats 3 times.
13:08:35 T:1877792232 NOTICE: Thread FileCache start, auto delete: false
13:08:35 T:1910824496 DEBUG: CDVDPlayerVideo::CalcDropRequirement - hurry: 1
13:08:35 T:1877792232 INFO: CFileCache::Process - Hit eof.
13:08:35 T:1910824496 DEBUG: CDVDPlayerVideo::CalcDropRequirement - hurry: 1
13:08:35 T:1877792232 DEBUG: Previous line repeats 1 times.
13:08:35 T:1877792232 DEBUG: Thread FileCache 1877792232 terminating
13:08:35 T:1910824496 DEBUG: CDVDPlayerVideo::CalcDropRequirement - hurry: 1
13:08:38 T:1848293056 DEBUG: Previous line repeats 122 times.
13:08:38 T:1848293056 DEBUG: CFileCache::Open - opening using cache
13:08:38 T:1848293056 DEBUG: CurlFile::Open(0x73e5e4f0) http://192.168.0.135:8866/service?method=recording.recurring.list&sid=63c7f3d85ddd40f3a7072d0c8f5be74a
13:08:38 T:1910970208 NOTICE: Thread FileCache start, auto delete: false
13:08:38 T:1910824496 DEBUG: CDVDPlayerVideo::CalcDropRequirement - hurry: 1
13:08:39 T:1910970208 DEBUG: Previous line repeats 9 times.
13:08:39 T:1910970208 INFO: CFileCache::Process - Hit eof.
13:08:39 T:1910824496 DEBUG: CDVDPlayerVideo::CalcDropRequirement - hurry: 1
13:08:39 T:1910970208 DEBUG: Previous line repeats 2 times.
13:08:39 T:1910970208 DEBUG: Thread FileCache 1910970208 terminating
13:08:39 T:1848293056 DEBUG: CFileCache::Open - opening using cache
13:08:39 T:1848293056 DEBUG: CurlFile::Open(0x71053ce8) http://192.168.0.135:8866/service?method=recording.list&filter=pending&sid=63c7f3d85ddd40f3a7072d0c8f5be74a
13:08:39 T:1910824496 DEBUG: CDVDPlayerVideo::CalcDropRequirement - hurry: 1
13:08:39 T:1910883208 DEBUG: Previous line repeats 11 times.
13:08:39 T:1910883208 NOTICE: Thread FileCache start, auto delete: false
13:08:39 T:1910824496 DEBUG: CDVDPlayerVideo::CalcDropRequirement - hurry: 1
13:08:39 T:1910824496 DEBUG: Previous line repeats 15 times.
13:08:39 T:1910824496 WARNING: CDVDMessageQueue(video)::Get - asked for new data packet, with nothing available
13:08:39 T:1910883208 INFO: CFileCache::Process - Hit eof.
13:08:39 T:1910883208 DEBUG: Thread FileCache 1910883208 terminating
13:08:39 T:1848293056 DEBUG: CFileCache::Open - opening using cache
13:08:39 T:1848293056 DEBUG: CurlFile::Open(0x6fdbb4c0) http://192.168.0.135:8866/service?method=recording.list&filter=ready&sid=63c7f3d85ddd40f3a7072d0c8f5be74a
13:08:39 T:1910824496 DEBUG: CDVDPlayerVideo::CalcDropRequirement - hurry: 0
13:08:39 T:1910824496 DEBUG: Previous line repeats 1 times.
13:08:39 T:1910824496 DEBUG: CDVDPlayerVideo::CalcDropRequirement - dropped in decoder, Sleeptime: 0.031994, Bufferlevel: 0, Gain: 0.080388
13:08:39 T:1910824496 DEBUG: CDVDPlayerVideo::CalcDropRequirement - hurry: 1
13:08:39 T:1910824496 DEBUG: CDVDPlayerVideo::CalcDropRequirement - hurry: 0
13:08:40 T:1910869544 DEBUG: Previous line repeats 1 times.
13:08:40 T:1910869544 NOTICE: Thread FileCache start, auto delete: false
13:08:40 T:1910824496 DEBUG: CDVDPlayerVideo::CalcDropRequirement - hurry: 1
13:08:40 T:1910824496 DEBUG: CDVDPlayerVideo::CalcDropRequirement - hurry: 0
13:08:40 T:1910824496 DEBUG: Previous line repeats 1 times.
13:08:40 T:1910824496 DEBUG: CDVDPlayerVideo::CalcDropRequirement - hurry: 1
13:08:40 T:1910869544 INFO: CFileCache::Process - Hit eof.
13:08:40 T:1910869544 DEBUG: Thread FileCache 1910869544 terminating
13:08:40 T:1910824496 DEBUG: CDVDPlayerVideo::CalcDropRequirement - hurry: 0
13:08:40 T:1910824496 DEBUG: Previous line repeats 1 times.
13:08:40 T:1910824496 DEBUG: CDVDPlayerVideo::CalcDropRequirement - hurry: 1
13:08:40 T:1910824496 DEBUG: Previous line repeats 1 times.
13:08:40 T:1910824496 DEBUG: CDVDPlayerVideo::CalcDropRequirement - hurry: 0
13:08:40 T:1910824496 DEBUG: Previous line repeats 1 times.
13:08:40 T:1910824496 DEBUG: CDVDPlayerVideo::CalcDropRequirement - hurry: 1
13:08:40 T:1910824496 DEBUG: CDVDPlayerVideo::CalcDropRequirement - hurry: 0
13:08:40 T:1910824496 DEBUG: Previous line repeats 1 times.
13:08:40 T:1910824496 DEBUG: CDVDPlayerVideo::CalcDropRequirement - dropped in decoder, Sleeptime: 0.031921, Bufferlevel: 0, Gain: 0.091853
13:08:40 T:1910824496 DEBUG: CDVDPlayerVideo::CalcDropRequirement - hurry: 0
13:08:40 T:1910824496 DEBUG: Previous line repeats 2 times.
13:08:40 T:1910824496 DEBUG: CDVDPlayerVideo::CalcDropRequirement - hurry: 1
13:08:40 T:1910824496 DEBUG: CDVDPlayerVideo::CalcDropRequirement - hurry: 0
13:08:40 T:1910824496 DEBUG: Previous line repeats 7 times.
13:08:40 T:1910824496 DEBUG: CDVDPlayerVideo::CalcDropRequirement - hurry: 1
13:08:40 T:1910824496 DEBUG: CDVDPlayerVideo::CalcDropRequirement - hurry: 0
13:08:40 T:1910824496 DEBUG: Previous line repeats 1 times.
13:08:40 T:1910824496 DEBUG: CDVDPlayerVideo::CalcDropRequirement - dropped in decoder, Sleeptime: 0.031966, Bufferlevel: 0, Gain: 0.093334
13:08:41 T:1910824496 DEBUG: CDVDPlayerVideo::CalcDropRequirement - hurry: 0
13:08:41 T:1910824496 DEBUG: Previous line repeats 11 times.
13:08:41 T:1910824496 DEBUG: CDVDPlayerVideo::CalcDropRequirement - dropped in decoder, Sleeptime: 0.030025, Bufferlevel: 0, Gain: 0.058213
13:08:41 T:1910824496 DEBUG: CDVDPlayerVideo::CalcDropRequirement - hurry: 0
13:08:41 T:1910824496 DEBUG: Previous line repeats 2 times.
13:08:41 T:1910824496 DEBUG: CDVDPlayerVideo::CalcDropRequirement - dropped in decoder, Sleeptime: 0.031234, Bufferlevel: 0, Gain: 0.072929
13:08:41 T:1910824496 DEBUG: CDVDPlayerVideo::CalcDropRequirement - hurry: 0
13:08:41 T:1910824496 DEBUG: Previous line repeats 5 times.
13:08:41 T:1910824496 DEBUG: CDVDPlayerVideo::CalcDropRequirement - hurry: 1
13:08:41 T:1910824496 WARNING: CDVDMessageQueue(video)::Get - asked for new data packet, with nothing available
13:08:41 T:1910824496 DEBUG: CDVDPlayerVideo::CalcDropRequirement - hurry: 1
13:08:41 T:1910824496 DEBUG: Previous line repeats 4 times.
13:08:41 T:1910824496 DEBUG: CDVDPlayerVideo::CalcDropRequirement - hurry: 0
13:08:42 T:1910824496 DEBUG: Previous line repeats 2 times.
13:08:42 T:1910824496 DEBUG: CDVDPlayerVideo::CalcDropRequirement - hurry: 1
13:08:42 T:1910824496 DEBUG: Previous line repeats 9 times.
13:08:42 T:1910824496 WARNING: CDVDMessageQueue(video)::Get - asked for new data packet, with nothing available
13:08:42 T:1910824496 DEBUG: CDVDPlayerVideo::CalcDropRequirement - hurry: 0
13:08:42 T:1910824496 DEBUG: Previous line repeats 1 times.
13:08:42 T:1910824496 DEBUG: CDVDPlayerVideo::CalcDropRequirement - hurry: 1
13:08:42 T:1910824496 DEBUG: Previous line repeats 2 times.
13:08:42 T:1910824496 WARNING: CDVDMessageQueue(video)::Get - asked for new data packet, with nothing available
13:08:42 T:1910824496 DEBUG: CDVDPlayerVideo::CalcDropRequirement - hurry: 0
13:08:42 T:1910824496 DEBUG: CDVDPlayerVideo::CalcDropRequirement - hurry: 1
13:08:43 T:1848293056 DEBUG: Previous line repeats 27 times.
13:08:43 T:1848293056 DEBUG: CFileCache::Open - opening using cache
13:08:43 T:1848293056 DEBUG: CurlFile::Open(0x71053ce8) http://192.168.0.135:8866/service?method=recording.recurring.list&sid=63c7f3d85ddd40f3a7072d0c8f5be74a
13:08:43 T:1910824496 DEBUG: CDVDPlayerVideo::CalcDropRequirement - hurry: 1
13:08:43 T:1901873064 DEBUG: Previous line repeats 2 times.
13:08:43 T:1901873064 NOTICE: Thread FileCache start, auto delete: false
13:08:43 T:1910824496 DEBUG: CDVDPlayerVideo::CalcDropRequirement - hurry: 1
13:08:43 T:1901873064 INFO: CFileCache::Process - Hit eof.
13:08:43 T:1901873064 DEBUG: Thread FileCache 1901873064 terminating
13:08:43 T:1910824496 DEBUG: CDVDPlayerVideo::CalcDropRequirement - hurry: 1
13:08:43 T:1848293056 DEBUG: CFileCache::Open - opening using cache
13:08:43 T:1910824496 DEBUG: CDVDPlayerVideo::CalcDropRequirement - hurry: 1
13:08:43 T:1848293056 DEBUG: CurlFile::Open(0x7363fb10) http://192.168.0.135:8866/service?method=recording.list&filter=pending&sid=63c7f3d85ddd40f3a7072d0c8f5be74a
13:08:43 T:1910824496 DEBUG: CDVDPlayerVideo::CalcDropRequirement - hurry: 1
13:08:43 T:1849575184 DEBUG: Previous line repeats 5 times.
13:08:43 T:1849575184 NOTICE: Thread FileCache start, auto delete: false
13:08:43 T:1910824496 DEBUG: CDVDPlayerVideo::CalcDropRequirement - hurry: 1
13:08:43 T:1849575184 DEBUG: Previous line repeats 3 times.
13:08:43 T:1849575184 INFO: CFileCache::Process - Hit eof.
13:08:43 T:1910824496 DEBUG: CDVDPlayerVideo::CalcDropRequirement - hurry: 1
13:08:43 T:1849575184 DEBUG: Thread FileCache 1849575184 terminating
13:08:43 T:1910824496 DEBUG: CDVDPlayerVideo::CalcDropRequirement - hurry: 1
13:08:43 T:1848293056 DEBUG: Previous line repeats 1 times.
13:08:43 T:1848293056 DEBUG: CFileCache::Open - opening using cache
13:08:43 T:1848293056 DEBUG: CurlFile::Open(0x71cedff8) http://192.168.0.135:8866/service?method=recording.list&filter=ready&sid=63c7f3d85ddd40f3a7072d0c8f5be74a
13:08:43 T:1910824496 DEBUG: CDVDPlayerVideo::CalcDropRequirement - hurry: 1
13:08:43 T:1878285760 DEBUG: Previous line repeats 3 times.
13:08:43 T:1878285760 NOTICE: Thread FileCache start, auto delete: false
13:08:43 T:1878285760 INFO: CFileCache::Process - Hit eof.
13:08:43 T:1910824496 DEBUG: CDVDPlayerVideo::CalcDropRequirement - hurry: 1
13:08:43 T:1878285760 DEBUG: Thread FileCache 1878285760 terminating
13:08:43 T:1910824496 DEBUG: CDVDPlayerVideo::CalcDropRequirement - hurry: 1
13:08:46 T:1848293056 DEBUG: Previous line repeats 97 times.
13:08:46 T:1848293056 DEBUG: CFileCache::Open - opening using cache
13:08:46 T:1848293056 DEBUG: CurlFile::Open(0x7363fb10) http://192.168.0.135:8866/service?method=recording.recurring.list&sid=63c7f3d85ddd40f3a7072d0c8f5be74a
13:08:46 T:1910824496 DEBUG: CDVDPlayerVideo::CalcDropRequirement - hurry: 1
13:08:46 T:1908668840 NOTICE: Thread FileCache start, auto delete: false
13:08:47 T:1910824496 DEBUG: CDVDPlayerVideo::CalcDropRequirement - hurry: 1
13:08:47 T:1908668840 INFO: CFileCache::Process - Hit eof.
13:08:47 T:1908668840 DEBUG: Thread FileCache 1908668840 terminating
13:08:47 T:1910824496 DEBUG: CDVDPlayerVideo::CalcDropRequirement - hurry: 1
13:08:47 T:1848293056 DEBUG: Previous line repeats 1 times.
13:08:47 T:1848293056 DEBUG: CFileCache::Open - opening using cache
13:08:47 T:1848293056 DEBUG: CurlFile::Open(0x71cedff8) http://192.168.0.135:8866/service?method=recording.list&filter=pending&sid=63c7f3d85ddd40f3a7072d0c8f5be74a
13:08:47 T:1910824496 DEBUG: CDVDPlayerVideo::CalcDropRequirement - hurry: 1
13:08:47 T:1936011960 DEBUG: Previous line repeats 3 times.
13:08:47 T:1936011960 NOTICE: Thread FileCache start, auto delete: false
13:08:47 T:1910824496 DEBUG: CDVDPlayerVideo::CalcDropRequirement - hurry: 1
13:08:47 T:1936011960 DEBUG: Previous line repeats 2 times.
13:08:47 T:1936011960 INFO: CFileCache::Process - Hit eof.
13:08:47 T:1936011960 DEBUG: Thread FileCache 1936011960 terminating
13:08:47 T:1910824496 DEBUG: CDVDPlayerVideo::CalcDropRequirement - hurry: 1
13:08:47 T:1848293056 DEBUG: Previous line repeats 2 times.
13:08:47 T:1848293056 DEBUG: CFileCache::Open - opening using cache
13:08:47 T:1848293056 DEBUG: CurlFile::Open(0x6fdbb4c0) http://192.168.0.135:8866/service?method=recording.list&filter=ready&sid=63c7f3d85ddd40f3a7072d0c8f5be74a
13:08:47 T:1910824496 DEBUG: CDVDPlayerVideo::CalcDropRequirement - hurry: 1
13:08:47 T:1846288192 DEBUG: Previous line repeats 2 times.
13:08:47 T:1846288192 NOTICE: Thread FileCache start, auto delete: false
13:08:47 T:1846288192 INFO: CFileCache::Process - Hit eof.
13:08:47 T:1910824496 DEBUG: CDVDPlayerVideo::CalcDropRequirement - hurry: 1
13:08:47 T:1846288192 DEBUG: Previous line repeats 1 times.
13:08:47 T:1846288192 DEBUG: Thread FileCache 1846288192 terminating
13:08:47 T:1910824496 DEBUG: CDVDPlayerVideo::CalcDropRequirement - hurry: 1
13:08:50 T:1848293056 DEBUG: Previous line repeats 122 times.
13:08:50 T:1848293056 DEBUG: CFileCache::Open - opening using cache
13:08:50 T:1848293056 DEBUG: CurlFile::Open(0x6fecd490) http://192.168.0.135:8866/service?method=recording.recurring.list&sid=63c7f3d85ddd40f3a7072d0c8f5be74a
13:08:50 T:1910824496 DEBUG: CDVDPlayerVideo::CalcDropRequirement - hurry: 1
13:08:50 T:1910883208 DEBUG: Previous line repeats 3 times.
13:08:50 T:1910883208 NOTICE: Thread FileCache start, auto delete: false
13:08:50 T:1910883208 INFO: CFileCache::Process - Hit eof.
13:08:50 T:1910883208 DEBUG: Thread FileCache 1910883208 terminating
13:08:50 T:1910824496 DEBUG: CDVDPlayerVideo::CalcDropRequirement - hurry: 1
13:08:50 T:1848293056 DEBUG: Previous line repeats 2 times.
13:08:50 T:1848293056 DEBUG: CFileCache::Open - opening using cache
13:08:50 T:1848293056 DEBUG: CurlFile::Open(0x71e8e4c8) http://192.168.0.135:8866/service?method=recording.list&filter=pending&sid=63c7f3d85ddd40f3a7072d0c8f5be74a
13:08:50 T:1910824496 DEBUG: CDVDPlayerVideo::CalcDropRequirement - hurry: 1
13:08:51 T:1910869544 DEBUG: Previous line repeats 1 times.
13:08:51 T:1910869544 NOTICE: Thread FileCache start, auto delete: false
13:08:51 T:1910824496 DEBUG: CDVDPlayerVideo::CalcDropRequirement - hurry: 1
13:08:51 T:1910869544 DEBUG: Previous line repeats 4 times.
13:08:51 T:1910869544 INFO: CFileCache::Process - Hit eof.
13:08:51 T:1910824496 DEBUG: CDVDPlayerVideo::CalcDropRequirement - hurry: 1
13:08:51 T:1910869544 DEBUG: Previous line repeats 1 times.
13:08:51 T:1910869544 DEBUG: Thread FileCache 1910869544 terminating
13:08:51 T:1910824496 DEBUG: CDVDPlayerVideo::CalcDropRequirement - hurry: 1
13:08:51 T:1848293056 DEBUG: Previous line repeats 1 times.
13:08:51 T:1848293056 DEBUG: CFileCache::Open - opening using cache
13:08:51 T:1848293056 DEBUG: CurlFile::Open(0x715b7700) http://192.168.0.135:8866/service?method=recording.list&filter=ready&sid=63c7f3d85ddd40f3a7072d0c8f5be74a
13:08:51 T:1910824496 DEBUG: CDVDPlayerVideo::CalcDropRequirement - hurry: 1
13:08:51 T:1901873064 DEBUG: Previous line repeats 1 times.
13:08:51 T:1901873064 NOTICE: Thread FileCache start, auto delete: false
13:08:51 T:1910824496 DEBUG: CDVDPlayerVideo::CalcDropRequirement - hurry: 1
13:08:51 T:1901873064 INFO: CFileCache::Process - Hit eof.
13:08:51 T:1910824496 DEBUG: CDVDPlayerVideo::CalcDropRequirement - hurry: 1
13:08:51 T:1901873064 DEBUG: Previous line repeats 1 times.
13:08:51 T:1901873064 DEBUG: Thread FileCache 1901873064 terminating
13:08:51 T:1910824496 DEBUG: CDVDPlayerVideo::CalcDropRequirement - hurry: 1
13:08:54 T:1848293056 DEBUG: Previous line repeats 124 times.
13:08:54 T:1848293056 DEBUG: CFileCache::Open - opening using cache
13:08:54 T:1848293056 DEBUG: CurlFile::Open(0x71e5c5f0) http://192.168.0.135:8866/service?method=recording.recurring.list&sid=63c7f3d85ddd40f3a7072d0c8f5be74a
13:08:54 T:1910824496 DEBUG: CDVDPlayerVideo::CalcDropRequirement - hurry: 1
13:08:54 T:1910970208 DEBUG: Previous line repeats 7 times.
13:08:54 T:1910970208 NOTICE: Thread FileCache start, auto delete: false
13:08:54 T:1910824496 DEBUG: CDVDPlayerVideo::CalcDropRequirement - hurry: 1
13:08:54 T:1910970208 DEBUG: Previous line repeats 11 times.
13:08:54 T:1910970208 INFO: CFileCache::Process - Hit eof.
13:08:54 T:1910824496 DEBUG: CDVDPlayerVideo::CalcDropRequirement - hurry: 1
13:08:54 T:1910970208 DEBUG: Previous line repeats 2 times.
13:08:54 T:1910970208 DEBUG: Thread FileCache 1910970208 terminating
13:08:54 T:1910824496 DEBUG: CDVDPlayerVideo::CalcDropRequirement - hurry: 1
13:08:55 T:1848293056 DEBUG: CFileCache::Open - opening using cache
13:08:55 T:1848293056 DEBUG: CurlFile::Open(0x71e4c058) http://192.168.0.135:8866/service?method=recording.list&filter=pending&sid=63c7f3d85ddd40f3a7072d0c8f5be74a
13:08:55 T:1910824496 DEBUG: CDVDPlayerVideo::CalcDropRequirement - hurry: 1
13:08:55 T:1943992536 DEBUG: Previous line repeats 9 times.
13:08:55 T:1943992536 NOTICE: Thread FileCache start, auto delete: false
13:08:55 T:1910824496 DEBUG: CDVDPlayerVideo::CalcDropRequirement - hurry: 1
13:08:55 T:1943992536 DEBUG: Previous line repeats 10 times.
13:08:55 T:1943992536 INFO: CFileCache::Process - Hit eof.
13:08:55 T:1943992536 DEBUG: Thread FileCache 1943992536 terminating
13:08:55 T:1910824496 DEBUG: CDVDPlayerVideo::CalcDropRequirement - hurry: 1
13:08:55 T:1848293056 DEBUG: Previous line repeats 2 times.
13:08:55 T:1848293056 DEBUG: CFileCache::Open - opening using cache
13:08:55 T:1848293056 DEBUG: CurlFile::Open(0x6fedee40) http://192.168.0.135:8866/service?method=recording.list&filter=ready&sid=63c7f3d85ddd40f3a7072d0c8f5be74a
13:08:55 T:1910824496 DEBUG: CDVDPlayerVideo::CalcDropRequirement - hurry: 1
13:08:55 T:1877792232 DEBUG: Previous line repeats 6 times.
13:08:55 T:1877792232 NOTICE: Thread FileCache start, auto delete: false
13:08:55 T:1910824496 DEBUG: CDVDPlayerVideo::CalcDropRequirement - hurry: 1
13:08:55 T:1877792232 DEBUG: Previous line repeats 1 times.
13:08:55 T:1877792232 INFO: CFileCache::Process - Hit eof.
13:08:55 T:1910824496 DEBUG: CDVDPlayerVideo::CalcDropRequirement - hurry: 1
13:08:55 T:1877792232 DEBUG: Previous line repeats 1 times.
13:08:55 T:1877792232 DEBUG: Thread FileCache 1877792232 terminating
13:08:55 T:1910824496 DEBUG: CDVDPlayerVideo::CalcDropRequirement - hurry: 1
13:08:58 T:1848293056 DEBUG: Previous line repeats 123 times.
13:08:58 T:1848293056 DEBUG: CFileCache::Open - opening using cache
13:08:58 T:1848293056 DEBUG: CurlFile::Open(0x71c3f540) http://192.168.0.135:8866/service?method=recording.recurring.list&sid=63c7f3d85ddd40f3a7072d0c8f5be74a
13:08:58 T:1910824496 DEBUG: CDVDPlayerVideo::CalcDropRequirement - hurry: 1
13:08:59 T:1846288192 DEBUG: Previous line repeats 5 times.
13:08:59 T:1846288192 NOTICE: Thread FileCache start, auto delete: false
13:08:59 T:1910824496 DEBUG: CDVDPlayerVideo::CalcDropRequirement - hurry: 1
13:08:59 T:1846288192 DEBUG: Previous line repeats 7 times.
13:08:59 T:1846288192 INFO: CFileCache::Process - Hit eof.
13:08:59 T:1846288192 DEBUG: Thread FileCache 1846288192 terminating
13:08:59 T:1910824496 DEBUG: CDVDPlayerVideo::CalcDropRequirement - hurry: 1
13:08:59 T:1848293056 DEBUG: CFileCache::Open - opening using cache
13:08:59 T:1848293056 DEBUG: CurlFile::Open(0x71ed1f08) http://192.168.0.135:8866/service?method=recording.list&filter=pending&sid=63c7f3d85ddd40f3a7072d0c8f5be74a
13:08:59 T:1910824496 DEBUG: CDVDPlayerVideo::CalcDropRequirement - hurry: 1
13:08:59 T:1910883208 DEBUG: Previous line repeats 13 times.
13:08:59 T:1910883208 NOTICE: Thread FileCache start, auto delete: false
13:08:59 T:1910824496 DEBUG: CDVDPlayerVideo::CalcDropRequirement - hurry: 1
13:08:59 T:1910824496 DEBUG: Previous line repeats 5 times.
13:08:59 T:1910824496 WARNING: CDVDMessageQueue(video)::Get - asked for new data packet, with nothing available
13:08:59 T:1910883208 INFO: CFileCache::Process - Hit eof.
13:08:59 T:1910883208 DEBUG: Thread FileCache 1910883208 terminating
13:08:59 T:1910824496 DEBUG: CDVDPlayerVideo::CalcDropRequirement - hurry: 1
13:09:00 T:1848293056 DEBUG: Previous line repeats 3 times.
13:09:00 T:1848293056 DEBUG: CFileCache::Open - opening using cache
13:09:00 T:1910824496 DEBUG: CDVDPlayerVideo::CalcDropRequirement - hurry: 1
13:09:00 T:1848293056 DEBUG: CurlFile::Open(0x7363fb10) http://192.168.0.135:8866/service?method=recording.list&filter=ready&sid=63c7f3d85ddd40f3a7072d0c8f5be74a
13:09:00 T:1910824496 DEBUG: CDVDPlayerVideo::CalcDropRequirement - hurry: 1
13:09:00 T:1910869544 DEBUG: Previous line repeats 5 times.
13:09:00 T:1910869544 NOTICE: Thread FileCache start, auto delete: false
13:09:00 T:1910869544 INFO: CFileCache::Process - Hit eof.
13:09:00 T:1910824496 DEBUG: CDVDPlayerVideo::CalcDropRequirement - hurry: 1
13:09:00 T:1910869544 DEBUG: Previous line repeats 1 times.
13:09:00 T:1910869544 DEBUG: Thread FileCache 1910869544 terminating
13:09:00 T:1910824496 DEBUG: CDVDPlayerVideo::CalcDropRequirement - hurry: 1
13:09:03 T:1848293056 DEBUG: Previous line repeats 125 times.
13:09:03 T:1848293056 DEBUG: CFileCache::Open - opening using cache
13:09:03 T:1848293056 DEBUG: CurlFile::Open(0x73ec62d0) http://192.168.0.135:8866/service?method=recording.recurring.list&sid=63c7f3d85ddd40f3a7072d0c8f5be74a
13:09:03 T:1910824496 DEBUG: CDVDPlayerVideo::CalcDropRequirement - hurry: 1
13:09:03 T:1910970208 NOTICE: Thread FileCache start, auto delete: false
13:09:03 T:1910824496 DEBUG: CDVDPlayerVideo::CalcDropRequirement - hurry: 1
13:09:03 T:1910970208 DEBUG: Previous line repeats 1 times.
13:09:03 T:1910970208 INFO: CFileCache::Process - Hit eof.
13:09:03 T:1910970208 DEBUG: Thread FileCache 1910970208 terminating
13:09:03 T:1848293056 DEBUG: CFileCache::Open - opening using cache
13:09:03 T:1848293056 DEBUG: CurlFile::Open(0x71e8e4c8) http://192.168.0.135:8866/service?method=recording.list&filter=pending&sid=63c7f3d85ddd40f3a7072d0c8f5be74a
13:09:03 T:1910824496 DEBUG: CDVDPlayerVideo::CalcDropRequirement - hurry: 1
13:09:03 T:1943992536 DEBUG: Previous line repeats 4 times.
13:09:03 T:1943992536 NOTICE: Thread FileCache start, auto delete: false
13:09:03 T:1910824496 DEBUG: CDVDPlayerVideo::CalcDropRequirement - hurry: 1
13:09:03 T:1943992536 DEBUG: Previous line repeats 1 times.
13:09:03 T:1943992536 INFO: CFileCache::Process - Hit eof.
13:09:03 T:1943992536 DEBUG: Thread FileCache 1943992536 terminating
13:09:03 T:1910824496 DEBUG: CDVDPlayerVideo::CalcDropRequirement - hurry: 1
13:09:03 T:1848293056 DEBUG: Previous line repeats 1 times.
13:09:03 T:1848293056 DEBUG: CFileCache::Open - opening using cache
13:09:03 T:1848293056 DEBUG: CurlFile::Open(0x73e5e4f0) http://192.168.0.135:8866/service?method=recording.list&filter=ready&sid=63c7f3d85ddd40f3a7072d0c8f5be74a
13:09:03 T:1910824496 DEBUG: CDVDPlayerVideo::CalcDropRequirement - hurry: 1
13:09:03 T:1849575184 DEBUG: Previous line repeats 1 times.
13:09:03 T:1849575184 NOTICE: Thread FileCache start, auto delete: false
13:09:03 T:1849575184 INFO: CFileCache::Process - Hit eof.
13:09:03 T:1910824496 DEBUG: CDVDPlayerVideo::CalcDropRequirement - hurry: 1
13:09:03 T:1849575184 DEBUG: Previous line repeats 2 times.
13:09:03 T:1849575184 DEBUG: Thread FileCache 1849575184 terminating
13:09:03 T:1910824496 DEBUG: CDVDPlayerVideo::CalcDropRequirement - hurry: 1
13:09:05 T:1910824496 DEBUG: Previous line repeats 52 times.
13:09:05 T:1910824496 DEBUG: CDVDPlayerVideo::CalcDropRequirement - hurry: 0
13:09:05 T:1910824496 DEBUG: CDVDPlayerVideo::CalcDropRequirement - hurry: 1
13:09:06 T:1848293056 DEBUG: Previous line repeats 74 times.
13:09:06 T:1848293056 DEBUG: CFileCache::Open - opening using cache
13:09:06 T:1848293056 DEBUG: CurlFile::Open(0x71053ce8) http://192.168.0.135:8866/service?method=recording.recurring.list&sid=63c7f3d85ddd40f3a7072d0c8f5be74a
13:09:06 T:1910824496 DEBUG: CDVDPlayerVideo::CalcDropRequirement - hurry: 1
13:09:06 T:1936011960 NOTICE: Thread FileCache start, auto delete: false
13:09:06 T:1910824496 DEBUG: CDVDPlayerVideo::CalcDropRequirement - hurry: 1
13:09:06 T:1936011960 INFO: CFileCache::Process - Hit eof.
13:09:06 T:1910824496 DEBUG: CDVDPlayerVideo::CalcDropRequirement - hurry: 1
13:09:06 T:1936011960 DEBUG: Thread FileCache 1936011960 terminating
13:09:06 T:1910824496 DEBUG: CDVDPlayerVideo::CalcDropRequirement - hurry: 1
13:09:06 T:1848293056 DEBUG: Previous line repeats 1 times.
13:09:06 T:1848293056 DEBUG: CFileCache::Open - opening using cache
13:09:06 T:1848293056 DEBUG: CurlFile::Open(0x71e5c5f0) http://192.168.0.135:8866/service?method=recording.list&filter=pending&sid=63c7f3d85ddd40f3a7072d0c8f5be74a
13:09:06 T:1910824496 DEBUG: CDVDPlayerVideo::CalcDropRequirement - hurry: 1
13:09:07 T:1911750048 DEBUG: Previous line repeats 5 times.
13:09:07 T:1911750048 NOTICE: Thread FileCache start, auto delete: false
13:09:07 T:1910824496 DEBUG: CDVDPlayerVideo::CalcDropRequirement - hurry: 1
13:09:07 T:1911750048 DEBUG: Previous line repeats 3 times.
13:09:07 T:1911750048 INFO: CFileCache::Process - Hit eof.
13:09:07 T:1910824496 DEBUG: CDVDPlayerVideo::CalcDropRequirement - hurry: 1
13:09:07 T:1911750048 DEBUG: Previous line repeats 2 times.
13:09:07 T:1911750048 DEBUG: Thread FileCache 1911750048 terminating
13:09:07 T:1910824496 DEBUG: CDVDPlayerVideo::CalcDropRequirement - hurry: 1
13:09:07 T:1848293056 DEBUG: Previous line repeats 1 times.
13:09:07 T:1848293056 DEBUG: CFileCache::Open - opening using cache
13:09:07 T:1848293056 DEBUG: CurlFile::Open(0x73ec62d0) http://192.168.0.135:8866/service?method=recording.list&filter=ready&sid=63c7f3d85ddd40f3a7072d0c8f5be74a
13:09:07 T:1910824496 DEBUG: CDVDPlayerVideo::CalcDropRequirement - hurry: 1
13:09:07 T:1878285760 DEBUG: Previous line repeats 5 times.
13:09:07 T:1878285760 NOTICE: Thread FileCache start, auto delete: false
13:09:07 T:1910824496 DEBUG: CDVDPlayerVideo::CalcDropRequirement - hurry: 1
13:09:07 T:1878285760 INFO: CFileCache::Process - Hit eof.
13:09:07 T:1910824496 DEBUG: CDVDPlayerVideo::CalcDropRequirement - hurry: 1
13:09:07 T:1878285760 DEBUG: Previous line repeats 1 times.
13:09:07 T:1878285760 DEBUG: Thread FileCache 1878285760 terminating
13:09:07 T:1910824496 DEBUG: CDVDPlayerVideo::CalcDropRequirement - hurry: 1
13:09:10 T:1848293056 DEBUG: Previous line repeats 123 times.
13:09:10 T:1848293056 DEBUG: CFileCache::Open - opening using cache
13:09:10 T:1910824496 DEBUG: CDVDPlayerVideo::CalcDropRequirement - hurry: 1
13:09:10 T:1848293056 DEBUG: CurlFile::Open(0x71ed1f08) http://192.168.0.135:8866/service?method=recording.recurring.list&sid=63c7f3d85ddd40f3a7072d0c8f5be74a
13:09:10 T:1910824496 DEBUG: CDVDPlayerVideo::CalcDropRequirement - hurry: 1
13:09:10 T:1846288192 DEBUG: Previous line repeats 4 times.
13:09:10 T:1846288192 NOTICE: Thread FileCache start, auto delete: false
13:09:10 T:1910824496 DEBUG: CDVDPlayerVideo::CalcDropRequirement - hurry: 1
13:09:10 T:1846288192 DEBUG: Previous line repeats 3 times.
13:09:10 T:1846288192 INFO: CFileCache::Process - Hit eof.
13:09:10 T:1910824496 DEBUG: CDVDPlayerVideo::CalcDropRequirement - hurry: 1
13:09:10 T:1846288192 DEBUG: Thread FileCache 1846288192 terminating
13:09:10 T:1910824496 DEBUG: CDVDPlayerVideo::CalcDropRequirement - hurry: 1
13:09:10 T:1848293056 DEBUG: CFileCache::Open - opening using cache
13:09:10 T:1848293056 DEBUG: CurlFile::Open(0x73ec62d0) http://192.168.0.135:8866/service?method=recording.list&filter=pending&sid=63c7f3d85ddd40f3a7072d0c8f5be74a
13:09:10 T:1910824496 DEBUG: CDVDPlayerVideo::CalcDropRequirement - hurry: 1
13:09:10 T:1908668840 DEBUG: Previous line repeats 7 times.
13:09:10 T:1908668840 NOTICE: Thread FileCache start, auto delete: false
13:09:10 T:1910824496 DEBUG: CDVDPlayerVideo::CalcDropRequirement - hurry: 1
13:09:11 T:1908668840 DEBUG: Previous line repeats 23 times.
13:09:11 T:1908668840 INFO: CFileCache::Process - Hit eof.
13:09:11 T:1910824496 DEBUG: CDVDPlayerVideo::CalcDropRequirement - hurry: 1
13:09:11 T:1908668840 DEBUG: Previous line repeats 2 times.
13:09:11 T:1908668840 DEBUG: Thread FileCache 1908668840 terminating
13:09:11 T:1910824496 DEBUG: CDVDPlayerVideo::CalcDropRequirement - hurry: 1
13:09:11 T:1848293056 DEBUG: Previous line repeats 1 times.
13:09:11 T:1848293056 DEBUG: CFileCache::Open - opening using cache
13:09:11 T:1848293056 DEBUG: CurlFile::Open(0x6fecd490) http://192.168.0.135:8866/service?method=recording.list&filter=ready&sid=63c7f3d85ddd40f3a7072d0c8f5be74a
13:09:11 T:1910824496 DEBUG: CDVDPlayerVideo::CalcDropRequirement - hurry: 1
13:09:11 T:1901873064 DEBUG: Previous line repeats 8 times.
13:09:11 T:1901873064 NOTICE: Thread FileCache start, auto delete: false
13:09:11 T:1910824496 DEBUG: CDVDPlayerVideo::CalcDropRequirement - hurry: 1
13:09:11 T:1901873064 INFO: CFileCache::Process - Hit eof.
13:09:11 T:1901873064 DEBUG: Thread FileCache 1901873064 terminating
13:09:11 T:1910824496 DEBUG: CDVDPlayerVideo::CalcDropRequirement - hurry: 1
13:09:14 T:1848293056 DEBUG: Previous line repeats 132 times.
13:09:14 T:1848293056 DEBUG: CFileCache::Open - opening using cache
13:09:14 T:1848293056 DEBUG: CurlFile::Open(0x71c4f868) http://192.168.0.135:8866/service?method=recording.lastupdated&sid=63c7f3d85ddd40f3a7072d0c8f5be74a
13:09:14 T:1910824496 DEBUG: CDVDPlayerVideo::CalcDropRequirement - hurry: 0
13:09:14 T:1910824496 DEBUG: CDVDPlayerVideo::CalcDropRequirement - hurry: 1
13:09:14 T:1877792232 DEBUG: Previous line repeats 2 times.
13:09:14 T:1877792232 NOTICE: Thread FileCache start, auto delete: false
13:09:14 T:1877792232 INFO: CFileCache::Process - Hit eof.
13:09:14 T:1910824496 DEBUG: CDVDPlayerVideo::CalcDropRequirement - hurry: 1
13:09:15 T:1877792232 DEBUG: Previous line repeats 1 times.
13:09:15 T:1877792232 DEBUG: Thread FileCache 1877792232 terminating
13:09:15 T:1848293056 DEBUG: CFileCache::Open - opening using cache
13:09:15 T:1848293056 DEBUG: CurlFile::Open(0x71c3f540) http://192.168.0.135:8866/service?method=recording.recurring.list&sid=63c7f3d85ddd40f3a7072d0c8f5be74a
13:09:15 T:1910883208 NOTICE: Thread FileCache start, auto delete: false
13:09:15 T:1910883208 INFO: CFileCache::Process - Hit eof.
13:09:15 T:1910824496 DEBUG: CDVDPlayerVideo::CalcDropRequirement - hurry: 1
13:09:15 T:1910883208 DEBUG: Thread FileCache 1910883208 terminating
13:09:15 T:1910824496 DEBUG: CDVDPlayerVideo::CalcDropRequirement - hurry: 1
13:09:15 T:1848293056 DEBUG: Previous line repeats 1 times.
13:09:15 T:1848293056 DEBUG: CFileCache::Open - opening using cache
13:09:15 T:1848293056 DEBUG: CurlFile::Open(0x71c3f540) http://192.168.0.135:8866/service?method=recording.list&filter=pending&sid=63c7f3d85ddd40f3a7072d0c8f5be74a
13:09:15 T:1910824496 DEBUG: CDVDPlayerVideo::CalcDropRequirement - hurry: 1
13:09:15 T:1910970208 DEBUG: Previous line repeats 4 times.
13:09:15 T:1910970208 NOTICE: Thread FileCache start, auto delete: false
13:09:15 T:1910824496 DEBUG: CDVDPlayerVideo::CalcDropRequirement - hurry: 1
13:09:15 T:1910970208 INFO: CFileCache::Process - Hit eof.
13:09:15 T:1910970208 DEBUG: Thread FileCache 1910970208 terminating
13:09:15 T:1910824496 DEBUG: CDVDPlayerVideo::CalcDropRequirement - hurry: 1
13:09:15 T:1848293056 DEBUG: Previous line repeats 6 times.
13:09:15 T:1848293056 DEBUG: CFileCache::Open - opening using cache
13:09:15 T:1848293056 DEBUG: CurlFile::Open(0x6fecd490) http://192.168.0.135:8866/service?method=recording.list&filter=ready&sid=63c7f3d85ddd40f3a7072d0c8f5be74a
13:09:15 T:1910824496 DEBUG: CDVDPlayerVideo::CalcDropRequirement - hurry: 1
13:09:15 T:1911750048 DEBUG: Previous line repeats 3 times.
13:09:15 T:1911750048 NOTICE: Thread FileCache start, auto delete: false
13:09:15 T:1910824496 DEBUG: CDVDPlayerVideo::CalcDropRequirement - hurry: 1
13:09:15 T:1911750048 DEBUG: Previous line repeats 1 times.
13:09:15 T:1911750048 INFO: CFileCache::Process - Hit eof.
13:09:15 T:1910824496 DEBUG: CDVDPlayerVideo::CalcDropRequirement - hurry: 1
13:09:15 T:1911750048 DEBUG: Previous line repeats 1 times.
13:09:15 T:1911750048 DEBUG: Thread FileCache 1911750048 terminating
13:09:15 T:1910824496 DEBUG: CDVDPlayerVideo::CalcDropRequirement - hurry: 1
13:09:18 T:1848293056 DEBUG: Previous line repeats 120 times.
13:09:18 T:1848293056 DEBUG: CFileCache::Open - opening using cache
13:09:18 T:1848293056 DEBUG: CurlFile::Open(0x6fdbb4c0) http://192.168.0.135:8866/service?method=recording.recurring.list&sid=63c7f3d85ddd40f3a7072d0c8f5be74a
13:09:18 T:1936011960 NOTICE: Thread FileCache start, auto delete: false
13:09:18 T:1910824496 DEBUG: CDVDPlayerVideo::CalcDropRequirement - hurry: 1
13:09:18 T:1936011960 INFO: CFileCache::Process - Hit eof.
13:09:18 T:1936011960 DEBUG: Thread FileCache 1936011960 terminating
13:09:18 T:1910824496 DEBUG: CDVDPlayerVideo::CalcDropRequirement - hurry: 1
13:09:18 T:1848293056 DEBUG: CFileCache::Open - opening using cache
13:09:18 T:1910824496 DEBUG: CDVDPlayerVideo::CalcDropRequirement - hurry: 1
13:09:18 T:1848293056 DEBUG: CurlFile::Open(0x71c59e48) http://192.168.0.135:8866/service?method=recording.list&filter=pending&sid=63c7f3d85ddd40f3a7072d0c8f5be74a
13:09:18 T:1910824496 DEBUG: CDVDPlayerVideo::CalcDropRequirement - hurry: 1
13:09:19 T:1878759272 DEBUG: Previous line repeats 7 times.
13:09:19 T:1878759272 NOTICE: Thread FileCache start, auto delete: false
13:09:19 T:1910824496 DEBUG: CDVDPlayerVideo::CalcDropRequirement - hurry: 1
13:09:19 T:1878759272 DEBUG: Previous line repeats 4 times.
13:09:19 T:1878759272 INFO: CFileCache::Process - Hit eof.
13:09:19 T:1910824496 DEBUG: CDVDPlayerVideo::CalcDropRequirement - hurry: 1
13:09:19 T:1878759272 DEBUG: Thread FileCache 1878759272 terminating
13:09:19 T:1910824496 DEBUG: CDVDPlayerVideo::CalcDropRequirement - hurry: 1
13:09:19 T:1848293056 DEBUG: Previous line repeats 3 times.
13:09:19 T:1848293056 DEBUG: CFileCache::Open - opening using cache
13:09:19 T:1848293056 DEBUG: CurlFile::Open(0x71c3f540) http://192.168.0.135:8866/service?method=recording.list&filter=ready&sid=63c7f3d85ddd40f3a7072d0c8f5be74a
13:09:19 T:1910824496 DEBUG: CDVDPlayerVideo::CalcDropRequirement - hurry: 1
13:09:19 T:1846288192 DEBUG: Previous line repeats 5 times.
13:09:19 T:1846288192 NOTICE: Thread FileCache start, auto delete: false
13:09:19 T:1910824496 DEBUG: CDVDPlayerVideo::CalcDropRequirement - hurry: 1
13:09:19 T:1846288192 ERROR: CCurlFile::FillBuffer - Failed: Failure when receiving data from the peer(56)
13:09:19 T:1846288192 NOTICE: CCurlFile::FillBuffer - Reconnect, (re)try 1
13:09:19 T:1910824496 DEBUG: CDVDPlayerVideo::CalcDropRequirement - hurry: 1
13:09:19 T:1846288192 ERROR: CCurlFile::FillBuffer - Failed: Requested range was not delivered by the server(33)
13:09:19 T:1846288192 INFO: CFileCache::Process - Hit eof.
13:09:19 T:1846288192 DEBUG: Thread FileCache 1846288192 terminating
13:09:19 T:1910824496 DEBUG: CDVDPlayerVideo::CalcDropRequirement - hurry: 1
13:09:22 T:1848293056 DEBUG: Previous line repeats 120 times.
13:09:22 T:1848293056 DEBUG: CFileCache::Open - opening using cache
13:09:22 T:1848293056 DEBUG: CurlFile::Open(0x6fedee40) http://192.168.0.135:8866/service?method=recording.recurring.list&sid=63c7f3d85ddd40f3a7072d0c8f5be74a
13:09:22 T:1908668840 NOTICE: Thread FileCache start, auto delete: false
13:09:22 T:1910824496 DEBUG: CDVDPlayerVideo::CalcDropRequirement - hurry: 1
13:09:22 T:1908668840 INFO: CFileCache::Process - Hit eof.
13:09:22 T:1908668840 DEBUG: Thread FileCache 1908668840 terminating
13:09:22 T:1910824496 DEBUG: CDVDPlayerVideo::CalcDropRequirement - hurry: 1
13:09:22 T:1848293056 DEBUG: CFileCache::Open - opening using cache
13:09:22 T:1848293056 DEBUG: CurlFile::Open(0x71e8e4c8) http://192.168.0.135:8866/service?method=recording.list&filter=pending&sid=63c7f3d85ddd40f3a7072d0c8f5be74a
13:09:22 T:1910824496 DEBUG: CDVDPlayerVideo::CalcDropRequirement - hurry: 1
13:09:22 T:1849575184 DEBUG: Previous line repeats 7 times.
13:09:22 T:1849575184 NOTICE: Thread FileCache start, auto delete: false
13:09:22 T:1910824496 DEBUG: CDVDPlayerVideo::CalcDropRequirement - hurry: 1
13:09:22 T:1849575184 DEBUG: Previous line repeats 4 times.
13:09:22 T:1849575184 INFO: CFileCache::Process - Hit eof.
13:09:23 T:1849575184 DEBUG: Thread FileCache 1849575184 terminating
13:09:23 T:1910824496 DEBUG: CDVDPlayerVideo::CalcDropRequirement - hurry: 1
13:09:23 T:1848293056 DEBUG: Previous line repeats 4 times.
13:09:23 T:1848293056 DEBUG: CFileCache::Open - opening using cache
13:09:23 T:1848293056 DEBUG: CurlFile::Open(0x73ec62d0) http://192.168.0.135:8866/service?method=recording.list&filter=ready&sid=63c7f3d85ddd40f3a7072d0c8f5be74a
13:09:23 T:1910824496 DEBUG: CDVDPlayerVideo::CalcDropRequirement - hurry: 1
13:09:23 T:1878759272 DEBUG: Previous line repeats 1 times.
13:09:23 T:1878759272 NOTICE: Thread FileCache start, auto delete: false
13:09:23 T:1878759272 INFO: CFileCache::Process - Hit eof.
13:09:23 T:1910824496 DEBUG: CDVDPlayerVideo::CalcDropRequirement - hurry: 1
13:09:23 T:1878759272 DEBUG: Previous line repeats 2 times.
13:09:23 T:1878759272 DEBUG: Thread FileCache 1878759272 terminating
13:09:23 T:1910824496 DEBUG: CDVDPlayerVideo::CalcDropRequirement - hurry: 1
13:09:26 T:1848293056 DEBUG: Previous line repeats 128 times.
13:09:26 T:1848293056 DEBUG: CFileCache::Open - opening using cache
13:09:26 T:1848293056 DEBUG: CurlFile::Open(0x71e5c5f0) http://192.168.0.135:8866/service?method=recording.recurring.list&sid=63c7f3d85ddd40f3a7072d0c8f5be74a
13:09:26 T:1910824496 DEBUG: CDVDPlayerVideo::CalcDropRequirement - hurry: 1
13:09:26 T:1846288192 DEBUG: Previous line repeats 1 times.
13:09:26 T:1846288192 NOTICE: Thread FileCache start, auto delete: false
13:09:26 T:1910824496 DEBUG: CDVDPlayerVideo::CalcDropRequirement - hurry: 1
13:09:26 T:1846288192 DEBUG: Previous line repeats 2 times.
13:09:26 T:1846288192 INFO: CFileCache::Process - Hit eof.
13:09:26 T:1910824496 DEBUG: CDVDPlayerVideo::CalcDropRequirement - hurry: 1
13:09:26 T:1846288192 DEBUG: Previous line repeats 1 times.
13:09:26 T:1846288192 DEBUG: Thread FileCache 1846288192 terminating
13:09:26 T:1910824496 DEBUG: CDVDPlayerVideo::CalcDropRequirement - hurry: 1
13:09:26 T:1848293056 DEBUG: CFileCache::Open - opening using cache
13:09:26 T:1848293056 DEBUG: CurlFile::Open(0x71e8e4c8) http://192.168.0.135:8866/service?method=recording.list&filter=pending&sid=63c7f3d85ddd40f3a7072d0c8f5be74a
13:09:26 T:1910824496 DEBUG: CDVDPlayerVideo::CalcDropRequirement - hurry: 1
13:09:26 T:1908668840 DEBUG: Previous line repeats 6 times.
13:09:26 T:1908668840 NOTICE: Thread FileCache start, auto delete: false
13:09:26 T:1910824496 DEBUG: CDVDPlayerVideo::CalcDropRequirement - hurry: 1
13:09:26 T:1908668840 DEBUG: Previous line repeats 2 times.
13:09:26 T:1908668840 INFO: CFileCache::Process - Hit eof.
13:09:26 T:1910824496 DEBUG: CDVDPlayerVideo::CalcDropRequirement - hurry: 1
13:09:26 T:1908668840 DEBUG: Previous line repeats 1 times.
13:09:26 T:1908668840 DEBUG: Thread FileCache 1908668840 terminating
13:09:26 T:1910824496 DEBUG: CDVDPlayerVideo::CalcDropRequirement - hurry: 1
13:09:26 T:1848293056 DEBUG: Previous line repeats 2 times.
13:09:26 T:1848293056 DEBUG: CFileCache::Open - opening using cache
13:09:26 T:1848293056 DEBUG: CurlFile::Open(0x71c4f868) http://192.168.0.135:8866/service?method=recording.list&filter=ready&sid=63c7f3d85ddd40f3a7072d0c8f5be74a
13:09:26 T:1910824496 DEBUG: CDVDPlayerVideo::CalcDropRequirement - hurry: 1
13:09:26 T:1849575184 DEBUG: Previous line repeats 1 times.
13:09:26 T:1849575184 NOTICE: Thread FileCache start, auto delete: false
13:09:26 T:1849575184 INFO: CFileCache::Process - Hit eof.
13:09:27 T:1910824496 DEBUG: CDVDPlayerVideo::CalcDropRequirement - hurry: 1
13:09:27 T:1849575184 DEBUG: Previous line repeats 1 times.
13:09:27 T:1849575184 DEBUG: Thread FileCache 1849575184 terminating
13:09:27 T:1910824496 DEBUG: CDVDPlayerVideo::CalcDropRequirement - hurry: 1
13:09:29 T:1910824496 DEBUG: Previous line repeats 92 times.
13:09:29 T:1910824496 WARNING: CDVDMessageQueue(video)::Get - asked for new data packet, with nothing available
13:09:29 T:1910824496 DEBUG: CDVDPlayerVideo::CalcDropRequirement - hurry: 1
13:09:30 T:1848293056 DEBUG: Previous line repeats 27 times.
13:09:30 T:1848293056 DEBUG: CFileCache::Open - opening using cache
13:09:30 T:1848293056 DEBUG: CurlFile::Open(0x71c59e48) http://192.168.0.135:8866/service?method=recording.recurring.list&sid=63c7f3d85ddd40f3a7072d0c8f5be74a
13:09:30 T:1910824496 DEBUG: CDVDPlayerVideo::CalcDropRequirement - hurry: 1
13:09:30 T:1878285760 DEBUG: Previous line repeats 4 times.
13:09:30 T:1878285760 NOTICE: Thread FileCache start, auto delete: false
13:09:30 T:1910824496 DEBUG: CDVDPlayerVideo::CalcDropRequirement - hurry: 1
13:09:30 T:1878285760 DEBUG: Previous line repeats 2 times.
13:09:30 T:1878285760 INFO: CFileCache::Process - Hit eof.
13:09:30 T:1910824496 DEBUG: CDVDPlayerVideo::CalcDropRequirement - hurry: 1
13:09:30 T:1878285760 DEBUG: Thread FileCache 1878285760 terminating
13:09:30 T:1848293056 DEBUG: CFileCache::Open - opening using cache
13:09:30 T:1848293056 DEBUG: CurlFile::Open(0x7363fb10) http://192.168.0.135:8866/service?method=recording.list&filter=pending&sid=63c7f3d85ddd40f3a7072d0c8f5be74a
13:09:30 T:1910824496 DEBUG: CDVDPlayerVideo::CalcDropRequirement - hurry: 1
13:09:30 T:1846288192 DEBUG: Previous line repeats 5 times.
13:09:30 T:1846288192 NOTICE: Thread FileCache start, auto delete: false
13:09:30 T:1910824496 DEBUG: CDVDPlayerVideo::CalcDropRequirement - hurry: 1
13:09:30 T:1846288192 DEBUG: Previous line repeats 1 times.
13:09:30 T:1846288192 INFO: CFileCache::Process - Hit eof.
13:09:30 T:1846288192 DEBUG: Thread FileCache 1846288192 terminating
13:09:30 T:1910824496 DEBUG: CDVDPlayerVideo::CalcDropRequirement - hurry: 1
13:09:30 T:1848293056 DEBUG: Previous line repeats 2 times.
13:09:30 T:1848293056 DEBUG: CFileCache::Open - opening using cache
13:09:30 T:1848293056 DEBUG: CurlFile::Open(0x6fecd490) http://192.168.0.135:8866/service?method=recording.list&filter=ready&sid=63c7f3d85ddd40f3a7072d0c8f5be74a
13:09:30 T:1910824496 DEBUG: CDVDPlayerVideo::CalcDropRequirement - hurry: 1
13:09:30 T:1936011960 DEBUG: Previous line repeats 1 times.
13:09:30 T:1936011960 NOTICE: Thread FileCache start, auto delete: false
13:09:30 T:1936011960 INFO: CFileCache::Process - Hit eof.
13:09:30 T:1910824496 DEBUG: CDVDPlayerVideo::CalcDropRequirement - hurry: 1
13:09:30 T:1936011960 DEBUG: Previous line repeats 1 times.
13:09:30 T:1936011960 DEBUG: Thread FileCache 1936011960 terminating
